
--
-- Table structure for table `tbl_product_attributes`
--

CREATE TABLE `tbl_product_attributes` (
  `id` int(11) NOT NULL AUTO_INCREMENT,
  `product_id` int(11) NOT NULL,
  `attribute_id` int(11) NOT NULL,
  PRIMARY KEY (`id`)
) ENGINE=MyISAM AUTO_INCREMENT=81 DEFAULT CHARSET=latin1;

--
-- Dumping data for table `tbl_product_attributes`
--

INSERT INTO `tbl_product_attributes` VALUES (77,7,15),(17,5,15),(16,5,9),(4,4,9),(5,4,19),(6,4,15),(80,6,15),(79,6,29),(78,6,9),(76,7,29),(75,7,9),(74,8,15),(73,8,28),(72,8,9),(71,9,16),(70,9,28),(69,9,23),(68,10,15),(67,10,29),(66,10,9);

--
-- Table structure for table `tbl_product_images`
--

CREATE TABLE `tbl_product_images` (
  `image_id` int(11) NOT NULL AUTO_INCREMENT,
  `product_id` int(11) NOT NULL,
  `image_path` varchar(150) NOT NULL,
  PRIMARY KEY (`image_id`)
) ENGINE=MyISAM AUTO_INCREMENT=21 DEFAULT CHARSET=latin1;

--
-- Dumping data for table `tbl_product_images`
--

INSERT INTO `tbl_product_images` VALUES (1,2,'6613cee8d41f7_3.jpg'),(2,2,'6613cee8d4443_4.jpg'),(3,3,'6613d1c289669_2.jpg'),(4,3,'6613d1c28978e_3.jpg'),(5,3,'6613d1c289885_4.jpg'),(17,7,'6614eeeba5c52_Dell-latitude-5410.jpg'),(9,5,'6613dc349b5a0_Lenovo-V15.jpg'),(10,5,'6613dc349b673_dell.png'),(11,5,'6613dc349b727_acer.png'),(16,6,'6614ecbf1a2aa_Dell-latitude-5490.jpg'),(13,4,'6613e66ba25a8_dell.png'),(15,1,'6614e1fd6f276_dell.png'),(18,8,'66152919152cd_Dell-latitude-7390-x360-touch.jpg'),(19,9,'661529db5ea7e_Dell-latitude-7390.jpg'),(20,10,'66152aa904b7b_Dell-latitude-5450.jpg');

--
-- Table structure for table `tbl_products`
--

CREATE TABLE `tbl_products` (
  `product_id` int(11) NOT NULL AUTO_INCREMENT,
  `brand_id` int(11) NOT NULL,
  `product_name` text NOT NULL,
  `sub_heading` varchar(150) NOT NULL,
  `product_url` tinytext NOT NULL,
  `highlite_points` text NOT NULL,
  `product_sku` varchar(150) NOT NULL,
  `product_short_details` tinytext NOT NULL,
  `product_full_details` longtext NOT NULL,
  `mrp` float(10,2) NOT NULL,
  `product_price` int(11) NOT NULL,
  `discount` float(10,2) NOT NULL,
  `product_quantity` int(11) NOT NULL,
  `product_condition` varchar(150) NOT NULL,
  `view_order` int(11) NOT NULL,
  `create_date` datetime NOT NULL,
  `product_status` int(1) NOT NULL,
  PRIMARY KEY (`product_id`)
) ENGINE=MyISAM AUTO_INCREMENT=11 DEFAULT CHARSET=latin1;

--
-- Dumping data for table `tbl_products`
--

INSERT INTO `tbl_products` VALUES (7,2,'Dell Lattitude (Intel i5 10th Gen, 5410)','Intel i5 10th Gen','dell-lattitude-intel-i5-10th-gen-5410','','','Intel i5 10th/8GB RAM/256SSD','<p>Intel I5 10th/8GB RAM/256SSD</p>\r\n',29999.00,29999,0.00,1,'Good',2,'2024-04-09 07:31:55',1),(8,2,'Dell Lattitude (Intel i5 8th Gen/360 Touch, 7390)','Intel i5 8th Gen','dell-lattitude-intel-i5-8th-gen-360-touch-7390','','','Intel i5 8th Gen /8GB RAM/256SSD/','<p>Intel I5 8th Gen /8GB RAM/256SSD/</p>\r\n',24999.00,24999,0.00,1,'Good',3,'2024-04-09 11:40:09',1),(9,2,'Dell Lattitude (Intel i7 8th Gen, 7390)','Intel i7 8th Gen','dell-lattitude-intel-i7-8th-gen-7390','','','Intel i7 8th/16GB RAM/512SSD/','<p>Intel i7 8th/16GB RAM/512SSD/</p>\r\n',27999.00,27999,0.00,1,'Good',4,'2024-04-09 11:43:23',1),(10,2,'Dell Lattitude (Intel i5 8th Gen, 5450)','Intel i5 8th Gen','dell-lattitude-intel-i5-8th-gen-5450','','','Intel i5 5th/8GB RAM/256SSD/ ','<p>Intel I5 5th/8GB RAM/256SSD/<span style=\"white-space:pre\"> </span></p>\r\n',15999.00,15999,0.00,1,'Good',5,'2024-04-09 11:46:49',1),(6,2,'Dell Lattitude (Intel i5 8th Gen, 5490)','Intel i5 8th Gen','dell-lattitude-intel-i5-8th-gen-5490','','','Intel i5 8th Gen /8GB RAM/256SSD/14\"','<p>Intel I5 8th Gen /8GB RAM/256SSD/14\"</p>\r\n',20999.00,20999,0.00,1,'Good',3,'2024-04-09 07:22:39',1);

--
-- Table structure for table `tbl_products1`
--

CREATE TABLE `tbl_products1` (
  `product_id` int(11) NOT NULL AUTO_INCREMENT,
  `brand_id` int(11) NOT NULL,
  `product_name` text NOT NULL,
  `sub_heading` varchar(150) NOT NULL,
  `product_url` tinytext NOT NULL,
  `highlite_points` text NOT NULL,
  `product_sku` varchar(150) NOT NULL,
  `product_short_details` tinytext NOT NULL,
  `product_full_details` longtext NOT NULL,
  `mrp` float(10,2) NOT NULL,
  `product_price` int(11) NOT NULL,
  `discount` float(10,2) NOT NULL,
  `product_quantity` int(11) NOT NULL,
  `product_condition` varchar(150) NOT NULL,
  `view_order` int(11) NOT NULL,
  `create_date` datetime NOT NULL,
  `product_status` int(1) NOT NULL,
  PRIMARY KEY (`product_id`)
) ENGINE=MyISAM AUTO_INCREMENT=14 DEFAULT CHARSET=latin1;

--
-- Dumping data for table `tbl_products1`
--

INSERT INTO `tbl_products1` VALUES (7,2,'Dell Lattitude (Intel I5 10th Gen, 5410)','5410','dell-lattitude-intel-i5-10th-gen-5410','','','Intel I5 10th/8GB RAM/256SSD','<p>Intel I5 10th/8GB RAM/256SSD</p>\r\n',29999.00,29999,0.00,1,'Good',2,'2024-04-09 07:31:55',1),(8,2,'Dell Lattitude (Intel I5 8th Gen/360 Touch, 7390)','7390','dell-lattitude','','','Intel I5 8th Gen /8GB RAM/256SSD/','<p>Intel I5 8th Gen /8GB RAM/256SSD/</p>\r\n',24999.00,24999,0.00,1,'Good',3,'2024-04-09 11:40:09',0),(9,2,'Dell Lattitude (Intel I7 8th Gen, 7390)','7390','dell-lattitude','','','Intel I7 8th/16GB RAM/512SSD/','',27999.00,27999,0.00,1,'Good',4,'2024-04-09 11:43:23',1),(10,2,'Dell Lattitude (Intel I5 8th Gen, 5450)','5450','dell-lattitude','','','Intel I5 5th/8GB RAM/256SSD/ ','<p>Intel I5 5th/8GB RAM/256SSD/<span style=\"white-space:pre\"> </span></p>\r\n',15999.00,15999,0.00,1,'Good',5,'2024-04-09 11:46:49',1),(6,2,'Dell Lattitude (Intel I5 8th Gen, 5490)','5490','dell-lattitude-intel-i5-8th-gen','','','Intel I5 8th Gen /8GB RAM/256SSD/14\"','<p>Intel I5 8th Gen /8GB RAM/256SSD/14\"</p>\r\n',20999.00,20999,0.00,1,'Good',3,'2024-04-09 07:22:39',1),(11,1,'heading 1','Sub heading 1','url1','HIghtli1,hight2','','Short Description for 1','Full description 1',1200.00,1000,0.00,10,'Good',0,'2024-04-09 12:22:55',1),(12,4,'heading 2','Sub heading 2','url 2','HIghtli11,hi22','','Short Description for 1','Full description 1',1500.00,750,0.00,5,'WORKING',0,'2024-04-09 12:22:55',1),(13,3,'heading 3','Sub heading 3','url 3','HIghtli1,hight32','','Short Description for 1','Full description 1',1520.00,1300,0.00,6,'PACKING',0,'2024-04-09 12:22:55',1);

--
-- Table structure for table `team_group_tbl`
--

CREATE TABLE `team_group_tbl` (
  `id` int(11) NOT NULL AUTO_INCREMENT,
  `group_name` varchar(200) DEFAULT NULL,
  `status` varchar(20) NOT NULL DEFAULT '1',
  PRIMARY KEY (`id`)
) ENGINE=InnoDB DEFAULT CHARSET=utf8;

--
-- Dumping data for table `team_group_tbl`
--


--
-- Table structure for table `team_tbl`
--

CREATE TABLE `team_tbl` (
  `id` int(11) NOT NULL AUTO_INCREMENT,
  `name` varchar(300) DEFAULT NULL,
  `team_group_id` varchar(20) DEFAULT NULL,
  `image` varchar(400) DEFAULT NULL,
  `short_description` text,
  `description` text,
  `designation` varchar(300) DEFAULT NULL,
  `facebook_link` varchar(500) DEFAULT NULL,
  `experience` varchar(200) DEFAULT NULL,
  `status` varchar(20) NOT NULL DEFAULT '1',
  `twitter_link` varchar(500) DEFAULT NULL,
  `instagram_link` varchar(500) DEFAULT NULL,
  `linkedin_link` varchar(500) DEFAULT NULL,
  PRIMARY KEY (`id`)
) ENGINE=InnoDB DEFAULT CHARSET=utf8;

--
-- Dumping data for table `team_tbl`
--


--
-- Table structure for table `technology_tbl`
--

CREATE TABLE `technology_tbl` (
  `technology_id` int(200) NOT NULL AUTO_INCREMENT,
  `technology_name` varchar(500) NOT NULL,
  `technology_detail` varchar(200) NOT NULL,
  `technology_images` varchar(200) NOT NULL,
  PRIMARY KEY (`technology_id`)
) ENGINE=MyISAM DEFAULT CHARSET=latin1;

--
-- Dumping data for table `technology_tbl`
--


--
-- Table structure for table `testimonial_tbl`
--

CREATE TABLE `testimonial_tbl` (
  `slno` int(10) NOT NULL AUTO_INCREMENT,
  `name` varchar(80) NOT NULL DEFAULT '',
  `image` varchar(60) NOT NULL,
  `email` varchar(80) NOT NULL DEFAULT '',
  `title` varchar(100) NOT NULL DEFAULT '',
  `content` text NOT NULL,
  `addedBy` varchar(10) NOT NULL,
  `recvDate` date NOT NULL DEFAULT '0000-00-00',
  `status` char(1) NOT NULL DEFAULT 'N',
  `replyStatus` char(1) NOT NULL DEFAULT 'N',
  PRIMARY KEY (`slno`)
) ENGINE=MyISAM DEFAULT CHARSET=latin1;

--
-- Dumping data for table `testimonial_tbl`
--


--
-- Table structure for table `transplant_result_tbl`
--

CREATE TABLE `transplant_result_tbl` (
  `id` int(11) NOT NULL AUTO_INCREMENT,
  `gallery_title` varchar(500) DEFAULT NULL,
  `gallery_image` varchar(500) DEFAULT NULL,
  `description` text,
  `image_name` varchar(400) DEFAULT NULL,
  `gallery_order` varchar(300) NOT NULL DEFAULT '0',
  PRIMARY KEY (`id`)
) ENGINE=InnoDB DEFAULT CHARSET=utf8;

--
-- Dumping data for table `transplant_result_tbl`
--


--
-- Table structure for table `user_tbl`
--

CREATE TABLE `user_tbl` (
  `user_id` int(11) NOT NULL AUTO_INCREMENT,
  `user_name` varchar(250) DEFAULT NULL,
  `user_email` varchar(250) DEFAULT NULL,
  `user_mobile` varchar(50) DEFAULT NULL,
  `password` varchar(200) DEFAULT NULL,
  `cpassword` varchar(200) DEFAULT NULL,
  `login_status` enum('0','1') NOT NULL DEFAULT '0',
  `last_login` datetime DEFAULT NULL,
  `register_date` timestamp NOT NULL DEFAULT CURRENT_TIMESTAMP,
  `last_login_ip` varchar(250) DEFAULT NULL,
  `status` int(11) DEFAULT '1',
  `otp` varchar(20) DEFAULT NULL,
  `otp_expiry` datetime DEFAULT NULL,
  PRIMARY KEY (`user_id`),
  UNIQUE KEY `user_email` (`user_email`)
) ENGINE=MyISAM AUTO_INCREMENT=159 DEFAULT CHARSET=latin1;

--
-- Dumping data for table `user_tbl`
--

INSERT INTO `user_tbl` VALUES (11,'MOHD ','aqib17021996@gmail.com','9599550769','Aqib9599@','Aqib9599@','0',NULL,'2025-12-24 18:50:00',NULL,1,NULL,NULL),(12,'Neha Kumari ','nehakri262000@gmail.com','6207322172','Neha26@','Neha26@','0',NULL,'2025-12-24 18:52:00',NULL,1,NULL,NULL),(3,'Vicky Dubey','vicky.wpsranchi@gmail.com','2323444444','vicky12345','vicky12345','1','2026-01-08 14:11:00','2025-12-15 18:18:00','104.28.225.15',1,'8822','2025-12-19 17:17:23'),(4,'Test WPS','Test2050@gmail.com','2333322222','123456','123456','0',NULL,'2025-12-15 18:27:00',NULL,1,NULL,NULL),(5,'test wps team','test120@gmail.com','7655444444','123456','123456','0',NULL,'2025-12-15 18:32:00',NULL,1,NULL,NULL),(6,'Wps test','test345@gmail.com','8754456677','123456','123456','0',NULL,'2025-12-22 19:38:00',NULL,1,NULL,NULL),(7,'Vicky Dubey','dubeyvicky54@gmail.com','8969510278','admin1234','admin1234','0',NULL,'2025-12-23 21:30:00',NULL,1,NULL,NULL),(10,'Nk sharma','developer5.wpsranchi@gmail.com','7445444444','Nksharma12','Nksharma1','1','2026-01-12 11:44:00','2025-12-23 22:10:00','223.185.62.103',1,NULL,NULL),(13,'testwpsrnc','kumarguudu.wpsrnc@gmail.com','8340282496','123456','123456','0',NULL,'2025-12-24 21:10:00',NULL,1,NULL,NULL),(14,'Shrikant','shrikant.tpr@gmail.com','9910743161','Selold@2025','Selold@2025','0',NULL,'2025-12-25 02:00:00',NULL,1,NULL,NULL),(15,'Rahul Anand ','rahulaanand11568@gmail.com','9288217271','rahulaanand902091@','rahulaanand902091@','0',NULL,'2025-12-25 21:11:00',NULL,1,NULL,NULL),(16,'Sonal','sonalrawat@gmail.com','9763241652','Montreal1!','Montreal1!','0',NULL,'2025-12-26 01:51:00',NULL,1,NULL,NULL),(17,'Yash gupta','Yg330841@gmail.com','8527089743','Yg330841@.com','Yg330841@.com','0',NULL,'2025-12-26 16:25:00',NULL,1,NULL,NULL),(18,'Rajender','rajenderpandey08@gmail.com','9999238765','Selold@0007','Selold@0007','0',NULL,'2025-12-27 01:40:00',NULL,1,NULL,NULL),(19,'Nitin','nchauhan313@gmail.com','9773721862','MacBook8','MacBook8','1','2025-12-27 15:14:00','2025-12-27 04:37:00','152.59.88.232',1,NULL,NULL),(20,'Navpreet','navangural175@gmail.com','9779599434','Navpreet175@','Navpreet175@','0',NULL,'2025-12-27 19:04:00',NULL,1,NULL,NULL),(21,'Ankit ','ankitkumarverma225729@gmail.com','7307354621','Ankit@2008','Ankit@2008','0',NULL,'2025-12-28 17:53:00',NULL,1,NULL,NULL),(22,'Aditya pandey','a.raj23997@gmail.com','7905191745','aditya@1080','aditya@1080','1','2025-12-28 13:27:00','2025-12-28 20:25:00','106.219.189.112',1,NULL,NULL),(23,'Dhruv Patel','pdhruv1938@gmail.com','8156077373','Dsah92656237@','Dsah92656237@','0',NULL,'2025-12-28 20:26:00',NULL,1,NULL,NULL),(24,'Mohammad Sahil','sa8894326@gmail.com','9149296200','fiza@@##0786','fiza@@##0786','1','2026-01-17 17:51:00','2025-12-28 21:50:00','157.49.72.172',1,NULL,NULL),(25,'Jaymin Dabhi','jay.myinbox@gmail.com','8460972788','Jaymin@789','Jaymin@789','1','2026-01-06 18:01:00','2025-12-29 17:42:00','49.36.71.224',1,NULL,NULL),(26,'Rajender','laptopinbulk@gmail.com','9205237575','Laptop@9205237575','Laptop@9205237575','1','2026-01-28 12:15:00','2025-12-29 22:50:00','146.196.32.201',1,NULL,NULL),(27,'Ritikkumar','ritikkumar84522@gmail.com','7417150225','Ritik@890','Ritik@890','0',NULL,'2025-12-30 01:08:00',NULL,1,NULL,NULL),(28,'Nikhil Parasu','nikhil.parasu517@gmail.com','8500328219','Rahane*188','Rahane*188','1','2025-12-31 19:00:00','2025-12-30 01:09:00','103.26.224.86',1,NULL,NULL),(29,'Singh','mrsingh70112@gmail.com','7011230187','M@nroj13','M@nroj13','0',NULL,'2025-12-30 19:51:00',NULL,1,NULL,NULL),(30,'Guddu Ram ','ramg59621@gmail.com','8449465914','Jug@1020','Jug@1020','0',NULL,'2025-12-30 21:06:00',NULL,1,NULL,NULL),(31,'Jainesh Garg','jaineshgarg94@gmail.com','9538156950','Jai@9294','Jai@9294','0',NULL,'2025-12-31 22:19:00',NULL,1,NULL,NULL),(32,'Aditi','saha123adi@gmail.com','9373822098','Hello@765','Hello@765','0',NULL,'2025-12-31 23:47:00',NULL,1,NULL,NULL),(33,'Archit Pathak ','archit.pathak15@gmail.com','9892132168','wemajor15','wemajor15','0',NULL,'2026-01-01 02:14:00',NULL,1,NULL,NULL),(34,'Ajay Sharma','ajay.sharma873@gmail.com','9815568817','ajay12345','ajay12345','0',NULL,'2026-01-01 02:57:00',NULL,1,NULL,NULL),(35,'Ajay Khillare ','rullzaj@gmail.com','7777077943','Basket@93','Basket@93','0',NULL,'2026-01-01 17:20:00',NULL,1,NULL,NULL),(36,'Himanshu mishra','himsaanvi23@gmail.com','6393921415','12345678','12345678','0',NULL,'2026-01-02 03:17:00',NULL,1,NULL,NULL),(37,'Venkat','marthand.bindana@gmail.com','9971615709','August161966','August161966','0',NULL,'2026-01-02 03:31:00',NULL,1,NULL,NULL),(38,'Jennifer Rosario ','richarosario@gmail.com','8051224638','Richa@21','Richa@21','1','2026-01-03 20:56:00','2026-01-02 11:27:00','49.37.73.231',1,NULL,NULL),(39,'JAI Prakash Kumar ','jai7070706167p@gmail.com','8969706167','Devaansh@%1993','Devaansh@%1993','0',NULL,'2026-01-02 16:47:00',NULL,1,NULL,NULL),(40,'Pintu Kumar ','pinturoypintu9@gmail.com','9608955431','7461892582','7461892582','0',NULL,'2026-01-02 17:25:00',NULL,1,NULL,NULL),(41,'Utkarsh kumar rai ','raivaibhav611@gmail.com','7235885038','Utkarsh@12,34','Utkarsh@12,34','0',NULL,'2026-01-02 18:41:00',NULL,1,NULL,NULL),(42,'Raj Kumar Rai ','rayarajkumar41@gmail.com','8271720070','11r02k99r','11r02k99r','1','2026-01-08 11:22:00','2026-01-03 04:41:00','152.56.135.249',1,NULL,NULL),(43,'Puneet ','puneetr10@gmail.com','9205131199','qwerty@121','qwerty@121','0',NULL,'2026-01-04 00:32:00',NULL,1,NULL,NULL),(44,'Dhirendra Kumar jha','jha4333@gmail.com','7979721009','Ss3#Dd3#','Ss3#Dd3#','0',NULL,'2026-01-04 02:54:00',NULL,1,NULL,NULL),(45,'Vijay Kumar','krvijay5551@gmail.com','9953289624','1712Vijay@','1712Vijay@','0',NULL,'2026-01-04 05:07:00',NULL,1,NULL,NULL),(46,'Sarit rajwar ','rajwarsarit8@gmail.com','6294576005','anik@7277','anik@7277','0',NULL,'2026-01-04 05:43:00',NULL,1,NULL,NULL),(47,'DINKAR SARWADE','dinusarwade@gmail.com','9172487140','Select&963','Select&963','0',NULL,'2026-01-04 13:20:00',NULL,1,NULL,NULL),(48,'Pankaj Kol ','pankajkol890@gmail.com','7222922396','Manish@789','Manish@789','0',NULL,'2026-01-04 19:15:00',NULL,1,NULL,NULL),(49,'Satyaveer Singh','rk8330411@gmail.com','9001869176','Satya@1982','Satya@1982','0',NULL,'2026-01-04 21:39:00',NULL,1,NULL,NULL),(50,'Ankit','ankitkaswan01@gmail.com','8059867919','Ankit@123','Ankit@123','0',NULL,'2026-01-05 04:37:00',NULL,1,NULL,NULL),(51,'RAM KASHYAP ','ramkasyap839@gmail.com','6397870066','Ram@123','Ram@123','0',NULL,'2026-01-05 17:16:00',NULL,1,NULL,NULL),(52,'KUNAL CHAVAN','emailkunal@rediffmail.com','9890866966','Jalgaon@54321','Jalgaon@54321','1','2026-01-13 13:45:00','2026-01-05 22:34:00','103.201.138.143',1,NULL,NULL),(53,'Mahi','monuheal@gmail.com','9306425286','Manjeet@12345','Manjeet@12345','0',NULL,'2026-01-05 23:12:00',NULL,1,NULL,NULL),(54,'Deepak sharma','deepaksharma84538@gmail.com','9679572447','Deepak@09101993','Deepak@09101993','0',NULL,'2026-01-06 01:52:00',NULL,1,NULL,NULL),(55,'Akot Aguer mou ','akotaguer6@gmail.com','6388702534','akot12','akot12','0',NULL,'2026-01-06 02:55:00',NULL,1,NULL,NULL),(56,'bhaiti soren','tassam301@gmail.com','9864277698','Sumit@123','Sumit@123','0',NULL,'2026-01-06 17:37:00',NULL,1,NULL,NULL),(57,'Gaurav ','gauravsachdev33@gmail.com','9812946074','123987','123987','1','2026-01-12 14:18:00','2026-01-06 22:02:00','157.49.144.217',1,NULL,NULL),(58,'Keyur','valakd1995@gmail.com','9737537615','Test@123','Test@123','0',NULL,'2026-01-07 01:52:00',NULL,1,NULL,NULL),(59,'Himanshu Gaud ','hgaud385@gmail.com','7878931291','Himanshu135@','Himanshu135@','0',NULL,'2026-01-07 23:59:00',NULL,1,NULL,NULL),(60,'Pritesh ','ppritesh988@gmail.com','7905325392','Pritesh@123','Pritesh@123','0',NULL,'2026-01-08 06:31:00',NULL,1,NULL,NULL),(61,'Vikrant Raybole','vikrantraybole4@gmail.com','9370252096','Vikrant@123','Vikrant@123','1','2026-01-08 13:20:00','2026-01-08 18:05:00','47.11.16.164',1,NULL,NULL),(62,'Uday','udaychauhan03333@gmail.com','6353077187','Udaychauhan2603','Udaychauhan2603','0',NULL,'2026-01-08 18:45:00',NULL,1,NULL,NULL),(63,'Prashant','pdk12002@gmail.com','9324714773','Pdk@14##1','Pdk@14##1','0',NULL,'2026-01-08 23:00:00',NULL,1,NULL,NULL),(64,'karthik','karthi.p45@gmail.com','9442094212','Pkr123!@#','Pkr123!@#','0',NULL,'2026-01-09 00:15:00',NULL,1,NULL,NULL),(65,'Palash Dubey','palashdubey9@gmail.com','6260550749','SKYthe3:48','SKYthe3:48','1','2026-01-18 17:10:00','2026-01-09 07:53:00','117.239.205.129',1,NULL,NULL),(66,'anuj','kumaranuj17399@gmail.com','7667210384','@anujkumar252009','@anujkumar252009','0',NULL,'2026-01-09 18:11:00',NULL,1,NULL,NULL),(67,'Siddharth Kundal','sid.rockrrr@gmail.com','7011153959','Password@116655','Password@116655','0',NULL,'2026-01-09 23:24:00',NULL,1,NULL,NULL),(68,'Karan kumar','karankumar39927@gmail.com','9608494284','Karankumar123','Karankumar123','0',NULL,'2026-01-10 16:36:00',NULL,1,NULL,NULL),(69,'Gaurav kumar rastogi ','gauravkumar818919@gmail.com','9219175487','Heman@#5487','Heman@#5487','0',NULL,'2026-01-10 18:16:00',NULL,1,NULL,NULL),(70,'Ankit','ankittiwari2928@gmail.com','8445245449','Aa1@Ss2@','Aa1@Ss2@','0',NULL,'2026-01-10 20:10:00',NULL,1,NULL,NULL),(71,'Sonu Mehra ','sonumehra1622@gmail.com','9630584318','Sonuselold@99','Sonuselold@99','0',NULL,'2026-01-11 00:01:00',NULL,1,NULL,NULL),(72,'Raj','dasmadhumita136@gmail.com','6296213163','Drisana1','Drisana1','0',NULL,'2026-01-11 01:28:00',NULL,1,NULL,NULL),(73,'sahil khan','sahilkhn2545@gmail.com','8108902545','Zayn786#','Zayn786#','0',NULL,'2026-01-11 02:30:00',NULL,1,NULL,NULL),(74,'K SAI MANIKANTA','kavurisaimanikanta@gmail.com','8185094242','Itsits@2025','Itsits@2025','0',NULL,'2026-01-11 03:35:00',NULL,1,NULL,NULL),(75,'Dipanshu sen ','dipanshusen222@gmail.com','9302285773','DipanshU@2008','DipanshU@2008','0',NULL,'2026-01-11 05:50:00',NULL,1,NULL,NULL),(76,'ahmed','ahmedwaquar499@gmail.con','8877123788','Waquar@8789','Waquar@8789','0',NULL,'2026-01-11 06:07:00',NULL,1,NULL,NULL),(77,'ahmed','ahmedwaquar499@gmail.com','8877123788','Waquar@8789','Waquar@8789','0',NULL,'2026-01-11 06:08:00',NULL,1,NULL,NULL),(78,'Rohit singh','rs07579@gmail.com','8821818192','@Rohitsingh08','@Rohitsingh08','0',NULL,'2026-01-11 10:53:00',NULL,1,NULL,NULL),(79,'BHAURAO SAMBHAJI GUNJKAR ','gunjkar80@gmail.cim','7447604674','Aruna@87','Aruna@87','0',NULL,'2026-01-11 14:23:00',NULL,1,NULL,NULL),(80,'BHAURAO SAMBHAJI GUNJKAR ','gunjkar80@gmail.com','7447604674','Aruna@87','Aruna@87','0',NULL,'2026-01-11 14:23:00',NULL,1,NULL,NULL),(81,'Devendra Kumar ','devendra5102dk.dk@gmail.com','8755588279','Dev5102&','Dev5102&','0',NULL,'2026-01-11 16:50:00',NULL,1,NULL,NULL),(82,'Shahid ','mohdshahidrazaattari@gmail.com','9229602665','shahid01','shahid01','0',NULL,'2026-01-11 18:00:00',NULL,1,NULL,NULL),(83,'Rocky','rockyrh31@gmail.com','8777855129','romiorh31','romiorh31','1','2026-01-11 23:26:00','2026-01-12 01:34:00','49.37.9.61',1,NULL,NULL),(84,'Praveen Kumar','praveenk.boa@gmail.com','9873266222','Secure@1982','Secure@1982','0',NULL,'2026-01-12 04:41:00',NULL,1,NULL,NULL),(85,'Vikash Goswami ','vikashkumar10031995@gmail.com','9525046286','vika@5580','vika@5580','1','2026-01-13 06:12:00','2026-01-12 18:38:00','47.31.83.25',1,NULL,NULL),(86,'Pratik ','oraonshankar375@gmail.com','8210008957','i.eAbcd@321','i.eAbcd@321','0',NULL,'2026-01-13 02:27:00',NULL,1,NULL,NULL),(87,'Aryan Kumawat','techgeekaryan52@gmail.com','8882154645','8882154645@Aryan','8882154645@Aryan','0',NULL,'2026-01-13 02:36:00',NULL,1,NULL,NULL),(88,'Vinod nagpure','vinodnagpure888@gmail.com','8888071431','173314','173314','0',NULL,'2026-01-13 04:20:00',NULL,1,NULL,NULL),(89,'Ramkrishna Uikey','ramkrushnauikey02@gmail.com','8103670508','1234567890','1234567890','1','2026-01-22 10:08:00','2026-01-13 16:46:00','157.34.17.34',1,NULL,NULL),(90,'Shalu raghav','shalurajpit0017@gmail.com','9560915059','Shalu@1706','Shalu@1706','1','2026-01-20 15:47:00','2026-01-13 20:48:00','223.237.25.252',1,NULL,NULL),(91,'Ravi','raviranwa77@gmail.com','9982098182','Ravi@123','Ravi@123','1','2026-01-19 20:03:00','2026-01-14 06:44:00','157.48.228.206',1,NULL,NULL),(92,'Uwes ali','Uwesa43@gmail.com','9669160565','sayyed786','sayyed786','0',NULL,'2026-01-14 22:36:00',NULL,1,NULL,NULL),(93,'Hemanta Kumar senapati ','hemanta.dcor@gmail.com','9937758191','h009091','h009091','0',NULL,'2026-01-14 23:39:00',NULL,1,NULL,NULL),(94,'Ranbeer ','vinodrampal48@gmail.com','9671526335','qxfcHBgwy5UBW6n','qxfcHBgwy5UBW6n','0',NULL,'2026-01-15 00:36:00',NULL,1,NULL,NULL),(95,'Shubham shukla','megasonic9211@gmail.com','8858786969','King@007','King@007','0',NULL,'2026-01-15 04:37:00',NULL,1,NULL,NULL),(96,'Hricksie','hrickbedidas@gmail.com','8638148719','qojkah-cuzzer-Dedzo0','qojkah-cuzzer-Dedzo0','0',NULL,'2026-01-15 17:08:00',NULL,1,NULL,NULL),(97,'Munna Kumar ','deepakrexan9@gmail.com','9304496841','Munna1234','Munna1234','0',NULL,'2026-01-16 02:44:00',NULL,1,NULL,NULL),(98,'Rakesh ','rakeshroul218@gmail.com','8456904542','Rakesh@9090','Rakesh@9090','0',NULL,'2026-01-16 03:35:00',NULL,1,NULL,NULL),(99,'Aravind ','deepamanohar1996@gmail.com','8939106707','lusu666','lusu666','0',NULL,'2026-01-16 08:03:00',NULL,1,NULL,NULL),(100,'navin mishra','navinmishra2000@yahoo.com','9891557772','Rahul@7592','Rahul@7592','0',NULL,'2026-01-16 19:36:00',NULL,1,NULL,NULL),(101,'Ronish','workdesign72@gmail.com','9978826608','TestPassword@123','TestPassword@123','0',NULL,'2026-01-16 20:10:00',NULL,1,NULL,NULL),(102,'Amritesh Kumar','amritesh.ril@gmail.com','8266076703','Gopal@123','Gopal@123','0',NULL,'2026-01-16 23:51:00',NULL,1,NULL,NULL),(103,'Krishna kant','kshr.9876@gmail.com','9304651612','Krishna@12','Krishna@12','0',NULL,'2026-01-19 01:00:00',NULL,1,NULL,NULL),(104,'Ramamoorthy N','nramselva@gmail.com','9443794276','Ramselva@2003','Ramselva@2003','1','2026-01-18 19:27:00','2026-01-19 02:17:00','38.188.181.251',1,NULL,NULL),(105,'Mehul','mehulmathew@gmail.com','9497707964','mehuldesign21','mehuldesign21','0',NULL,'2026-01-19 06:08:00',NULL,1,NULL,NULL),(106,'Prasad Shinde ','prasadshinde7103@gmail.com','8830144931','Prasad@05','Prasad@05','0',NULL,'2026-01-19 10:36:00',NULL,1,NULL,NULL),(107,'Hiren Solanki','hirensolanki045@gmail.com','9537625737','Hiren@123','Hiren@123','0',NULL,'2026-01-20 00:38:00',NULL,1,NULL,NULL),(108,'Ahmed Ali ','ali9957269781@gmail.com','9101915434','@ahMED22','@ahMED22','0',NULL,'2026-01-20 03:03:00',NULL,1,NULL,NULL),(109,'Mohammad Nazim ','nazimmohammed361@gmail.com','9829554374','jeC&Y5su@pWu%#U','jeC&Y5su@pWu%#U','0',NULL,'2026-01-20 11:43:00',NULL,1,NULL,NULL),(110,'AMIT','AMITNIAHAD7379@GMAIL.COM','7379456019','Amit@7379','Amit@7379','0',NULL,'2026-01-20 22:53:00',NULL,1,NULL,NULL),(111,'GAGAN SHARMA','GAGANSHARMA42426@GMAIL.COM','8505953270','Gs@42426','Gs@42426','0',NULL,'2026-01-21 21:13:00',NULL,1,NULL,NULL),(112,'Atharv ','atharvjadhav4573@gmail.com','8459206638','atharv1112','atharv1112','0',NULL,'2026-01-22 17:39:00',NULL,1,NULL,NULL),(113,'Ankesh ','guesst191@gmail.com','9204658485','ankesh95@','ankesh95@','0',NULL,'2026-01-22 18:41:00',NULL,1,NULL,NULL),(114,'Raju paul','rahu25266t@gmail.com','6297570899','qqqq1111','qqqq1111','0',NULL,'2026-01-22 20:39:00',NULL,1,NULL,NULL),(115,'Somnath Saha','sumonsahasumon@gmail.com','8371088108','Sumon1357!Sa1357+ha*','Sumon1357!Sa1357+ha*','0',NULL,'2026-01-23 06:42:00',NULL,1,NULL,NULL),(116,'Chandan Kumar','chandan.bindaas@gmail.com','9560509815','Seetrw@1919','Seetrw@1919','0',NULL,'2026-01-23 22:14:00',NULL,1,NULL,NULL),(117,'Chiranjeev markam ','cm7276693@gmail.com','9343670160','Chintu','Chintu','0',NULL,'2026-01-24 00:28:00',NULL,1,NULL,NULL),(118,'Rahul ','rahulrj266@gmail.com','9258754925','Rahul@123','Rahul@123','0',NULL,'2026-01-24 01:35:00',NULL,1,NULL,NULL),(119,'Aashish Wadhwa','aashu.therocker@gmail.com','8015443557','Romeo#12','Romeo#12','0',NULL,'2026-01-24 02:06:00',NULL,1,NULL,NULL),(120,'Vishwa Pandya','vishwa.112288@gmail.com','9519916653','Vishwa@123','Vishwa@123','0',NULL,'2026-01-24 03:38:00',NULL,1,NULL,NULL),(121,'jFUvtTQaBdlRhyNFWuvfGc','w.ihi.loni.z.e.y2.1@gmail.com','7310621472','BueKS5ldKCYPcAa1!','BueKS5ldKCYPcAa1!','0',NULL,'2026-01-24 14:55:00',NULL,1,NULL,NULL),(122,'Kunal Goyal ','kgoyal36@gmail.com','7895179584','Getforce&i5','Getforce&i5','0',NULL,'2026-01-24 16:56:00',NULL,1,NULL,NULL),(123,'Chakresh ','palchakresh5656@gmail.com','9151541013','radhe@123','radhe@123','0',NULL,'2026-01-24 20:01:00',NULL,1,NULL,NULL),(124,'surendarreddy','shopping.chsr@gmail.com','7892553432','jayasree8140','jayasree8140','0',NULL,'2026-01-24 23:45:00',NULL,1,NULL,NULL),(125,'Dhanasekar R','rdhanasekar@gmail.com','9566021784','J@y@mm@l','J@y@mm@l','0',NULL,'2026-01-25 02:18:00',NULL,1,NULL,NULL),(126,'Ashok','ashok.kedharisetti@gmail.com','9989515108','Satya@501','Satya@501','1','2026-01-29 04:21:00','2026-01-25 06:54:00','122.181.55.35',1,NULL,NULL),(127,'Raj Kumar','anupamsaroj982@gmail.com','6394288772','Fa&@&@566&Gagag','12345678','0',NULL,'2026-01-25 16:20:00',NULL,1,NULL,NULL),(128,'RATAN','ratanshukla990@gmail.com','9569201980','ratanpandit09','ratanpandit09','0',NULL,'2026-01-25 20:41:00',NULL,1,NULL,NULL),(129,'Ritam','ritam123456789@gmail.com','9127219298','riki1234','riki1234','0',NULL,'2026-01-25 21:14:00',NULL,1,NULL,NULL),(130,'Mohit Agarwal','mohit.agarwal124@gmail.com','7707000787','Mohit@124','Mohit@124','0',NULL,'2026-01-26 04:31:00',NULL,1,NULL,NULL),(131,'MAYUR MAKWANA','MAYURMAK9@GMAIL.COM','9998449902','Mayur@32168','Mayur@32168','0',NULL,'2026-01-26 06:52:00',NULL,1,NULL,NULL),(132,'Upendra nath dubey','undubey6@gmail.com','8530631160','Gyan@123','Gyan@123','0',NULL,'2026-01-26 18:31:00',NULL,1,NULL,NULL),(133,'Shivani','shivanigoyal4286@gmail.com','7037348210','7037348210','7037348210','0',NULL,'2026-01-26 20:48:00',NULL,1,NULL,NULL),(134,'Akhilesh Yadav','akhileshyadav979423@gmail.com','7200901127','Akhil@12345','Akhil@12345','0',NULL,'2026-01-26 21:23:00',NULL,1,NULL,NULL),(135,'Ashok','ashokfp005@gmail.com','7795111260','Pulsar150@','Pulsar150@','0',NULL,'2026-01-27 01:51:00',NULL,1,NULL,NULL),(136,'Ramakrishna ','rk.deshini@gmail.com','9687606319','Timepass@123','Timepass@123','0',NULL,'2026-01-27 02:40:00',NULL,1,NULL,NULL),(137,'Saksham jain','sakshamjain631@gmail.com','6283890788','Saksham1122','Saksham1122','0',NULL,'2026-01-27 03:04:00',NULL,1,NULL,NULL),(138,'Binay','binaydimri@gmail.com','8287267487','Sparkles@1','Sparkles@1','0',NULL,'2026-01-27 05:33:00',NULL,1,NULL,NULL),(139,'Chiranjit','majumder.chira@gmail.com','9015589565','cSmit@10096','cSmit@10096','0',NULL,'2026-01-27 09:08:00',NULL,1,NULL,NULL),(140,'Shivam Rattan','shivam.rattan15@gmail.com','9643645776','Satguruji@20','Satguruji@20','0',NULL,'2026-01-27 22:54:00',NULL,1,NULL,NULL),(141,'Dinesh Kumar','dineshsriram69@gmail.com','9751611963','doggie09','doggie09','1','2026-01-28 07:31:00','2026-01-28 06:37:00','103.109.45.86',1,NULL,NULL),(142,'Partha sarathi mandal ','mandalparthasarathi787@gmail.com','9051216655','ayanselold99','ayanselold99','1','2026-01-28 10:12:00','2026-01-28 17:02:00','47.30.243.112',1,NULL,NULL),(143,'Dilraj','dilrajthakur2000@gmail.com','8889383703','Dilrajno.1','Dilrajno.1','0',NULL,'2026-01-28 20:26:00',NULL,1,NULL,NULL),(144,'Nitesh gusain ','niteshgusain268@gmail.com','7009428327','@Golu12321','@Golu12321','0',NULL,'2026-01-29 02:39:00',NULL,1,NULL,NULL),(145,'Gaurav','gaurav.9899332400@gmail.com','9899332400','Gk426154@','Gk426154@','0',NULL,'2026-01-29 05:10:00',NULL,1,NULL,NULL),(146,'Kapil ','kapilchoudharyy2010@gmail.com','8107383769','Kapilmundel@1','Kapilmundel@1','0',NULL,'2026-01-29 05:27:00',NULL,1,NULL,NULL),(147,'Praveen','praveen07637@gmail.com','9911307331','nokia@123','nokia@123','0',NULL,'2026-01-30 02:58:00',NULL,1,NULL,NULL),(148,'Piyush ','yadavpiyush3434@gmail.com','9610456106','Piyush@2004','Piyush@2004','0',NULL,'2026-01-30 04:29:00',NULL,1,NULL,NULL),(149,'Rachna Kumari ','chotirachna99@gmail.com','7979077921','Rachna1112@','Rachna1112@','0',NULL,'2026-01-30 05:28:00',NULL,1,NULL,NULL),(150,'Kushagra raj ','Kushagraraj684@gmail.com','7060930242','c4rl1234','c4rl1234','0',NULL,'2026-01-30 15:33:00',NULL,1,NULL,NULL),(151,'Brijesh','brijeshrashiya@gmail.com','9624341608','22101998','22101998','0',NULL,'2026-01-30 18:24:00',NULL,1,NULL,NULL),(152,'Ramanand ','rymon807607@gmail.com','8076072457','RYMON@OPPO5','RYMON@OPPO5','0',NULL,'2026-01-30 18:37:00',NULL,1,NULL,NULL),(153,'Diwakar ','diwakarraagam@gmail.com','9948499293','Diwakar@2026','Diwakar@4444','1','2026-01-31 14:29:00','2026-01-30 20:26:00','27.59.182.242',1,NULL,NULL),(154,'Deepak ','dhunganadipu@gmail.com','9848571599','Mybd@1982','Mybd@1982','0',NULL,'2026-01-31 03:30:00',NULL,1,NULL,NULL),(155,'Tejas Sonawane','sonawanetejas712@gmail.com','7558462811','Tejas@123','Tejas@123','0',NULL,'2026-01-31 20:23:00',NULL,1,NULL,NULL),(156,'Amar','amarchnath1987@gmail.com','9706843934','@mit!985S','@mit!985S','0',NULL,'2026-01-31 21:54:00',NULL,1,NULL,NULL),(157,'Anish Ahuja','anishahuja2004@gmail.com','8305148883','#Ahuja200425','#Ahuja200425','0',NULL,'2026-01-31 23:04:00',NULL,1,NULL,NULL),(158,'Mohammad Owais ','shamiransari364@gmail.com','8534995128','SSss.123','SSss.123','0',NULL,'2026-01-31 23:31:00',NULL,1,NULL,NULL);

--
-- Table structure for table `video_tbl`
--

CREATE TABLE `video_tbl` (
  `id` int(11) NOT NULL AUTO_INCREMENT,
  `slink_title` varchar(700) NOT NULL,
  `slink_url` varchar(800) NOT NULL,
  `gallery_id` int(11) DEFAULT NULL,
  `gallery_cat` varchar(100) DEFAULT NULL,
  `created_at` timestamp NOT NULL DEFAULT CURRENT_TIMESTAMP,
  `updated_at` timestamp NOT NULL DEFAULT CURRENT_TIMESTAMP,
  PRIMARY KEY (`id`)
) ENGINE=InnoDB AUTO_INCREMENT=4 DEFAULT CHARSET=latin1;

--
-- Dumping data for table `video_tbl`
--

INSERT INTO `video_tbl` VALUES (1,'Open Box Laptop & MacBook 7999 | Second hand laptop | Cheapest laptop market in delhi | Used laptop','Bkz-e58p28o',2,'2','2024-06-11 05:59:17','2025-10-10 18:00:23'),(2,'Open Box Laptop & MacBook Starting ₹14000 | Second hand laptop | Cheapest laptop market in delhi','mcigSu-AvbA',2,'2','2024-06-11 06:00:02','2025-12-12 17:43:41'),(3,'सबसे बड़ा Laptops का गोदाम Rs,6500/- Hp , Dell , Apple MacBook | Cheapest Laptop Market In Delhi','i1y2jgBlJ5g',2,'2','2024-06-11 06:00:37','2025-09-26 16:43:19');

--
-- Table structure for table `whatsapp_enquiry`
--

CREATE TABLE `whatsapp_enquiry` (
  `en_id` int(11) NOT NULL AUTO_INCREMENT,
  `en_name` varchar(800) DEFAULT NULL,
  `en_mobile` varchar(100) DEFAULT NULL,
  `en_email` varchar(100) DEFAULT NULL,
  `en_country` varchar(100) DEFAULT NULL,
  `en_comment` varchar(900) DEFAULT NULL,
  `en_date` timestamp NOT NULL DEFAULT CURRENT_TIMESTAMP ON UPDATE CURRENT_TIMESTAMP,
  `en_url` varchar(500) DEFAULT NULL,
  `locationID` varchar(100) DEFAULT NULL,
  `en_product_name` varchar(300) DEFAULT NULL,
  `en_ip` varchar(300) DEFAULT NULL,
  `en_doc_name` varchar(300) DEFAULT NULL,
  `en_doc_id` varchar(300) DEFAULT NULL,
  `booking_date` varchar(300) DEFAULT NULL,
  `en_time` varchar(1000) DEFAULT NULL,
  PRIMARY KEY (`en_id`)
) ENGINE=MyISAM DEFAULT CHARSET=latin1;

--
-- Dumping data for table `whatsapp_enquiry`
--


--
-- Table structure for table `wps_customer_address`
--

CREATE TABLE `wps_customer_address` (
  `id` int(10) unsigned NOT NULL AUTO_INCREMENT,
  `user_id` int(20) unsigned DEFAULT NULL,
  `user_type` varchar(200) DEFAULT NULL,
  `bill_fname` varchar(250) DEFAULT NULL,
  `bill_mobile` varchar(20) DEFAULT NULL,
  `bill_address1` text,
  `bill_address2` text,
  `bill_city` varchar(250) DEFAULT NULL,
  `bill_zipcode` varchar(20) DEFAULT NULL,
  `bill_state` varchar(500) DEFAULT NULL,
  `bill_country` varchar(250) DEFAULT NULL,
  `ship_fname` varchar(250) DEFAULT NULL,
  `ship_mobile` varchar(20) DEFAULT NULL,
  `ship_address1` text,
  `ship_address2` mediumtext,
  `ship_city` varchar(250) DEFAULT NULL,
  `ship_zipcode` varchar(20) DEFAULT NULL,
  `ship_state` varchar(250) DEFAULT NULL,
  `ship_country` varchar(250) DEFAULT NULL,
  `created_at` timestamp NOT NULL DEFAULT CURRENT_TIMESTAMP,
  `updated_at` timestamp NOT NULL DEFAULT CURRENT_TIMESTAMP,
  PRIMARY KEY (`id`),
  KEY `user_id` (`user_id`)
) ENGINE=InnoDB AUTO_INCREMENT=55 DEFAULT CHARSET=utf8mb4;

--
-- Dumping data for table `wps_customer_address`
--

INSERT INTO `wps_customer_address` VALUES (2,1,NULL,'wps','3233333333','89 First Street','Illo asperiores nost','Facilis et culpa eiu','941036','Consequatur esse qu','Nigeria','Yael Stanley','1377828719','16 Fabien Drive','In non aspernatur bl','Sint reiciendis vol','172426','Incididunt autem ex','Barbados','2025-12-12 07:04:28','2025-12-12 07:04:28'),(3,2,NULL,'Niranjan_kr','8875485544','Unit No 8 &amp; 9, Building No 9, Laxmi Plaza, Laxmi Industrial Estate, New Link Road, Andheri West, Mumbai- 400053, India','jk','Ranchi','834001','Jharkhand','India','Niranjan_kr','8888888888','testing','jk','rnc','704493','jhar','India','2025-12-12 09:26:54','2025-12-12 09:41:44'),(5,3,NULL,'Vicky Dubey','2323444444','448 Ashok Nagar,','','Ranchi','359912','Jharkhand','India','Vicky Dubey','2323444444','448 Ashok Nagar,','','Ranchi','359912','Jharkhand','India','2025-12-15 08:31:17','2025-12-15 08:31:17'),(6,6,NULL,'Wps test','8754456677','Delhi','','Delhi','359912','Delhi','India','Wps test','8754456677','Delhi','','Delhi','359912','Delhi','India','2025-12-22 07:14:19','2025-12-22 07:14:19'),(7,7,NULL,'Vicky Dubey','8969510278','444, Road No 4A, Webpulse IT park Ashok Nagar','','Ranchi','941036','Jharkhand','India','Vicky Dubey','8969510278','444, Road No 4A, Webpulse IT park Ashok Nagar','','Ranchi','941036','Jharkhand','India','2025-12-23 09:07:13','2025-12-23 09:07:13'),(8,13,NULL,'testwpsrnc','8340282496','rnc','','ranc','785696','jh','India','testwpsrnc','8340282496','rnc','','ranc','785696','jh','India','2025-12-24 08:41:27','2025-12-24 08:41:27'),(9,18,NULL,'Rajender','9999238765','rohini','','Delhi','110085','delhi','India','Rajender','9999238765','rohini','','Delhi','110085','delhi','India','2025-12-26 13:11:31','2025-12-26 13:11:31'),(10,24,NULL,'Mohammad Sahil','9149296200','pawar market, dharanaula road almora','','almora','263601','Uttarakhand','India','Mohammad Sahil','9149296200','pawar market, dharanaula road almora','','almora','263601','Uttarakhand','India','2025-12-28 09:23:01','2025-12-28 09:23:01'),(11,26,NULL,'Rajender','9205237575','Rohini Delhi','','delhi','110085','Delhi','India','Rajender','9205237575','Rohini Delhi','','delhi','110085','Delhi','India','2025-12-29 10:22:16','2025-12-29 10:22:16'),(12,29,NULL,'Singh','7011230187','336A/16 Shivaji nagar','','Gurgaon','122001','Haryana','India','Santokh Singh','9729797395','V.p.o. Nalvi Post Office Nalvi','','Shahabad Markanda','136135','Haryana','India','2025-12-30 07:33:57','2025-12-30 07:33:57'),(13,35,NULL,'Ajay Khillare','7777077943','Room no 192 b wing sankalph siddhi Society, hendre pada, manjarli, badlapur west','Behind shivam residency','Badlapur','421503','Maharashtra','India','Ajay Khillare','7777077943','Room no 192 b wing sankalph siddhi Society, hendre pada, manjarli, badlapur west','Behind shivam residency','Badlapur','421503','Maharashtra','India','2026-01-01 04:52:17','2026-01-01 04:52:17'),(14,36,NULL,'Himanshu mishra','6393921415','62/1 Mohalla Pachghara Tehsil Fatehpur','Baba sangat','Lucknow','225305','Uttar Pradesh','India','Himanshu mishra','6393921415','62/1 Mohalla Pachghara Tehsil Fatehpur','Baba sangat','Lucknow','225305','Uttar Pradesh','India','2026-01-01 14:48:54','2026-01-01 14:48:54'),(15,37,NULL,'Venkat','9971615709','B / 8 Koelnagar','','Rourkela','769014','Odisha','India','Marthand Venkat','9971615709','B / 8 Koelnagar','','Rourkela','769014','Odisha','India','2026-01-01 15:01:53','2026-01-01 15:01:53'),(16,42,NULL,'Raj Kumar Rai','8271720070','Chhit bhagwatipur ward12 chandwara via soda godam chowk','Near Govind kirana','Muzaffarpur','842001','Bihar','India','Raj Kumar Rai','8271720070','Chhit bhagwatipur ward12 chandwara via soda godam chowk','Near Govind kirana','Muzaffarpur','842001','Bihar','India','2026-01-02 16:12:57','2026-01-02 16:12:57'),(17,44,NULL,'Dhirendra Kumar jha','7979721009','At-Raje Goth Manigachi','Budhna pokhara','DARBHANGA','847422','Bihar','India','Dhirendra Kumar jha','7979721009','At-Raje Goth Manigachi','Budhna pokhara','DARBHANGA','847422','Bihar','India','2026-01-03 14:26:32','2026-01-03 14:26:32'),(18,47,NULL,'DINKAR SARWADE','9172487140','M H B COLONY, NEAR SHARDA COLLEGE, SUBHASH ROAD, BEHIND SAISHRADHA HOSPITAL','','PARBHANI','431401','Maharashtra','India','DINKAR SARWADE','9172487140','M H B COLONY, NEAR SHARDA COLLEGE, SUBHASH ROAD, BEHIND SAISHRADHA HOSPITAL','','PARBHANI','431401','Maharashtra','India','2026-01-04 00:52:34','2026-01-04 00:52:34'),(19,48,NULL,'Pankaj Kol','7222922396','H.no.36, vill bhaluhakothar Post Rajadhau Hanumana district mauganj mp','Near Jyoti tent house','Mauganj','486331','Madhya Pradesh','India','Pankaj Kol','7222922396','H.no.36, vill bhaluhakothar Post Rajadhau Hanumana district mauganj mp','Near Jyoti tent house','Mauganj','486331','Madhya Pradesh','India','2026-01-04 06:48:14','2026-01-04 06:48:14'),(20,49,NULL,'Satyaveer Singh','9001869176','E/111 BN CRPF PALNAR','Palnar','Dantewada','494552','Chhattisgarh','India','Satyaveer Singh','9001869176','E/111 BN CRPF PALNAR','Palnar','Dantewada','494552','Chhattisgarh','India','2026-01-04 09:11:07','2026-01-04 09:11:07'),(21,50,NULL,'Ankit','8059867919','KV School Barnala','Krishna Temple','Barnala','148101','Punjab','India','Ankit','8059867919','KV School Barnala','Krishna Temple','Barnala','148101','Punjab','India','2026-01-04 16:10:09','2026-01-04 16:10:09'),(22,51,NULL,'RAM KASHYAP','6397870066','Barkhera Kalan Pilibhit','Station road near Maharishi Dayanand inter college Barkhera Kalan','Pilibhit','262203','Uttar Pradesh','India','RAM KASHYAP','6397870066','Barkhera Kalan Pilibhit','','Pilibhit','262203','Uttar Pradesh','India','2026-01-05 04:48:37','2026-01-05 04:48:37'),(23,52,NULL,'KUNAL CHAVAN','9890866966','BENZO CHEM INDUSTRIES PVT LIMITED\r\nE-13/14/15, MIDC AREA\r\nNEAR MARICO INDUSTRIES','NEAR INDANE GAS GODOWN','JALGAON','425003','Maharashtra','India','KUNAL CHAVAN','9890866966','BENZO CHEM INDUSTRIES PVT LIMITED\r\nE-13/14/15, MIDC AREA\r\nNEAR MARICO INDUSTRIES','NEAR INDANE GAS GODOWN','JALGAON','425003','Maharashtra','India','2026-01-05 10:38:05','2026-01-05 10:38:05'),(24,54,NULL,'Deepak sharma','9679572447','C-199, street no-7 harit vihar , burari','Near shiv shakti mandir','Delhi','110084','Delhi','India','Deepak sharma','9679572447','C-199, street no-7 harit vihar , burari','Near shiv shakti mandir','Delhi','110084','Delhi','India','2026-01-05 13:24:45','2026-01-05 13:24:45'),(25,55,NULL,'Akot Aguer mou','6388702534','Kursi road\r\nSR boys hostel, room no 202','Integral University','Lucknow','226026','Uttar Pradesh','India','Akot Aguer mou','6388702534','Kursi road\r\nSR boys hostel, room no 202','Integral University','Lucknow','226026','Uttar Pradesh','India','2026-01-05 14:26:54','2026-01-05 14:26:54'),(26,56,NULL,'bhaiti soren','9864277698','Purabangla, 2 No Doigrung','near water supply','Golaghat','785613','ASSAM','India','bhaiti soren','9864277698','Purabangla, 2 No Doigrung','near water supply','Golaghat','785613','ASSAM','India','2026-01-06 05:08:18','2026-01-06 05:08:18'),(27,57,NULL,'Gaurav','9812946074','2045 , sector 4, part 2, karnal','','Karnal','132001','Haryana','India','Gaurav','9812946074','2045 , sector 4, part 2, karnal','','Karnal','132001','Haryana','India','2026-01-06 09:33:40','2026-01-06 09:33:40'),(28,64,NULL,'karthik','9442094212','#3 muthunagar Extn\r\n1st street, Tiruppur\r\nTamilnadu - 641607','','Tiruppur','641607','Tamilnadu','India','karthik','9442094212','#3 muthunagar Extn\r\n1st street, Tiruppur\r\nTamilnadu - 641607','','Tiruppur','641607','Tamilnadu','India','2026-01-08 11:49:14','2026-01-08 11:49:14'),(29,65,NULL,'Palash Dubey','6260550749','M block, IRMA campus','IRMA','Anand','388110','Gujarat','India','Palash Dubey','6260550749','M block, IRMA campus','IRMA','Anand','388110','Gujarat','India','2026-01-08 19:24:58','2026-01-08 19:24:58'),(30,68,NULL,'Karan kumar','9608494284','Naharpur lal building Atm ke samne','','Manesar','122050','Gurgaon','India','Karan kumar','9608494284','Naharpur lal building Atm ke samne','','Manesar','122050','Gurgaon','India','2026-01-10 04:08:46','2026-01-10 04:08:46'),(31,69,NULL,'Gaurav Kumar Rastogi','9219175487','Sahukara 471 LALLA MAHARAJ KI BAGIYA\r\nNear-Haathi Wala Mandir','Lakshmi narayan satsang wali gali','Bareilly','243001','Uttar Pradesh','India','Gaurav Kumar Rastogi','9219175487','Sahukara 471 LALLA MAHARAJ KI BAGIYA\r\nNear-Haathi Wala Mandir','Lakshmi narayan satsang wali gali','Bareilly','243001','Uttar Pradesh','India','2026-01-10 05:47:57','2026-01-10 05:47:57'),(32,71,NULL,'Sonu Mehra','9630584318','285, BDA Quarters Gondermou Gandhinagar Bhopal','Near Prerna Kiran Public School Pipalner','Bhopal','462036','Madhya Pradesh','India','Sonu Mehra','9630584318','285, BDA Quarters Gondermou Gandhinagar Bhopal','Near Prerna Kiran Public School Pipalner','Bhopal','462036','Madhya Pradesh','India','2026-01-10 11:32:28','2026-01-10 11:32:28'),(33,77,NULL,'ahmed','8877123788','parvatti asannadpur','parvatti','bhagalpur','812002','bihar','India','ahmed','8877123788','parvatti asannadpur','parvatti','bhagalpur','812002','bihar','India','2026-01-10 17:41:35','2026-01-10 17:41:35'),(34,80,NULL,'BHAURAO SAMBHAJI GUNJKAR','7410705015','Pavansut Nagar, vasmat road, parbhani,431402','','Parbhani','431402','Maharashtra','India','BHAURAO SAMBHAJI GUNJKAR','7410705015','Pavansut Nagar, vasmat road, parbhani,431402','','Parbhani','431402','Maharashtra','India','2026-01-11 02:22:16','2026-01-11 02:22:16'),(35,81,NULL,'Devendra Kumar','8755588279','Vpo- bali baghpat up','Near baghpat road railway station','Baghpat','250601','Uttar Pradesh','India','Devendra Kumar','8755588279','Vpo- bali baghpat up','Near baghpat road railway station','Baghpat','250601','Uttar Pradesh','India','2026-01-11 04:21:27','2026-01-11 04:21:27'),(36,83,NULL,'Rocky','8777855129','42E, Tiljala Road, Gobra','St. George Day High school','Kolkata','700046','West Bengal','India','Rocky','8777855129','42E, Tiljala Road, Gobra','St. George Day High school','Kolkata','700046','West Bengal','India','2026-01-11 13:05:09','2026-01-11 13:05:09'),(37,84,NULL,'Praveen Kumar','9873266222','SS Stationers \r\n110, Jharsa Road, Jharsa , Sector-39\r\nGurgaon, Haryana 122001','Near Jaina Sweeets','Gurgaon','122001','Haryana','India','Praveen Kumar','9873266222','SS Stationers \r\n110, Jharsa Road, Jharsa , Sector-39\r\nGurgaon, Haryana 122001','Near Jaina Sweeets','Gurgaon','122001','Haryana','India','2026-01-11 16:13:25','2026-01-11 16:13:25'),(38,87,NULL,'Aryan Kumawat','8882154645','Front of Hanuman Mandir, Chirag Delhi','Near Amar Medicos','New Delhi','110017','Delhi','India','Aryan Kumawat','8882154645','Front of Hanuman Mandir, Chirag Delhi','Near Amar Medicos','New Delhi','110017','Delhi','India','2026-01-12 14:08:43','2026-01-12 14:08:43'),(39,89,NULL,'Ramkrishna Uikey','8103670508','At.Nilkanth post.dhawdikhapa th.pandhurna.dist.pandhurna mp 480334','Old hanuman dham(temple)','Pandhurna','480334','Madhya pradesh','India','Ramkrishna Uikey','8103670508','At.Nilkanth post.dhawdikhapa th.pandhurna.dist.pandhurna mp 480334','Old hanuman dham(temple)','Pandhurna','480334','Madhya pradesh','India','2026-01-14 09:36:52','2026-01-14 09:36:52'),(40,94,NULL,'Ranbeer','9671526335','Cangnoul','Bilaspur','Yamuna Nagar','135102','Haryana','India','Ranbeer','9671526335','Cangnoul','Bilaspur','Yamuna Nagar','135102','Haryana','India','2026-01-14 12:06:53','2026-01-14 12:06:53'),(41,90,NULL,'Shalu raghav','9560915059','Village badha sikanderpur sector 86 gurgaon haryana 122004','Near raghav bartan bhandar','Gurgaon','122004','Haryana','India','Shalu raghav','9560915059','Village badha sikanderpur sector 86 gurgaon haryana 122004','Near raghav bartan bhandar','Gurgaon','122004','Haryana','India','2026-01-14 15:11:36','2026-01-14 15:11:36'),(42,95,NULL,'Shubham shukla','8858786969','1/23 Jankipuram Sector J, Khurhi Road near gudamba thana.','Gudamba thana','Lucknow','226021','Uttar Pradesh','India','Shubham shukla','8858786969','1/23 Jankipuram Sector J, Khurhi Road near gudamba thana.','Gudamba thana','Lucknow','226021','Uttar Pradesh','India','2026-01-14 16:08:40','2026-01-14 16:08:40'),(43,97,NULL,'Munna Kumar','9304496841','Village kundwa Chainpur poste office kundwa Chainpur police station kundwa Chainpur east champaran bihar pin code 845304','','Kundwa chainpur','845304','Bihar','India','Munna Kumar','9304496841','Village kundwa Chainpur poste office kundwa Chainpur police station kundwa Chainpur east champaran bihar pin code 845304','','Kundwa chainpur','845304','Bihar','India','2026-01-15 14:21:55','2026-01-15 14:21:55'),(44,99,NULL,'Aravind','8939106707','11/225, vijayalakshmi avenue chinnakolathuvancheri Iyyappanthangal Chennai','Annai store opposite','Chennai','600122','Tamilnadu','India','Aravind','8939106707','11/225, vijayalakshmi avenue chinnakolathuvancheri Iyyappanthangal Chennai','Annai store opposite','Chennai','600122','Tamilnadu','India','2026-01-15 19:34:38','2026-01-15 19:34:38'),(45,103,NULL,'Krishna kant','9304651612','Meerachak naya tola barari\r\nKrishna house','','Bhagalpur','813210','Bihar','India','Krishna kant','9304651612','Meerachak naya tola barari\r\nKrishna house','','Bhagalpur','813210','Bihar','India','2026-01-18 12:30:43','2026-01-18 12:30:43'),(46,109,NULL,'Mohammad Nazim','9829554374','Kabir nagar bhill basti bherva bhaker ashfaqiya mohalla gareeb nawaz masjid','Majid kirana store camere wala Ghar kali Tanki near noori chowk','Jodhpur','342001','Rajasthan','India','Mohammad Nazim','9829554374','Kabir nagar bhill basti bherva bhaker ashfaqiya mohalla gareeb nawaz masjid','Majid kirana store camere wala Ghar kali Tanki near noori chowk','Jodhpur','342001','Rajasthan','India','2026-01-19 23:15:32','2026-01-19 23:15:32'),(47,115,NULL,'Somnath Saha','8371088108','Shri Krishna Pally\r\nAnulya','Anulya','Ranaghat','741255','West Bengal','India','Somnath Saha','8371088108','Branch Office (BO), Nearest by jMix Movies Theatre, Fast Floor, Room 6.','State Bank ATM','Pattimattom','683562','Karala','India','2026-01-22 18:27:47','2026-01-22 18:27:47'),(48,116,NULL,'Chandan Kumar','9560509815','WZ430/CH40, Naraina Village, Naraina Vihar','Near Naraina Club','New Delhi','110028','Delhi','India','Chandan Kumar','9560509815','WZ430/CH40, Naraina Village, Naraina Vihar','Near Naraina Club','New Delhi','110028','Delhi','India','2026-01-23 09:46:19','2026-01-23 09:46:19'),(49,118,NULL,'Rahul','9258754925','Mawakot','Mela medan','Kotdwat','246149','Uttrakhnad','India','Rahul','9258754925','Mawakot','Mela medan','Kotdwat','246149','Uttrakhnad','India','2026-01-23 13:06:30','2026-01-23 13:06:30'),(50,123,NULL,'Chakresh','9151541013','A.S.B.B INTER COLLEGE SANDI ROAD HARDOI','Hardoi','HARDOI','242001','Uttar Pradesh','India','Chakresh','9151541013','A.S.B.B INTER COLLEGE SANDI ROAD HARDOI','Hardoi','HARDOI','242001','Uttar Pradesh','India','2026-01-24 07:32:58','2026-01-24 07:32:58'),(51,129,NULL,'Ritam','9127219298','State=Assam\r\nDistrict=sonitpur\r\nTown=tezpur\r\nVillage=Niz bihaguri','Niz bihaguri bishnu temple','Tezpur','784153','Assam','India','Ritam','9127219298','State=Assam\r\nDistrict=sonitpur\r\nTown=tezpur\r\nVillage=Niz bihaguri','Niz bihaguri bishnu temple','Tezpur','784153','Assam','India','2026-01-25 08:46:47','2026-01-25 08:46:47'),(52,150,NULL,'Kushagra raj','7060930242','Devarpur','Radhika jan seba kendr','Phaphund','206247','Uttar Pradesh','India','Kushagra raj','7060930242','Devarpur','Radhika jan seba kendr','Phaphund','206247','Uttar Pradesh','India','2026-01-30 03:04:45','2026-01-30 03:04:45'),(53,153,NULL,'Diwakar','9948499293','2/16-b BOYAPALLI Yandapalli Rayachoty,Annamayya district','Near church','Rayachoty','516269','Andhrapradesh','India','Diwakar','9948499293','2/16-b BOYAPALLI Yandapalli Rayachoty,Annamayya district','Near church','Rayachoty','516269','Andhrapradesh','India','2026-01-30 07:57:46','2026-01-30 07:57:46'),(54,155,NULL,'Tejas Sonawane','7558462811','Top Ten imperial ,sangamner ,lenovo store ,sangamner ,422605','Top ten mall','sangamner','422605','Maharashtra','India','Tejas Sonawane','7558462811','Top Ten imperial ,sangamner ,lenovo store ,sangamner ,422605','Top ten mall','sangamner','422605','Maharashtra','India','2026-01-31 07:54:23','2026-01-31 07:54:23');

--
-- Table structure for table `wps_wishlists`
--

CREATE TABLE `wps_wishlists` (
  `id` int(11) NOT NULL AUTO_INCREMENT,
  `customer_id` int(11) NOT NULL,
  `products_Id` int(11) NOT NULL,
  `wishlists_date_added` timestamp NOT NULL DEFAULT '0000-00-00 00:00:00',
  PRIMARY KEY (`id`)
) ENGINE=InnoDB AUTO_INCREMENT=28 DEFAULT CHARSET=latin1;

--
-- Dumping data for table `wps_wishlists`
--

INSERT INTO `wps_wishlists` VALUES (9,2,159,'2025-12-22 06:35:16'),(10,3,11,'2025-12-24 08:41:38'),(11,3,135,'2025-12-24 08:42:59'),(12,29,24,'2025-12-30 07:30:28'),(13,77,130,'2026-01-10 17:39:07'),(14,80,149,'2026-01-11 02:12:53'),(15,88,142,'2026-01-12 15:52:21'),(17,90,44,'2026-01-13 08:25:47'),(18,90,102,'2026-01-13 08:27:58'),(19,90,14,'2026-01-13 08:28:53'),(20,90,6,'2026-01-13 08:29:37'),(21,91,156,'2026-01-13 18:15:07'),(22,103,34,'2026-01-18 13:13:14'),(23,91,88,'2026-01-19 14:49:16'),(24,115,127,'2026-01-22 18:19:58'),(25,117,144,'2026-01-23 11:59:27'),(26,26,150,'2026-01-28 06:56:43'),(27,147,37,'2026-01-29 14:30:30');


