(147301,'West Haven',4897),(147302,'West Jordan',4897),(147303,'West Mountain',4897),(147304,'West Point',4897),(147305,'West Valley City',4897),(147306,'White City',4897),(147307,'Willard',4897),(147308,'Wolf Creek',4897),(147309,'Woodland Hills',4897),(147310,'Woods Cross',4897),(147311,'Addison',4898),(147312,'Addison County',4898),(147313,'Arlington',4898),(147314,'Barre',4898),(147315,'Bellows Falls',4898),(147316,'Bennington',4898),(147317,'Bennington County',4898),(147318,'Brandon',4898),(147319,'Brattleboro',4898),(147320,'Bridport',4898),(147321,'Bristol',4898),(147322,'Burlington',4898),(147323,'Caledonia County',4898),(147324,'Castleton',4898),(147325,'Charlotte',4898),(147326,'Chelsea',4898),(147327,'Chester',4898),(147328,'Chittenden',4898),(147329,'Chittenden County',4898),(147330,'Clarendon',4898),(147331,'Colchester',4898),(147332,'Danby',4898),(147333,'Dover',4898),(147334,'Enosburg Falls',4898),(147335,'Essex County',4898),(147336,'Essex Junction',4898),(147337,'Fair Haven',4898),(147338,'Ferrisburgh',4898),(147339,'Franklin County',4898),(147340,'Grand Isle County',4898),(147341,'Guildhall',4898),(147342,'Hardwick',4898),(147343,'Hartford',4898),(147344,'Hinesburg',4898),(147345,'Hyde Park',4898),(147346,'Jamaica',4898),(147347,'Jericho',4898),(147348,'Johnson',4898),(147349,'Lamoille County',4898),(147350,'Leicester',4898),(147351,'Lincoln',4898),(147352,'Londonderry',4898),(147353,'Lunenburg',4898),(147354,'Lyndon',4898),(147355,'Lyndonville',4898),(147356,'Manchester Center',4898),(147357,'Mendon',4898),(147358,'Middlebury (village)',4898),(147359,'Milton',4898),(147360,'Montgomery',4898),(147361,'Montpelier',4898),(147362,'Moretown',4898),(147363,'Morristown',4898),(147364,'Morrisville',4898),(147365,'Mount Holly',4898),(147366,'Newfane',4898),(147367,'Newport',4898),(147368,'North Bennington',4898),(147369,'North Hero',4898),(147370,'Northfield',4898),(147371,'Orange County',4898),(147372,'Orleans County',4898),(147373,'Pawlet',4898),(147374,'Poultney',4898),(147375,'Pownal',4898),(147376,'Randolph',4898),(147377,'Richford',4898),(147378,'Rockingham',4898),(147379,'Rutland',4898),(147380,'Rutland County',4898),(147381,'Saint Albans',4898),(147382,'Saint Johnsbury',4898),(147383,'Salisbury',4898),(147384,'South Barre',4898),(147385,'South Burlington',4898),(147386,'Springfield',4898),(147387,'St Johnsbury',4898),(147388,'Starksboro',4898),(147389,'Stowe',4898),(147390,'Swanton',4898),(147391,'Townshend',4898),(147392,'Vergennes',4898),(147393,'Washington',4898),(147394,'Washington County',4898),(147395,'Waterbury',4898),(147396,'West Brattleboro',4898),(147397,'West Rutland',4898),(147398,'White River Junction',4898),(147399,'Wilder',4898),(147400,'Williamstown',4898),(147401,'Williston',4898),(147402,'Windham County',4898),(147403,'Windsor',4898),(147404,'Windsor County',4898),(147405,'Winooski',4898),(147406,'Woodstock',4898),(147407,'Abingdon',4899),(147408,'Accomac',4899),(147409,'Accomack County',4899),(147410,'Adwolf',4899),(147411,'Albemarle County',4899),(147412,'Alexandria',4899),(147413,'Alleghany County',4899),(147414,'Altavista',4899),(147415,'Amelia County',4899),(147416,'Amelia Court House',4899),(147417,'Amherst',4899),(147418,'Amherst County',4899),(147419,'Annandale',4899),(147420,'Appalachia',4899),(147421,'Apple Mountain Lake',4899),(147422,'Appomattox',4899),(147423,'Appomattox County',4899),(147424,'Aquia Harbour',4899),(147425,'Arlington',4899),(147426,'Arlington County',4899),(147427,'Ashburn',4899),(147428,'Ashland',4899),(147429,'Atkins',4899),(147430,'Augusta County',4899),(147431,'Baileys Crossroads',4899),(147432,'Bassett',4899),(147433,'Basye',4899),(147434,'Bath County',4899),(147435,'Bealeton',4899),(147436,'Bedford',4899),(147437,'Bedford County',4899),(147438,'Belle Haven',4899),(147439,'Bellwood',4899),(147440,'Belmont',4899),(147441,'Belmont Estates',4899),(147442,'Bensley',4899),(147443,'Berryville',4899),(147444,'Big Stone Gap',4899),(147445,'Blacksburg',4899),(147446,'Blackstone',4899),(147447,'Bland',4899),(147448,'Bland County',4899),(147449,'Blue Ridge',4899),(147450,'Bluefield',4899),(147451,'Bon Air',4899),(147452,'Boswell\\\'s Corner',4899),(147453,'Botetourt County',4899),(147454,'Bowling Green',4899),(147455,'Boydton',4899),(147456,'Bracey',4899),(147457,'Brambleton',4899),(147458,'Brandermill',4899),(147459,'Bridgewater',4899),(147460,'Brightwood',4899),(147461,'Bristol',4899),(147462,'Broadlands',4899),(147463,'Broadway',4899),(147464,'Brookneal',4899),(147465,'Brunswick County',4899),(147466,'Buchanan',4899),(147467,'Buchanan County',4899),(147468,'Buckhall',4899),(147469,'Buckingham',4899),(147470,'Buckingham County',4899),(147471,'Buena Vista',4899),(147472,'Bull Run',4899),(147473,'Bull Run Mountain Estates',4899),(147474,'Burke',4899),(147475,'Campbell County',4899),(147476,'Cana',4899),(147477,'Cape Charles',4899),(147478,'Captains Cove',4899),(147479,'Caroline County',4899),(147480,'Carroll County',4899),(147481,'Carrollton',4899),(147482,'Castlewood',4899),(147483,'Cave Spring',4899),(147484,'Cedar Bluff',4899),(147485,'Central Garage',4899),(147486,'Centreville',4899),(147487,'Chamberlayne',4899),(147488,'Chantilly',4899),(147489,'Charles City',4899),(147490,'Charles City County',4899),(147491,'Charlotte County',4899),(147492,'Charlotte Court House',4899),(147493,'Charlottesville',4899),(147494,'Chase City',4899),(147495,'Chatham',4899),(147496,'Chatmoss',4899),(147497,'Cherry Hill',4899),(147498,'Chesapeake',4899),(147499,'Chester',4899),(147500,'Chesterfield County',4899),(147501,'Chesterfield Court House',4899),(147502,'Chilhowie',4899),(147503,'Chincoteague',4899),(147504,'Christiansburg',4899),(147505,'City of Alexandria',4899),(147506,'City of Bedford',4899),(147507,'City of Bristol',4899),(147508,'City of Buena Vista',4899),(147509,'City of Charlottesville',4899),(147510,'City of Chesapeake',4899),(147511,'City of Colonial Heights',4899),(147512,'City of Covington',4899),(147513,'City of Danville',4899),(147514,'City of Emporia',4899),(147515,'City of Fairfax',4899),(147516,'City of Falls Church',4899),(147517,'City of Franklin',4899),(147518,'City of Fredericksburg',4899),(147519,'City of Galax',4899),(147520,'City of Hampton',4899),(147521,'City of Harrisonburg',4899),(147522,'City of Hopewell',4899),(147523,'City of Lexington',4899),(147524,'City of Lynchburg',4899),(147525,'City of Manassas',4899),(147526,'City of Manassas Park',4899),(147527,'City of Martinsville',4899),(147528,'City of Newport News',4899),(147529,'City of Norfolk',4899),(147530,'City of Norton',4899),(147531,'City of Petersburg',4899),(147532,'City of Poquoson',4899),(147533,'City of Portsmouth',4899),(147534,'City of Radford',4899),(147535,'City of Richmond',4899),(147536,'City of Roanoke',4899),(147537,'City of Salem',4899),(147538,'City of Staunton',4899),(147539,'City of Suffolk',4899),(147540,'City of Virginia Beach',4899),(147541,'City of Waynesboro',4899),(147542,'City of Williamsburg',4899),(147543,'City of Winchester',4899),(147544,'Clarke County',4899),(147545,'Clarksville',4899),(147546,'Claypool Hill',4899),(147547,'Clifton Forge',4899),(147548,'Clintwood',4899),(147549,'Cloverdale',4899),(147550,'Coeburn',4899),(147551,'Collinsville',4899),(147552,'Colonial Beach',4899),(147553,'Colonial Heights',4899),(147554,'Concord',4899),(147555,'Countryside',4899),(147556,'Courtland',4899),(147557,'Covington',4899),(147558,'Craig County',4899),(147559,'Crewe',4899),(147560,'Crimora',4899),(147561,'Crozet',4899),(147562,'Culpeper',4899),(147563,'Culpeper County',4899),(147564,'Cumberland',4899),(147565,'Cumberland County',4899),(147566,'Dahlgren',4899),(147567,'Dale City',4899),(147568,'Daleville',4899),(147569,'Danville',4899),(147570,'Dayton',4899),(147571,'Deltaville',4899),(147572,'Dickenson County',4899),(147573,'Dinwiddie County',4899),(147574,'Dooms',4899),(147575,'Dranesville',4899),(147576,'Dryden',4899),(147577,'Dublin',4899),(147578,'Dulles Town Center',4899),(147579,'Dumbarton',4899),(147580,'Dumfries',4899),(147581,'Dunn Loring',4899),(147582,'East Hampton',4899),(147583,'East Highland Park',4899),(147584,'East Lexington',4899),(147585,'Eastville',4899),(147586,'Edinburg',4899),(147587,'Elkton',4899),(147588,'Emory',4899),(147589,'Emporia',4899),(147590,'Enon',4899),(147591,'Essex County',4899),(147592,'Ettrick',4899),(147593,'Exmore',4899),(147594,'Fairfax',4899),(147595,'Fairfax County',4899),(147596,'Fairfax Station',4899),(147597,'Fairlawn',4899),(147598,'Falls Church',4899),(147599,'Falmouth',4899),(147600,'Farmville',4899),(147601,'Fauquier County',4899),(147602,'Ferrum',4899),(147603,'Fincastle',4899),(147604,'Fishersville',4899),(147605,'Floris',4899),(147606,'Floyd',4899),(147607,'Floyd County',4899),(147608,'Fluvanna County',4899),(147609,'Forest',4899),(147610,'Fort Belvoir',4899),(147611,'Fort Hunt',4899),(147612,'Fort Lee',4899),(147613,'Franconia',4899),(147614,'Franklin',4899),(147615,'Franklin County',4899),(147616,'Frederick County',4899),(147617,'Fredericksburg',4899),(147618,'Front Royal',4899),(147619,'Gainesville',4899),(147620,'Galax',4899),(147621,'Gate City',4899),(147622,'Giles County',4899),(147623,'Glade Spring',4899),(147624,'Glasgow',4899),(147625,'Glen Allen',4899),(147626,'Gloucester County',4899),(147627,'Gloucester Courthouse',4899),(147628,'Gloucester Point',4899),(147629,'Goochland',4899),(147630,'Goochland County',4899),(147631,'Gordonsville',4899),(147632,'Grayson County',4899),(147633,'Great Falls',4899),(147634,'Greenbriar',4899),(147635,'Greene County',4899),(147636,'Greensville County',4899),(147637,'Gretna',4899),(147638,'Grottoes',4899),(147639,'Groveton',4899),(147640,'Grundy',4899),(147641,'Halifax',4899),(147642,'Halifax County',4899),(147643,'Hampden Sydney',4899),(147644,'Hampton',4899),(147645,'Hanover',4899),(147646,'Hanover County',4899),(147647,'Harrisonburg',4899),(147648,'Hayfield',4899),(147649,'Haymarket',4899),(147650,'Heathsville',4899),(147651,'Henrico County',4899),(147652,'Henry County',4899),(147653,'Henry Fork',4899),(147654,'Herndon',4899),(147655,'Highland County',4899),(147656,'Highland Springs',4899),(147657,'Hillsville',4899),(147658,'Hollins',4899),(147659,'Hollymead',4899),(147660,'Honaker',4899),(147661,'Hopewell',4899),(147662,'Horse Pasture',4899),(147663,'Huntington',4899),(147664,'Hurt',4899),(147665,'Hybla Valley',4899),(147666,'Idylwood',4899),(147667,'Independence',4899),(147668,'Independent Hill',4899),(147669,'Isle of Wight County',4899),(147670,'James City County',4899),(147671,'Jefferson',4899),(147672,'Jolivue',4899),(147673,'Jonesville',4899),(147674,'Kenbridge',4899),(147675,'Kilmarnock',4899),(147676,'King and Queen County',4899),(147677,'King and Queen Court House',4899),(147678,'King George',4899),(147679,'King George County',4899),(147680,'King William',4899),(147681,'King William County',4899),(147682,'Kings Park',4899),(147683,'Kings Park West',4899),(147684,'Lake Barcroft',4899),(147685,'Lake Monticello',4899),(147686,'Lake Ridge',4899),(147687,'Lakeside',4899),(147688,'Lancaster County',4899),(147689,'Laurel',4899),(147690,'Laurel Hill',4899),(147691,'Lawrenceville',4899),(147692,'Laymantown',4899),(147693,'Lebanon',4899),(147694,'Lee County',4899),(147695,'Leesburg',4899),(147696,'Lexington',4899),(147697,'Lincolnia',4899),(147698,'Linton Hall',4899),(147699,'Loch Lomond',4899),(147700,'Lorton',4899),(147701,'Loudoun County',4899),(147702,'Loudoun Valley Estates',4899),(147703,'Louisa',4899),(147704,'Louisa County',4899),(147705,'Lovettsville',4899),(147706,'Lovingston',4899),(147707,'Lowes Island',4899),(147708,'Lunenburg',4899),(147709,'Lunenburg County',4899),(147710,'Luray',4899),(147711,'Lynchburg',4899),(147712,'Lyndhurst',4899),(147713,'Madison',4899),(147714,'Madison County',4899),(147715,'Madison Heights',4899),(147716,'Manassas',4899),(147717,'Manassas Park',4899),(147718,'Mantua',4899),(147719,'Marion',4899),(147720,'Marshall',4899),(147721,'Martinsville',4899),(147722,'Massanetta Springs',4899),(147723,'Massanutten',4899),(147724,'Mathews',4899),(147725,'Mathews County',4899),(147726,'Matoaca',4899),(147727,'McLean',4899),(147728,'Meadowbrook',4899),(147729,'Mechanicsville',4899),(147730,'Mecklenburg County',4899),(147731,'Merrifield',4899),(147732,'Merrimac',4899),(147733,'Middlesex County',4899),(147734,'Middletown',4899),(147735,'Montclair',4899),(147736,'Monterey',4899),(147737,'Montgomery County',4899),(147738,'Montrose',4899),(147739,'Montross',4899),(147740,'Motley',4899),(147741,'Mount Hermon',4899),(147742,'Mount Jackson',4899),(147743,'Mount Vernon',4899),(147744,'Mountain Road',4899),(147745,'Narrows',4899),(147746,'Nellysford',4899),(147747,'Nelson County',4899),(147748,'New Baltimore',4899),(147749,'New Castle',4899),(147750,'New Kent',4899),(147751,'New Kent County',4899),(147752,'New Market',4899),(147753,'Newington',4899),(147754,'Newport News',4899),(147755,'Nokesville',4899),(147756,'Norfolk',4899),(147757,'North Shore',4899),(147758,'North Springfield',4899),(147759,'Northampton County',4899),(147760,'Northumberland County',4899),(147761,'Norton',4899),(147762,'Nottoway County',4899),(147763,'Oak Grove',4899),(147764,'Oak Hill',4899),(147765,'Oakton',4899),(147766,'Occoquan',4899),(147767,'Onancock',4899),(147768,'Orange',4899),(147769,'Orange County',4899),(147770,'Page County',4899),(147771,'Palmyra',4899),(147772,'Pannill Fork',4899),(147773,'Pantops',4899),(147774,'Passapatanzy',4899),(147775,'Patrick County',4899),(147776,'Patrick Springs',4899),(147777,'Pearisburg',4899),(147778,'Pembroke',4899),(147779,'Pennington Gap',4899),(147780,'Petersburg',4899),(147781,'Pimmit Hills',4899),(147782,'Pittsylvania County',4899),(147783,'Plum Creek',4899),(147784,'Poquoson',4899),(147785,'Portsmouth',4899),(147786,'Portsmouth Heights',4899),(147787,'Potomac Mills',4899),(147788,'Powhatan County',4899),(147789,'Prices Fork',4899),(147790,'Prince Edward County',4899),(147791,'Prince George',4899),(147792,'Prince George County',4899),(147793,'Prince William County',4899),(147794,'Pulaski',4899),(147795,'Pulaski County',4899),(147796,'Purcellville',4899),(147797,'Quantico Station',4899),(147798,'Radford',4899),(147799,'Rappahannock County',4899),(147800,'Raven',4899),(147801,'Ravensworth',4899),(147802,'Reston',4899),(147803,'Richlands',4899),(147804,'Richmond',4899),(147805,'Richmond County',4899),(147806,'Roanoke',4899),(147807,'Roanoke County',4899),(147808,'Rockbridge County',4899),(147809,'Rockingham County',4899),(147810,'Rocky Mount',4899),(147811,'Rose Hill',4899),(147812,'Rosslyn',4899),(147813,'Ruckersville',4899),(147814,'Rural Retreat',4899),(147815,'Rushmere',4899),(147816,'Russell County',4899),(147817,'Rustburg',4899),(147818,'Salem',4899),(147819,'Saltville',4899),(147820,'Saluda',4899),(147821,'Sandston',4899),(147822,'Scott County',4899),(147823,'Seven Corners',4899),(147824,'Shawnee Land',4899),(147825,'Shawsville',4899),(147826,'Shenandoah',4899),(147827,'Shenandoah County',4899),(147828,'Shenandoah Farms',4899),(147829,'Short Pump',4899),(147830,'Smithfield',4899),(147831,'Smyth County',4899),(147832,'South Boston',4899),(147833,'South Hill',4899),(147834,'South Riding',4899),(147835,'South Suffolk',4899),(147836,'Southampton County',4899),(147837,'Southern Gateway',4899),(147838,'Spotsylvania County',4899),(147839,'Spotsylvania Courthouse',4899),(147840,'Springfield',4899),(147841,'Springville',4899),(147842,'Stafford',4899),(147843,'Stafford County',4899),(147844,'Stanardsville',4899),(147845,'Stanley',4899),(147846,'Stanleytown',4899),(147847,'Staunton',4899),(147848,'Stephens City',4899),(147849,'Sterling',4899),(147850,'Strasburg',4899),(147851,'Stuart',4899),(147852,'Stuarts Draft',4899),(147853,'Sudley',4899),(147854,'Suffolk',4899),(147855,'Sugarland Run',4899),(147856,'Surry',4899),(147857,'Surry County',4899),(147858,'Sussex',4899),(147859,'Sussex County',4899),(147860,'Tappahannock',4899),(147861,'Tazewell',4899),(147862,'Tazewell County',4899),(147863,'Timberlake',4899),(147864,'Timberville',4899),(147865,'Triangle',4899),(147866,'Tuckahoe',4899),(147867,'Twin Lakes',4899),(147868,'Tysons Corner',4899),(147869,'Union Hall',4899),(147870,'University Center',4899),(147871,'Verona',4899),(147872,'Victoria',4899),(147873,'Vienna',4899),(147874,'Vinton',4899),(147875,'Virginia Beach',4899),(147876,'Warm Springs',4899),(147877,'Warren County',4899),(147878,'Warrenton',4899),(147879,'Warsaw',4899),(147880,'Washington',4899),(147881,'Washington County',4899),(147882,'Wattsville',4899),(147883,'Waverly',4899),(147884,'Waynesboro',4899),(147885,'Weber City',4899),(147886,'West Falls Church',4899),(147887,'West Gate',4899),(147888,'West Lynchburg',4899),(147889,'West Point',4899),(147890,'West Springfield',4899),(147891,'Westmoreland County',4899),(147892,'Weyers Cave',4899),(147893,'Williamsburg',4899),(147894,'Winchester',4899),(147895,'Windsor',4899),(147896,'Wise',4899),(147897,'Wise County',4899),(147898,'Wolf Trap',4899),(147899,'Woodbridge',4899),(147900,'Woodburn',4899),(147901,'Woodlake',4899),(147902,'Woodlawn',4899),(147903,'Woodstock',4899),(147904,'Wyndham',4899),(147905,'Wythe County',4899),(147906,'Wytheville',4899),(147907,'York County',4899),(147908,'Yorkshire',4899),(147909,'Yorktown',4899),(147910,'Aberdeen',4901),(147911,'Adams County',4901),(147912,'Ahtanum',4901),(147913,'Airway Heights',4901),(147914,'Alderton',4901),(147915,'Alderwood Manor',4901),(147916,'Algona',4901),(147917,'Allyn',4901),(147918,'Amboy',4901),(147919,'Ames Lake',4901),(147920,'Anacortes',4901),(147921,'Arlington',4901),(147922,'Arlington Heights',4901),(147923,'Artondale',4901),(147924,'Asotin',4901),(147925,'Asotin County',4901),(147926,'Auburn',4901),(147927,'Ault Field',4901),(147928,'Bainbridge Island',4901),(147929,'Bangor Trident Base',4901),(147930,'Barberton',4901),(147931,'Basin City',4901),(147932,'Battle Ground',4901),(147933,'Belfair',4901),(147934,'Bellevue',4901),(147935,'Bellingham',4901),(147936,'Benton City',4901),(147937,'Benton County',4901),(147938,'Bethel',4901),(147939,'Big Lake',4901),(147940,'Birch Bay',4901),(147941,'Black Diamond',4901),(147942,'Blaine',4901),(147943,'Bonney Lake',4901),(147944,'Bothell',4901),(147945,'Bothell East',4901),(147946,'Bothell West',4901),(147947,'Boulevard Park',4901),(147948,'Bremerton',4901),(147949,'Brewster',4901),(147950,'Bridgeport',4901),(147951,'Brier',4901),(147952,'Browns Point',4901),(147953,'Brush Prairie',4901),(147954,'Bryant',4901),(147955,'Bryn Mawr-Skyway',4901),(147956,'Buckley',4901),(147957,'Bunk Foss',4901),(147958,'Burbank',4901),(147959,'Burien',4901),(147960,'Burley',4901),(147961,'Burlington',4901),(147962,'Camano',4901),(147963,'Camas',4901),(147964,'Canterwood',4901),(147965,'Carnation',4901),(147966,'Carson',4901),(147967,'Cascade Valley',4901),(147968,'Cashmere',4901),(147969,'Castle Rock',4901),(147970,'Cathcart',4901),(147971,'Cathlamet',4901),(147972,'Central Park',4901),(147973,'Centralia',4901),(147974,'Chehalis',4901),(147975,'Chelan',4901),(147976,'Chelan County',4901),(147977,'Cheney',4901),(147978,'Chewelah',4901),(147979,'Chico',4901),(147980,'City of Sammamish',4901),(147981,'Clallam County',4901),(147982,'Clark County',4901),(147983,'Clarkston',4901),(147984,'Clarkston Heights-Vineland',4901),(147985,'Cle Elum',4901),(147986,'Clear Lake',4901),(147987,'Clearview',4901),(147988,'Clyde Hill',4901),(147989,'Colfax',4901),(147990,'College Place',4901),(147991,'Columbia County',4901),(147992,'Colville',4901),(147993,'Connell',4901),(147994,'Cosmopolis',4901),(147995,'Cottage Lake',4901),(147996,'Coulee Dam',4901),(147997,'Country Homes',4901),(147998,'Coupeville',4901),(147999,'Covington',4901),(148000,'Cowlitz County',4901),(148001,'Crocker',4901),(148002,'Dallesport',4901),(148003,'Darrington',4901),(148004,'Davenport',4901),(148005,'Dayton',4901),(148006,'Deer Park',4901),(148007,'Des Moines',4901),(148008,'Desert Aire',4901),(148009,'Dishman',4901),(148010,'Dollar Corner',4901),(148011,'Douglas County',4901),(148012,'DuPont',4901),(148013,'Duvall',4901),(148014,'East Hill-Meridian',4901),(148015,'East Port Orchard',4901),(148016,'East Renton Highlands',4901),(148017,'East Wenatchee',4901),(148018,'East Wenatchee Bench',4901),(148019,'Eastgate',4901),(148020,'Eastmont',4901),(148021,'Eatonville',4901),(148022,'Edgewood',4901),(148023,'Edmonds',4901),(148024,'Electric City',4901),(148025,'Elk Plain',4901),(148026,'Ellensburg',4901),(148027,'Elma',4901),(148028,'Enetai',4901),(148029,'Entiat',4901),(148030,'Enumclaw',4901),(148031,'Ephrata',4901),(148032,'Erlands Point-Kitsap Lake',4901),(148033,'Esperance',4901),(148034,'Everett',4901),(148035,'Everson',4901),(148036,'Fairchild Air Force Base',4901),(148037,'Fairwood',4901),(148038,'Fall City',4901),(148039,'Federal Way',4901),(148040,'Felida',4901),(148041,'Fern Prairie',4901),(148042,'Ferndale',4901),(148043,'Ferry County',4901),(148044,'Fife',4901),(148045,'Fife Heights',4901),(148046,'Finley',4901),(148047,'Fircrest',4901),(148048,'Five Corners',4901),(148049,'Fobes Hill',4901),(148050,'Fords Prairie',4901),(148051,'Forks',4901),(148052,'Fox Island',4901),(148053,'Franklin County',4901),(148054,'Frederickson',4901),(148055,'Freeland',4901),(148056,'Friday Harbor',4901),(148057,'Garfield County',4901),(148058,'Garrett',4901),(148059,'Geneva',4901),(148060,'Gig Harbor',4901),(148061,'Gleed',4901),(148062,'Gold Bar',4901),(148063,'Goldendale',4901),(148064,'Graham',4901),(148065,'Grand Coulee',4901),(148066,'Grand Mound',4901),(148067,'Grandview',4901),(148068,'Granger',4901),(148069,'Granite Falls',4901),(148070,'Grant County',4901),(148071,'Grays Harbor County',4901),(148072,'Hansville',4901),(148073,'Hazel Dell',4901),(148074,'Highland',4901),(148075,'Hobart',4901),(148076,'Hockinson',4901),(148077,'Home',4901),(148078,'Hoquiam',4901),(148079,'Indianola',4901),(148080,'Inglewood-Finn Hill',4901),(148081,'Island County',4901),(148082,'Issaquah',4901),(148083,'Jefferson County',4901),(148084,'Joint Base Lewis McChord',4901),(148085,'Kalama',4901),(148086,'Kelso',4901),(148087,'Kenmore',4901),(148088,'Kennewick',4901),(148089,'Kent',4901),(148090,'Kettle Falls',4901),(148091,'Key Center',4901),(148092,'King County',4901),(148093,'Kingsgate',4901),(148094,'Kingston',4901),(148095,'Kirkland',4901),(148096,'Kitsap County',4901),(148097,'Kittitas',4901),(148098,'Kittitas County',4901),(148099,'Klahanie',4901),(148100,'Klickitat County',4901),(148101,'La Center',4901),(148102,'Lacey',4901),(148103,'Lake Forest Park',4901),(148104,'Lake Marcel-Stillwater',4901),(148105,'Lake Morton-Berrydale',4901),(148106,'Lake Shore',4901),(148107,'Lake Stevens',4901),(148108,'Lake Stickney',4901),(148109,'Lakeland North',4901),(148110,'Lakeland South',4901),(148111,'Lakewood',4901),(148112,'Langley',4901),(148113,'Larch Way',4901),(148114,'Lea Hill',4901),(148115,'Leavenworth',4901),(148116,'Lewis County',4901),(148117,'Lewisville',4901),(148118,'Liberty Lake',4901),(148119,'Lincoln County',4901),(148120,'Lochsloy',4901),(148121,'Lofall',4901),(148122,'Long Beach',4901),(148123,'Longbranch',4901),(148124,'Longview',4901),(148125,'Longview Heights',4901),(148126,'Lynden',4901),(148127,'Lynnwood',4901),(148128,'Mabton',4901),(148129,'Machias',4901),(148130,'Maltby',4901),(148131,'Manchester',4901),(148132,'Manson',4901),(148133,'Maple Heights-Lake Desire',4901),(148134,'Maple Valley',4901),(148135,'Maplewood',4901),(148136,'Marietta',4901),(148137,'Marietta-Alderwood',4901),(148138,'Martha Lake',4901),(148139,'Marysville',4901),(148140,'Mason County',4901),(148141,'Mattawa',4901),(148142,'McChord Air Force Base',4901),(148143,'McCleary',4901),(148144,'McMillin',4901),(148145,'Mead',4901),(148146,'Meadow Glade',4901),(148147,'Meadowdale',4901),(148148,'Medical Lake',4901),(148149,'Medina',4901),(148150,'Mercer Island',4901),(148151,'Midland',4901),(148152,'Mill Creek',4901),(148153,'Mill Creek East',4901),(148154,'Mill Plain',4901),(148155,'Millwood',4901),(148156,'Milton',4901),(148157,'Minnehaha',4901),(148158,'Mirrormont',4901),(148159,'Monroe',4901),(148160,'Monroe North',4901),(148161,'Montesano',4901),(148162,'Morton',4901),(148163,'Moses Lake',4901),(148164,'Moses Lake North',4901),(148165,'Mount Vernon',4901),(148166,'Mount Vista',4901),(148167,'Mountlake Terrace',4901),(148168,'Mukilteo',4901),(148169,'Napavine',4901),(148170,'Navy Yard City',4901),(148171,'Newcastle',4901),(148172,'Newport',4901),(148173,'Nooksack',4901),(148174,'Normandy Park',4901),(148175,'North Bend',4901),(148176,'North Creek',4901),(148177,'North Fort Lewis',4901),(148178,'North Puyallup',4901),(148179,'North Yelm',4901),(148180,'Oak Harbor',4901),(148181,'Ocean Park',4901),(148182,'Ocean Shores',4901),(148183,'Okanogan',4901),(148184,'Okanogan County',4901),(148185,'Olympia',4901),(148186,'Omak',4901),(148187,'Opportunity',4901),(148188,'Orchards',4901),(148189,'Oroville',4901),(148190,'Orting',4901),(148191,'Othello',4901),(148192,'Otis Orchards-East Farms',4901),(148193,'Pacific',4901),(148194,'Pacific County',4901),(148195,'Palouse',4901),(148196,'Parkland',4901),(148197,'Parkwood',4901),(148198,'Pasco',4901),(148199,'Peaceful Valley',4901),(148200,'Pend Oreille County',4901),(148201,'Picnic Point',4901),(148202,'Picnic Point-North Lynnwood',4901),(148203,'Pierce County',4901),(148204,'Point Roberts',4901),(148205,'Pomeroy',4901),(148206,'Port Angeles',4901),(148207,'Port Angeles East',4901),(148208,'Port Hadlock-Irondale',4901),(148209,'Port Ludlow',4901),(148210,'Port Orchard',4901),(148211,'Port Townsend',4901),(148212,'Poulsbo',4901),(148213,'Prairie Heights',4901),(148214,'Prairie Ridge',4901),(148215,'Prosser',4901),(148216,'Pullman',4901),(148217,'Purdy',4901),(148218,'Puyallup',4901),(148219,'Quincy',4901),(148220,'Rainier',4901),(148221,'Ravensdale',4901),(148222,'Raymond',4901),(148223,'Redmond',4901),(148224,'Renton',4901),(148225,'Republic',4901),(148226,'Richland',4901),(148227,'Ridgefield',4901),(148228,'Ritzville',4901),(148229,'Riverbend',4901),(148230,'Riverton',4901),(148231,'Rochester',4901),(148232,'Rocky Point',4901),(148233,'Rosedale',4901),(148234,'Royal City',4901),(148235,'Salmon Creek',4901),(148236,'Sammamish',4901),(148237,'San Juan County',4901),(148238,'Seabeck',4901),(148239,'SeaTac',4901),(148240,'Seattle',4901),(148241,'Sedro-Woolley',4901),(148242,'Selah',4901),(148243,'Sequim',4901),(148244,'Shelton',4901),(148245,'Shoreline',4901),(148246,'Silver Firs',4901),(148247,'Silverdale',4901),(148248,'Sisco Heights',4901),(148249,'Skagit County',4901),(148250,'Skamania County',4901),(148251,'Smokey Point',4901),(148252,'Snohomish',4901),(148253,'Snohomish County',4901),(148254,'Snoqualmie',4901),(148255,'Soap Lake',4901),(148256,'South Bend',4901),(148257,'South Hill',4901),(148258,'South Wenatchee',4901),(148259,'Southworth',4901),(148260,'Spanaway',4901),(148261,'Spokane',4901),(148262,'Spokane County',4901),(148263,'Spokane Valley',4901),(148264,'Stanwood',4901),(148265,'Steilacoom',4901),(148266,'Stevens County',4901),(148267,'Stevenson',4901),(148268,'Sudden Valley',4901),(148269,'Sultan',4901),(148270,'Sumas',4901),(148271,'Summit',4901),(148272,'Summit View',4901),(148273,'Sumner',4901),(148274,'Sunnyside',4901),(148275,'Sunnyslope',4901),(148276,'Suquamish',4901),(148277,'Tacoma',4901),(148278,'Tanglewilde',4901),(148279,'Tanglewilde-Thompson Place',4901),(148280,'Tanner',4901),(148281,'Tenino',4901),(148282,'Terrace Heights',4901),(148283,'Three Lakes',4901),(148284,'Thurston County',4901),(148285,'Tieton',4901),(148286,'Tonasket',4901),(148287,'Toppenish',4901),(148288,'Town and Country',4901),(148289,'Tracyton',4901),(148290,'Trentwood',4901),(148291,'Tukwila',4901),(148292,'Tulalip',4901),(148293,'Tulalip Bay',4901),(148294,'Tumwater',4901),(148295,'Union Gap',4901),(148296,'Union Hill-Novelty Hill',4901),(148297,'University Place',4901),(148298,'Vancouver',4901),(148299,'Vashon',4901),(148300,'Venersborg',4901),(148301,'Veradale',4901),(148302,'Wahkiakum County',4901),(148303,'Waitsburg',4901),(148304,'Walla Walla',4901),(148305,'Walla Walla County',4901),(148306,'Walla Walla East',4901),(148307,'Waller',4901),(148308,'Walnut Grove',4901),(148309,'Wapato',4901),(148310,'Warden',4901),(148311,'Warm Beach',4901),(148312,'Washougal',4901),(148313,'Waterville',4901),(148314,'Wauna',4901),(148315,'Wenatchee',4901),(148316,'West Clarkston-Highland',4901),(148317,'West Lake Sammamish',4901),(148318,'West Lake Stevens',4901),(148319,'West Longview',4901),(148320,'West Pasco',4901),(148321,'West Richland',4901),(148322,'West Side Highway',4901),(148323,'West Valley',4901),(148324,'West Wenatchee',4901),(148325,'Westport',4901),(148326,'Whatcom County',4901),(148327,'White Center',4901),(148328,'White Salmon',4901),(148329,'Whitman County',4901),(148330,'Wilderness Rim',4901),(148331,'Winlock',4901),(148332,'Wollochet',4901),(148333,'Woodinville',4901),(148334,'Woodland',4901),(148335,'Woods Creek',4901),(148336,'Woodway',4901),(148337,'Yacolt',4901),(148338,'Yakima',4901),(148339,'Yakima County',4901),(148340,'Yarrow Point',4901),(148341,'Yelm',4901),(148342,'Zillah',4901),(148343,'Alderson',4902),(148344,'Alum Creek',4902),(148345,'Ansted',4902),(148346,'Barbour County',4902),(148347,'Barboursville',4902),(148348,'Barrackville',4902),(148349,'Beaver',4902),(148350,'Beckley',4902),(148351,'Belington',4902),(148352,'Belle',4902),(148353,'Benwood',4902),(148354,'Berkeley County',4902),(148355,'Berkeley Springs',4902),(148356,'Bethany',4902),(148357,'Bethlehem',4902),(148358,'Blennerhassett',4902),(148359,'Bluefield',4902),(148360,'Bluewell',4902),(148361,'Boaz',4902),(148362,'Bolivar',4902),(148363,'Boone County',4902),(148364,'Bradley',4902),(148365,'Braxton County',4902),(148366,'Bridgeport',4902),(148367,'Brooke County',4902),(148368,'Brookhaven',4902),(148369,'Brush Fork',4902),(148370,'Buckhannon',4902),(148371,'Buffalo',4902),(148372,'Cabell County',4902),(148373,'Calhoun County',4902),(148374,'Ceredo',4902),(148375,'Chapmanville',4902),(148376,'Charles Town',4902),(148377,'Charleston',4902),(148378,'Cheat Lake',4902),(148379,'Chesapeake',4902),(148380,'Chester',4902),(148381,'Clarksburg',4902),(148382,'Clay',4902),(148383,'Clay County',4902),(148384,'Clendenin',4902),(148385,'Coal City',4902),(148386,'Coal Fork',4902),(148387,'Crab Orchard',4902),(148388,'Craigsville',4902),(148389,'Cross Lanes',4902),(148390,'Culloden',4902),(148391,'Daniels',4902),(148392,'Despard',4902),(148393,'Doddridge County',4902),(148394,'Dunbar',4902),(148395,'Eleanor',4902),(148396,'Elizabeth',4902),(148397,'Elkins',4902),(148398,'Elkview',4902),(148399,'Fairlea',4902),(148400,'Fairmont',4902),(148401,'Fayette County',4902),(148402,'Fayetteville',4902),(148403,'Follansbee',4902),(148404,'Fort Ashby',4902),(148405,'Franklin',4902),(148406,'Gilbert Creek',4902),(148407,'Gilmer County',4902),(148408,'Glendale',4902),(148409,'Glenville',4902),(148410,'Grafton',4902),(148411,'Grant County',4902),(148412,'Grantsville',4902),(148413,'Granville',4902),(148414,'Greenbrier County',4902),(148415,'Hamlin',4902),(148416,'Hampshire County',4902),(148417,'Hancock County',4902),(148418,'Hardy County',4902),(148419,'Harrison County',4902),(148420,'Harrisville',4902),(148421,'Hinton',4902),(148422,'Hooverson Heights',4902),(148423,'Huntington',4902),(148424,'Hurricane',4902),(148425,'Inwood',4902),(148426,'Jackson County',4902),(148427,'Jefferson County',4902),(148428,'Kanawha County',4902),(148429,'Kenova',4902),(148430,'Keyser',4902),(148431,'Kingwood',4902),(148432,'Lavalette',4902),(148433,'Lesage',4902),(148434,'Lewis County',4902),(148435,'Lewisburg',4902),(148436,'Lincoln County',4902),(148437,'Logan',4902),(148438,'Logan County',4902),(148439,'Lubeck',4902),(148440,'Mabscott',4902),(148441,'MacArthur',4902),(148442,'Madison',4902),(148443,'Mallory',4902),(148444,'Mannington',4902),(148445,'Marion County',4902),(148446,'Marlinton',4902),(148447,'Marmet',4902),(148448,'Marshall County',4902),(148449,'Martinsburg',4902),(148450,'Mason County',4902),(148451,'McDowell County',4902),(148452,'McMechen',4902),(148453,'Mercer County',4902),(148454,'Middlebourne',4902),(148455,'Milton',4902),(148456,'Mineral County',4902),(148457,'Mineral Wells',4902),(148458,'Mingo County',4902),(148459,'Monongah',4902),(148460,'Monongalia County',4902),(148461,'Monroe County',4902),(148462,'Montgomery',4902),(148463,'Moorefield',4902),(148464,'Morgan County',4902),(148465,'Morgantown',4902),(148466,'Moundsville',4902),(148467,'Mount Gay-Shamrock',4902),(148468,'Mount Hope',4902),(148469,'Mullens',4902),(148470,'New Cumberland',4902),(148471,'New Haven',4902),(148472,'New Martinsville',4902),(148473,'Newell',4902),(148474,'Nicholas County',4902),(148475,'Nitro',4902),(148476,'Nutter Fort',4902),(148477,'Oak Hill',4902),(148478,'Oceana',4902),(148479,'Ohio County',4902),(148480,'Paden City',4902),(148481,'Parkersburg',4902),(148482,'Parsons',4902),(148483,'Pea Ridge',4902),(148484,'Pendleton County',4902),(148485,'Pennsboro',4902),(148486,'Petersburg',4902),(148487,'Philippi',4902),(148488,'Pinch',4902),(148489,'Pineville',4902),(148490,'Pleasant Valley',4902),(148491,'Pleasants County',4902),(148492,'Pocahontas County',4902),(148493,'Point Pleasant',4902),(148494,'Preston County',4902),(148495,'Princeton',4902),(148496,'Prosperity',4902),(148497,'Putnam County',4902),(148498,'Rainelle',4902),(148499,'Raleigh County',4902),(148500,'Rand',4902),(148501,'Randolph County',4902),(148502,'Ranson',4902),(148503,'Ravenswood',4902),(148504,'Richwood',4902),(148505,'Ripley',4902),(148506,'Ritchie County',4902),(148507,'Roane County',4902),(148508,'Romney',4902),(148509,'Ronceverte',4902),(148510,'Saint Albans',4902),(148511,'Saint Marys',4902),(148512,'Salem',4902),(148513,'Shady Spring',4902),(148514,'Shannondale',4902),(148515,'Shepherdstown',4902),(148516,'Shinnston',4902),(148517,'Sissonville',4902),(148518,'Sistersville',4902),(148519,'Sophia',4902),(148520,'South Charleston',4902),(148521,'Spencer',4902),(148522,'Stanaford',4902),(148523,'Star City',4902),(148524,'Stonewood',4902),(148525,'Summers County',4902),(148526,'Summersville',4902),(148527,'Sutton',4902),(148528,'Taylor County',4902),(148529,'Teays Valley',4902),(148530,'Terra Alta',4902),(148531,'Tornado',4902),(148532,'Tucker County',4902),(148533,'Tyler County',4902),(148534,'Union',4902),(148535,'Upshur County',4902),(148536,'Vienna',4902),(148537,'Washington',4902),(148538,'Wayne',4902),(148539,'Wayne County',4902),(148540,'Webster County',4902),(148541,'Webster Springs',4902),(148542,'Weirton',4902),(148543,'Weirton Heights',4902),(148544,'Welch',4902),(148545,'Wellsburg',4902),(148546,'West Liberty',4902),(148547,'West Union',4902),(148548,'Weston',4902),(148549,'Westover',4902),(148550,'Wetzel County',4902),(148551,'Wheeling',4902),(148552,'White Sulphur Springs',4902),(148553,'Wiley Ford',4902),(148554,'Williamson',4902),(148555,'Williamstown',4902),(148556,'Winfield',4902),(148557,'Wirt County',4902),(148558,'Wood County',4902),(148559,'Wyoming County',4902),(148560,'Abbotsford',4903),(148561,'Adams',4903),(148562,'Adams County',4903),(148563,'Addison',4903),(148564,'Albany',4903),(148565,'Algoma',4903),(148566,'Allouez',4903),(148567,'Alma',4903),(148568,'Alto',4903),(148569,'Altoona',4903),(148570,'Amery',4903),(148571,'Amherst',4903),(148572,'Antigo',4903),(148573,'Appleton',4903),(148574,'Arcadia',4903),(148575,'Ashford',4903),(148576,'Ashland',4903),(148577,'Ashland County',4903),(148578,'Ashwaubenon',4903),(148579,'Athens',4903),(148580,'Augusta',4903),(148581,'Aztalan',4903),(148582,'Baldwin',4903),(148583,'Balsam Lake',4903),(148584,'Bangor',4903),(148585,'Baraboo',4903),(148586,'Barneveld',4903),(148587,'Barron',4903),(148588,'Barron County',4903),(148589,'Barton',4903),(148590,'Bayfield County',4903),(148591,'Bayside',4903),(148592,'Beaver Dam',4903),(148593,'Belgium',4903),(148594,'Belle Plaine',4903),(148595,'Belleville',4903),(148596,'Bellevue',4903),(148597,'Beloit',4903),(148598,'Berlin',4903),(148599,'Bevent',4903),(148600,'Big Bend',4903),(148601,'Black Creek',4903),(148602,'Black Earth',4903),(148603,'Black River Falls',4903),(148604,'Blair',4903),(148605,'Bloomer',4903),(148606,'Bohners Lake',4903),(148607,'Bonduel',4903),(148608,'Boscobel',4903),(148609,'Boyceville',4903),(148610,'Brice Prairie',4903),(148611,'Brillion',4903),(148612,'Bristol',4903),(148613,'Brodhead',4903),(148614,'Brookfield',4903),(148615,'Brooklyn',4903),(148616,'Brothertown',4903),(148617,'Brown County',4903),(148618,'Brown Deer',4903),(148619,'Browns Lake',4903),(148620,'Brussels',4903),(148621,'Buffalo County',4903),(148622,'Burlington',4903),(148623,'Burnett County',4903),(148624,'Butler',4903),(148625,'Cadott',4903),(148626,'Caledonia',4903),(148627,'Calumet County',4903),(148628,'Cambridge',4903),(148629,'Cameron',4903),(148630,'Camp Lake',4903),(148631,'Campbellsport',4903),(148632,'Cashton',4903),(148633,'Cato',4903),(148634,'Cedar Grove',4903),(148635,'Cedarburg',4903),(148636,'Chetek',4903),(148637,'Chilton',4903),(148638,'Chippewa County',4903),(148639,'Chippewa Falls',4903),(148640,'Clark County',4903),(148641,'Clear Lake',4903),(148642,'Cleveland',4903),(148643,'Clinton',4903),(148644,'Clintonville',4903),(148645,'Colby',4903),(148646,'Colfax',4903),(148647,'Columbia County',4903),(148648,'Columbus',4903),(148649,'Combined Locks',4903),(148650,'Como',4903),(148651,'Concord',4903),(148652,'Cooperstown',4903),(148653,'Cornell',4903),(148654,'Cottage Grove',4903),(148655,'Crandon',4903),(148656,'Crawford County',4903),(148657,'Cross Plains',4903),(148658,'Cuba City',4903),(148659,'Cudahy',4903),(148660,'Cumberland',4903),(148661,'Dakota',4903),(148662,'Dane',4903),(148663,'Dane County',4903),(148664,'Darien',4903),(148665,'Darlington',4903),(148666,'De Forest',4903),(148667,'De Pere',4903),(148668,'Decatur',4903),(148669,'Deerfield',4903),(148670,'Delafield',4903),(148671,'Delavan',4903),(148672,'Delavan Lake',4903),(148673,'Denmark',4903),(148674,'Dickeyville',4903),(148675,'Dodge County',4903),(148676,'Dodgeville',4903),(148677,'Door County',4903),(148678,'Douglas County',4903),(148679,'Dousman',4903),(148680,'Dunn County',4903),(148681,'Durand',4903),(148682,'Eagle',4903),(148683,'Eagle Lake',4903),(148684,'Eagle River',4903),(148685,'East Troy',4903),(148686,'Easton',4903),(148687,'Eau Claire',4903),(148688,'Eau Claire County',4903),(148689,'Edgar',4903),(148690,'Edgerton',4903),(148691,'Eldorado',4903),(148692,'Elkhorn',4903),(148693,'Ellsworth',4903),(148694,'Elm Grove',4903),(148695,'Elroy',4903),(148696,'Evansville',4903),(148697,'Evergreen',4903),(148698,'Fall Creek',4903),(148699,'Fall River',4903),(148700,'Fennimore',4903),(148701,'Fitchburg',4903),(148702,'Florence',4903),(148703,'Florence County',4903),(148704,'Fond du Lac',4903),(148705,'Fond du Lac County',4903),(148706,'Fontana',4903),(148707,'Forest County',4903),(148708,'Fort Atkinson',4903),(148709,'Fox Lake',4903),(148710,'Fox Point',4903),(148711,'Franklin',4903),(148712,'Franksville',4903),(148713,'Frederic',4903),(148714,'Fredonia',4903),(148715,'French Island',4903),(148716,'Friendship',4903),(148717,'Galesville',4903),(148718,'Genoa City',4903),(148719,'Germantown',4903),(148720,'Gillett',4903),(148721,'Glendale',4903),(148722,'Glenmore',4903),(148723,'Glenwood City',4903),(148724,'Grafton',4903),(148725,'Grant County',4903),(148726,'Grantsburg',4903),(148727,'Green Bay',4903),(148728,'Green County',4903),(148729,'Green Lake',4903),(148730,'Green Lake County',4903),(148731,'Greendale',4903),(148732,'Greenfield',4903),(148733,'Greenwood',4903),(148734,'Hales Corners',4903),(148735,'Hammond',4903),(148736,'Harrison',4903),(148737,'Hartford',4903),(148738,'Hartland',4903),(148739,'Hayward',4903),(148740,'Hazel Green',4903),(148741,'Hilbert',4903),(148742,'Hillsboro',4903),(148743,'Hobart',4903),(148744,'Holmen',4903),(148745,'Horicon',4903),(148746,'Hortonville',4903),(148747,'Howard',4903),(148748,'Howards Grove',4903),(148749,'Hudson',4903),(148750,'Hurley',4903),(148751,'Hustisford',4903),(148752,'Independence',4903),(148753,'Iola',4903),(148754,'Iowa County',4903),(148755,'Iron County',4903),(148756,'Ixonia',4903),(148757,'Jackson',4903),(148758,'Jackson County',4903),(148759,'Janesville',4903),(148760,'Jefferson',4903),(148761,'Jefferson County',4903),(148762,'Johnson Creek',4903),(148763,'Juneau',4903),(148764,'Juneau County',4903),(148765,'Kaukauna',4903),(148766,'Kenosha',4903),(148767,'Kenosha County',4903),(148768,'Keshena',4903),(148769,'Kewaskum',4903),(148770,'Kewaunee',4903),(148771,'Kewaunee County',4903),(148772,'Kiel',4903),(148773,'Kimberly',4903),(148774,'King',4903),(148775,'Kohler',4903),(148776,'Kronenwetter',4903),(148777,'La Crosse',4903),(148778,'La Crosse County',4903),(148779,'Lac du Flambeau',4903),(148780,'Ladysmith',4903),(148781,'Lafayette County',4903),(148782,'Lake Delton',4903),(148783,'Lake Geneva',4903),(148784,'Lake Hallie',4903),(148785,'Lake Koshkonong',4903),(148786,'Lake Mills',4903),(148787,'Lake Nebagamon',4903),(148788,'Lake Ripley',4903),(148789,'Lake Wazeecha',4903),(148790,'Lake Wisconsin',4903),(148791,'Lake Wissota',4903),(148792,'Lamartine',4903),(148793,'Lancaster',4903),(148794,'Langlade County',4903),(148795,'Lannon',4903),(148796,'Legend Lake',4903),(148797,'Lincoln County',4903),(148798,'Little Chute',4903),(148799,'Little Round Lake',4903),(148800,'Lodi',4903),(148801,'Lomira',4903),(148802,'Loyal',4903),(148803,'Luck',4903),(148804,'Luxemburg',4903),(148805,'Madison',4903),(148806,'Maine',4903),(148807,'Manawa',4903),(148808,'Manchester',4903),(148809,'Manitowoc',4903),(148810,'Manitowoc County',4903),(148811,'Maple Bluff',4903),(148812,'Marathon',4903),(148813,'Marathon County',4903),(148814,'Marinette',4903),(148815,'Marinette County',4903),(148816,'Marion',4903),(148817,'Markesan',4903),(148818,'Marquette County',4903),(148819,'Marshall',4903),(148820,'Marshfield',4903),(148821,'Mauston',4903),(148822,'Mayville',4903),(148823,'Mazomanie',4903),(148824,'McFarland',4903),(148825,'Medford',4903),(148826,'Menasha',4903),(148827,'Menominee County',4903),(148828,'Menomonee Falls',4903),(148829,'Menomonie',4903),(148830,'Mequon',4903),(148831,'Merrill',4903),(148832,'Merton',4903),(148833,'Middleton',4903),(148834,'Milford',4903),(148835,'Milton',4903),(148836,'Milwaukee',4903),(148837,'Milwaukee County',4903),(148838,'Mineral Point',4903),(148839,'Mishicot',4903),(148840,'Mondovi',4903),(148841,'Monona',4903),(148842,'Monroe',4903),(148843,'Monroe County',4903),(148844,'Montello',4903),(148845,'Monticello',4903),(148846,'Mosinee',4903),(148847,'Mount Horeb',4903),(148848,'Mount Morris',4903),(148849,'Mount Pleasant',4903),(148850,'Mukwonago',4903),(148851,'Muscoda',4903),(148852,'Muskego',4903),(148853,'Nashotah',4903),(148854,'Nashville',4903),(148855,'Neenah',4903),(148856,'Neillsville',4903),(148857,'Nekoosa',4903),(148858,'New Berlin',4903),(148859,'New Glarus',4903),(148860,'New Holstein',4903),(148861,'New Lisbon',4903),(148862,'New London',4903),(148863,'New Richmond',4903),(148864,'Newburg',4903),(148865,'Niagara',4903),(148866,'North Fond du Lac',4903),(148867,'North Hudson',4903),(148868,'North La Crosse',4903),(148869,'North Prairie',4903),(148870,'Oak Creek',4903),(148871,'Oakfield',4903),(148872,'Oconomowoc',4903),(148873,'Oconto',4903),(148874,'Oconto County',4903),(148875,'Oconto Falls',4903),(148876,'Okauchee Lake',4903),(148877,'Omro',4903),(148878,'Onalaska',4903),(148879,'Oneida',4903),(148880,'Oneida County',4903),(148881,'Oostburg',4903),(148882,'Oregon',4903),(148883,'Orfordville',4903),(148884,'Osceola',4903),(148885,'Oshkosh',4903),(148886,'Osseo',4903),(148887,'Outagamie County',4903),(148888,'Ozaukee County',4903),(148889,'Paddock Lake',4903),(148890,'Palmyra',4903),(148891,'Pardeeville',4903),(148892,'Park Falls',4903),(148893,'Pell Lake',4903),(148894,'Pepin County',4903),(148895,'Peshtigo',4903),(148896,'Pewaukee',4903),(148897,'Phillips',4903),(148898,'Pierce County',4903),(148899,'Pittsfield',4903),(148900,'Platteville',4903),(148901,'Pleasant Prairie',4903),(148902,'Plover',4903),(148903,'Plymouth',4903),(148904,'Polk County',4903),(148905,'Port Edwards',4903),(148906,'Port Washington',4903),(148907,'Portage',4903),(148908,'Portage County',4903),(148909,'Portland',4903),(148910,'Potter Lake',4903),(148911,'Powers Lake',4903),(148912,'Poynette',4903),(148913,'Prairie du Chien',4903),(148914,'Prairie du Sac',4903),(148915,'Prescott',4903),(148916,'Price County',4903),(148917,'Princeton',4903),(148918,'Pulaski',4903),(148919,'Racine',4903),(148920,'Racine County',4903),(148921,'Randolph',4903),(148922,'Random Lake',4903),(148923,'Redgranite',4903),(148924,'Reedsburg',4903),(148925,'Reedsville',4903),(148926,'Rhinelander',4903),(148927,'Rib Mountain',4903),(148928,'Rice Lake',4903),(148929,'Richfield',4903),(148930,'Richland Center',4903),(148931,'Richland County',4903),(148932,'Richmond',4903),(148933,'Rio',4903),(148934,'Ripon',4903),(148935,'River Falls',4903),(148936,'River Hills',4903),(148937,'Roberts',4903),(148938,'Rochester',4903),(148939,'Rock County',4903),(148940,'Rome',4903),(148941,'Rosendale',4903),(148942,'Rothschild',4903),(148943,'Roxbury',4903),(148944,'Rusk County',4903),(148945,'Rutland',4903),(148946,'Saint Croix County',4903),(148947,'Saint Croix Falls',4903),(148948,'Saint Francis',4903),(148949,'Saint Peter',4903),(148950,'Salem',4903),(148951,'Sauk City',4903),(148952,'Sauk County',4903),(148953,'Saukville',4903),(148954,'Sawyer County',4903),(148955,'Schofield',4903),(148956,'Seymour',4903),(148957,'Sharon',4903),(148958,'Shawano',4903),(148959,'Shawano County',4903),(148960,'Sheboygan',4903),(148961,'Sheboygan County',4903),(148962,'Sheboygan Falls',4903),(148963,'Shell Lake',4903),(148964,'Sherwood',4903),(148965,'Shorewood',4903),(148966,'Shorewood Hills',4903),(148967,'Shullsburg',4903),(148968,'Silver Lake',4903),(148969,'Siren',4903),(148970,'Slinger',4903),(148971,'Somers',4903),(148972,'Somerset',4903),(148973,'South Milwaukee',4903),(148974,'Sparta',4903),(148975,'Spencer',4903),(148976,'Spooner',4903),(148977,'Spring Green',4903),(148978,'Spring Valley',4903),(148979,'Stanley',4903),(148980,'Stevens Point',4903),(148981,'Stoughton',4903),(148982,'Stratford',4903),(148983,'Strum',4903),(148984,'Sturgeon Bay',4903),(148985,'Sturtevant',4903),(148986,'Suamico',4903),(148987,'Sun Prairie',4903),(148988,'Superior',4903),(148989,'Sussex',4903),(148990,'Tainter Lake',4903),(148991,'Taylor County',4903),(148992,'Theresa',4903),(148993,'Thiensville',4903),(148994,'Thorp',4903),(148995,'Tichigan',4903),(148996,'Tomah',4903),(148997,'Tomahawk',4903),(148998,'Trempealeau',4903),(148999,'Trempealeau County',4903),(149000,'Turtle Lake',4903),(149001,'Twin Lakes',4903),(149002,'Two Rivers',4903),(149003,'Union Grove',4903),(149004,'Vernon County',4903),(149005,'Verona',4903),(149006,'Vilas County',4903),(149007,'Viroqua',4903),(149008,'Wales',4903),(149009,'Walworth',4903),(149010,'Walworth County',4903),(149011,'Washburn',4903),(149012,'Washburn County',4903),(149013,'Washington County',4903),(149014,'Waterford',4903),(149015,'Waterloo',4903),(149016,'Watertown',4903),(149017,'Waukesha',4903),(149018,'Waukesha County',4903),(149019,'Waunakee',4903),(149020,'Waupaca',4903),(149021,'Waupaca County',4903),(149022,'Waupun',4903),(149023,'Wausau',4903),(149024,'Waushara County',4903),(149025,'Wautoma',4903),(149026,'Wauwatosa',4903),(149027,'West Allis',4903),(149028,'West Baraboo',4903),(149029,'West Bend',4903),(149030,'West Milwaukee',4903),(149031,'West Salem',4903),(149032,'Westby',4903),(149033,'Westfield',4903),(149034,'Weston',4903),(149035,'Weyauwega',4903),(149036,'Whitefish Bay',4903),(149037,'Whitehall',4903),(149038,'Whitewater',4903),(149039,'Whiting',4903),(149040,'Williams Bay',4903),(149041,'Wind Lake',4903),(149042,'Wind Point',4903),(149043,'Windsor',4903),(149044,'Winnebago County',4903),(149045,'Winneconne',4903),(149046,'Wisconsin Dells',4903),(149047,'Wisconsin Rapids',4903),(149048,'Wittenberg',4903),(149049,'Wood County',4903),(149050,'Woodville',4903),(149051,'Wrightstown',4903),(149052,'Afton',4904),(149053,'Albany County',4904),(149054,'Antelope Valley-Crestview',4904),(149055,'Arapahoe',4904),(149056,'Bar Nunn',4904),(149057,'Basin',4904),(149058,'Big Horn County',4904),(149059,'Buffalo',4904),(149060,'Campbell County',4904),(149061,'Carbon County',4904),(149062,'Casper',4904),(149063,'Cheyenne',4904),(149064,'Cody',4904),(149065,'Converse County',4904),(149066,'Crook County',4904),(149067,'Douglas',4904),(149068,'Ethete',4904),(149069,'Evanston',4904),(149070,'Evansville',4904),(149071,'Fort Washakie',4904),(149072,'Fox Farm-College',4904),(149073,'Fremont County',4904),(149074,'Gillette',4904),(149075,'Glenrock',4904),(149076,'Goshen County',4904),(149077,'Green River',4904),(149078,'Greybull',4904),(149079,'Guernsey',4904),(149080,'Hoback',4904),(149081,'Hot Springs County',4904),(149082,'Jackson',4904),(149083,'Johnson County',4904),(149084,'Kemmerer',4904),(149085,'Lander',4904),(149086,'Laramie',4904),(149087,'Laramie County',4904),(149088,'Lincoln County',4904),(149089,'Lovell',4904),(149090,'Lusk',4904),(149091,'Lyman',4904),(149092,'Marbleton',4904),(149093,'Mills',4904),(149094,'Moorcroft',4904),(149095,'Moose Wilson Road',4904),(149096,'Mountain View',4904),(149097,'Natrona County',4904),(149098,'Newcastle',4904),(149099,'Niobrara County',4904),(149100,'North Rock Springs',4904),(149101,'Park County',4904),(149102,'Pine Bluffs',4904),(149103,'Pinedale',4904),(149104,'Platte County',4904),(149105,'Powell',4904),(149106,'Rafter J Ranch',4904),(149107,'Ranchettes',4904),(149108,'Rawlins',4904),(149109,'Riverton',4904),(149110,'Rock Springs',4904),(149111,'Saratoga',4904),(149112,'Sheridan',4904),(149113,'Sheridan County',4904),(149114,'Sleepy Hollow',4904),(149115,'South Greeley',4904),(149116,'South Park',4904),(149117,'Star Valley Ranch',4904),(149118,'Sublette County',4904),(149119,'Sundance',4904),(149120,'Sweetwater County',4904),(149121,'Teton County',4904),(149122,'Thermopolis',4904),(149123,'Torrington',4904),(149124,'Uinta County',4904),(149125,'Upton',4904),(149126,'Washakie County',4904),(149127,'Weston County',4904),(149128,'Wheatland',4904),(149129,'Wilson',4904),(149130,'Worland',4904),(149131,'Wright',4904),(149132,'Artigas',4914),(149133,'Baltasar Brum',4914),(149134,'Bella Unión',4914),(149135,'Las Piedras',4914),(149136,'Tomás Gomensoro',4914),(149137,'Aguas Corrientes',4915),(149138,'Atlántida',4915),(149139,'Barra de Carrasco',4915),(149140,'Barros Blancos',4915),(149141,'Canelones',4915),(149142,'Colonia Nicolich',4915),(149143,'Empalme Olmos',4915),(149144,'Joaquín Suárez',4915),(149145,'Juanicó',4915),(149146,'La Floresta',4915),(149147,'La Paz',4915),(149148,'Las Piedras',4915),(149149,'Las Toscas',4915),(149150,'Los Cerrillos',4915),(149151,'Migues',4915),(149152,'Montes',4915),(149153,'Pando',4915),(149154,'Paso de Carrasco',4915),(149155,'Progreso',4915),(149156,'San Antonio',4915),(149157,'San Bautista',4915),(149158,'San Jacinto',4915),(149159,'San Ramón',4915),(149160,'Santa Lucía',4915),(149161,'Santa Rosa',4915),(149162,'Sauce',4915),(149163,'Soca',4915),(149164,'Tala',4915),(149165,'Toledo',4915),(149166,'Aceguá',4916),(149167,'Isidoro Noblía',4916),(149168,'Melo',4916),(149169,'Río Branco',4916),(149170,'Tupambaé',4916),(149171,'Carmelo',4917),(149172,'Colonia del Sacramento',4917),(149173,'Florencio Sánchez',4917),(149174,'Juan L. Lacaze',4917),(149175,'Nueva Helvecia',4917),(149176,'Nueva Palmira',4917),(149177,'Ombúes de Lavalle',4917),(149178,'Rosario',4917),(149179,'Tarariras',4917),(149180,'Blanquillo',4918),(149181,'Carlos Reyles',4918),(149182,'Durazno',4918),(149183,'La Paloma',4918),(149184,'Santa Bernardina',4918),(149185,'Sarandí del Yi',4918),(149186,'Villa del Carmen',4918),(149187,'Trinidad',4919),(149188,'25 de Agosto',4920),(149189,'25 de Mayo',4920),(149190,'Alejandro Gallinal',4920),(149191,'Cardal',4920),(149192,'Casupá',4920),(149193,'Florida',4920),(149194,'Sarandí Grande',4920),(149195,'José Batlle y Ordóñez',4921),(149196,'José Pedro Varela',4921),(149197,'Mariscala',4921),(149198,'Minas',4921),(149199,'Solís de Mataojo',4921),(149200,'Aiguá',4922),(149201,'Maldonado',4922),(149202,'Pan de Azúcar',4922),(149203,'Piriápolis',4922),(149204,'Punta del Este',4922),(149205,'San Carlos',4922),(149206,'Bella Vista',4923),(149207,'Belvedere',4923),(149208,'Buceo',4923),(149209,'Capurro (Montevideo)',4923),(149210,'Carrasco',4923),(149211,'Casabó',4923),(149212,'Centro',4923),(149213,'Cerrito Montevideo',4923),(149214,'Colón Centro y Noroeste',4923),(149215,'Colón Sudeste',4923),(149216,'Conciliación',4923),(149217,'Cordón',4923),(149218,'Flor de Maroñas',4923),(149219,'Ituzaingó',4923),(149220,'La Unión',4923),(149221,'Malvín',4923),(149222,'Manga',4923),(149223,'Maroñas',4923),(149224,'Montevideo',4923),(149225,'Nuevo París',4923),(149226,'Pajas Blancas',4923),(149227,'Paso del Molino',4923),(149228,'Peñarol',4923),(149229,'Piedras Blancas',4923),(149230,'Pocitos',4923),(149231,'Punta Carretas',4923),(149232,'Punta Gorda',4923),(149233,'Reducto',4923),(149234,'Santiago Vázquez',4923),(149235,'Sayage',4923),(149236,'Tres Cruces',4923),(149237,'Villa del Cerro',4923),(149238,'Villa Española',4923),(149239,'Villa García',4923),(149240,'Villa Muñoz',4923),(149241,'Estación Porvenir',4924),(149242,'Guichón',4924),(149243,'Paysandú',4924),(149244,'Piedras Coloradas',4924),(149245,'Quebracho',4924),(149246,'San Félix',4924),(149247,'Fray Bentos',4925),(149248,'Nuevo Berlín',4925),(149249,'San Javier',4925),(149250,'Young',4925),(149251,'Minas de Corrales',4926),(149252,'Rivera',4926),(149253,'Tranqueras',4926),(149254,'Vichadero',4926),(149255,'Castillos',4927),(149256,'Cebollatí',4927),(149257,'Chui',4927),(149258,'Dieciocho de Julio',4927),(149259,'La Paloma',4927),(149260,'Lascano',4927),(149261,'Rocha',4927),(149262,'Velázquez',4927),(149263,'Belén',4928),(149264,'Salto',4928),(149265,'Villa Constitución',4928),(149266,'Delta del Tigre',4929),(149267,'Ecilda Paullier',4929),(149268,'Libertad',4929),(149269,'Puntas de Valdéz',4929),(149270,'Rafael Perazza',4929),(149271,'Rodríguez',4929),(149272,'San José de Mayo',4929),(149273,'Cardona',4930),(149274,'Dolores',4930),(149275,'José Enrique Rodó',4930),(149276,'Mercedes',4930),(149277,'Palmitas',4930),(149278,'Santa Catalina',4930),(149279,'Villa Soriano',4930),(149280,'Curtina',4931),(149281,'Paso de los Toros',4931),(149282,'Tacuarembó',4931),(149283,'Santa Clara de Olimar',4932),(149284,'Treinta y Tres',4932),(149285,'Vergara',4932),(149286,'Villa Sara',4932),(149287,'Andijon',4933),(149288,'Andijon Tumani',4933),(149289,'Asaka',4933),(149290,'Asaka Tumani',4933),(149291,'Baliqchi Tumani',4933),(149292,'Bo‘z Tumani',4933),(149293,'Buloqboshi Tumani',4933),(149294,'Izboskan Tumani',4933),(149295,'Jalolkuduk Tumani',4933),(149296,'Khŭjaobod Tumani',4933),(149297,'Marhamat',4933),(149298,'Marhamat Tumani',4933),(149299,'Oltinkŭl Tumani',4933),(149300,'Pakhtaobod Tumani',4933),(149301,'Paxtaobod',4933),(149302,'Qo‘rg‘ontepa',4933),(149303,'Qŭrghontepa Tumani',4933),(149304,'Shahrikhon Tumani',4933),(149305,'Shahrixon',4933),(149306,'Ulug‘nor Tumani',4933),(149307,'Xo‘jaobod',4933),(149308,'Bukhara',4934),(149309,'Galaosiyo',4934),(149310,'Gazli',4934),(149311,'Ghijduwon',4934),(149312,'Karakul’',4934),(149313,'Kogon',4934),(149314,'Olot',4934),(149315,'Peshku Tumani',4934),(149316,'Qorako’l',4934),(149317,'Qorovulbozor',4934),(149318,'Romiton',4934),(149319,'Shofirkon',4934),(149320,'Wobkent',4934),(149321,'Wobkent Tumani',4934),(149322,'Beshariq',4935),(149323,'Fergana',4935),(149324,'Hamza',4935),(149325,'Kirguli',4935),(149326,'Marg‘ilon',4935),(149327,'Oltiariq',4935),(149328,'Qo‘qon',4935),(149329,'Quva',4935),(149330,'Quvasoy',4935),(149331,'Rishton',4935),(149332,'Shohimardon',4935),(149333,'So‘x Tumani',4935),(149334,'Toshloq',4935),(149335,'Yangi Marg‘ilon',4935),(149336,'Yaypan',4935),(149337,'Dashtobod',4936),(149338,'Dŭstlik',4936),(149339,'Gagarin',4936),(149340,'Jizzax',4936),(149341,'Paxtakor',4936),(149342,'Zomin',4936),(149343,'Beruniy',4937),(149344,'Kegeyli Shahar',4937),(149345,'Khŭjayli',4937),(149346,'Manghit',4937),(149347,'Mŭynoq',4937),(149348,'Novyy Turtkul’',4937),(149349,'Nukus',4937),(149350,'Oltinko‘l',4937),(149351,'Chortoq',4938),(149352,'Chust',4938),(149353,'Haqqulobod',4938),(149354,'Kosonsoy',4938),(149355,'Namangan',4938),(149356,'Pop',4938),(149357,'To‘rqao‘rg‘on',4938),(149358,'Toshbuloq',4938),(149359,'Uchqŭrghon Shahri',4938),(149360,'Uychi',4938),(149361,'Yangiqo‘rg‘on',4938),(149362,'Navoiy',4939),(149363,'Nurota',4939),(149364,'Qiziltepa',4939),(149365,'Yangirabot',4939),(149366,'Beshkent',4940),(149367,'Chiroqchi',4940),(149368,'G‘uzor',4940),(149369,'Kitob',4940),(149370,'Koson',4940),(149371,'Muborak',4940),(149372,'Nishon Tumani',4940),(149373,'Qarshi',4940),(149374,'Shahrisabz',4940),(149375,'Bulung’ur',4941),(149376,'Charxin',4941),(149377,'Chelak',4941),(149378,'Daxbet',4941),(149379,'Ishtixon',4941),(149380,'Jomboy',4941),(149381,'Juma',4941),(149382,'Kattaqo‘rg‘on',4941),(149383,'Oqtosh',4941),(149384,'Payshanba',4941),(149385,'Samarkand',4941),(149386,'Urgut',4941),(149387,'Guliston',4942),(149388,'Sirdaryo',4942),(149389,'Yangiyer',4942),(149390,'Boysun',4943),(149391,'Denov',4943),(149392,'Sho‘rchi',4943),(149393,'Tirmiz',4943),(149394,'Bektemir',4944),(149395,'Tashkent',4944),(149396,'Angren',4945),(149397,'Bekobod',4945),(149398,'Bo‘ka',4945),(149399,'Chinoz',4945),(149400,'Chirchiq',4945),(149401,'G‘azalkent',4945),(149402,'Iskandar',4945),(149403,'Kyzyldzhar',4945),(149404,'Ohangaron',4945),(149405,'Olmaliq',4945),(149406,'Parkent',4945),(149407,'Piskent',4945),(149408,'Qibray',4945),(149409,'Salor',4945),(149410,'Tŭytepa',4945),(149411,'Ŭrtaowul',4945),(149412,'Yangiobod',4945),(149413,'Yangiyŭl',4945),(149414,'Zafar',4945),(149415,'Boghot Tumani',4946),(149416,'Gurlan',4946),(149417,'Hazorasp',4946),(149418,'Khiwa',4946),(149419,'Qŭshkŭpir',4946),(149420,'Showot',4946),(149421,'Urganch',4946),(149422,'Lakatoro',4947),(149423,'Norsup',4947),(149424,'Luganville',4949),(149425,'Port-Olry',4949),(149426,'Port-Vila',4950),(149427,'Isangel',4951),(149428,'Sola',4952),(149429,'Maroa',4953),(149430,'Municipio Autónomo Alto Orinoco',4953),(149431,'Puerto Ayacucho',4953),(149432,'San Carlos de Río Negro',4953),(149433,'San Fernando de Atabapo',4953),(149434,'San Juan de Manapiare',4953),(149435,'Anaco',4954),(149436,'Aragua de Barcelona',4954),(149437,'Barcelona',4954),(149438,'Cantaura',4954),(149439,'El Tigre',4954),(149440,'Municipio José Gregorio Monagas',4954),(149441,'Onoto',4954),(149442,'Puerto La Cruz',4954),(149443,'Puerto Píritu',4954),(149444,'San José de Guanipa',4954),(149445,'San Fernando de Apure',4955),(149446,'Cagua',4956),(149447,'El Limón',4956),(149448,'La Victoria',4956),(149449,'Las Tejerías',4956),(149450,'Maracay',4956),(149451,'Palo Negro',4956),(149452,'San Mateo',4956),(149453,'Santa Rita',4956),(149454,'Turmero',4956),(149455,'Villa de Cura',4956),(149456,'Alto Barinas',4957),(149457,'Barinas',4957),(149458,'Barinitas',4957),(149459,'Municipio Barinas',4957),(149460,'Ciudad Bolívar',4958),(149461,'Ciudad Guayana',4958),(149462,'Municipio Padre Pedro Chien',4958),(149463,'Santa Elena de Uairén',4958),(149464,'Upata',4958),(149465,'Guacara',4959),(149466,'Güigüe',4959),(149467,'Los Guayos',4959),(149468,'Mariara',4959),(149469,'Morón',4959),(149470,'Puerto Cabello',4959),(149471,'San Joaquín',4959),(149472,'Tacarigua',4959),(149473,'Tocuyito',4959),(149474,'Valencia',4959),(149475,'San Carlos',4960),(149476,'Tinaquillo',4960),(149477,'Tucupita',4961),(149478,'Caracas',4962),(149479,'Chichiriviche',4963),(149480,'Coro',4963),(149481,'Municipio Los Taques',4963),(149482,'Municipio Miranda',4963),(149483,'Punta Cardón',4963),(149484,'Punto Fijo',4963),(149485,'Tucacas',4963),(149486,'Altagracia de Orituco',4965),(149487,'Calabozo',4965),(149488,'San Juan de los Morros',4965),(149489,'Valle de La Pascua',4965),(149490,'Zaraza',4965),(149491,'Caraballeda',4966),(149492,'Catia La Mar',4966),(149493,'La Guaira',4966),(149494,'Maiquetía',4966),(149495,'Barquisimeto',4967),(149496,'Cabudare',4967),(149497,'Carora',4967),(149498,'El Tocuyo',4967),(149499,'Los Rastrojos',4967),(149500,'Quíbor',4967),(149501,'Ejido',4968),(149502,'El Vigía',4968),(149503,'Mérida',4968),(149504,'Mucumpiz',4968),(149505,'Municipio Libertador',4968),(149506,'Baruta',4969),(149507,'Carrizal',4969),(149508,'Caucaguita',4969),(149509,'Caucagüito',4969),(149510,'Chacao',4969),(149511,'Charallave',4969),(149512,'Cúa',4969),(149513,'El Cafetal',4969),(149514,'El Hatillo',4969),(149515,'Guarenas',4969),(149516,'Guatire',4969),(149517,'La Dolorita',4969),(149518,'Los Dos Caminos',4969),(149519,'Los Teques',4969),(149520,'Ocumare del Tuy',4969),(149521,'Petare',4969),(149522,'San Antonio de Los Altos',4969),(149523,'Santa Teresa del Tuy',4969),(149524,'Caripito',4970),(149525,'Maturín',4970),(149526,'Municipio Maturín',4970),(149527,'Municipio Uracoa',4970),(149528,'Juan Griego',4971),(149529,'La Asunción',4971),(149530,'Porlamar',4971),(149531,'Acarigua',4972),(149532,'Araure',4972),(149533,'Guanare',4972),(149534,'Villa Bruzual',4972),(149535,'Carúpano',4973),(149536,'Cumaná',4973),(149537,'Güiria',4973),(149538,'Municipio Valdez',4973),(149539,'Colón',4974),(149540,'La Fría',4974),(149541,'La Grita',4974),(149542,'Municipio José María Vargas',4974),(149543,'Rubio',4974),(149544,'San Antonio del Táchira',4974),(149545,'San Cristóbal',4974),(149546,'Táriba',4974),(149547,'Boconó',4975),(149548,'Municipio Pampanito',4975),(149549,'Municipio San Rafael de Carvajal',4975),(149550,'Trujillo',4975),(149551,'Valera',4975),(149552,'Chivacoa',4976),(149553,'Municipio Independencia',4976),(149554,'Nirgua',4976),(149555,'San Felipe',4976),(149556,'Yaritagua',4976),(149557,'Cabimas',4977),(149558,'Ciudad Ojeda',4977),(149559,'La Villa del Rosario',4977),(149560,'Lagunillas',4977),(149561,'Machiques',4977),(149562,'Maracaibo',4977),(149563,'San Carlos del Zulia',4977),(149564,'Santa Rita',4977),(149565,'Cho Dok',4978),(149566,'Huyện An Phú',4978),(149567,'Huyện Châu Phú',4978),(149568,'Huyện Chợ Mới',4978),(149569,'Huyện Phú Tân',4978),(149570,'Huyện Tri Tôn',4978),(149571,'Long Xuyên',4978),(149572,'Long Xuyên City',4978),(149573,'Côn Sơn',4979),(149574,'Huyện Châu Đức',4979),(149575,'Huyện Đất Đỏ',4979),(149576,'Huyện Tân Thành',4979),(149577,'Huyện Xuyên Mộc',4979),(149578,'Thành Phố Vũng Tàu',4979),(149579,'Thị Xã Phú Mỹ',4979),(149580,'Vũng Tàu',4979),(149581,'Bắc Giang',4980),(149582,'Huyện Lục Nam',4980),(149583,'Huyện Lục Ngạn',4980),(149584,'Huyện Yên Thế',4980),(149585,'Bắc Kạn',4981),(149586,'Huyện Ba Bể',4981),(149587,'Huyện Bạch Thông',4981),(149588,'Huyện Chợ Đồn',4981),(149589,'Huyện Na Rì',4981),(149590,'Huyện Ngân Sơn',4981),(149591,'Thị Xã Bắc Kạn',4981),(149592,'Bạc Liêu',4982),(149593,'Huyện Giá Rai',4982),(149594,'Huyện Hồng Dân',4982),(149595,'Bắc Ninh',4983),(149596,'Cung Kiệm',4983),(149597,'Huyện Gia Bình',4983),(149598,'Huyện Thuận Thành',4983),(149599,'Huyện Tiên Du',4983),(149600,'Huyện Yên Phong',4983),(149601,'Ấp Tân Ngãi',4984),(149602,'Bến Tre',4984),(149603,'Huyện Ba Tri',4984),(149604,'Huyện Bình Đại',4984),(149605,'Huyện Châu Thành',4984),(149606,'Huyện Chợ Lách',4984),(149607,'Huyện Giồng Trôm',4984),(149608,'Huyện Thạnh Phú',4984),(149609,'Dĩ An',4985),(149610,'Thủ Dầu Một',4985),(149611,'Huyện An Lão',4986),(149612,'Huyện Hoài Nhơn',4986),(149613,'Huyện Phù Mỹ',4986),(149614,'Huyện Tây Sơn',4986),(149615,'Huyện Tuy Phước',4986),(149616,'Huyện Vĩnh Thạnh',4986),(149617,'Qui Nhon',4986),(149618,'Bình Long',4987),(149619,'Don Luan',4987),(149620,'Huyện Bù Đốp',4987),(149621,'Huyện Chơn Thành',4987),(149622,'Huyện Đồng Phú',4987),(149623,'Huyện Hớn Quản',4987),(149624,'Thị Xã Phước Long',4987),(149625,'Huyện Bắc Bình',4988),(149626,'Huyện Hàm Tân',4988),(149627,'Huyện Hàm Thuận Bắc',4988),(149628,'Huyện Hàm Thuận Nam',4988),(149629,'Huyện Tánh Linh',4988),(149630,'Huyện Tuy Phong',4988),(149631,'La Gi',4988),(149632,'Phan Thiết',4988),(149633,'Thành Phố Phan Thiết',4988),(149634,'Cà Mau',4989),(149635,'Huyện Cái Nước',4989),(149636,'Huyện Đầm Dơi',4989),(149637,'Huyen Nam Can',4989),(149638,'Huyện Thới Bình',4989),(149639,'Cần Thơ',4990),(149640,'Cờ Đỏ',4990),(149641,'Thới Lai',4990),(149642,'Vĩnh Thạnh',4990),(149643,'Cao Bằng',4991),(149644,'Huyện Bảo Lac',4991),(149645,'Huyện Bảo Lâm',4991),(149646,'Huyện Hạ Lang',4991),(149647,'Huyện Hà Quảng',4991),(149648,'Huyện Nguyên Bình',4991),(149649,'Huyen Phuc Hoa',4991),(149650,'Huyện Thạch An',4991),(149651,'Huyện Thông Nông',4991),(149652,'Huyện Trà Lĩnh',4991),(149653,'Huyện Trùng Khánh',4991),(149654,'Da Nang',4992),(149655,'Buôn Ma Thuột',4993),(149656,'Huyện Buôn Đôn',4993),(149657,'Huyện Ea H\\\'Leo',4993),(149658,'Huyện Ea Súp',4993),(149659,'Huyện Cư Jút',4994),(149660,'Huyện Đắk R’Lấp',4994),(149661,'Huyện Krông Nô',4994),(149662,'Dien Bien Phu',4995),(149663,'Huyện Điện Biên Đông',4995),(149664,'Huyện Mường Nhé',4995),(149665,'Huyện Tủa Chùa',4995),(149666,'Huyện Tuần Giáo',4995),(149667,'Thị Xã Mưòng Lay',4995),(149668,'Biên Hòa',4996),(149669,'Huyện Định Quán',4996),(149670,'Huyện Long Thành',4996),(149671,'Huyện Tân Phú',4996),(149672,'Huyện Thống Nhất',4996),(149673,'Huyện Trảng Bom',4996),(149674,'Huyện Vĩnh Cửu',4996),(149675,'Cao Lãnh',4997),(149676,'Huyện Châu Thành',4997),(149677,'Huyện Lai Vung',4997),(149678,'Huyện Lấp Vò',4997),(149679,'Huyện Tam Nông',4997),(149680,'Huyện Tân Hồng',4997),(149681,'Huyện Thanh Bình',4997),(149682,'Huyện Tháp Mười',4997),(149683,'Sa Dec',4997),(149684,'Sa Dec city',4997);
INSERT INTO `gm_cities_list` VALUES (149685,'Thị Trấn Tân Thành',4997),(149686,'Huyện Chư Păh',4998),(149687,'Huyện Chư Prông',4998),(149688,'Huyện Chư Sê',4998),(149689,'Huyện Đức Cơ',4998),(149690,'Huyện Ia Grai',4998),(149691,'Huyện KBang',4998),(149692,'Huyện Kông Chro',4998),(149693,'Huyện Krông Pa',4998),(149694,'Huyện Mang Yang',4998),(149695,'Pleiku',4998),(149696,'Hà Giang',4999),(149697,'Huyện Bắc Mê',4999),(149698,'Huyện Bắc Quang',4999),(149699,'Huyện Đồng Văn',4999),(149700,'Huyện Quang Bình',4999),(149701,'Huyện Vị Xuyên',4999),(149702,'Huyện Xín Mần',4999),(149703,'Huyện Yên Minh',4999),(149704,'Huyện Bình Lục',5000),(149705,'Huyện Duy Tiên',5000),(149706,'Huyện Kim Bảng',5000),(149707,'Huyện Lý Nhân',5000),(149708,'Huyện Thanh Liêm',5000),(149709,'Phủ Lý',5000),(149710,'Hà Đông',5001),(149711,'Hanoi',5001),(149712,'Huyện Quốc Oai',5001),(149713,'Quận Ba Đình',5001),(149714,'Quận Hà Đông',5001),(149715,'Sơn Tây',5001),(149716,'Hà Tĩnh',5002),(149717,'Huyện Cẩm Xuyên',5002),(149718,'Huyện Can Lộc',5002),(149719,'Huyện Ðức Thọ',5002),(149720,'Huyện Kỳ Anh',5002),(149721,'Huyện Nghi Xuân',5002),(149722,'Huyện Thạch Hà',5002),(149723,'Hải Dương',5003),(149724,'Huyện Bình Giang',5003),(149725,'Huyện Cẩm Giàng',5003),(149726,'Huyện Gia Lộc',5003),(149727,'Huyện Kinh Môn',5003),(149728,'Huyện Nam Sách',5003),(149729,'Huyện Thanh Miện',5003),(149730,'Thị Xã Chí Linh',5003),(149731,'Cát Bà',5004),(149732,'Haiphong',5004),(149733,'Huyện Châu Thành A',5005),(149734,'Vị Thanh',5005),(149735,'Cần Giờ',5006),(149736,'Củ Chi',5006),(149737,'Ho Chi Minh City',5006),(149738,'Hòa Bình',5007),(149739,'Huyện Cao Phong',5007),(149740,'Huyện Kỳ Sơn',5007),(149741,'Huyện Lạc Thủy',5007),(149742,'Huyện Lương Sơn',5007),(149743,'Huyện Tân Lạc',5007),(149744,'Hưng Yên',5008),(149745,'Huyện Ân Thi',5008),(149746,'Huyện Khoái Châu',5008),(149747,'Huyện Kim Động',5008),(149748,'Huyện Mỹ Hào',5008),(149749,'Huyện Phù Cừ',5008),(149750,'Huyện Tiên Lữ',5008),(149751,'Cam Ranh',5009),(149752,'Huyện Diên Khánh',5009),(149753,'Huyện Khánh Sơn',5009),(149754,'Huyện Khánh Vĩnh',5009),(149755,'Huyện Vạn Ninh',5009),(149756,'Nha Trang',5009),(149757,'Thành Phố Cam Ranh',5009),(149758,'Thành Phố Nha Trang',5009),(149759,'Thị Xã Ninh Hòa',5009),(149760,'Dương Đông',5010),(149761,'Hà Tiên',5010),(149762,'Huyện An Biên',5010),(149763,'Huyện An Minh',5010),(149764,'Huyện Châu Thành',5010),(149765,'Huyện Giồng Riềng',5010),(149766,'Huyện Gò Quao',5010),(149767,'Huyện Hòn Đất',5010),(149768,'Huyện Kiên Hải',5010),(149769,'Huyện Phú Quốc',5010),(149770,'Huyện Tân Hiệp',5010),(149771,'Huyện Vĩnh Thuận',5010),(149772,'Kien Luong Town',5010),(149773,'Rạch Giá',5010),(149774,'Huyện Đắk Glei',5011),(149775,'Huyện Đắk Hà',5011),(149776,'Huyện Đắk Tô',5011),(149777,'Huyện Ia H\\\'Drai',5011),(149778,'Huyện Kon Plông',5011),(149779,'Huyện Ngọc Hồi',5011),(149780,'Huyện Sa Thầy',5011),(149781,'Kon Tum',5011),(149782,'Huyện Mưòng Tè',5012),(149783,'Huyện Tam Đường',5012),(149784,'Huyện Than Uyên',5012),(149785,'Bảo Lộc',5013),(149786,'Đam Rong',5013),(149787,'Đinh Văn',5013),(149788,'Đưc Trọng',5013),(149789,'Ðà Lạt',5013),(149790,'Huyện Bảo Lâm',5013),(149791,'Huyện Đạ Huoai',5013),(149792,'Huyện Đạ Tẻh',5013),(149793,'Huyện Đơn Dương',5013),(149794,'Huyện Đức Trọng',5013),(149795,'Huyện Lâm Hà',5013),(149796,'Huyện Bắc Sơn',5014),(149797,'Huyện Bình Gia',5014),(149798,'Huyện Cao Lộc',5014),(149799,'Huyện Chi Lăng',5014),(149800,'Huyện Đình Lập',5014),(149801,'Huyện Hũu Lũng',5014),(149802,'Huyện Vặn Quan',5014),(149803,'Lạng Sơn',5014),(149804,'Huyện Bắc Hà',5015),(149805,'Huyện Bảo Yên',5015),(149806,'Huyện Bát Xát',5015),(149807,'Huyện Mường Khương',5015),(149808,'Huyện Sa Pa',5015),(149809,'Huyện Si Ma Cai',5015),(149810,'Huyện Văn Bàn',5015),(149811,'Lào Cai',5015),(149812,'Lao Chải',5015),(149813,'Sa Pa',5015),(149814,'Cần Giuộc',5016),(149815,'Huyện Bến Lức',5016),(149816,'Huyện Cần Đước',5016),(149817,'Huyện Cần Giuộc',5016),(149818,'Huyện Châu Thành',5016),(149819,'Huyện Đức Hòa',5016),(149820,'Huyện Đức Huệ',5016),(149821,'Huyện Mộc Hóa',5016),(149822,'Huyện Tân Hưng',5016),(149823,'Huyện Tân Thạnh',5016),(149824,'Huyện Tân Trụ',5016),(149825,'Huyện Thạnh Hóa',5016),(149826,'Huyện Thủ Thừa',5016),(149827,'Huyện Vĩnh Hưng',5016),(149828,'Tân An',5016),(149829,'Huyện Giao Thủy',5017),(149830,'Huyện Hải Hậu',5017),(149831,'Huyện Mỹ Lộc',5017),(149832,'Huyện Nam Trực',5017),(149833,'Huyện Nghĩa Hưng',5017),(149834,'Huyện Trực Ninh',5017),(149835,'Huyện Vụ Bản',5017),(149836,'Huyện Ý Yên',5017),(149837,'Nam Định',5017),(149838,'Huyện Anh Sơn',5018),(149839,'Huyện Con Cuông',5018),(149840,'Huyện Diễn Châu',5018),(149841,'Huyện Đô Lương',5018),(149842,'Huyện Hưng Nguyên',5018),(149843,'Huyện Kỳ Sơn',5018),(149844,'Huyện Nam Đàn',5018),(149845,'Huyện Nghi Lộc',5018),(149846,'Huyện Nghĩa Đàn',5018),(149847,'Huyện Quế Phong',5018),(149848,'Huyện Quỳ Châu',5018),(149849,'Huyện Quỳ Hợp',5018),(149850,'Huyện Quỳnh Lưu',5018),(149851,'Huyện Thanh Chương',5018),(149852,'Huyện Tương Dương',5018),(149853,'Huyện Yên Thành',5018),(149854,'Vinh',5018),(149855,'Yên Vinh',5018),(149856,'Huyện Hoa Lư',5019),(149857,'Huyện Kim Sơn',5019),(149858,'Huyện Nho Quan',5019),(149859,'Huyện Yên Khánh',5019),(149860,'Huyện Yên Mô',5019),(149861,'Ninh Bình',5019),(149862,'Phan Rang-Tháp Chàm',5020),(149863,'Huyện Cẩm Khê',5021),(149864,'Huyện Đoan Hùng',5021),(149865,'Huyện Hạ Hòa',5021),(149866,'Huyen Lam Thao',5021),(149867,'Huyện Thanh Ba',5021),(149868,'Huyện Yên Lập',5021),(149869,'Thành Phố Việt Trì',5021),(149870,'Thị xã Phú Thọ',5021),(149871,'Việt Trì',5021),(149872,'Huyện Sơn Hòa',5022),(149873,'Huyện Sông Hinh',5022),(149874,'Sông Cầu',5022),(149875,'Tuy Hòa',5022),(149876,'Huyện Lệ Thủy',5023),(149877,'Huyện Quảng Ninh',5023),(149878,'Huyện Quảng Trạch',5023),(149879,'Huyện Tuyên Hóa',5023),(149880,'Kwang Binh',5023),(149881,'Hội An',5024),(149882,'Huyện Duy Xuyên',5024),(149883,'Huyện Đại Lộc',5024),(149884,'Huyện Điện Bàn',5024),(149885,'Huyện Hiệp Đức',5024),(149886,'Huyện Nam Giang',5024),(149887,'Huyện Núi Thành',5024),(149888,'Huyện Phước Sơn',5024),(149889,'Huyện Tiên Phước',5024),(149890,'Huyện Trà My',5024),(149891,'Tam Kỳ',5024),(149892,'Huyện Ba Tơ',5025),(149893,'Huyện Bình Sơn',5025),(149894,'Huyện Đức Phổ',5025),(149895,'Huyện Lý Sơn',5025),(149896,'Huyện Minh Long',5025),(149897,'Huyện Mộ Đức',5025),(149898,'Huyện Nghĩa Hành',5025),(149899,'Huyện Sơn Hà',5025),(149900,'Huyện Sơn Tây',5025),(149901,'Huyện Sơn Tịnh',5025),(149902,'Huyện Trà Bồng',5025),(149903,'Huyện Tư Nghĩa',5025),(149904,'Quảng Ngãi',5025),(149905,'Cẩm Phả',5026),(149906,'Cẩm Phả Mines',5026),(149907,'Hạ Long',5026),(149908,'Huyện Ba Chẽ',5026),(149909,'Huyện Bình Liêu',5026),(149910,'Huyện Cô Tô',5026),(149911,'Huyện Đầm Hà',5026),(149912,'Huyện Đông Triều',5026),(149913,'Huyện Hải Hà',5026),(149914,'Huyện Hoành Bồ',5026),(149915,'Huyện Tiên Yên',5026),(149916,'Huyện Vân Đồn',5026),(149917,'Móng Cái',5026),(149918,'Thành Phố Uông Bí',5026),(149919,'Ðông Hà',5027),(149920,'Huyện Cam Lộ',5027),(149921,'Huyện Đa Krông',5027),(149922,'Huyện Gio Linh',5027),(149923,'Huyện Hải Lăng',5027),(149924,'Huyện Hướng Hóa',5027),(149925,'Huyện Triệu Phong',5027),(149926,'Huyện Vĩnh Linh',5027),(149927,'Huyện Kế Sách',5028),(149928,'Huyện Long Phú',5028),(149929,'Huyện Mỹ Tú',5028),(149930,'Huyện Mỹ Xuyên',5028),(149931,'Huyen Nga Nam',5028),(149932,'Huyện Thạnh Trị',5028),(149933,'Sóc Trăng',5028),(149934,'Huyện Bắc Yên',5029),(149935,'Huyện Mai Sơn',5029),(149936,'Huyện Mộc Châu',5029),(149937,'Huyện Mường La',5029),(149938,'Huyện Phù Yên',5029),(149939,'Huyện Quỳnh Nhai',5029),(149940,'Huyện Sông Mã',5029),(149941,'Huyện Thuận Châu',5029),(149942,'Huyện Yên Châu',5029),(149943,'Sơn La',5029),(149944,'Huyện Bến Cầu',5030),(149945,'Huyện Dương Minh Châu',5030),(149946,'Huyện Gò Dầu',5030),(149947,'Huyện Hòa Thành',5030),(149948,'Huyện Tân Châu',5030),(149949,'Huyện Trảng Bàng',5030),(149950,'Phú Khương',5030),(149951,'Tây Ninh',5030),(149952,'Huyện Ðông Hưng',5031),(149953,'Huyện Hưng Hà',5031),(149954,'Huyện Kiến Xương',5031),(149955,'Huyện Quỳnh Phụ',5031),(149956,'Huyện Thái Thụy',5031),(149957,'Huyện Tiền Hải',5031),(149958,'Huyện Vũ Thư',5031),(149959,'Thái Bình',5031),(149960,'Thái Nguyên',5032),(149961,'Bỉm Sơn',5033),(149962,'Huyện Bá Thước',5033),(149963,'Huyện Cẩm Thủy',5033),(149964,'Huyện Đông Sơn',5033),(149965,'Huyện Hà Trung',5033),(149966,'Huyện Hậu Lộc',5033),(149967,'Huyện Lang Chánh',5033),(149968,'Huyện Mường Lát',5033),(149969,'Huyện Nga Sơn',5033),(149970,'Huyện Ngọc Lặc',5033),(149971,'Huyện Như Thanh',5033),(149972,'Huyện Như Xuân',5033),(149973,'Huyện Nông Cống',5033),(149974,'Huyện Quan Hóa',5033),(149975,'Huyện Quan Sơn',5033),(149976,'Huyện Quảng Xương',5033),(149977,'Huyện Thiệu Hóa',5033),(149978,'Huyện Thọ Xuân',5033),(149979,'Huyện Thường Xuân',5033),(149980,'Huyện Triệu Sơn',5033),(149981,'Huyện Vĩnh Lộc',5033),(149982,'Huyện Yên Định',5033),(149983,'Thanh Hóa',5033),(149984,'Huế',5034),(149985,'Huyện A Lưới',5034),(149986,'Huyện Nam Đông',5034),(149987,'Huyện Phong Điền',5034),(149988,'Huyện Phú Lộc',5034),(149989,'Huyện Phú Vang',5034),(149990,'Huyện Quảng Ðiền',5034),(149991,'Huyện Cái Bè',5035),(149992,'Huyện Cai Lậy',5035),(149993,'Huyện Châu Thành',5035),(149994,'Huyện Chợ Gạo',5035),(149995,'Huyện Gò Công Đông',5035),(149996,'Huyện Gò Công Tây',5035),(149997,'Huyện Tân Phước',5035),(149998,'Mỹ Tho',5035),(149999,'Thành Phố Mỹ Tho',5035),(150000,'Thị Xã Gò Công',5035),(150001,'Huyện Càng Long',5036),(150002,'Huyện Cầu Kè',5036),(150003,'Huyện Cầu Ngang',5036),(150004,'Huyện Tiểu Cần',5036),(150005,'Huyện Trà Cú',5036),(150006,'Trà Vinh',5036),(150007,'Huyện Chiêm Hóa',5037),(150008,'Huyện Hàm Yên',5037),(150009,'Huyện Lâm Bình',5037),(150010,'Huyện Na Hang',5037),(150011,'Huyện Sơn Dương',5037),(150012,'Huyện Yên Sơn',5037),(150013,'Tuyên Quang',5037),(150014,'Huyện Long Hồ',5038),(150015,'Huyện Mang Thít',5038),(150016,'Huyện Tam Bình',5038),(150017,'Huyện Trà Ôn',5038),(150018,'Huyện Vũng Liêm',5038),(150019,'Vĩnh Long',5038),(150020,'Huyện Bình Xuyên',5039),(150021,'Huyện Tam Dương',5039),(150022,'Huyện Tam Đảo',5039),(150023,'Huyện Yên Lạc',5039),(150024,'Vĩnh Yên',5039),(150025,'Huyện Lục Yên',5040),(150026,'Huyện Mù Cang Chải',5040),(150027,'Huyện Trạm Tấu',5040),(150028,'Huyện Trấn Yên',5040),(150029,'Huyện Văn Chấn',5040),(150030,'Huyện Văn Yên',5040),(150031,'Yên Bái',5040),(150032,'Christiansted',5041),(150033,'East End',5041),(150034,'Frederiksted',5041),(150035,'Good Hope',5041),(150036,'Northcentral',5041),(150037,'Northwest',5041),(150038,'Sion Farm',5041),(150039,'Southcentral',5041),(150040,'Southwest',5041),(150041,'Central',5042),(150042,'Coral Bay',5042),(150043,'Cruz Bay',5042),(150044,'East End',5042),(150045,'Charlotte Amalie',5043),(150046,'East End',5043),(150047,'Northside',5043),(150048,'Southside',5043),(150049,'Tutu',5043),(150050,'Water Island',5043),(150051,'West End',5043),(150052,'Aden',5044),(150053,'Al Buraiqeh',5044),(150054,'Al Mansura',5044),(150055,'Al Mualla',5044),(150056,'Ash Shaikh Outhman',5044),(150057,'Attawahi',5044),(150058,'Craiter',5044),(150059,'Dar Sad',5044),(150060,'‘Amrān',5045),(150061,'Al Ashah',5045),(150062,'Al Madan',5045),(150063,'Al Qaflah',5045),(150064,'As Sawd',5045),(150065,'As Sudah',5045),(150066,'Bani Suraim',5045),(150067,'Dhi Bin',5045),(150068,'Habur Zulaymah',5045),(150069,'Harf Sufyan',5045),(150070,'Hooth',5045),(150071,'Iyal Surayh',5045),(150072,'Jabal Iyal Yazid',5045),(150073,'Khamir',5045),(150074,'Kharif',5045),(150075,'Maswar',5045),(150076,'Raydah',5045),(150077,'Shahārah',5045),(150078,'Suwayr',5045),(150079,'Thula',5045),(150080,'Ahwar',5046),(150081,'Al Mahfad',5046),(150082,'Al Wade\\\'a',5046),(150083,'Jawf al Maqbābah',5046),(150084,'Jayshan',5046),(150085,'Khanfir',5046),(150086,'Lawdar',5046),(150087,'Mudiyah',5046),(150088,'Rasad',5046),(150089,'Sarar',5046),(150090,'Sibah',5046),(150091,'Zingibar',5046),(150092,'Zinjibār',5046),(150093,'Al A\\\'rsh',5047),(150094,'Al Bayda',5047),(150095,'Al Bayda City',5047),(150096,'Al Bayḑā’',5047),(150097,'Al Malagim',5047),(150098,'Al Quraishyah',5047),(150099,'Ar Ryashyyah',5047),(150100,'As Sawadiyah',5047),(150101,'As Sawma\\\'ah',5047),(150102,'Ash Sharafayn',5047),(150103,'At Taffah',5047),(150104,'Az Zahir',5047),(150105,'Dhi Na\\\'im',5047),(150106,'Maswarah',5047),(150107,'Mukayras',5047),(150108,'Na\\\'man',5047),(150109,'Nati\\\'',5047),(150110,'Radā‘',5047),(150111,'Radman Al Awad',5047),(150112,'Sabah',5047),(150113,'Wald Rabi\\\'',5047),(150114,'Ad Dahi',5048),(150115,'Ad Durayhimi',5048),(150116,'Al Garrahi',5048),(150117,'Al Hajjaylah',5048),(150118,'Al Hali',5048),(150119,'Al Hawak',5048),(150120,'Al Ḩudaydah',5048),(150121,'Al Mansuriyah',5048),(150122,'Al Marawi\\\'ah',5048),(150123,'Al Mighlaf',5048),(150124,'Al Mina',5048),(150125,'Al Munirah',5048),(150126,'Al Qanawis',5048),(150127,'Alluheyah',5048),(150128,'As Salif',5048),(150129,'As Sukhnah',5048),(150130,'At Tuhayat',5048),(150131,'Az Zaydīyah',5048),(150132,'Az Zuhrah',5048),(150133,'Bājil',5048),(150134,'Bayt al Faqīh',5048),(150135,'Bura',5048),(150136,'Hays',5048),(150137,'Jabal Ra\\\'s',5048),(150138,'Kamaran',5048),(150139,'Zabīd',5048),(150140,'Al ‘Inān',5049),(150141,'Al Ghayl',5049),(150142,'Al Hazm',5049),(150143,'Al Humaydat',5049),(150144,'Al Khalq',5049),(150145,'Al Maslub',5049),(150146,'Al Matammah',5049),(150147,'Al Maton',5049),(150148,'Az Zahir',5049),(150149,'Barţ al ‘Anān',5049),(150150,'Khabb wa ash Sha\\\'af',5049),(150151,'Kharab Al Marashi',5049),(150152,'Rajuzah',5049),(150153,'Al Ghaydah',5050),(150154,'Al Ghayz̧ah',5050),(150155,'Al Masilah',5050),(150156,'Hat',5050),(150157,'Hawf',5050),(150158,'Huswain',5050),(150159,'Man\\\'ar',5050),(150160,'Qishn',5050),(150161,'Sayhut',5050),(150162,'Shahan',5050),(150163,'Al Khabt',5051),(150164,'Al Mahwait',5051),(150165,'Al Maḩwīt',5051),(150166,'Ar Rujum',5051),(150167,'Aţ Ţawīlah',5051),(150168,'Bani Sa\\\'d',5051),(150169,'Hufash',5051),(150170,'Milhan',5051),(150171,'Shibām Kawkabān',5051),(150172,'‘Ans',5053),(150173,'Al Hada',5053),(150174,'Al Manar',5053),(150175,'Al-Medy Village قرية المدي',5053),(150176,'Dawran Aness',5053),(150177,'Dhamār',5053),(150178,'Jabal Ash sharq',5053),(150179,'Jahran',5053),(150180,'Maghirib Ans',5053),(150181,'Mayfa\\\'at Anss',5053),(150182,'Utmah',5053),(150183,'Wusab Al Ali',5053),(150184,'Wusab As Safil',5053),(150185,'Ad Dis',5054),(150186,'Ad Dīs ash Sharqīyah',5054),(150187,'Adh Dhlia\\\'ah',5054),(150188,'Al Abr',5054),(150189,'Al Ḩamdī',5054),(150190,'Al Mukalla',5054),(150191,'Al Mukalla City',5054),(150192,'Al Qaf',5054),(150193,'Al Qatn',5054),(150194,'Amd',5054),(150195,'Ar Raydah Wa Qusayar',5054),(150196,'As Sawm',5054),(150197,'Ash Shihr',5054),(150198,'At Taḩāluf',5054),(150199,'Brom Mayfa',5054),(150200,'Daw\\\'an',5054),(150201,'Ghayl Ba Wazir',5054),(150202,'Ghayl Bin Yamin',5054),(150203,'Hagr As Sai\\\'ar',5054),(150204,'Hajr',5054),(150205,'Huraidhah',5054),(150206,'Kilmia',5054),(150207,'Mukalla',5054),(150208,'Rakhyah',5054),(150209,'Rumah',5054),(150210,'Sah',5054),(150211,'Sayun',5054),(150212,'Shibam',5054),(150213,'Suḩayl Shibām',5054),(150214,'Tarim',5054),(150215,'Thamud',5054),(150216,'Wadi Al Ayn',5054),(150217,'Yabuth',5054),(150218,'Zamakh wa Manwakh',5054),(150219,'Abs',5055),(150220,'Aflah Al Yaman',5055),(150221,'Aflah Ash Shawm',5055),(150222,'Al Jamimah',5055),(150223,'Al Maghrabah',5055),(150224,'Al Mahabishah',5055),(150225,'Al Miftah',5055),(150226,'Ash Shaghadirah',5055),(150227,'Ash Shahil',5055),(150228,'Aslem',5055),(150229,'Bakil Al Mir',5055),(150230,'Banī al ‘Awwām',5055),(150231,'Bani Al Awam',5055),(150232,'Bani Qa\\\'is',5055),(150233,'Hajjah',5055),(150234,'Harad District',5055),(150235,'Hayran',5055),(150236,'Khayran Al Muharraq',5055),(150237,'Ku\\\'aydinah',5055),(150238,'Kuhlan Affar',5055),(150239,'Kuhlan Ash Sharaf',5055),(150240,'Kushar',5055),(150241,'Mabyan',5055),(150242,'Midi',5055),(150243,'Mustaba',5055),(150244,'Najrah',5055),(150245,'Qafl Shamer',5055),(150246,'Qarah',5055),(150247,'Sharas',5055),(150248,'Wadhrah',5055),(150249,'Washḩah',5055),(150250,'Al ‘Udayn',5056),(150251,'Al Dhihar',5056),(150252,'Al Makhādir',5056),(150253,'Al Mashannah',5056),(150254,'Al Qafr',5056),(150255,'An Nādirah',5056),(150256,'Ar Radmah',5056),(150257,'As Sabrah',5056),(150258,'As Saddah',5056),(150259,'As Sayyani',5056),(150260,'Ash Sha\\\'ir',5056),(150261,'Ba\\\'dan',5056),(150262,'Dhī as Sufāl',5056),(150263,'Far Al Udayn',5056),(150264,'Hazm Al Udayn',5056),(150265,'Hubaysh',5056),(150266,'Ibb',5056),(150267,'Jiblah',5056),(150268,'Mudhaykhirah',5056),(150269,'Yarīm',5056),(150270,'Al  Hawtah',5057),(150271,'Al Ḩabīlayn',5057),(150272,'Al Had',5057),(150273,'Al Madaribah Wa Al Arah',5057),(150274,'Al Maflahy',5057),(150275,'Al Maqatirah',5057),(150276,'Al Milah',5057),(150277,'Al Musaymir',5057),(150278,'Al Qabbaytah',5057),(150279,'Habil Jabr',5057),(150280,'Halimayn',5057),(150281,'Laḩij',5057),(150282,'Radfan',5057),(150283,'Tuban',5057),(150284,'Tur Al Bahah',5057),(150285,'Yafa\\\'a',5057),(150286,'Yahr',5057),(150287,'Al Abdiyah',5058),(150288,'Al Jubah',5058),(150289,'Bidbadah',5058),(150290,'Ḩarīb',5058),(150291,'Harib Al Qaramish',5058),(150292,'Jabal Murad',5058),(150293,'Ma\\\'rib',5058),(150294,'Mahliyah',5058),(150295,'Majzar',5058),(150296,'Marib',5058),(150297,'Marib City',5058),(150298,'Medghal',5058),(150299,'Raghwan',5058),(150300,'Rahabah',5058),(150301,'Sirwah',5058),(150302,'Al Jabin',5059),(150303,'Al Jafariyah',5059),(150304,'As Salafiyah',5059),(150305,'Bilad At Ta\\\'am',5059),(150306,'Kusmah',5059),(150307,'Mazhar',5059),(150308,'Al Dhaher',5060),(150309,'Al Hashwah',5060),(150310,'As Safra',5060),(150311,'Ash Shawātī',5060),(150312,'Baqim',5060),(150313,'Ghamr',5060),(150314,'Haydan',5060),(150315,'Kitaf wa Al Boqe\\\'e',5060),(150316,'Majz',5060),(150317,'Monabbih',5060),(150318,'Qatabir',5060),(150319,'Rāziḩ',5060),(150320,'Sa\\\'dah',5060),(150321,'Şa‘dah',5060),(150322,'Saḩār',5060),(150323,'Saqayn',5060),(150324,'Shada\\\'a',5060),(150325,'Al Haymah Ad Dakhiliyah',5061),(150326,'Al Haymah Al Kharijiyah',5061),(150327,'Al Husn',5061),(150328,'Al Khāniq',5061),(150329,'Arhab',5061),(150330,'Attyal',5061),(150331,'Bani Dhabyan',5061),(150332,'Bani Hushaysh',5061),(150333,'Bani Matar',5061),(150334,'Bilad Ar Rus',5061),(150335,'Hamdān',5061),(150336,'Jihanah',5061),(150337,'Khwlan',5061),(150338,'Manakhah',5061),(150339,'Nihm',5061),(150340,'Sa\\\'fan',5061),(150341,'Saḩar',5061),(150342,'Sanaa',5061),(150343,'Sanhan',5061),(150344,'Sayyān',5061),(150345,'Ain',5062),(150346,'Al ‘Āqir',5062),(150347,'Al Talh',5062),(150348,'AL-khashā upper',5062),(150349,'Ar Rawdah',5062),(150350,'Arma',5062),(150351,'As Said',5062),(150352,'Ataq',5062),(150353,'Bayhan',5062),(150354,'Dhar',5062),(150355,'Habban',5062),(150356,'Hatib',5062),(150357,'Jardan',5062),(150358,'Khimār',5062),(150359,'Mayfa\\\'a',5062),(150360,'Merkhah Al Ulya',5062),(150361,'Merkhah As Sufla',5062),(150362,'Nisab',5062),(150363,'Rudum',5062),(150364,'Usaylan',5062),(150365,'Hadibu',5063),(150366,'Hidaybu',5063),(150367,'Qalansīyah',5063),(150368,'Qulensya Wa Abd Al Kuri',5063),(150369,'Al Ma\\\'afer',5064),(150370,'Al Mawasit',5064),(150371,'Al Misrakh',5064),(150372,'Al Mudhaffar',5064),(150373,'Al Mukhā’',5064),(150374,'Al Qahirah',5064),(150375,'Al Wazi\\\'iyah',5064),(150376,'As Silw',5064),(150377,'Ash Shamayatayn',5064),(150378,'At Ta‘izzīyah',5064),(150379,'Dhubab',5064),(150380,'Dimnat Khadir',5064),(150381,'Hayfan',5064),(150382,'Jabal Habashy',5064),(150383,'Maqbanah',5064),(150384,'Mashra\\\'a Wa Hadnan',5064),(150385,'Māwīyah',5064),(150386,'Mawza',5064),(150387,'Sabir Al Mawadim',5064),(150388,'Salh',5064),(150389,'Sama',5064),(150390,'Shara\\\'b Ar Rawnah',5064),(150391,'Shara\\\'b As Salam',5064),(150392,'Ta‘izz',5064),(150393,'Village of ALAMRAH',5064),(150394,'Chibombo',5065),(150395,'Chibombo District',5065),(150396,'Kabwe',5065),(150397,'Kapiri Mposhi',5065),(150398,'Mkushi',5065),(150399,'Mumbwa',5065),(150400,'Serenje',5065),(150401,'Chambishi',5066),(150402,'Chililabombwe',5066),(150403,'Chingola',5066),(150404,'Chingola District',5066),(150405,'Kalulushi',5066),(150406,'Kataba',5066),(150407,'Kitwe',5066),(150408,'Luanshya',5066),(150409,'Mpongwe',5066),(150410,'Mufulira',5066),(150411,'Ndola',5066),(150412,'Chadiza',5067),(150413,'Chipata',5067),(150414,'Lundazi',5067),(150415,'Nyimba',5067),(150416,'Petauke',5067),(150417,'Kawambwa',5068),(150418,'Mansa',5068),(150419,'Mwense',5068),(150420,'Nchelenge',5068),(150421,'Samfya',5068),(150422,'Chongwe',5069),(150423,'Kafue',5069),(150424,'Luangwa',5069),(150425,'Lusaka',5069),(150426,'Chama',5070),(150427,'Chinsali',5070),(150428,'Isoka',5070),(150429,'Mpika',5070),(150430,'Nakonde',5070),(150431,'Kaputa',5071),(150432,'Kasama',5071),(150433,'Luwingu',5071),(150434,'Mbala',5071),(150435,'Mporokoso',5071),(150436,'Mpulungu',5071),(150437,'Mungwi',5071),(150438,'Kabompo',5072),(150439,'Kalengwa',5072),(150440,'Kansanshi',5072),(150441,'Kasempa',5072),(150442,'Mufumbwe',5072),(150443,'Mwinilunga',5072),(150444,'Solwezi',5072),(150445,'Zambezi',5072),(150446,'Choma',5073),(150447,'Gwembe',5073),(150448,'Itezhi-Tezhi District',5073),(150449,'Livingstone',5073),(150450,'Maamba',5073),(150451,'Mazabuka',5073),(150452,'Monze',5073),(150453,'Nakambala',5073),(150454,'Namwala',5073),(150455,'Siavonga',5073),(150456,'Siavonga District',5073),(150457,'Sinazongwe',5073),(150458,'Kalabo',5074),(150459,'Kaoma',5074),(150460,'Limulunga',5074),(150461,'Lukulu',5074),(150462,'Mongu',5074),(150463,'Senanga',5074),(150464,'Sesheke',5074),(150465,'Bulawayo',5075),(150466,'Chitungwiza',5076),(150467,'Epworth',5076),(150468,'Harare',5076),(150469,'Buhera District',5077),(150470,'Chimanimani',5077),(150471,'Chimanimani District',5077),(150472,'Chipinge',5077),(150473,'Chipinge District',5077),(150474,'Dorowa Mining Lease',5077),(150475,'Headlands',5077),(150476,'Makoni District',5077),(150477,'Mutare',5077),(150478,'Mutare District',5077),(150479,'Mutasa District',5077),(150480,'Nyanga',5077),(150481,'Nyanga District',5077),(150482,'Nyazura',5077),(150483,'Odzi',5077),(150484,'Penhalonga',5077),(150485,'Rusape',5077),(150486,'Bindura',5078),(150487,'Bindura District',5078),(150488,'Centenary',5078),(150489,'Centenary District',5078),(150490,'Concession',5078),(150491,'Glendale',5078),(150492,'Guruve District',5078),(150493,'Mazowe',5078),(150494,'Mazowe District',5078),(150495,'Mount Darwin',5078),(150496,'Mvurwi',5078),(150497,'Rushinga District',5078),(150498,'Shamva',5078),(150499,'Shamva District',5078),(150500,'Beatrice',5079),(150501,'Chivhu',5079),(150502,'Goromonzi District',5079),(150503,'Macheke',5079),(150504,'Marondera',5079),(150505,'Marondera District',5079),(150506,'Mudzi District',5079),(150507,'Murehwa',5079),(150508,'Murehwa District',5079),(150509,'Mutoko',5079),(150510,'Ruwa',5079),(150511,'Banket',5080),(150512,'Chakari',5080),(150513,'Chegutu',5080),(150514,'Chegutu District',5080),(150515,'Chinhoyi',5080),(150516,'Chirundu',5080),(150517,'Hurungwe District',5080),(150518,'Kadoma',5080),(150519,'Kadoma District',5080),(150520,'Kariba',5080),(150521,'Kariba District',5080),(150522,'Karoi',5080),(150523,'Makonde District',5080),(150524,'Mhangura',5080),(150525,'Norton',5080),(150526,'Raffingora',5080),(150527,'Bikita District',5081),(150528,'Chiredzi',5081),(150529,'Chiredzi District',5081),(150530,'Chivi District',5081),(150531,'Gutu District',5081),(150532,'Mashava',5081),(150533,'Masvingo',5081),(150534,'Masvingo District',5081),(150535,'Mwenezi District',5081),(150536,'Zvishavane',5081),(150537,'Binga',5082),(150538,'Binga District',5082),(150539,'Bubi District',5082),(150540,'Dete',5082),(150541,'Hwange',5082),(150542,'Hwange District',5082),(150543,'Inyati',5082),(150544,'Kamativi Mine',5082),(150545,'Lupane',5082),(150546,'Lupane District',5082),(150547,'Nkayi District',5082),(150548,'Victoria Falls',5082),(150549,'Beitbridge',5083),(150550,'Beitbridge District',5083),(150551,'Esigodini',5083),(150552,'Filabusi',5083),(150553,'Gwanda',5083),(150554,'Gwanda District',5083),(150555,'Insiza',5083),(150556,'Insiza District',5083),(150557,'Mangwe District',5083),(150558,'Matobo',5083),(150559,'Plumtree',5083),(150560,'Umzingwane District',5083),(150561,'Gokwe',5084),(150562,'Gweru',5084),(150563,'Gweru District',5084),(150564,'Kwekwe',5084),(150565,'Kwekwe District',5084),(150566,'Lalapanzi',5084),(150567,'Mberengwa District',5084),(150568,'Mvuma',5084),(150569,'Redcliff',5084),(150570,'Shangani',5084),(150571,'Shurugwi',5084),(150572,'Shurugwi District',5084),(150573,'Zvishavane District',5084),(150574,'cologne',1393),(150575,'izmir',4378),(150576,'Anuga',1393),(150577,'Pago Pago',4841),(150578,'Urban Honolulu',4853),(150579,'Ras al Khor',4587),(150580,'al quoz',4587),(150581,'Dubai Investments Park',4587),(150582,'Jumeirah',4587),(150583,'Trade canter',4587),(150584,'Dubai investment park 2',4587),(150585,'Ras al Khor 1 ',4587),(150586,'Bangalore',1655);

--
-- Table structure for table `gm_cities_list2`
--

CREATE TABLE `gm_cities_list2` (
  `id` int(11) NOT NULL AUTO_INCREMENT,
  `city` varchar(255) NOT NULL,
  `temp_title` varchar(220) DEFAULT NULL,
  `state_id` int(11) NOT NULL,
  `country_id` int(11) DEFAULT NULL,
  `image_name` varchar(160) DEFAULT NULL,
  `sort_order` int(11) NOT NULL DEFAULT '0',
  `is_featured` enum('0','1') NOT NULL DEFAULT '0',
  `status` enum('0','1','2') NOT NULL DEFAULT '1',
  PRIMARY KEY (`id`),
  KEY `state_id` (`state_id`),
  KEY `city` (`city`),
  KEY `country_id` (`country_id`),
  KEY `sort_order` (`sort_order`),
  KEY `is_featured` (`is_featured`),
  KEY `status` (`status`)
) ENGINE=InnoDB AUTO_INCREMENT=628 DEFAULT CHARSET=utf8;

--
-- Dumping data for table `gm_cities_list2`
--

INSERT INTO `gm_cities_list2` VALUES (1,'North and Middle Andaman','north-and-middle-andaman',32,105,NULL,0,'0','1'),(2,'South Andaman','south-andaman',32,105,NULL,0,'0','1'),(3,'Nicobar','nicobar',32,105,NULL,0,'0','1'),(4,'Adilabad','adilabad',1,105,NULL,0,'0','1'),(5,'Anantapur','anantapur',1,105,NULL,0,'0','1'),(6,'Chittoor','chittoor',1,105,NULL,0,'0','1'),(7,'East Godavari','east-godavari',1,105,NULL,0,'0','1'),(8,'Guntur','guntur',1,105,NULL,0,'0','1'),(9,'Hyderabad','hyderabad',1,105,'Hyderabad1014245007.jpg',6,'1','1'),(10,'Kadapa','kadapa',1,105,NULL,0,'0','1'),(11,'Karimnagar','karimnagar',1,105,NULL,0,'0','1'),(12,'Khammam','khammam',1,105,NULL,0,'0','1'),(13,'Krishna','krishna',1,105,NULL,0,'0','1'),(14,'Kurnool','kurnool',1,105,NULL,0,'0','1'),(15,'Mahbubnagar','mahbubnagar',1,105,NULL,0,'0','1'),(16,'Medak','medak',1,105,NULL,0,'0','1'),(17,'Nalgonda','nalgonda',1,105,NULL,0,'0','1'),(18,'Nellore','nellore',1,105,NULL,0,'0','1'),(19,'Nizamabad','nizamabad',1,105,NULL,0,'0','1'),(20,'Prakasam','prakasam',1,105,NULL,0,'0','1'),(21,'Rangareddi','rangareddi',1,105,NULL,0,'0','1'),(22,'Srikakulam','srikakulam',1,105,NULL,0,'0','1'),(23,'Vishakhapatnam','vishakhapatnam',1,105,NULL,0,'0','1'),(24,'Vizianagaram','vizianagaram',1,105,NULL,0,'0','1'),(25,'Warangal','warangal',1,105,NULL,0,'0','1'),(26,'West Godavari','west-godavari',1,105,NULL,0,'0','1'),(27,'Anjaw','anjaw',3,105,NULL,0,'0','1'),(28,'Changlang','changlang',3,105,NULL,0,'0','1'),(29,'East Kameng','east-kameng',3,105,NULL,0,'0','1'),(30,'Lohit','lohit',3,105,NULL,0,'0','1'),(31,'Lower Subansiri','lower-subansiri',3,105,NULL,0,'0','1'),(32,'Papum Pare','papum-pare',3,105,NULL,0,'0','1'),(33,'Tirap','tirap',3,105,NULL,0,'0','1'),(34,'Dibang Valley','dibang-valley',3,105,NULL,0,'0','1'),(35,'Upper Subansiri','upper-subansiri',3,105,NULL,0,'0','1'),(36,'West Kameng','west-kameng',3,105,NULL,0,'0','1'),(37,'Barpeta','barpeta',2,105,NULL,0,'0','1'),(38,'Bongaigaon','bongaigaon',2,105,NULL,0,'0','1'),(39,'Cachar','cachar',2,105,NULL,0,'0','1'),(40,'Darrang','darrang',2,105,NULL,0,'0','1'),(41,'Dhemaji','dhemaji',2,105,NULL,0,'0','1'),(42,'Dhubri','dhubri',2,105,NULL,0,'0','1'),(43,'Dibrugarh','dibrugarh',2,105,NULL,0,'0','1'),(44,'Goalpara','goalpara',2,105,NULL,0,'0','1'),(45,'Golaghat','golaghat',2,105,NULL,0,'0','1'),(46,'Hailakandi','hailakandi',2,105,NULL,0,'0','1'),(47,'Jorhat','jorhat',2,105,NULL,0,'0','1'),(48,'Karbi Anglong','karbi-anglong',2,105,NULL,0,'0','1'),(49,'Karimganj','karimganj',2,105,NULL,0,'0','1'),(50,'Kokrajhar','kokrajhar',2,105,NULL,0,'0','1'),(51,'Lakhimpur','lakhimpur',2,105,NULL,0,'0','1'),(52,'Marigaon','marigaon',2,105,NULL,0,'0','1'),(53,'Nagaon','nagaon',2,105,NULL,0,'0','1'),(54,'Nalbari','nalbari',2,105,NULL,0,'0','1'),(55,'North Cachar Hills','north-cachar-hills',2,105,NULL,0,'0','1'),(56,'Sibsagar','sibsagar',2,105,NULL,0,'0','1'),(57,'Sonitpur','sonitpur',2,105,NULL,0,'0','1'),(58,'Tinsukia','tinsukia',2,105,NULL,0,'0','1'),(59,'Araria','araria',4,105,NULL,0,'0','1'),(60,'Aurangabad','aurangabad',4,105,NULL,0,'0','1'),(61,'Banka','banka',4,105,NULL,0,'0','1'),(62,'Begusarai','begusarai',4,105,NULL,0,'0','1'),(63,'Bhagalpur','bhagalpur',4,105,NULL,0,'0','1'),(64,'Bhojpur','bhojpur',4,105,NULL,0,'0','1'),(65,'Buxar','buxar',4,105,NULL,0,'0','1'),(66,'Darbhanga','darbhanga',4,105,NULL,0,'0','1'),(67,'Purba Champaran','purba-champaran',4,105,NULL,0,'0','1'),(68,'Gaya','gaya',4,105,NULL,0,'0','1'),(69,'Gopalganj','gopalganj',4,105,NULL,0,'0','1'),(70,'Jamui','jamui',4,105,NULL,0,'0','1'),(71,'Jehanabad','jehanabad',4,105,NULL,0,'0','1'),(72,'Khagaria','khagaria',4,105,NULL,0,'0','1'),(73,'Kishanganj','kishanganj',4,105,NULL,0,'0','1'),(74,'Kaimur','kaimur',4,105,NULL,0,'0','1'),(75,'Katihar','katihar',4,105,NULL,0,'0','1'),(76,'Lakhisarai','lakhisarai',4,105,NULL,0,'0','1'),(77,'Madhubani','madhubani',4,105,NULL,0,'0','1'),(78,'Munger','munger',4,105,NULL,0,'0','1'),(79,'Madhepura','madhepura',4,105,NULL,0,'0','1'),(80,'Muzaffarpur','muzaffarpur',4,105,NULL,0,'0','1'),(81,'Nalanda','nalanda',4,105,NULL,0,'0','1'),(82,'Nawada','nawada',4,105,NULL,0,'0','1'),(83,'Patna','patna',4,105,NULL,0,'0','1'),(84,'Purnia','purnia',4,105,NULL,0,'0','1'),(85,'Rohtas','rohtas',4,105,NULL,0,'0','1'),(86,'Saharsa','saharsa',4,105,NULL,0,'0','1'),(87,'Samastipur','samastipur',4,105,NULL,0,'0','1'),(88,'Sheohar','sheohar',4,105,NULL,0,'0','1'),(89,'Sheikhpura','sheikhpura',4,105,NULL,0,'0','1'),(90,'Saran','saran',4,105,NULL,0,'0','1'),(91,'Sitamarhi','sitamarhi',4,105,NULL,0,'0','1'),(92,'Supaul','supaul',4,105,NULL,0,'0','1'),(93,'Siwan','siwan',4,105,NULL,0,'0','1'),(94,'Vaishali','vaishali',4,105,NULL,0,'0','1'),(95,'Pashchim Champaran','pashchim-champaran',4,105,NULL,0,'0','1'),(96,'Bastar','bastar',36,105,NULL,0,'0','1'),(97,'Bilaspur','bilaspur',36,105,NULL,0,'0','1'),(98,'Dantewada','dantewada',36,105,NULL,0,'0','1'),(99,'Dhamtari','dhamtari',36,105,NULL,0,'0','1'),(100,'Durg','durg',36,105,NULL,0,'0','1'),(101,'Jashpur','jashpur',36,105,NULL,0,'0','1'),(102,'Janjgir-Champa','janjgir-champa',36,105,NULL,0,'0','1'),(103,'Korba','korba',36,105,NULL,0,'0','1'),(104,'Koriya','koriya',36,105,NULL,0,'0','1'),(105,'Kanker','kanker',36,105,NULL,0,'0','1'),(106,'Kawardha','kawardha',36,105,NULL,0,'0','1'),(107,'Mahasamund','mahasamund',36,105,NULL,0,'0','1'),(108,'Raigarh','raigarh',36,105,NULL,0,'0','1'),(109,'Rajnandgaon','rajnandgaon',36,105,NULL,0,'0','1'),(110,'Raipur','raipur',36,105,NULL,0,'0','1'),(111,'Surguja','surguja',36,105,NULL,0,'0','1'),(112,'Diu','diu',29,105,NULL,0,'0','1'),(113,'Daman','daman',29,105,NULL,0,'0','1'),(114,'Central Delhi','central-delhi',25,105,NULL,0,'0','0'),(115,'East Delhi','east-delhi',25,105,NULL,0,'0','0'),(116,'Delhi','delhi',25,105,'New_Delhi1301735462.jpg',1,'1','1'),(117,'North Delhi','north-delhi',25,105,NULL,0,'0','0'),(118,'North East Delhi','north-east-delhi',25,105,NULL,0,'0','0'),(119,'North West Delhi','north-west-delhi',25,105,NULL,0,'0','0'),(120,'South Delhi','south-delhi',25,105,NULL,0,'0','0'),(121,'South West Delhi','south-west-delhi',25,105,NULL,0,'0','0'),(122,'West Delhi','west-delhi',25,105,NULL,0,'0','0'),(123,'North Goa','north-goa',26,105,NULL,0,'0','0'),(124,'South Goa','south-goa',26,105,NULL,0,'0','0'),(125,'Ahmedabad','ahmedabad',5,105,'Ahmedabad2122202293.jpg',4,'1','1'),(126,'Amreli District','amreli-district',5,105,NULL,0,'0','1'),(127,'Anand','anand',5,105,NULL,0,'0','1'),(128,'Banaskantha','banaskantha',5,105,NULL,0,'0','1'),(129,'Bharuch','bharuch',5,105,NULL,0,'0','1'),(130,'Bhavnagar','bhavnagar',5,105,NULL,0,'0','1'),(131,'Dahod','dahod',5,105,NULL,0,'0','1'),(132,'The Dangs','the-dangs',5,105,NULL,0,'0','1'),(133,'Gandhinagar','gandhinagar',5,105,NULL,0,'0','1'),(134,'Jamnagar','jamnagar',5,105,NULL,0,'0','1'),(135,'Junagadh','junagadh',5,105,NULL,0,'0','1'),(136,'Kutch','kutch',5,105,NULL,0,'0','1'),(137,'Kheda','kheda',5,105,NULL,0,'0','1'),(138,'Mehsana','mehsana',5,105,NULL,0,'0','1'),(139,'Narmada','narmada',5,105,NULL,0,'0','1'),(140,'Navsari','navsari',5,105,NULL,0,'0','1'),(141,'Patan','patan',5,105,NULL,0,'0','1'),(142,'Panchmahal','panchmahal',5,105,NULL,0,'0','1'),(143,'Porbandar','porbandar',5,105,NULL,0,'0','1'),(144,'Rajkot','rajkot',5,105,NULL,0,'0','1'),(145,'Sabarkantha','sabarkantha',5,105,NULL,0,'0','1'),(146,'Surendranagar','surendranagar',5,105,NULL,0,'0','1'),(147,'Surat','surat',5,105,'Surat1278305173.jpg',3,'1','1'),(148,'Vadodara','vadodara',5,105,NULL,0,'0','1'),(149,'Valsad','valsad',5,105,NULL,0,'0','1'),(150,'Ambala','ambala',6,105,NULL,0,'0','1'),(151,'Bhiwani','bhiwani',6,105,NULL,0,'0','1'),(152,'Faridabad','faridabad',6,105,NULL,0,'0','1'),(153,'Fatehabad','fatehabad',6,105,NULL,0,'0','1'),(154,'Gurgaon','gurgaon',6,105,NULL,0,'0','1'),(155,'Hissar','hissar',6,105,NULL,0,'0','1'),(156,'Jhajjar','jhajjar',6,105,NULL,0,'0','1'),(157,'Jind','jind',6,105,NULL,0,'0','1'),(158,'Karnal','karnal',6,105,NULL,0,'0','1'),(159,'Kaithal','kaithal',6,105,NULL,0,'0','1'),(160,'Kurukshetra','kurukshetra',6,105,NULL,0,'0','1'),(161,'Mahendragarh','mahendragarh',6,105,NULL,0,'0','1'),(162,'Mewat','mewat',6,105,NULL,0,'0','1'),(163,'Panchkula','panchkula',6,105,NULL,0,'0','1'),(164,'Panipat','panipat',6,105,NULL,0,'0','1'),(165,'Rewari','rewari',6,105,NULL,0,'0','1'),(166,'Rohtak','rohtak',6,105,NULL,0,'0','1'),(167,'Sirsa','sirsa',6,105,NULL,0,'0','1'),(168,'Sonepat','sonepat',6,105,NULL,0,'0','1'),(169,'Yamuna Nagar','yamuna-nagar',6,105,NULL,0,'0','1'),(170,'Palwal','palwal',6,105,NULL,0,'0','1'),(171,'Bilaspur','bilaspur',7,105,NULL,0,'0','1'),(172,'Chamba','chamba',7,105,NULL,0,'0','1'),(173,'Hamirpur','hamirpur',7,105,NULL,0,'0','1'),(174,'Kangra','kangra',7,105,NULL,0,'0','1'),(175,'Kinnaur','kinnaur',7,105,NULL,0,'0','1'),(176,'Kulu','kulu',7,105,NULL,0,'0','1'),(177,'Lahaul and Spiti','lahaul-and-spiti',7,105,NULL,0,'0','1'),(178,'Mandi','mandi',7,105,NULL,0,'0','1'),(179,'Shimla','shimla',7,105,NULL,0,'0','1'),(180,'Sirmaur','sirmaur',7,105,NULL,0,'0','1'),(181,'Solan','solan',7,105,NULL,0,'0','1'),(182,'Una','una',7,105,NULL,0,'0','1'),(183,'Anantnag','anantnag',8,105,NULL,0,'0','1'),(184,'Badgam','badgam',8,105,NULL,0,'0','1'),(185,'Bandipore','bandipore',8,105,NULL,0,'0','1'),(186,'Baramula','baramula',8,105,NULL,0,'0','1'),(187,'Doda','doda',8,105,NULL,0,'0','1'),(188,'Jammu','jammu',8,105,NULL,0,'0','1'),(189,'Kargil','kargil',8,105,NULL,0,'0','1'),(190,'Kathua','kathua',8,105,NULL,0,'0','1'),(191,'Kupwara','kupwara',8,105,NULL,0,'0','1'),(192,'Leh','leh',8,105,NULL,0,'0','1'),(193,'Poonch','poonch',8,105,NULL,0,'0','1'),(194,'Pulwama','pulwama',8,105,NULL,0,'0','1'),(195,'Rajauri','rajauri',8,105,NULL,0,'0','1'),(196,'Srinagar','srinagar',8,105,NULL,0,'0','1'),(197,'Samba','samba',8,105,NULL,0,'0','1'),(198,'Udhampur','udhampur',8,105,NULL,0,'0','1'),(199,'Bokaro','bokaro',34,105,NULL,0,'0','1'),(200,'Chatra','chatra',34,105,NULL,0,'0','1'),(201,'Deoghar','deoghar',34,105,NULL,0,'0','1'),(202,'Dhanbad','dhanbad',34,105,NULL,0,'0','1'),(203,'Dumka','dumka',34,105,NULL,0,'0','1'),(204,'Purba Singhbhum','purba-singhbhum',34,105,NULL,0,'0','1'),(205,'Garhwa','garhwa',34,105,NULL,0,'0','1'),(206,'Giridih','giridih',34,105,NULL,0,'0','1'),(207,'Godda','godda',34,105,NULL,0,'0','1'),(208,'Gumla','gumla',34,105,NULL,0,'0','1'),(209,'Hazaribagh','hazaribagh',34,105,NULL,0,'0','1'),(210,'Koderma','koderma',34,105,NULL,0,'0','1'),(211,'Lohardaga','lohardaga',34,105,NULL,0,'0','1'),(212,'Pakur','pakur',34,105,NULL,0,'0','1'),(213,'Palamu','palamu',34,105,NULL,0,'0','1'),(214,'Ranchi','ranchi',34,105,NULL,0,'0','1'),(215,'Sahibganj','sahibganj',34,105,NULL,0,'0','1'),(216,'Seraikela and Kharsawan','seraikela-and-kharsawan',34,105,NULL,0,'0','1'),(217,'Pashchim Singhbhum','pashchim-singhbhum',34,105,NULL,0,'0','1'),(218,'Ramgarh','ramgarh',34,105,NULL,0,'0','1'),(219,'Bidar','bidar',9,105,NULL,0,'0','1'),(220,'Belgaum','belgaum',9,105,NULL,0,'0','1'),(221,'Bijapur','bijapur',9,105,NULL,0,'0','1'),(222,'Bagalkot','bagalkot',9,105,NULL,0,'0','1'),(223,'Bellary','bellary',9,105,NULL,0,'0','1'),(224,'Bangalore Rural District','bangalore-rural-district',9,105,NULL,0,'0','1'),(225,'Bangalore','bangalore',9,105,'Bangalore1743331673.jpg',5,'1','1'),(226,'Chamarajnagar','chamarajnagar',9,105,NULL,0,'0','1'),(227,'Chikmagalur','chikmagalur',9,105,NULL,0,'0','1'),(228,'Chitradurga','chitradurga',9,105,NULL,0,'0','1'),(229,'Davanagere','davanagere',9,105,NULL,0,'0','1'),(230,'Dharwad','dharwad',9,105,NULL,0,'0','1'),(231,'Dakshina Kannada','dakshina-kannada',9,105,NULL,0,'0','1'),(232,'Gadag','gadag',9,105,NULL,0,'0','1'),(233,'Gulbarga','gulbarga',9,105,NULL,0,'0','1'),(234,'Hassan','hassan',9,105,NULL,0,'0','1'),(235,'Haveri District','haveri-district',9,105,NULL,0,'0','1'),(236,'Kodagu','kodagu',9,105,NULL,0,'0','1'),(237,'Kolar','kolar',9,105,NULL,0,'0','1'),(238,'Koppal','koppal',9,105,NULL,0,'0','1'),(239,'Mandya','mandya',9,105,NULL,0,'0','1'),(240,'Mysore','mysore',9,105,NULL,0,'0','1'),(241,'Raichur','raichur',9,105,NULL,0,'0','1'),(242,'Shimoga','shimoga',9,105,NULL,0,'0','1'),(243,'Tumkur','tumkur',9,105,NULL,0,'0','1'),(244,'Udupi','udupi',9,105,NULL,0,'0','1'),(245,'Uttara Kannada','uttara-kannada',9,105,NULL,0,'0','1'),(246,'Ramanagara','ramanagara',9,105,NULL,0,'0','1'),(247,'Chikballapur','chikballapur',9,105,NULL,0,'0','1'),(248,'Yadagiri','yadagiri',9,105,NULL,0,'0','1'),(249,'Alappuzha','alappuzha',10,105,NULL,0,'0','1'),(250,'Ernakulam','ernakulam',10,105,NULL,0,'0','1'),(251,'Idukki','idukki',10,105,NULL,0,'0','1'),(252,'Kollam','kollam',10,105,NULL,0,'0','1'),(253,'Kannur','kannur',10,105,NULL,0,'0','1'),(254,'Kasaragod','kasaragod',10,105,NULL,0,'0','1'),(255,'Kottayam','kottayam',10,105,NULL,0,'0','1'),(256,'Kozhikode','kozhikode',10,105,NULL,0,'0','1'),(257,'Malappuram','malappuram',10,105,NULL,0,'0','1'),(258,'Palakkad','palakkad',10,105,NULL,0,'0','1'),(259,'Pathanamthitta','pathanamthitta',10,105,NULL,0,'0','1'),(260,'Thrissur','thrissur',10,105,NULL,0,'0','1'),(261,'Thiruvananthapuram','thiruvananthapuram',10,105,NULL,0,'0','1'),(262,'Wayanad','wayanad',10,105,NULL,0,'0','1'),(263,'Alirajpur','alirajpur',11,105,NULL,0,'0','1'),(264,'Anuppur','anuppur',11,105,NULL,0,'0','1'),(265,'Ashok Nagar','ashok-nagar',11,105,NULL,0,'0','1'),(266,'Balaghat','balaghat',11,105,NULL,0,'0','1'),(267,'Barwani','barwani',11,105,NULL,0,'0','1'),(268,'Betul','betul',11,105,NULL,0,'0','1'),(269,'Bhind','bhind',11,105,NULL,0,'0','1'),(270,'Bhopal','bhopal',11,105,NULL,0,'0','1'),(271,'Burhanpur','burhanpur',11,105,NULL,0,'0','1'),(272,'Chhatarpur','chhatarpur',11,105,NULL,0,'0','1'),(273,'Chhindwara','chhindwara',11,105,NULL,0,'0','1'),(274,'Damoh','damoh',11,105,NULL,0,'0','1'),(275,'Datia','datia',11,105,NULL,0,'0','1'),(276,'Dewas','dewas',11,105,NULL,0,'0','1'),(277,'Dhar','dhar',11,105,NULL,0,'0','1'),(278,'Dindori','dindori',11,105,NULL,0,'0','1'),(279,'Guna','guna',11,105,NULL,0,'0','1'),(280,'Gwalior','gwalior',11,105,NULL,0,'0','1'),(281,'Harda','harda',11,105,NULL,0,'0','1'),(282,'Hoshangabad','hoshangabad',11,105,NULL,0,'0','1'),(283,'Indore','indore',11,105,NULL,0,'0','1'),(284,'Jabalpur','jabalpur',11,105,NULL,0,'0','1'),(285,'Jhabua','jhabua',11,105,NULL,0,'0','1'),(286,'Katni','katni',11,105,NULL,0,'0','1'),(287,'Khandwa','khandwa',11,105,NULL,0,'0','1'),(288,'Khargone','khargone',11,105,NULL,0,'0','1'),(289,'Mandla','mandla',11,105,NULL,0,'0','1'),(290,'Mandsaur','mandsaur',11,105,NULL,0,'0','1'),(291,'Morena','morena',11,105,NULL,0,'0','1'),(292,'Narsinghpur','narsinghpur',11,105,NULL,0,'0','1'),(293,'Neemuch','neemuch',11,105,NULL,0,'0','1'),(294,'Panna','panna',11,105,NULL,0,'0','1'),(295,'Rewa','rewa',11,105,NULL,0,'0','1'),(296,'Rajgarh','rajgarh',11,105,NULL,0,'0','1'),(297,'Ratlam','ratlam',11,105,NULL,0,'0','1'),(298,'Raisen','raisen',11,105,NULL,0,'0','1'),(299,'Sagar','sagar',11,105,NULL,0,'0','1'),(300,'Satna','satna',11,105,NULL,0,'0','1'),(301,'Sehore','sehore',11,105,NULL,0,'0','1'),(302,'Seoni','seoni',11,105,NULL,0,'0','1'),(303,'Shahdol','shahdol',11,105,NULL,0,'0','1'),(304,'Shajapur','shajapur',11,105,NULL,0,'0','1'),(305,'Sheopur','sheopur',11,105,NULL,0,'0','1'),(306,'Shivpuri','shivpuri',11,105,NULL,0,'0','1'),(307,'Sidhi','sidhi',11,105,NULL,0,'0','1'),(308,'Singrauli','singrauli',11,105,NULL,0,'0','1'),(309,'Tikamgarh','tikamgarh',11,105,NULL,0,'0','1'),(310,'Ujjain','ujjain',11,105,NULL,0,'0','1'),(311,'Umaria','umaria',11,105,NULL,0,'0','1'),(312,'Vidisha','vidisha',11,105,NULL,0,'0','1'),(313,'Ahmednagar','ahmednagar',12,105,NULL,0,'0','1'),(314,'Akola','akola',12,105,NULL,0,'0','1'),(315,'Amrawati','amrawati',12,105,NULL,0,'0','1'),(316,'Aurangabad','aurangabad',12,105,NULL,0,'0','1'),(317,'Bhandara','bhandara',12,105,NULL,0,'0','1'),(318,'Beed','beed',12,105,NULL,0,'0','1'),(319,'Buldhana','buldhana',12,105,NULL,0,'0','1'),(320,'Chandrapur','chandrapur',12,105,NULL,0,'0','1'),(321,'Dhule','dhule',12,105,NULL,0,'0','1'),(322,'Gadchiroli','gadchiroli',12,105,NULL,0,'0','1'),(323,'Gondiya','gondiya',12,105,NULL,0,'0','1'),(324,'Hingoli','hingoli',12,105,NULL,0,'0','1'),(325,'Jalgaon','jalgaon',12,105,NULL,0,'0','1'),(326,'Jalna','jalna',12,105,NULL,0,'0','1'),(327,'Kolhapur','kolhapur',12,105,NULL,0,'0','1'),(328,'Latur','latur',12,105,NULL,0,'0','1'),(329,'Mumbai','mumbai',12,105,'Mumbai1743621291.jpg',2,'1','1'),(330,'Mumbai suburban','mumbai-suburban',12,105,NULL,0,'0','0'),(331,'Nandurbar','nandurbar',12,105,NULL,0,'0','1'),(332,'Nanded','nanded',12,105,NULL,0,'0','1'),(333,'Nagpur','nagpur',12,105,NULL,0,'0','1'),(334,'Nashik','nashik',12,105,NULL,0,'0','1'),(335,'Osmanabad','osmanabad',12,105,NULL,0,'0','1'),(336,'Parbhani','parbhani',12,105,NULL,0,'0','1'),(337,'Pune','pune',12,105,'Pune1660786300.jpg',7,'1','1'),(338,'Raigad','raigad',12,105,NULL,0,'0','1'),(339,'Ratnagiri','ratnagiri',12,105,NULL,0,'0','1'),(340,'Sindhudurg','sindhudurg',12,105,NULL,0,'0','1'),(341,'Sangli','sangli',12,105,NULL,0,'0','1'),(342,'Solapur','solapur',12,105,NULL,0,'0','1'),(343,'Satara','satara',12,105,NULL,0,'0','1'),(344,'Thane','thane',12,105,NULL,0,'0','1'),(345,'Wardha','wardha',12,105,NULL,0,'0','1'),(346,'Washim','washim',12,105,NULL,0,'0','1'),(347,'Yavatmal','yavatmal',12,105,NULL,0,'0','1'),(348,'Bishnupur','bishnupur',13,105,NULL,0,'0','1'),(349,'Churachandpur','churachandpur',13,105,NULL,0,'0','1'),(350,'Chandel','chandel',13,105,NULL,0,'0','1'),(351,'Imphal East','imphal-east',13,105,NULL,0,'0','1'),(352,'Senapati','senapati',13,105,NULL,0,'0','1'),(353,'Tamenglong','tamenglong',13,105,NULL,0,'0','1'),(354,'Thoubal','thoubal',13,105,NULL,0,'0','1'),(355,'Ukhrul','ukhrul',13,105,NULL,0,'0','1'),(356,'Imphal West','imphal-west',13,105,NULL,0,'0','1'),(357,'East Garo Hills','east-garo-hills',14,105,NULL,0,'0','1'),(358,'East Khasi Hills','east-khasi-hills',14,105,NULL,0,'0','1'),(359,'Jaintia Hills','jaintia-hills',14,105,NULL,0,'0','1'),(360,'Ri-Bhoi','ri-bhoi',14,105,NULL,0,'0','1'),(361,'South Garo Hills','south-garo-hills',14,105,NULL,0,'0','1'),(362,'West Garo Hills','west-garo-hills',14,105,NULL,0,'0','1'),(363,'West Khasi Hills','west-khasi-hills',14,105,NULL,0,'0','1'),(364,'Aizawl','aizawl',15,105,NULL,0,'0','1'),(365,'Champhai','champhai',15,105,NULL,0,'0','1'),(366,'Kolasib','kolasib',15,105,NULL,0,'0','1'),(367,'Lawngtlai','lawngtlai',15,105,NULL,0,'0','1'),(368,'Lunglei','lunglei',15,105,NULL,0,'0','1'),(369,'Mamit','mamit',15,105,NULL,0,'0','1'),(370,'Saiha','saiha',15,105,NULL,0,'0','1'),(371,'Serchhip','serchhip',15,105,NULL,0,'0','1'),(372,'Dimapur','dimapur',16,105,NULL,0,'0','1'),(373,'Kohima','kohima',16,105,NULL,0,'0','1'),(374,'Mokokchung','mokokchung',16,105,NULL,0,'0','1'),(375,'Mon','mon',16,105,NULL,0,'0','1'),(376,'Phek','phek',16,105,NULL,0,'0','1'),(377,'Tuensang','tuensang',16,105,NULL,0,'0','1'),(378,'Wokha','wokha',16,105,NULL,0,'0','1'),(379,'Zunheboto','zunheboto',16,105,NULL,0,'0','1'),(380,'Angul','angul',17,105,NULL,0,'0','1'),(381,'Boudh','boudh',17,105,NULL,0,'0','1'),(382,'Bhadrak','bhadrak',17,105,NULL,0,'0','1'),(383,'Bolangir','bolangir',17,105,NULL,0,'0','1'),(384,'Bargarh','bargarh',17,105,NULL,0,'0','1'),(385,'Baleswar','baleswar',17,105,NULL,0,'0','1'),(386,'Cuttack','cuttack',17,105,NULL,0,'0','1'),(387,'Debagarh','debagarh',17,105,NULL,0,'0','1'),(388,'Dhenkanal','dhenkanal',17,105,NULL,0,'0','1'),(389,'Ganjam','ganjam',17,105,NULL,0,'0','1'),(390,'Gajapati','gajapati',17,105,NULL,0,'0','1'),(391,'Jharsuguda','jharsuguda',17,105,NULL,0,'0','1'),(392,'Jajapur','jajapur',17,105,NULL,0,'0','1'),(393,'Jagatsinghpur','jagatsinghpur',17,105,NULL,0,'0','1'),(394,'Khordha','khordha',17,105,NULL,0,'0','1'),(395,'Kendujhar','kendujhar',17,105,NULL,0,'0','1'),(396,'Kalahandi','kalahandi',17,105,NULL,0,'0','1'),(397,'Kandhamal','kandhamal',17,105,NULL,0,'0','1'),(398,'Koraput','koraput',17,105,NULL,0,'0','1'),(399,'Kendrapara','kendrapara',17,105,NULL,0,'0','1'),(400,'Malkangiri','malkangiri',17,105,NULL,0,'0','1'),(401,'Mayurbhanj','mayurbhanj',17,105,NULL,0,'0','1'),(402,'Nabarangpur','nabarangpur',17,105,NULL,0,'0','1'),(403,'Nuapada','nuapada',17,105,NULL,0,'0','1'),(404,'Nayagarh','nayagarh',17,105,NULL,0,'0','1'),(405,'Puri','puri',17,105,NULL,0,'0','1'),(406,'Rayagada','rayagada',17,105,NULL,0,'0','1'),(407,'Sambalpur','sambalpur',17,105,NULL,0,'0','1'),(408,'Subarnapur','subarnapur',17,105,NULL,0,'0','1'),(409,'Sundargarh','sundargarh',17,105,NULL,0,'0','1'),(410,'Karaikal','karaikal',27,105,NULL,0,'0','1'),(411,'Mahe','mahe',27,105,NULL,0,'0','1'),(412,'Puducherry','puducherry',27,105,NULL,0,'0','1'),(413,'Yanam','yanam',27,105,NULL,0,'0','1'),(414,'Amritsar','amritsar',18,105,NULL,0,'0','1'),(415,'Bathinda','bathinda',18,105,NULL,0,'0','1'),(416,'Firozpur','firozpur',18,105,NULL,0,'0','1'),(417,'Faridkot','faridkot',18,105,NULL,0,'0','1'),(418,'Fatehgarh Sahib','fatehgarh-sahib',18,105,NULL,0,'0','1'),(419,'Gurdaspur','gurdaspur',18,105,NULL,0,'0','1'),(420,'Hoshiarpur','hoshiarpur',18,105,NULL,0,'0','1'),(421,'Jalandhar','jalandhar',18,105,NULL,0,'0','1'),(422,'Kapurthala','kapurthala',18,105,NULL,0,'0','1'),(423,'Ludhiana','ludhiana',18,105,NULL,0,'0','1'),(424,'Mansa','mansa',18,105,NULL,0,'0','1'),(425,'Moga','moga',18,105,NULL,0,'0','1'),(426,'Mukatsar','mukatsar',18,105,NULL,0,'0','1'),(427,'Nawan Shehar','nawan-shehar',18,105,NULL,0,'0','1'),(428,'Patiala','patiala',18,105,NULL,0,'0','1'),(429,'Rupnagar','rupnagar',18,105,NULL,0,'0','1'),(430,'Sangrur','sangrur',18,105,NULL,0,'0','1'),(431,'Ajmer','ajmer',19,105,NULL,0,'0','1'),(432,'Alwar','alwar',19,105,NULL,0,'0','1'),(433,'Bikaner','bikaner',19,105,NULL,0,'0','1'),(434,'Barmer','barmer',19,105,NULL,0,'0','1'),(435,'Banswara','banswara',19,105,NULL,0,'0','1'),(436,'Bharatpur','bharatpur',19,105,NULL,0,'0','1'),(437,'Baran','baran',19,105,NULL,0,'0','1'),(438,'Bundi','bundi',19,105,NULL,0,'0','1'),(439,'Bhilwara','bhilwara',19,105,NULL,0,'0','1'),(440,'Churu','churu',19,105,NULL,0,'0','1'),(441,'Chittorgarh','chittorgarh',19,105,NULL,0,'0','1'),(442,'Dausa','dausa',19,105,NULL,0,'0','1'),(443,'Dholpur','dholpur',19,105,NULL,0,'0','1'),(444,'Dungapur','dungapur',19,105,NULL,0,'0','1'),(445,'Ganganagar','ganganagar',19,105,NULL,0,'0','1'),(446,'Hanumangarh','hanumangarh',19,105,NULL,0,'0','1'),(447,'Juhnjhunun','juhnjhunun',19,105,NULL,0,'0','1'),(448,'Jalore','jalore',19,105,NULL,0,'0','1'),(449,'Jodhpur','jodhpur',19,105,NULL,0,'0','1'),(450,'Jaipur','jaipur',19,105,'Jaipur677575511.jpg',8,'1','1'),(451,'Jaisalmer','jaisalmer',19,105,NULL,0,'0','1'),(452,'Jhalawar','jhalawar',19,105,NULL,0,'0','1'),(453,'Karauli','karauli',19,105,NULL,0,'0','1'),(454,'Kota','kota',19,105,NULL,0,'0','1'),(455,'Nagaur','nagaur',19,105,NULL,0,'0','1'),(456,'Pali','pali',19,105,NULL,0,'0','1'),(457,'Pratapgarh','pratapgarh',19,105,NULL,0,'0','1'),(458,'Rajsamand','rajsamand',19,105,NULL,0,'0','1'),(459,'Sikar','sikar',19,105,NULL,0,'0','1'),(460,'Sawai Madhopur','sawai-madhopur',19,105,NULL,0,'0','1'),(461,'Sirohi','sirohi',19,105,NULL,0,'0','1'),(462,'Tonk','tonk',19,105,NULL,0,'0','1'),(463,'Udaipur','udaipur',19,105,NULL,0,'0','1'),(464,'East Sikkim','east-sikkim',20,105,NULL,0,'0','1'),(465,'North Sikkim','north-sikkim',20,105,NULL,0,'0','1'),(466,'South Sikkim','south-sikkim',20,105,NULL,0,'0','1'),(467,'West Sikkim','west-sikkim',20,105,NULL,0,'0','1'),(468,'Ariyalur','ariyalur',21,105,NULL,0,'0','1'),(469,'Chennai','chennai',21,105,'Chennai1008321827.jpg',9,'1','1'),(470,'Coimbatore','coimbatore',21,105,NULL,0,'0','1'),(471,'Cuddalore','cuddalore',21,105,NULL,0,'0','1'),(472,'Dharmapuri','dharmapuri',21,105,NULL,0,'0','1'),(473,'Dindigul','dindigul',21,105,NULL,0,'0','1'),(474,'Erode','erode',21,105,NULL,0,'0','1'),(475,'Kanchipuram','kanchipuram',21,105,NULL,0,'0','1'),(476,'Kanyakumari','kanyakumari',21,105,NULL,0,'0','1'),(477,'Karur','karur',21,105,NULL,0,'0','1'),(478,'Madurai','madurai',21,105,NULL,0,'0','1'),(479,'Nagapattinam','nagapattinam',21,105,NULL,0,'0','1'),(480,'The Nilgiris','the-nilgiris',21,105,NULL,0,'0','1'),(481,'Namakkal','namakkal',21,105,NULL,0,'0','1'),(482,'Perambalur','perambalur',21,105,NULL,0,'0','1'),(483,'Pudukkottai','pudukkottai',21,105,NULL,0,'0','1'),(484,'Ramanathapuram','ramanathapuram',21,105,NULL,0,'0','1'),(485,'Salem','salem',21,105,NULL,0,'0','1'),(486,'Sivagangai','sivagangai',21,105,NULL,0,'0','1'),(487,'Tiruppur','tiruppur',21,105,NULL,0,'0','1'),(488,'Tiruchirappalli','tiruchirappalli',21,105,NULL,0,'0','1'),(489,'Theni','theni',21,105,NULL,0,'0','1'),(490,'Tirunelveli','tirunelveli',21,105,NULL,0,'0','1'),(491,'Thanjavur','thanjavur',21,105,NULL,0,'0','1'),(492,'Thoothukudi','thoothukudi',21,105,NULL,0,'0','1'),(493,'Thiruvallur','thiruvallur',21,105,NULL,0,'0','1'),(494,'Thiruvarur','thiruvarur',21,105,NULL,0,'0','1'),(495,'Tiruvannamalai','tiruvannamalai',21,105,NULL,0,'0','1'),(496,'Vellore','vellore',21,105,NULL,0,'0','1'),(497,'Villupuram','villupuram',21,105,NULL,0,'0','1'),(498,'Dhalai','dhalai',22,105,NULL,0,'0','1'),(499,'North Tripura','north-tripura',22,105,NULL,0,'0','1'),(500,'South Tripura','south-tripura',22,105,NULL,0,'0','1'),(501,'West Tripura','west-tripura',22,105,NULL,0,'0','1'),(502,'Almora','almora',33,105,NULL,0,'0','1'),(503,'Bageshwar','bageshwar',33,105,NULL,0,'0','1'),(504,'Chamoli','chamoli',33,105,NULL,0,'0','1'),(505,'Champawat','champawat',33,105,NULL,0,'0','1'),(506,'Dehradun','dehradun',33,105,NULL,0,'0','1'),(507,'Haridwar','haridwar',33,105,NULL,0,'0','1'),(508,'Nainital','nainital',33,105,NULL,0,'0','1'),(509,'Pauri Garhwal','pauri-garhwal',33,105,NULL,0,'0','1'),(510,'Pithoragharh','pithoragharh',33,105,NULL,0,'0','1'),(511,'Rudraprayag','rudraprayag',33,105,NULL,0,'0','1'),(512,'Tehri Garhwal','tehri-garhwal',33,105,NULL,0,'0','1'),(513,'Udham Singh Nagar','udham-singh-nagar',33,105,NULL,0,'0','1'),(514,'Uttarkashi','uttarkashi',33,105,NULL,0,'0','1'),(515,'Agra','agra',23,105,NULL,0,'0','1'),(516,'Allahabad','allahabad',23,105,NULL,0,'0','1'),(517,'Aligarh','aligarh',23,105,NULL,0,'0','1'),(518,'Ambedkar Nagar','ambedkar-nagar',23,105,NULL,0,'0','1'),(519,'Auraiya','auraiya',23,105,NULL,0,'0','1'),(520,'Azamgarh','azamgarh',23,105,NULL,0,'0','1'),(521,'Barabanki','barabanki',23,105,NULL,0,'0','1'),(522,'Badaun','badaun',23,105,NULL,0,'0','1'),(523,'Bagpat','bagpat',23,105,NULL,0,'0','1'),(524,'Bahraich','bahraich',23,105,NULL,0,'0','1'),(525,'Bijnor','bijnor',23,105,NULL,0,'0','1'),(526,'Ballia','ballia',23,105,NULL,0,'0','1'),(527,'Banda','banda',23,105,NULL,0,'0','1'),(528,'Balrampur','balrampur',23,105,NULL,0,'0','1'),(529,'Bareilly','bareilly',23,105,NULL,0,'0','1'),(530,'Basti','basti',23,105,NULL,0,'0','1'),(531,'Bulandshahr','bulandshahr',23,105,NULL,0,'0','1'),(532,'Chandauli','chandauli',23,105,NULL,0,'0','1'),(533,'Chitrakoot','chitrakoot',23,105,NULL,0,'0','1'),(534,'Deoria','deoria',23,105,NULL,0,'0','1'),(535,'Etah','etah',23,105,NULL,0,'0','1'),(536,'Kanshiram Nagar','kanshiram-nagar',23,105,NULL,0,'0','1'),(537,'Etawah','etawah',23,105,NULL,0,'0','1'),(538,'Firozabad','firozabad',23,105,NULL,0,'0','1'),(539,'Farrukhabad','farrukhabad',23,105,NULL,0,'0','1'),(540,'Fatehpur','fatehpur',23,105,NULL,0,'0','1'),(541,'Faizabad','faizabad',23,105,NULL,0,'0','1'),(542,'Gautam Buddha Nagar','gautam-buddha-nagar',23,105,NULL,0,'0','1'),(543,'Gonda','gonda',23,105,NULL,0,'0','1'),(544,'Ghazipur','ghazipur',23,105,NULL,0,'0','1'),(545,'Gorkakhpur','gorkakhpur',23,105,NULL,0,'0','1'),(546,'Ghaziabad','ghaziabad',23,105,NULL,0,'0','1'),(547,'Hamirpur','hamirpur',23,105,NULL,0,'0','1'),(548,'Hardoi','hardoi',23,105,NULL,0,'0','1'),(549,'Mahamaya Nagar','mahamaya-nagar',23,105,NULL,0,'0','1'),(550,'Jhansi','jhansi',23,105,NULL,0,'0','1'),(551,'Jalaun','jalaun',23,105,NULL,0,'0','1'),(552,'Jyotiba Phule Nagar','jyotiba-phule-nagar',23,105,NULL,0,'0','1'),(553,'Jaunpur District','jaunpur-district',23,105,NULL,0,'0','1'),(554,'Kanpur Dehat','kanpur-dehat',23,105,NULL,0,'0','1'),(555,'Kannauj','kannauj',23,105,NULL,0,'0','1'),(556,'Kanpur Nagar','kanpur-nagar',23,105,NULL,0,'0','1'),(557,'Kaushambi','kaushambi',23,105,NULL,0,'0','1'),(558,'Kushinagar','kushinagar',23,105,NULL,0,'0','1'),(559,'Lalitpur','lalitpur',23,105,NULL,0,'0','1'),(560,'Lakhimpur Kheri','lakhimpur-kheri',23,105,NULL,0,'0','1'),(561,'Lucknow','lucknow',23,105,NULL,0,'0','1'),(562,'Mau','mau',23,105,NULL,0,'0','1'),(563,'Meerut','meerut',23,105,NULL,0,'0','1'),(564,'Maharajganj','maharajganj',23,105,NULL,0,'0','1'),(565,'Mahoba','mahoba',23,105,NULL,0,'0','1'),(566,'Mirzapur','mirzapur',23,105,NULL,0,'0','1'),(567,'Moradabad','moradabad',23,105,NULL,0,'0','1'),(568,'Mainpuri','mainpuri',23,105,NULL,0,'0','1'),(569,'Mathura','mathura',23,105,NULL,0,'0','1'),(570,'Muzaffarnagar','muzaffarnagar',23,105,NULL,0,'0','1'),(571,'Pilibhit','pilibhit',23,105,NULL,0,'0','1'),(572,'Pratapgarh','pratapgarh',23,105,NULL,0,'0','1'),(573,'Rampur','rampur',23,105,NULL,0,'0','1'),(574,'Rae Bareli','rae-bareli',23,105,NULL,0,'0','1'),(575,'Saharanpur','saharanpur',23,105,NULL,0,'0','1'),(576,'Sitapur','sitapur',23,105,NULL,0,'0','1'),(577,'Shahjahanpur','shahjahanpur',23,105,NULL,0,'0','1'),(578,'Sant Kabir Nagar','sant-kabir-nagar',23,105,NULL,0,'0','1'),(579,'Siddharthnagar','siddharthnagar',23,105,NULL,0,'0','1'),(580,'Sonbhadra','sonbhadra',23,105,NULL,0,'0','1'),(581,'Sant Ravidas Nagar','sant-ravidas-nagar',23,105,NULL,0,'0','1'),(582,'Sultanpur','sultanpur',23,105,NULL,0,'0','1'),(583,'Shravasti','shravasti',23,105,NULL,0,'0','1'),(584,'Unnao','unnao',23,105,NULL,0,'0','1'),(585,'Varanasi','varanasi',23,105,NULL,0,'0','1'),(586,'Birbhum','birbhum',24,105,NULL,0,'0','1'),(587,'Bankura','bankura',24,105,NULL,0,'0','1'),(588,'Bardhaman','bardhaman',24,105,NULL,0,'0','1'),(589,'Darjeeling','darjeeling',24,105,NULL,0,'0','1'),(590,'Dakshin Dinajpur','dakshin-dinajpur',24,105,NULL,0,'0','1'),(591,'Hooghly','hooghly',24,105,NULL,0,'0','1'),(592,'Howrah','howrah',24,105,NULL,0,'0','1'),(593,'Jalpaiguri','jalpaiguri',24,105,NULL,0,'0','1'),(594,'Cooch Behar','cooch-behar',24,105,NULL,0,'0','1'),(595,'Kolkata','kolkata',24,105,'Kolkata210382450.jpg',10,'1','1'),(596,'Malda','malda',24,105,NULL,0,'0','1'),(597,'Midnapore','midnapore',24,105,NULL,0,'0','1'),(598,'Murshidabad','murshidabad',24,105,NULL,0,'0','1'),(599,'Nadia','nadia',24,105,NULL,0,'0','1'),(600,'North 24 Parganas','north-24-parganas',24,105,NULL,0,'0','1'),(601,'South 24 Parganas','south-24-parganas',24,105,NULL,0,'0','1'),(602,'Purulia','purulia',24,105,NULL,0,'0','1'),(603,'Uttar Dinajpur','uttar-dinajpur',24,105,NULL,0,'0','1'),(604,'Bhubaneswar','bhubaneswar',17,105,NULL,0,'0','1'),(605,'Bastar','bastar',35,105,'',0,'0','1'),(606,'Bijapur','bijapur',35,105,'',0,'0','1'),(607,'Bilaspur','bilaspur',35,105,'',0,'0','1'),(608,'Dantewada','dantewada',35,105,'',0,'0','1'),(609,'Dhamtari','dhamtari',35,105,'',0,'0','1'),(610,'Bhilai Durg','bhilai-durg',35,105,'',0,'0','1'),(611,'Janjgir Champa','janjgir-champa',35,105,'',0,'0','1'),(612,'Jashpur','jashpur',35,105,'',0,'0','1'),(613,'Kabeerdham','kabeerdham',35,105,'',0,'0','1'),(614,'Korba','korba',35,105,'',0,'0','1'),(615,'Koriya','koriya',35,105,'',0,'0','1'),(616,'Mahasamund','mahasamund',35,105,'',0,'0','1'),(617,'Narayanpur','narayanpur',35,105,'',0,'0','1'),(618,'Raigarh','raigarh',35,105,'',0,'0','1'),(619,'Raipur','raipur',35,105,'',0,'0','1'),(620,'Rajnandgaon','rajnandgaon',35,105,'',0,'0','1'),(621,'Sarguja','sarguja',35,105,'',0,'0','1'),(622,'Kanker','kanker',35,105,'',0,'0','1'),(623,'Goa','goa',26,105,NULL,0,'0','1'),(624,'New Delhi','new-delhi',25,105,NULL,0,'0','0'),(625,'Noida','noida',23,105,NULL,0,'0','1'),(626,'Mainpuri','mainpuri',23,105,'',0,'0','1'),(627,'Kasganj','kasganj',23,105,'',0,'0','1');

--
-- Table structure for table `gm_companies`
--

CREATE TABLE `gm_companies` (
  `company_id` int(11) NOT NULL AUTO_INCREMENT,
  `member_id` int(11) NOT NULL,
  `company_name` varchar(255) NOT NULL,
  `business_category` varchar(255) NOT NULL,
  `selected_categories` text CHARACTER SET utf8mb4 COLLATE utf8mb4_unicode_ci,
  `selected_domestic_market` text CHARACTER SET utf8mb4 COLLATE utf8mb4_unicode_ci,
  `selected_international_market` text CHARACTER SET utf8mb4 COLLATE utf8mb4_unicode_ci,
  `company_ceo` varchar(100) DEFAULT NULL,
  `company_url` varchar(255) DEFAULT NULL,
  `url_change_count` int(11) NOT NULL DEFAULT '0',
  `domain_name` varchar(255) DEFAULT NULL,
  `company_logo` varchar(255) DEFAULT NULL,
  `company_brand` varchar(255) DEFAULT NULL,
  `primary_business_type` varchar(255) DEFAULT NULL,
  `secondary_business_type` varchar(255) DEFAULT NULL,
  `address_type` varchar(255) DEFAULT NULL,
  `address` text,
  `district` varchar(255) DEFAULT NULL,
  `city` varchar(100) DEFAULT NULL,
  `state` varchar(100) DEFAULT NULL,
  `country` varchar(100) DEFAULT NULL,
  `pincode` varchar(20) DEFAULT NULL,
  `landmark` varchar(100) DEFAULT NULL,
  `google_map_url` varchar(255) DEFAULT NULL,
  `factory_address_same` varchar(20) CHARACTER SET utf8mb4 COLLATE utf8mb4_unicode_ci DEFAULT NULL,
  `factory_country` varchar(100) DEFAULT NULL,
  `factory_pincode` varchar(20) DEFAULT NULL,
  `factory_state` varchar(100) DEFAULT NULL,
  `factory_district` varchar(100) DEFAULT NULL,
  `factory_address` text,
  `factory_landmark` varchar(255) DEFAULT NULL,
  `factory_map_url` varchar(255) DEFAULT NULL,
  `locality` varchar(100) DEFAULT NULL,
  `website` varchar(100) DEFAULT NULL,
  `established_year` varchar(50) DEFAULT NULL,
  `company_no_of_emp` varchar(100) DEFAULT NULL,
  `turnover` varchar(100) CHARACTER SET utf8mb4 COLLATE utf8mb4_unicode_ci DEFAULT NULL,
  `ownership_type` varchar(100) DEFAULT NULL,
  `company_gst` varchar(100) DEFAULT NULL,
  `company_pan` varchar(100) DEFAULT NULL,
  `company_tan` varchar(50) DEFAULT NULL,
  `company_cin` varchar(50) DEFAULT NULL,
  `company_desc` text,
  `account_no` varchar(100) DEFAULT NULL,
  `account_type` varchar(100) DEFAULT NULL,
  `account_name` varchar(100) DEFAULT NULL,
  `cancel_check` varchar(100) DEFAULT NULL,
  `ifsc_code` varchar(100) DEFAULT NULL,
  `bank_name` varchar(100) DEFAULT NULL,
  `bank_branch` varchar(100) DEFAULT NULL,
  `gst_doc` varchar(255) DEFAULT NULL,
  `adhar_front` varchar(255) DEFAULT NULL,
  `adhar_back` varchar(255) DEFAULT NULL,
  `pan_doc` varchar(255) DEFAULT NULL,
  `owner_photo` varchar(255) DEFAULT NULL,
  `factory_pic` varchar(255) DEFAULT NULL,
  `brouchure_doc` varchar(255) DEFAULT NULL,
  `iec_no` varchar(50) DEFAULT NULL,
  `iec_doc` varchar(255) DEFAULT NULL,
  `business_proof` varchar(255) DEFAULT NULL,
  `business_proof_doc` varchar(255) DEFAULT NULL,
  `business_address_proof` varchar(255) DEFAULT NULL,
  `business_address_proof_doc` varchar(255) DEFAULT NULL,
  `work_photo_1` varchar(255) DEFAULT NULL,
  `work_photo_2` varchar(255) DEFAULT NULL,
  `work_photo_3` varchar(255) DEFAULT NULL,
  `video_url_1` varchar(255) DEFAULT NULL,
  `video_url_2` varchar(255) DEFAULT NULL,
  `video_url_3` varchar(255) DEFAULT NULL,
  `contact_person_name` varchar(100) DEFAULT NULL,
  `designation` varchar(100) DEFAULT NULL,
  `designation_other` varchar(100) DEFAULT NULL,
  `ctry_code` varchar(20) DEFAULT NULL,
  `ctry_name` varchar(100) DEFAULT NULL,
  `ctry_iso` varchar(20) DEFAULT NULL,
  `mobile` varchar(50) DEFAULT NULL,
  `alt_ctry_code` varchar(20) DEFAULT NULL,
  `alt_ctry_name` varchar(100) DEFAULT NULL,
  `alt_ctry_iso` varchar(20) DEFAULT NULL,
  `alt_mobile` varchar(100) DEFAULT NULL,
  `email` varchar(100) DEFAULT NULL,
  `alt_email` varchar(100) DEFAULT NULL,
  `landline_ctry_code` varchar(10) DEFAULT NULL,
  `landline_ctry_name` varchar(100) DEFAULT NULL,
  `landline_ctry_iso` varchar(20) DEFAULT NULL,
  `landline_code` varchar(10) DEFAULT NULL,
  `landline` varchar(20) DEFAULT NULL,
  `alt_landline_ctry_name` varchar(100) DEFAULT NULL,
  `alt_landline_ctry_iso` varchar(20) DEFAULT NULL,
  `alt_landline_ctry_code` varchar(10) DEFAULT NULL,
  `alt_landline_code` varchar(10) DEFAULT NULL,
  `alt_landline` varchar(20) DEFAULT NULL,
  `cp_contact_same` enum('0','1') NOT NULL DEFAULT '0',
  `owner_name` varchar(100) DEFAULT NULL,
  `owner_designation` varchar(50) DEFAULT NULL,
  `owner_designation_other` varchar(100) DEFAULT NULL,
  `owner_ctry_code` varchar(20) DEFAULT NULL,
  `owner_ctry_name` varchar(100) DEFAULT NULL,
  `owner_ctry_iso` varchar(20) DEFAULT NULL,
  `owner_mobile` varchar(20) DEFAULT NULL,
  `alt_owner_ctry_code` varchar(20) DEFAULT NULL,
  `alt_owner_ctry_name` varchar(100) DEFAULT NULL,
  `alt_owner_ctry_iso` varchar(20) DEFAULT NULL,
  `alt_owner_mobile` varchar(20) DEFAULT NULL,
  `owner_email` varchar(100) DEFAULT NULL,
  `alt_owner_email` varchar(100) DEFAULT NULL,
  `google_map` varchar(255) DEFAULT NULL,
  `twitter` varchar(100) DEFAULT NULL,
  `linkedin` varchar(100) DEFAULT NULL,
  `facebook` varchar(100) DEFAULT NULL,
  `instagram` varchar(100) DEFAULT NULL,
  `youtube` varchar(100) DEFAULT NULL,
  `info_confirm` varchar(10) DEFAULT NULL,
  `name_of_applicant` varchar(100) DEFAULT NULL,
  `how_to_know` varchar(100) DEFAULT NULL,
  `sort_order` int(11) NOT NULL,
  `created_at` datetime NOT NULL DEFAULT CURRENT_TIMESTAMP,
  `updated_at` datetime NOT NULL DEFAULT CURRENT_TIMESTAMP,
  `submit_status` enum('0','1') NOT NULL DEFAULT '0',
  `gm_submit_status` enum('0','1') NOT NULL DEFAULT '0',
  `status` enum('0','1','2') NOT NULL DEFAULT '0' COMMENT '1=>active,0=>inactive,2=>deleted',
  `verify_status` enum('0','1') NOT NULL DEFAULT '0',
  `cert_issue_date` date DEFAULT NULL,
  `cert_expiry_date` date DEFAULT NULL,
  PRIMARY KEY (`company_id`)
) ENGINE=InnoDB AUTO_INCREMENT=70 DEFAULT CHARSET=latin1;

--
-- Dumping data for table `gm_companies`
--

INSERT INTO `gm_companies` VALUES (1,1,'Zelco Farms','','[]',NULL,NULL,'John Tester','john-peter11',2,NULL,NULL,NULL,'2','1,4,5,6','Corporate Office','test address','Gurgaon',NULL,'Haryana','India','122001','test',NULL,NULL,NULL,NULL,NULL,NULL,NULL,NULL,NULL,'','http://www.indiamart.com/company/83109694/','2025','101-150','10-25Lakh','Public Limited Company',' 09AADCI8619K1Z3','SSSSSSS1425ER','','','','6546464654','saving',NULL,NULL,'234234','test','test',NULL,NULL,NULL,NULL,NULL,NULL,NULL,NULL,NULL,NULL,NULL,NULL,NULL,NULL,NULL,NULL,NULL,NULL,NULL,'Test User','test manager',NULL,NULL,NULL,NULL,'9717102773',NULL,NULL,NULL,'9717102772','johnTester123@yopmail.com','alternate_email_id12@gmail.com',NULL,NULL,NULL,NULL,NULL,NULL,NULL,NULL,NULL,NULL,'0',NULL,NULL,NULL,NULL,NULL,NULL,NULL,NULL,NULL,NULL,NULL,NULL,NULL,NULL,'sdfasf','sdfasf','sdfasfas','sdfaf','sdfasf',NULL,NULL,NULL,0,'2025-05-27 14:46:50','2025-10-15 15:54:23','0','0','0','0',NULL,NULL),(2,0,'Fabricate India Pvt. Ltd.','','154,22',NULL,NULL,'John Tester','fabricate-india-pvt-ltd',0,NULL,NULL,NULL,'2','5,7',NULL,'sdfaf','Hazaribag',NULL,'Jharkhand','India','825312','sfaf',NULL,NULL,NULL,NULL,NULL,NULL,NULL,NULL,NULL,'sfaf','http://www.indiamart.com/company/83109694/',NULL,'101-150','10-25Lakh','Partnership','STTTTTT12014',' AADCI8619K',' AADCI8619K1','SAFAF34231','sfaf sfaf','65464646541','saving',NULL,NULL,'2342341','test','test',NULL,NULL,NULL,NULL,NULL,NULL,NULL,NULL,NULL,NULL,NULL,NULL,NULL,NULL,NULL,NULL,NULL,NULL,NULL,'Test User','BDE',NULL,NULL,NULL,NULL,'9717102773',NULL,NULL,NULL,'9717102772','tapeshwartoday@gmail.com','alternate_email_id121@gmail.com',NULL,NULL,NULL,NULL,NULL,NULL,NULL,NULL,NULL,NULL,'0',NULL,NULL,NULL,NULL,NULL,NULL,NULL,NULL,NULL,NULL,NULL,NULL,NULL,NULL,'sfafas','','sdfasfas','sdfaf','sdfa',NULL,NULL,NULL,0,'2025-05-27 16:19:45','2025-05-27 17:42:26','0','0','0','0',NULL,NULL),(3,0,'Mangla Steel','','',NULL,NULL,'John Tester','mangla-steel',0,NULL,NULL,NULL,NULL,'1,2,5',NULL,'sfaffsfsdafsdf sd','Gurgaon',NULL,'Haryana','India','122001','sfaf',NULL,NULL,NULL,NULL,NULL,NULL,NULL,NULL,NULL,'sfaf','http://www.indiamart.com/company/83109694/','','11-25','26-50Lakh','Private Limited Company','27AAKCD8990P1ZJ',' AADCI8619K',' AADCI8619K1','23423sdf','sdfaf','234234','current',NULL,NULL,'234234','test','test',NULL,NULL,NULL,NULL,NULL,NULL,NULL,NULL,NULL,NULL,NULL,NULL,NULL,NULL,NULL,NULL,NULL,NULL,NULL,'Test User','test manager1',NULL,NULL,NULL,NULL,'8168973180',NULL,NULL,NULL,'9717102772','johnTester123@yopmail.com','alternate_email_id12@gmail.com',NULL,NULL,NULL,NULL,NULL,NULL,NULL,NULL,NULL,NULL,'0',NULL,NULL,NULL,NULL,NULL,NULL,NULL,NULL,NULL,NULL,NULL,NULL,NULL,NULL,'sdfaf','asdf','sdfasfas','sdfaf','sdfaf',NULL,NULL,NULL,0,'2025-05-27 17:16:59','2025-09-08 12:50:26','0','0','0','0',NULL,NULL),(4,0,'Test Company LLP','','149,150,151,15',NULL,NULL,'John Tester','test-company-llp',0,NULL,NULL,NULL,NULL,'2,5,6',NULL,'test1','Gurgaon',NULL,'Haryana','India','122001','test1',NULL,NULL,NULL,NULL,NULL,NULL,NULL,NULL,NULL,'test1','http://www.testmail22.com','2021','201-250','51-100Cr','Limited Liability Partnership (LLP)',' 09AADCI8619K1Z3','SSSSSSS1425ER',' AADCI8619K','SAFAF34231','Testing descriptions1','012457878','current',NULL,NULL,'SBIN0000445','Check','Kirti Nagar',NULL,NULL,NULL,NULL,NULL,NULL,NULL,NULL,NULL,NULL,NULL,NULL,NULL,NULL,NULL,NULL,NULL,NULL,NULL,'Testing Person','Owner',NULL,NULL,NULL,NULL,'9717102772',NULL,NULL,NULL,'','webpulse.phpdev@gmail.com','',NULL,NULL,NULL,NULL,NULL,NULL,NULL,NULL,NULL,NULL,'0',NULL,NULL,NULL,NULL,NULL,NULL,NULL,NULL,NULL,NULL,NULL,NULL,NULL,NULL,'sfafas','sfaf','sdfasfas','sdfaf','sdfasf',NULL,NULL,NULL,0,'2025-08-18 18:18:08','2025-08-22 12:35:17','0','0','0','0',NULL,NULL),(8,0,'Saif Carpets Pvt. Ltd.','',NULL,NULL,NULL,'Arif Ansari','saif-carpets-pvt-ltd',0,NULL,NULL,NULL,NULL,NULL,NULL,'4, Himmatpur Bakuchia. Bhadohi - 221401, Uttar Pradesh, India',NULL,'Bhadohi','Uttar Pradesh','India',NULL,NULL,NULL,NULL,NULL,NULL,NULL,NULL,NULL,NULL,NULL,NULL,'https://www.saifcarpets.com',NULL,NULL,NULL,NULL,NULL,NULL,NULL,NULL,NULL,NULL,NULL,NULL,NULL,NULL,NULL,NULL,NULL,NULL,NULL,NULL,NULL,NULL,NULL,NULL,NULL,NULL,NULL,NULL,NULL,NULL,NULL,NULL,NULL,NULL,NULL,'Arif Ansari',NULL,NULL,NULL,NULL,NULL,'9936001321',NULL,NULL,NULL,'','info@saifcarpets.com',NULL,NULL,NULL,NULL,NULL,NULL,NULL,NULL,NULL,NULL,NULL,'0',NULL,NULL,NULL,NULL,NULL,NULL,NULL,NULL,NULL,NULL,NULL,NULL,NULL,NULL,NULL,NULL,NULL,NULL,NULL,NULL,NULL,NULL,0,'2025-08-20 00:30:10','2025-08-20 00:30:10','0','0','0','0',NULL,NULL),(9,0,'Patodia Contract Pvt. Ltd.','',NULL,NULL,NULL,'Ravi Patodia','patodia-contract-pvt-ltd',0,NULL,NULL,NULL,NULL,NULL,NULL,'Saraiyya, Bhadohi 221401, UP, India',NULL,'Bhadohi','Uttar Pradesh','India',NULL,NULL,NULL,NULL,NULL,NULL,NULL,NULL,NULL,NULL,NULL,NULL,'https://www.patodiacontract.com',NULL,NULL,NULL,NULL,NULL,NULL,NULL,NULL,NULL,NULL,NULL,NULL,NULL,NULL,NULL,NULL,NULL,NULL,NULL,NULL,NULL,NULL,NULL,NULL,NULL,NULL,NULL,NULL,NULL,NULL,NULL,NULL,NULL,NULL,NULL,'Ravi Patodia',NULL,NULL,NULL,NULL,NULL,'9919802525',NULL,NULL,NULL,'','projects@patodiacontract.com',NULL,NULL,NULL,NULL,NULL,NULL,NULL,NULL,NULL,NULL,NULL,'0',NULL,NULL,NULL,NULL,NULL,NULL,NULL,NULL,NULL,NULL,NULL,NULL,NULL,NULL,NULL,NULL,NULL,NULL,NULL,NULL,NULL,NULL,0,'2025-08-20 00:30:10','2025-08-20 00:30:10','0','0','0','0',NULL,NULL),(10,0,'Kailash Rug Industries','',NULL,NULL,NULL,'Shashank Baranwal','kailash-rug-industries',0,NULL,NULL,NULL,NULL,NULL,NULL,'Khamaria, Sant Ravidas Nagar, Bhadohi-221306',NULL,'Bhadohi','Uttar Pradesh','India',NULL,NULL,NULL,NULL,NULL,NULL,NULL,NULL,NULL,NULL,NULL,NULL,'https://www.kailashrug.in',NULL,NULL,NULL,NULL,NULL,NULL,NULL,NULL,NULL,NULL,NULL,NULL,NULL,NULL,NULL,NULL,NULL,NULL,NULL,NULL,NULL,NULL,NULL,NULL,NULL,NULL,NULL,NULL,NULL,NULL,NULL,NULL,NULL,NULL,NULL,'Shashank Baranwal',NULL,NULL,NULL,NULL,NULL,'9415202770',NULL,NULL,NULL,'','info@kailashrug.in',NULL,NULL,NULL,NULL,NULL,NULL,NULL,NULL,NULL,NULL,NULL,'0',NULL,NULL,NULL,NULL,NULL,NULL,NULL,NULL,NULL,NULL,NULL,NULL,NULL,NULL,NULL,NULL,NULL,NULL,NULL,NULL,NULL,NULL,0,'2025-08-20 00:30:10','2025-08-20 00:30:10','0','0','0','0',NULL,NULL),(11,0,'John Testing Co.','','15,17',NULL,NULL,'','john-testing-co',0,NULL,NULL,NULL,'5','2,7',NULL,'test address','Gurgaon',NULL,'Haryana','India','122001','test',NULL,NULL,NULL,NULL,NULL,NULL,NULL,NULL,NULL,'sfaf','',NULL,'','','','','','','','','','',NULL,NULL,'','','',NULL,NULL,NULL,NULL,NULL,NULL,NULL,NULL,NULL,NULL,NULL,NULL,NULL,NULL,NULL,NULL,NULL,NULL,NULL,'','',NULL,NULL,NULL,NULL,'',NULL,NULL,NULL,'','','',NULL,NULL,NULL,NULL,NULL,NULL,NULL,NULL,NULL,NULL,'0',NULL,NULL,NULL,NULL,NULL,NULL,NULL,NULL,NULL,NULL,NULL,NULL,NULL,NULL,'','','','','',NULL,NULL,NULL,0,'2025-08-20 12:33:25','2025-08-20 14:51:54','0','0','0','0',NULL,NULL),(12,6,'testing comp','','127,3,307',NULL,NULL,'test','testing-comp',0,NULL,NULL,NULL,NULL,'5,6,7',NULL,'test','Gurgaon',NULL,'Haryana','India','122001','test',NULL,NULL,NULL,NULL,NULL,NULL,NULL,NULL,NULL,'test','',NULL,'','Below-10Lakh','Proprietorship','','','','','','','',NULL,NULL,'','','',NULL,NULL,NULL,NULL,NULL,NULL,NULL,NULL,NULL,NULL,NULL,NULL,NULL,NULL,NULL,NULL,NULL,NULL,NULL,'sfasf','sfaf',NULL,NULL,NULL,NULL,'9717102773',NULL,NULL,NULL,'9717102773','dddd@gmail.com','test@gmail.com',NULL,NULL,NULL,NULL,NULL,NULL,NULL,NULL,NULL,NULL,'0',NULL,NULL,NULL,NULL,NULL,NULL,NULL,NULL,NULL,NULL,NULL,NULL,NULL,NULL,'','','','','',NULL,NULL,NULL,0,'2025-08-21 12:45:06','2025-08-21 12:53:02','0','0','0','0',NULL,NULL),(13,7,'Test Company','','[]',NULL,NULL,'','test-company',1,NULL,NULL,NULL,NULL,'4,5','Factory Address','71/7-A, RAMA ROAD, Najafgarh Rd, INDUSTRIAL AREA, New Delhi, Delhi 110015','Central Delhi',NULL,'Delhi','India','110011','Rama road',NULL,NULL,NULL,NULL,NULL,NULL,NULL,NULL,NULL,'','','2007','',NULL,'','','','','','','','',NULL,NULL,'','','',NULL,NULL,NULL,NULL,NULL,NULL,NULL,NULL,NULL,NULL,NULL,NULL,NULL,NULL,NULL,NULL,NULL,NULL,NULL,'John','tester',NULL,NULL,NULL,NULL,'9658742154',NULL,NULL,NULL,'9874521475','testingTest@yopmail.com','test@gmail.com',NULL,NULL,NULL,NULL,NULL,NULL,NULL,NULL,NULL,NULL,'0',NULL,NULL,NULL,NULL,NULL,NULL,NULL,NULL,NULL,NULL,NULL,NULL,NULL,NULL,'','','','','',NULL,NULL,NULL,0,'2025-08-22 11:11:58','2025-10-27 14:36:42','0','0','0','0',NULL,NULL),(14,8,'sfaf sfsf2','','15,17,870,988,1070',NULL,NULL,'','sfaf-sfsf2',0,'harshii.xyz',NULL,NULL,NULL,'2,4',NULL,'','',NULL,'','','','',NULL,NULL,NULL,NULL,NULL,NULL,NULL,NULL,NULL,'','','','','','','','','','','','','',NULL,NULL,'','','',NULL,NULL,NULL,NULL,NULL,NULL,NULL,NULL,NULL,NULL,NULL,NULL,NULL,NULL,NULL,NULL,NULL,NULL,NULL,'sfaf','safas',NULL,NULL,NULL,NULL,'9717102772',NULL,NULL,NULL,'','','',NULL,NULL,NULL,NULL,NULL,NULL,NULL,NULL,NULL,NULL,'0',NULL,NULL,NULL,NULL,NULL,NULL,NULL,NULL,NULL,NULL,NULL,NULL,NULL,NULL,'','','','','',NULL,NULL,NULL,0,'2025-08-22 12:06:50','2025-09-08 14:14:09','0','0','0','0',NULL,NULL),(15,9,'fsfas sdfasdf','',NULL,NULL,NULL,NULL,'fsfas-sdfasdf',0,NULL,NULL,NULL,'1',NULL,NULL,NULL,'Gurgaon',NULL,NULL,NULL,'122001',NULL,NULL,NULL,NULL,NULL,NULL,NULL,NULL,NULL,NULL,NULL,NULL,NULL,NULL,NULL,NULL,NULL,NULL,NULL,NULL,NULL,NULL,NULL,NULL,NULL,NULL,NULL,NULL,NULL,NULL,NULL,NULL,NULL,NULL,NULL,NULL,NULL,NULL,NULL,NULL,NULL,NULL,NULL,NULL,NULL,NULL,NULL,NULL,NULL,NULL,NULL,NULL,NULL,NULL,NULL,NULL,NULL,NULL,NULL,NULL,NULL,NULL,NULL,NULL,NULL,NULL,NULL,NULL,NULL,NULL,'0',NULL,NULL,NULL,NULL,NULL,NULL,NULL,NULL,NULL,NULL,NULL,NULL,NULL,NULL,NULL,NULL,NULL,NULL,NULL,NULL,NULL,NULL,0,'2025-09-10 17:00:07','2025-09-10 17:00:07','0','0','0','0',NULL,NULL),(16,10,'sfas asfasdfsd','',NULL,NULL,NULL,NULL,'sfas-asfasdfsd',0,NULL,NULL,NULL,'1',NULL,NULL,NULL,'Hazaribag',NULL,'Jharkhand','India','825312',NULL,NULL,NULL,NULL,NULL,NULL,NULL,NULL,NULL,NULL,NULL,NULL,NULL,NULL,NULL,NULL,NULL,NULL,NULL,NULL,NULL,NULL,NULL,NULL,NULL,NULL,NULL,NULL,NULL,NULL,NULL,NULL,NULL,NULL,NULL,NULL,NULL,NULL,NULL,NULL,NULL,NULL,NULL,NULL,NULL,NULL,NULL,NULL,NULL,NULL,NULL,NULL,NULL,NULL,NULL,NULL,NULL,NULL,NULL,NULL,NULL,NULL,NULL,NULL,NULL,NULL,NULL,NULL,NULL,NULL,'0',NULL,NULL,NULL,NULL,NULL,NULL,NULL,NULL,NULL,NULL,NULL,NULL,NULL,NULL,NULL,NULL,NULL,NULL,NULL,NULL,NULL,NULL,0,'2025-09-10 17:11:49','2025-09-10 17:11:49','0','0','0','0',NULL,NULL),(17,11,'sfas asfasdfsd','',NULL,NULL,NULL,NULL,'sfas-asfasdfsd',0,NULL,NULL,NULL,'1',NULL,NULL,NULL,'Hazaribag',NULL,'Jharkhand','India','825312',NULL,NULL,NULL,NULL,NULL,NULL,NULL,NULL,NULL,NULL,NULL,NULL,NULL,NULL,NULL,NULL,NULL,NULL,NULL,NULL,NULL,NULL,NULL,NULL,NULL,NULL,NULL,NULL,NULL,NULL,NULL,NULL,NULL,NULL,NULL,NULL,NULL,NULL,NULL,NULL,NULL,NULL,NULL,NULL,NULL,NULL,NULL,NULL,NULL,NULL,NULL,NULL,NULL,NULL,NULL,NULL,NULL,NULL,NULL,NULL,NULL,NULL,NULL,NULL,NULL,NULL,NULL,NULL,NULL,NULL,'0',NULL,NULL,NULL,NULL,NULL,NULL,NULL,NULL,NULL,NULL,NULL,NULL,NULL,NULL,NULL,NULL,NULL,NULL,NULL,NULL,NULL,NULL,0,'2025-09-10 17:14:10','2025-09-10 17:14:10','0','0','0','0',NULL,NULL),(18,12,'sfasf','',NULL,NULL,NULL,NULL,'sfasf',0,NULL,NULL,NULL,'1',NULL,NULL,NULL,'Gurgaon',NULL,'Haryana','India','122001',NULL,NULL,NULL,NULL,NULL,NULL,NULL,NULL,NULL,NULL,NULL,NULL,NULL,NULL,NULL,NULL,NULL,NULL,NULL,NULL,NULL,NULL,NULL,NULL,NULL,NULL,NULL,NULL,NULL,NULL,NULL,NULL,NULL,NULL,NULL,NULL,NULL,NULL,NULL,NULL,NULL,NULL,NULL,NULL,NULL,NULL,NULL,NULL,NULL,NULL,NULL,NULL,NULL,NULL,NULL,NULL,NULL,NULL,NULL,NULL,NULL,NULL,NULL,NULL,NULL,NULL,NULL,NULL,NULL,NULL,'0',NULL,NULL,NULL,NULL,NULL,NULL,NULL,NULL,NULL,NULL,NULL,NULL,NULL,NULL,NULL,NULL,NULL,NULL,NULL,NULL,NULL,NULL,0,'2025-09-10 17:24:27','2025-09-10 17:24:27','0','0','0','0',NULL,NULL),(19,13,'testing pvt ltd','',NULL,NULL,NULL,NULL,'testing-pvt-ltd',0,NULL,NULL,NULL,'1',NULL,NULL,NULL,'Hazaribag',NULL,'Jharkhand','India','825312',NULL,NULL,NULL,NULL,NULL,NULL,NULL,NULL,NULL,NULL,NULL,NULL,NULL,NULL,NULL,NULL,NULL,NULL,NULL,NULL,NULL,NULL,NULL,NULL,NULL,NULL,NULL,NULL,NULL,NULL,NULL,NULL,NULL,NULL,NULL,NULL,NULL,NULL,NULL,NULL,NULL,NULL,NULL,NULL,NULL,NULL,NULL,NULL,NULL,NULL,NULL,NULL,NULL,NULL,NULL,NULL,NULL,NULL,NULL,NULL,NULL,NULL,NULL,NULL,NULL,NULL,NULL,NULL,NULL,NULL,'0',NULL,NULL,NULL,NULL,NULL,NULL,NULL,NULL,NULL,NULL,NULL,NULL,NULL,NULL,NULL,NULL,NULL,NULL,NULL,NULL,NULL,NULL,0,'2025-09-10 18:02:47','2025-09-10 18:02:47','0','0','0','0',NULL,NULL),(20,14,'fasdf sf df','',NULL,NULL,NULL,NULL,'fasdf-sf-df',0,NULL,NULL,NULL,'1',NULL,NULL,NULL,'Hazaribag',NULL,'Jharkhand','India','825312',NULL,NULL,NULL,NULL,NULL,NULL,NULL,NULL,NULL,NULL,NULL,NULL,NULL,NULL,NULL,NULL,NULL,NULL,NULL,NULL,NULL,NULL,NULL,NULL,NULL,NULL,NULL,NULL,NULL,NULL,NULL,NULL,NULL,NULL,NULL,NULL,NULL,NULL,NULL,NULL,NULL,NULL,NULL,NULL,NULL,NULL,NULL,NULL,NULL,NULL,NULL,NULL,NULL,NULL,NULL,NULL,NULL,NULL,NULL,NULL,NULL,NULL,NULL,NULL,NULL,NULL,NULL,NULL,NULL,NULL,'0',NULL,NULL,NULL,NULL,NULL,NULL,NULL,NULL,NULL,NULL,NULL,NULL,NULL,NULL,NULL,NULL,NULL,NULL,NULL,NULL,NULL,NULL,0,'2025-09-10 18:23:00','2025-09-10 18:23:00','0','0','0','0',NULL,NULL),(21,15,'Testing enterprises','',NULL,NULL,NULL,NULL,'testing-enterprises',0,NULL,NULL,NULL,'1',NULL,NULL,NULL,'Hazaribag',NULL,'Jharkhand','India','825312',NULL,NULL,NULL,NULL,NULL,NULL,NULL,NULL,NULL,NULL,NULL,NULL,NULL,NULL,NULL,NULL,NULL,NULL,NULL,NULL,NULL,NULL,NULL,NULL,NULL,NULL,NULL,NULL,NULL,NULL,NULL,NULL,NULL,NULL,NULL,NULL,NULL,NULL,NULL,NULL,NULL,NULL,NULL,NULL,NULL,NULL,NULL,NULL,NULL,NULL,NULL,NULL,NULL,NULL,NULL,NULL,NULL,NULL,NULL,NULL,NULL,NULL,NULL,NULL,NULL,NULL,NULL,NULL,NULL,NULL,'0',NULL,NULL,NULL,NULL,NULL,NULL,NULL,NULL,NULL,NULL,NULL,NULL,NULL,NULL,NULL,NULL,NULL,NULL,NULL,NULL,NULL,NULL,0,'2025-09-11 14:48:27','2025-09-11 14:48:27','0','0','0','0',NULL,NULL),(22,16,'safasf','',NULL,NULL,NULL,NULL,'safasf',0,NULL,NULL,NULL,'1',NULL,NULL,NULL,'Gurgaon',NULL,'Haryana','India','122001',NULL,NULL,NULL,NULL,NULL,NULL,NULL,NULL,NULL,NULL,NULL,NULL,NULL,NULL,NULL,NULL,NULL,NULL,NULL,NULL,NULL,NULL,NULL,NULL,NULL,NULL,NULL,NULL,NULL,NULL,NULL,NULL,NULL,NULL,NULL,NULL,NULL,NULL,NULL,NULL,NULL,NULL,NULL,NULL,NULL,NULL,NULL,NULL,NULL,NULL,NULL,NULL,NULL,NULL,NULL,NULL,NULL,NULL,NULL,NULL,NULL,NULL,NULL,NULL,NULL,NULL,NULL,NULL,NULL,NULL,'0',NULL,NULL,NULL,NULL,NULL,NULL,NULL,NULL,NULL,NULL,NULL,NULL,NULL,NULL,NULL,NULL,NULL,NULL,NULL,NULL,NULL,NULL,0,'2025-09-11 16:50:02','2025-09-11 16:50:02','0','0','0','0',NULL,NULL),(23,17,'safasf','',NULL,NULL,NULL,NULL,'safasf',0,NULL,NULL,NULL,'1',NULL,NULL,NULL,'Gurgaon',NULL,'Haryana','India','122001',NULL,NULL,NULL,NULL,NULL,NULL,NULL,NULL,NULL,NULL,NULL,NULL,NULL,NULL,NULL,NULL,NULL,NULL,NULL,NULL,NULL,NULL,NULL,NULL,NULL,NULL,NULL,NULL,NULL,NULL,NULL,NULL,NULL,NULL,NULL,NULL,NULL,NULL,NULL,NULL,NULL,NULL,NULL,NULL,NULL,NULL,NULL,NULL,NULL,NULL,NULL,NULL,NULL,NULL,NULL,NULL,NULL,NULL,NULL,NULL,NULL,NULL,NULL,NULL,NULL,NULL,NULL,NULL,NULL,NULL,'0',NULL,NULL,NULL,NULL,NULL,NULL,NULL,NULL,NULL,NULL,NULL,NULL,NULL,NULL,NULL,NULL,NULL,NULL,NULL,NULL,NULL,NULL,0,'2025-09-11 16:50:18','2025-09-11 16:50:18','0','0','0','0',NULL,NULL),(24,18,'tapeshwar llp','',NULL,NULL,NULL,NULL,'tapeshwar-llp',0,NULL,NULL,NULL,'1',NULL,NULL,NULL,'Gurgaon',NULL,'Haryana','India','122001',NULL,NULL,NULL,NULL,NULL,NULL,NULL,NULL,NULL,NULL,NULL,NULL,NULL,NULL,NULL,NULL,NULL,NULL,NULL,NULL,NULL,NULL,NULL,NULL,NULL,NULL,NULL,NULL,NULL,NULL,NULL,NULL,NULL,NULL,NULL,NULL,NULL,NULL,NULL,NULL,NULL,NULL,NULL,NULL,NULL,NULL,NULL,NULL,NULL,NULL,NULL,NULL,NULL,NULL,NULL,NULL,NULL,NULL,NULL,NULL,NULL,NULL,NULL,NULL,NULL,NULL,NULL,NULL,NULL,NULL,'0',NULL,NULL,NULL,NULL,NULL,NULL,NULL,NULL,NULL,NULL,NULL,NULL,NULL,NULL,NULL,NULL,NULL,NULL,NULL,NULL,NULL,NULL,0,'2025-09-11 16:57:59','2025-09-11 16:57:59','0','0','0','0',NULL,NULL),(25,19,'tapeshwar ent','',NULL,NULL,NULL,NULL,'tapeshwar-ent',0,NULL,NULL,NULL,'1',NULL,NULL,NULL,'Gurgaon',NULL,'Haryana','India','122001',NULL,NULL,NULL,NULL,NULL,NULL,NULL,NULL,NULL,NULL,NULL,NULL,NULL,NULL,NULL,NULL,NULL,NULL,NULL,NULL,NULL,NULL,NULL,NULL,NULL,NULL,NULL,NULL,NULL,NULL,NULL,NULL,NULL,NULL,NULL,NULL,NULL,NULL,NULL,NULL,NULL,NULL,NULL,NULL,NULL,NULL,NULL,NULL,NULL,NULL,NULL,NULL,NULL,NULL,NULL,NULL,NULL,NULL,NULL,NULL,NULL,NULL,NULL,NULL,NULL,NULL,NULL,NULL,NULL,NULL,'0',NULL,NULL,NULL,NULL,NULL,NULL,NULL,NULL,NULL,NULL,NULL,NULL,NULL,NULL,NULL,NULL,NULL,NULL,NULL,NULL,NULL,NULL,0,'2025-09-11 17:27:24','2025-09-11 17:27:24','0','0','0','0',NULL,NULL),(27,21,'tapeshwar entep','',NULL,NULL,NULL,NULL,'tapeshwar-entep',0,NULL,NULL,NULL,'1',NULL,NULL,NULL,'Gurgaon',NULL,'Haryana','India','122002',NULL,NULL,NULL,NULL,NULL,NULL,NULL,NULL,NULL,NULL,NULL,NULL,NULL,NULL,NULL,NULL,NULL,NULL,NULL,NULL,NULL,NULL,NULL,NULL,NULL,NULL,NULL,NULL,NULL,NULL,NULL,NULL,NULL,NULL,NULL,NULL,NULL,NULL,NULL,NULL,NULL,NULL,NULL,NULL,NULL,NULL,NULL,NULL,NULL,NULL,NULL,NULL,NULL,NULL,NULL,NULL,NULL,NULL,NULL,NULL,NULL,NULL,NULL,NULL,NULL,NULL,NULL,NULL,NULL,NULL,'0',NULL,NULL,NULL,NULL,NULL,NULL,NULL,NULL,NULL,NULL,NULL,NULL,NULL,NULL,NULL,NULL,NULL,NULL,NULL,NULL,NULL,NULL,0,'2025-09-11 17:43:18','2025-09-11 17:43:18','0','0','0','0',NULL,NULL),(29,23,'tapeshwar entep12','',NULL,NULL,NULL,NULL,'tapeshwar-entep12',0,NULL,NULL,NULL,'1',NULL,NULL,NULL,'Gurgaon',NULL,'Haryana','India','122002',NULL,NULL,NULL,NULL,NULL,NULL,NULL,NULL,NULL,NULL,NULL,NULL,NULL,NULL,NULL,NULL,NULL,NULL,NULL,NULL,NULL,NULL,NULL,NULL,NULL,NULL,NULL,NULL,NULL,NULL,NULL,NULL,NULL,NULL,NULL,NULL,NULL,NULL,NULL,NULL,NULL,NULL,NULL,NULL,NULL,NULL,NULL,NULL,NULL,NULL,NULL,NULL,NULL,NULL,NULL,NULL,NULL,NULL,NULL,NULL,NULL,NULL,NULL,NULL,NULL,NULL,NULL,NULL,NULL,NULL,'0',NULL,NULL,NULL,NULL,NULL,NULL,NULL,NULL,NULL,NULL,NULL,NULL,NULL,NULL,NULL,NULL,NULL,NULL,NULL,NULL,NULL,NULL,0,'2025-09-11 17:47:58','2025-09-11 17:47:58','0','0','0','0',NULL,NULL),(30,24,'tapesh123','',NULL,NULL,NULL,NULL,'tapesh123',0,NULL,NULL,NULL,'1',NULL,NULL,NULL,'test',NULL,'test','Aruba','123456',NULL,NULL,NULL,NULL,NULL,NULL,NULL,NULL,NULL,NULL,NULL,NULL,NULL,NULL,NULL,NULL,NULL,NULL,NULL,NULL,NULL,NULL,NULL,NULL,NULL,NULL,NULL,NULL,NULL,NULL,NULL,NULL,NULL,NULL,NULL,NULL,NULL,NULL,NULL,NULL,NULL,NULL,NULL,NULL,NULL,NULL,NULL,NULL,NULL,NULL,NULL,NULL,NULL,NULL,NULL,NULL,NULL,NULL,NULL,NULL,NULL,NULL,NULL,NULL,NULL,NULL,NULL,NULL,NULL,NULL,'0',NULL,NULL,NULL,NULL,NULL,NULL,NULL,NULL,NULL,NULL,NULL,NULL,NULL,NULL,NULL,NULL,NULL,NULL,NULL,NULL,NULL,NULL,0,'2025-09-11 17:53:41','2025-09-11 17:53:41','0','0','0','0',NULL,NULL),(31,25,'Chaitanya LLP','',NULL,NULL,NULL,NULL,'chaitanya-llp',0,NULL,NULL,NULL,'1',NULL,NULL,NULL,'West Delhi',NULL,'Delhi','India','110015',NULL,NULL,NULL,NULL,NULL,NULL,NULL,NULL,NULL,NULL,NULL,NULL,NULL,NULL,NULL,NULL,NULL,NULL,NULL,NULL,NULL,NULL,NULL,NULL,NULL,NULL,NULL,NULL,NULL,NULL,NULL,NULL,NULL,NULL,NULL,NULL,NULL,NULL,NULL,NULL,NULL,NULL,NULL,NULL,NULL,NULL,NULL,NULL,NULL,NULL,NULL,NULL,NULL,NULL,NULL,NULL,NULL,NULL,NULL,NULL,NULL,NULL,NULL,NULL,NULL,NULL,NULL,NULL,NULL,NULL,'0',NULL,NULL,NULL,NULL,NULL,NULL,NULL,NULL,NULL,NULL,NULL,NULL,NULL,NULL,NULL,NULL,NULL,NULL,NULL,NULL,NULL,NULL,0,'2025-09-11 18:21:44','2025-09-11 18:21:44','0','0','0','0',NULL,NULL),(32,26,'mytestcomp','',NULL,NULL,NULL,NULL,'mytestcomp',0,NULL,NULL,NULL,'1',NULL,NULL,NULL,'Gurgaon',NULL,'Haryana','India','122001',NULL,NULL,NULL,NULL,NULL,NULL,NULL,NULL,NULL,NULL,NULL,NULL,NULL,NULL,NULL,NULL,NULL,NULL,NULL,NULL,NULL,NULL,NULL,NULL,NULL,NULL,NULL,NULL,NULL,NULL,NULL,NULL,NULL,NULL,NULL,NULL,NULL,NULL,NULL,NULL,NULL,NULL,NULL,NULL,NULL,NULL,NULL,NULL,NULL,NULL,NULL,NULL,NULL,NULL,NULL,NULL,NULL,NULL,NULL,NULL,NULL,NULL,NULL,NULL,NULL,NULL,NULL,NULL,NULL,NULL,'0',NULL,NULL,NULL,NULL,NULL,NULL,NULL,NULL,NULL,NULL,NULL,NULL,NULL,NULL,NULL,NULL,NULL,NULL,NULL,NULL,NULL,NULL,0,'2025-09-11 18:40:42','2025-09-11 18:40:42','0','0','0','0',NULL,NULL),(33,27,'John Tester LLP','118',NULL,NULL,NULL,NULL,'john-tester-llp-27',0,NULL,NULL,NULL,'1',NULL,NULL,NULL,'Gorgea',NULL,'Uhana','United Kingdom','58421',NULL,NULL,NULL,NULL,NULL,NULL,NULL,NULL,NULL,NULL,NULL,NULL,NULL,NULL,NULL,NULL,NULL,NULL,NULL,NULL,NULL,NULL,NULL,NULL,NULL,NULL,NULL,NULL,NULL,NULL,NULL,NULL,NULL,NULL,NULL,NULL,NULL,NULL,NULL,NULL,NULL,NULL,NULL,NULL,NULL,NULL,NULL,NULL,NULL,NULL,NULL,NULL,NULL,NULL,NULL,NULL,NULL,NULL,NULL,NULL,NULL,NULL,NULL,NULL,NULL,NULL,NULL,NULL,NULL,NULL,'0',NULL,NULL,NULL,NULL,NULL,NULL,NULL,NULL,NULL,NULL,NULL,NULL,NULL,NULL,NULL,NULL,NULL,NULL,NULL,NULL,NULL,NULL,0,'2025-09-12 10:28:36','2025-09-12 10:28:36','0','0','0','0',NULL,NULL),(34,28,'sdfsfs sas sf','107',NULL,NULL,NULL,NULL,'sdfsfs-sas-sf-28',0,NULL,NULL,NULL,'1',NULL,NULL,NULL,'Gurgaon',NULL,'Haryana','India','122001',NULL,NULL,NULL,NULL,NULL,NULL,NULL,NULL,NULL,NULL,NULL,NULL,NULL,NULL,NULL,NULL,NULL,NULL,NULL,NULL,NULL,NULL,NULL,NULL,NULL,NULL,NULL,NULL,NULL,NULL,NULL,NULL,NULL,NULL,NULL,NULL,NULL,NULL,NULL,NULL,NULL,NULL,NULL,NULL,NULL,NULL,NULL,NULL,NULL,NULL,NULL,NULL,NULL,NULL,NULL,NULL,NULL,NULL,NULL,NULL,NULL,NULL,NULL,NULL,NULL,NULL,NULL,NULL,NULL,NULL,'0',NULL,NULL,NULL,NULL,NULL,NULL,NULL,NULL,NULL,NULL,NULL,NULL,NULL,NULL,NULL,NULL,NULL,NULL,NULL,NULL,NULL,NULL,0,'2025-09-12 10:44:23','2025-09-12 10:44:23','0','0','0','0',NULL,NULL),(35,29,'Jatin traders','106',NULL,NULL,NULL,NULL,'jatin-traders-29',0,NULL,NULL,NULL,'1',NULL,NULL,NULL,'Hazaribag',NULL,'Jharkhand','India','825312',NULL,NULL,NULL,NULL,NULL,NULL,NULL,NULL,NULL,NULL,NULL,NULL,NULL,NULL,NULL,NULL,NULL,NULL,NULL,NULL,NULL,NULL,NULL,NULL,NULL,NULL,NULL,NULL,NULL,NULL,NULL,NULL,NULL,NULL,NULL,NULL,NULL,NULL,NULL,NULL,NULL,NULL,NULL,NULL,NULL,NULL,NULL,NULL,NULL,NULL,NULL,NULL,NULL,NULL,NULL,NULL,NULL,NULL,NULL,NULL,NULL,NULL,NULL,NULL,NULL,NULL,NULL,NULL,NULL,NULL,'0',NULL,NULL,NULL,NULL,NULL,NULL,NULL,NULL,NULL,NULL,NULL,NULL,NULL,NULL,NULL,NULL,NULL,NULL,NULL,NULL,NULL,NULL,0,'2025-09-12 10:50:40','2025-09-12 10:50:40','0','0','0','0',NULL,NULL),(36,30,'Zelco Farms','108','[]',NULL,NULL,NULL,'zelco-farms',0,NULL,NULL,NULL,'1','1,4,5,6','Corporate Office','test address','Gurgaon',NULL,'Haryana','India','122001','test',NULL,NULL,NULL,NULL,NULL,NULL,NULL,NULL,NULL,NULL,NULL,'2025',NULL,'10-25Lakh',NULL,NULL,NULL,NULL,NULL,NULL,NULL,NULL,NULL,NULL,NULL,NULL,NULL,NULL,NULL,NULL,NULL,NULL,NULL,NULL,NULL,NULL,NULL,NULL,NULL,NULL,NULL,NULL,NULL,NULL,NULL,NULL,NULL,NULL,NULL,NULL,NULL,NULL,NULL,NULL,NULL,NULL,NULL,NULL,NULL,NULL,NULL,NULL,NULL,NULL,NULL,NULL,NULL,NULL,NULL,'0',NULL,NULL,NULL,NULL,NULL,NULL,NULL,NULL,NULL,NULL,NULL,NULL,NULL,NULL,NULL,NULL,NULL,NULL,NULL,NULL,NULL,NULL,0,'2025-09-12 19:10:03','2025-10-15 16:16:03','0','0','0','0',NULL,NULL),(37,31,'Testing Corp.','105',NULL,NULL,NULL,NULL,'testing-corp-31',0,NULL,NULL,NULL,'1',NULL,NULL,NULL,'Gurgaon',NULL,'Haryana','India','122004',NULL,NULL,NULL,NULL,NULL,NULL,NULL,NULL,NULL,NULL,NULL,NULL,NULL,NULL,NULL,NULL,NULL,NULL,NULL,NULL,NULL,NULL,NULL,NULL,NULL,NULL,NULL,NULL,NULL,NULL,NULL,NULL,NULL,NULL,NULL,NULL,NULL,NULL,NULL,NULL,NULL,NULL,NULL,NULL,NULL,NULL,NULL,NULL,NULL,NULL,NULL,NULL,NULL,NULL,NULL,NULL,NULL,NULL,NULL,NULL,NULL,NULL,NULL,NULL,NULL,NULL,NULL,NULL,NULL,NULL,'0',NULL,NULL,NULL,NULL,NULL,NULL,NULL,NULL,NULL,NULL,NULL,NULL,NULL,NULL,NULL,NULL,NULL,NULL,NULL,NULL,NULL,NULL,0,'2025-09-13 10:13:34','2025-09-13 10:13:34','0','0','0','0',NULL,NULL),(38,32,'Webpulse Solution pvt ltd','108',NULL,NULL,NULL,NULL,'webpulse-solution-pvt-ltd-32',0,NULL,NULL,NULL,'1',NULL,NULL,NULL,'West Delhi',NULL,'Delhi','India','110015',NULL,NULL,NULL,NULL,NULL,NULL,NULL,NULL,NULL,NULL,NULL,NULL,NULL,NULL,NULL,NULL,NULL,NULL,NULL,NULL,NULL,NULL,NULL,NULL,NULL,NULL,NULL,NULL,NULL,NULL,NULL,NULL,NULL,NULL,NULL,NULL,NULL,NULL,NULL,NULL,NULL,NULL,NULL,NULL,NULL,NULL,NULL,NULL,NULL,NULL,NULL,NULL,NULL,NULL,NULL,NULL,NULL,NULL,NULL,NULL,NULL,NULL,NULL,NULL,NULL,NULL,NULL,NULL,NULL,NULL,'0',NULL,NULL,NULL,NULL,NULL,NULL,NULL,NULL,NULL,NULL,NULL,NULL,NULL,NULL,NULL,NULL,NULL,NULL,NULL,NULL,NULL,NULL,0,'2025-09-13 11:14:49','2025-09-13 11:14:49','0','0','0','0',NULL,NULL),(39,33,'John LLP','132',NULL,NULL,NULL,NULL,'john-llp-33',0,NULL,NULL,NULL,'1',NULL,NULL,NULL,'Gurgaon',NULL,'Haryana','India','122001',NULL,NULL,NULL,NULL,NULL,NULL,NULL,NULL,NULL,NULL,NULL,NULL,NULL,NULL,NULL,NULL,NULL,NULL,NULL,NULL,NULL,NULL,NULL,NULL,NULL,NULL,NULL,NULL,NULL,NULL,NULL,NULL,NULL,NULL,NULL,NULL,NULL,NULL,NULL,NULL,NULL,NULL,NULL,NULL,NULL,NULL,NULL,NULL,NULL,NULL,NULL,NULL,NULL,NULL,NULL,NULL,NULL,NULL,NULL,NULL,NULL,NULL,NULL,NULL,NULL,NULL,NULL,NULL,NULL,NULL,'0',NULL,NULL,NULL,NULL,NULL,NULL,NULL,NULL,NULL,NULL,NULL,NULL,NULL,NULL,NULL,NULL,NULL,NULL,NULL,NULL,NULL,NULL,0,'2025-09-13 16:48:20','2025-09-13 16:48:20','0','0','0','0',NULL,NULL),(40,34,'John Tester LLP22','135','[]','[]',NULL,NULL,'john-tester-llp-34',0,NULL,NULL,NULL,'1',NULL,'Corporate Office','saf','Gurgaon',NULL,'Haryana','India','122005',NULL,NULL,NULL,NULL,NULL,NULL,NULL,NULL,NULL,NULL,NULL,NULL,'2025',NULL,NULL,NULL,NULL,NULL,NULL,NULL,NULL,NULL,NULL,NULL,NULL,NULL,NULL,NULL,NULL,NULL,NULL,NULL,NULL,NULL,NULL,NULL,NULL,NULL,NULL,NULL,NULL,NULL,NULL,NULL,NULL,NULL,NULL,NULL,NULL,NULL,NULL,NULL,NULL,NULL,NULL,NULL,NULL,NULL,NULL,NULL,NULL,NULL,NULL,NULL,NULL,NULL,NULL,NULL,NULL,NULL,'0',NULL,NULL,NULL,NULL,NULL,NULL,NULL,NULL,NULL,NULL,NULL,NULL,NULL,NULL,NULL,NULL,NULL,NULL,NULL,NULL,NULL,NULL,0,'2025-09-13 16:55:23','2025-10-22 11:36:55','0','0','0','0',NULL,NULL),(41,35,'Rick John LLP','120',NULL,NULL,NULL,NULL,'rick-john-llp-35',0,NULL,NULL,NULL,'1',NULL,NULL,NULL,'Hazaribag',NULL,'Jharkhand','India','825312',NULL,NULL,NULL,NULL,NULL,NULL,NULL,NULL,NULL,NULL,NULL,NULL,NULL,NULL,NULL,NULL,NULL,NULL,NULL,NULL,NULL,NULL,NULL,NULL,NULL,NULL,NULL,NULL,NULL,NULL,NULL,NULL,NULL,NULL,NULL,NULL,NULL,NULL,NULL,NULL,NULL,NULL,NULL,NULL,NULL,NULL,NULL,NULL,NULL,NULL,NULL,NULL,NULL,NULL,NULL,NULL,NULL,NULL,NULL,NULL,NULL,NULL,NULL,NULL,NULL,NULL,NULL,NULL,NULL,NULL,'0',NULL,NULL,NULL,NULL,NULL,NULL,NULL,NULL,NULL,NULL,NULL,NULL,NULL,NULL,NULL,NULL,NULL,NULL,NULL,NULL,NULL,NULL,0,'2025-09-13 17:06:23','2025-09-13 17:06:23','0','0','0','0',NULL,NULL),(42,36,'John Peter LLP','36','[]','[{\"region_id\":\"77\",\"states\":[\"107\",\"108\"]},{\"region_id\":\"74\",\"states\":[\"93\",\"92\",\"94\",\"95\"]},{\"region_id\":\"72\",\"states\":[\"79\",\"80\",\"81\",\"82\",\"83\",\"84\",\"85\",\"86\"]},{\"region_id\":\"76\",\"states\":[\"99\",\"100\",\"101\",\"102\",\"103\",\"104\",\"105\",\"106\"]},{\"region_id\":\"73\",\"states\":[\"87\",\"88\",\"89\",\"90\",\"91\"]},{\"region_id\":\"78\",\"states\":[\"109\",\"110\",\"111\",\"112\"]},{\"region_id\":\"75\",\"states\":[\"96\",\"97\",\"98\"]}]','[{\"continent_id\":\"3\",\"countries\":[\"31\",\"39\",\"41\",\"36\",\"35\"]},{\"continent_id\":\"1\",\"countries\":[\"8\",\"10\",\"11\",\"16\",\"17\",\"24\"]},{\"continent_id\":\"6\",\"countries\":[\"70\",\"71\"]},{\"continent_id\":\"2\",\"countries\":[\"57\",\"44\",\"52\",\"47\",\"55\"]},{\"continent_id\":\"4\",\"countries\":[\"60\",\"62\",\"61\"]},{\"continent_id\":\"5\",\"countries\":[\"67\",\"65\",\"64\"]}]',NULL,'john-peter',2,NULL,'1762619677_office.jpg',NULL,'1','2,4,5,6','Corporate Office','71/7-A, RAMA ROAD, Najafgarh Rd, INDUSTRIAL AREA, New Delhi, Delhi 110015','Gurgaon',NULL,'Haryana','India','122001','RAMA ROAD','https://share.google/3yOoYsRsULe7JBUVt','Yes','India','825312','Jharkhand','Hazaribag','71/7-A, RAMA ROAD, Najafgarh Rd, INDUSTRIAL AREA, New Delhi, Delhi 110015','RAMA ROAD','sdsdfasfd',NULL,'https://www.onlinekurtisindia.com/','2025','11-25','₹1 Cr - ₹5 Cr','Proprietorship (Sole Owner)\r\n','07AABCW3050C1ZT','CNTPP8491E',NULL,NULL,NULL,'2255331245','Current','John Tester','cancel_check_1762619266.png','SBIN006410E',NULL,NULL,'1761212876_image23.jpg','1760614329_food-grains.jpg','1760688436_Aryan-Khokha.jpg','1760614201_food-grains.jpg','1760614224_food-grains.jpg',NULL,NULL,'1245647874','1760614232_food-grains.jpg','Certificate of Incorporation (COI)','1760614237_food-grains.jpg','Internet Bill','1760614242_food-grains.jpg','1762337516_food-grains.jpg','1762337519_food-grains.jpg','1760614251_food-grains.jpg','https://www.youtube.com/watch?v=AN5p2Fx3ZrY','https://www.youtube.com/watch?v=AN5p2Fx3ZrY','https://www.youtube.com/watch?v=AN5p2Fx3ZrY','Mike Peter','Co-Founder',NULL,'91','India','in','9717102772','91','India','in','9714545474','mikepeter123@gmail.com','mikepeter456@gmail.com','91','India','in','11','25458745','India','in','91','11','258745214','1','Mike Peter','Co-Founder',NULL,'91','India','in','9717102772','91','India','in','9714545474','mikepeter123@gmail.com','mikepeter456@gmail.com','https://www.onlinekurtisindia.com/','https://x.com/webpulseindia/status/1087232104507813888','https://www.instagram.com/webpulseindia/','https://www.facebook.com/webpulsesolution/','https://www.instagram.com/webpulseindia/','https://www.youtube.com/watch?v=AN5p2Fx3ZrY','1','John Peter','A Friend',0,'2025-09-13 17:25:59','2025-12-02 11:35:22','1','1','0','0',NULL,NULL),(43,37,'BAGHEL INDUSTRIES PRIVATE LIMITED','36','[\"235\",\"234\",\"37\",\"38\",\"41\"]','[{\"region_id\":\"1\",\"states\":[\"5\",\"4\",\"2\",\"1\",\"3\",\"7\",\"8\",\"6\"]}]','[{\"continent_id\":\"1\",\"countries\":[\"3\",\"5\",\"19\",\"23\",\"27\",\"28\",\"30\",\"32\",\"33\",\"34\",\"38\",\"39\",\"40\",\"42\",\"48\",\"52\",\"54\",\"55\",\"57\",\"58\",\"62\",\"63\",\"66\",\"70\",\"71\",\"88\",\"98\",\"99\",\"100\",\"104\",\"105\",\"108\",\"111\",\"112\",\"119\",\"120\",\"122\",\"128\",\"129\",\"145\",\"151\",\"153\",\"155\",\"156\",\"161\",\"162\",\"163\",\"166\",\"173\",\"176\",\"179\",\"183\",\"195\",\"196\"]}]',NULL,'baghel-industries-private-limited',0,NULL,'1758527983_logo.png','BAGHEL','1','2,6,7,8','Factory Address','3rd Floor, 71/7A','West Delhi',NULL,'Delhi','India','110015','Najafgarh Road',NULL,'Yes','India','110015','Delhi','West Delhi','3rd Floor, 71/7A, Najafgarh Rd, Block C, Najafgarh Road Industrial Area, New Delhi, Delhi, 110015','Najafgarh Road',NULL,NULL,'https://www.onlinekurtisindia.com/','2011',NULL,'10-25Lakh',NULL,NULL,NULL,NULL,NULL,NULL,NULL,NULL,NULL,NULL,NULL,NULL,NULL,NULL,NULL,NULL,NULL,NULL,NULL,NULL,NULL,NULL,NULL,NULL,NULL,NULL,NULL,NULL,NULL,NULL,NULL,NULL,'Vivek Singh','Founder & CEO',NULL,'91','India','in','9911241819','91','India','in','7897742560','webpulse.phpdev3test@gmail.com','webpulse.phpdev3test@gmail.com',NULL,NULL,NULL,NULL,NULL,NULL,NULL,NULL,NULL,NULL,'0','Vivek Singh','Other','CEO','91','India','in','9911241819','91','India','in','7897742560','webpulse.phpdev3test@gmail.com','webpulse.phpdev3test@gmail.com','https://www.onlinekurtisindia.com/','NA','NA','NA','https://www.instagram.com/baghel_industries/','NA',NULL,NULL,NULL,0,'2025-09-19 15:41:48','2025-09-22 14:49:05','0','0','0','0',NULL,NULL),(44,39,'sdfafs','108',NULL,NULL,NULL,NULL,'sdfafs-39',0,NULL,NULL,NULL,'1',NULL,NULL,NULL,'sfasf',NULL,'sasfsf','Afghanistan','23423',NULL,NULL,NULL,NULL,NULL,NULL,NULL,NULL,NULL,NULL,NULL,NULL,NULL,NULL,NULL,NULL,NULL,NULL,NULL,NULL,NULL,NULL,NULL,NULL,NULL,NULL,NULL,NULL,NULL,NULL,NULL,NULL,NULL,NULL,NULL,NULL,NULL,NULL,NULL,NULL,NULL,NULL,NULL,NULL,NULL,NULL,NULL,NULL,NULL,NULL,NULL,NULL,NULL,NULL,NULL,NULL,NULL,NULL,NULL,NULL,NULL,NULL,NULL,NULL,NULL,NULL,NULL,NULL,NULL,NULL,'0',NULL,NULL,NULL,NULL,NULL,NULL,NULL,NULL,NULL,NULL,NULL,NULL,NULL,NULL,NULL,NULL,NULL,NULL,NULL,NULL,NULL,NULL,0,'2025-09-19 17:34:05','2025-09-19 17:34:05','0','0','0','0',NULL,NULL),(45,40,'Testing Comp.','106',NULL,NULL,NULL,NULL,'testing-comp-40',0,NULL,NULL,NULL,'1',NULL,NULL,NULL,'testing',NULL,'testing','Albania','12345',NULL,NULL,NULL,NULL,NULL,NULL,NULL,NULL,NULL,NULL,NULL,NULL,NULL,NULL,NULL,NULL,NULL,NULL,NULL,NULL,NULL,NULL,NULL,NULL,NULL,NULL,NULL,NULL,NULL,NULL,NULL,NULL,NULL,NULL,NULL,NULL,NULL,NULL,NULL,NULL,NULL,NULL,NULL,NULL,NULL,NULL,NULL,NULL,NULL,NULL,NULL,NULL,NULL,NULL,NULL,NULL,NULL,NULL,NULL,NULL,NULL,NULL,NULL,NULL,NULL,NULL,NULL,NULL,NULL,NULL,'0',NULL,NULL,NULL,NULL,NULL,NULL,NULL,NULL,NULL,NULL,NULL,NULL,NULL,NULL,NULL,NULL,NULL,NULL,NULL,NULL,NULL,NULL,0,'2025-09-19 18:03:17','2025-09-19 18:03:17','0','0','0','0',NULL,NULL),(46,41,'MKR Company','36','[]','[{\"region_id\":\"6\",\"states\":[\"10\",\"9\"]},{\"region_id\":\"3\",\"states\":[\"11\",\"12\",\"13\",\"14\"]},{\"region_id\":\"1\",\"states\":[\"5\",\"4\",\"2\",\"1\",\"3\",\"7\",\"8\",\"6\"]},{\"region_id\":\"5\",\"states\":[\"23\",\"24\",\"25\",\"26\",\"27\",\"28\",\"29\",\"30\"]},{\"region_id\":\"2\",\"states\":[\"18\",\"20\",\"21\",\"22\",\"19\"]},{\"region_id\":\"7\",\"states\":[\"31\",\"32\",\"33\",\"34\",\"35\",\"36\"]},{\"region_id\":\"4\",\"states\":[\"17\",\"15\",\"16\"]}]','[{\"continent_id\":\"1\",\"countries\":[\"3\",\"5\",\"19\",\"23\",\"27\",\"30\",\"32\",\"34\",\"38\",\"42\",\"48\",\"52\",\"54\",\"55\",\"57\",\"58\",\"62\",\"63\",\"66\",\"70\",\"71\",\"88\",\"98\",\"99\",\"104\",\"105\",\"108\",\"111\",\"112\",\"119\",\"120\",\"122\",\"128\",\"129\",\"145\",\"151\",\"153\",\"155\",\"156\",\"162\",\"173\",\"176\",\"179\",\"183\",\"195\"]},{\"continent_id\":\"2\",\"countries\":[\"8\",\"11\",\"13\",\"14\",\"20\",\"25\",\"29\",\"36\",\"64\",\"77\",\"78\",\"82\",\"85\",\"86\",\"87\",\"93\",\"94\",\"95\",\"106\",\"107\",\"117\",\"124\",\"132\",\"133\",\"139\",\"142\",\"152\",\"157\",\"91\",\"165\",\"171\",\"172\",\"174\",\"175\",\"180\",\"181\",\"185\",\"189\",\"193\"]},{\"continent_id\":\"6\",\"countries\":[\"9\",\"59\",\"89\",\"110\",\"114\",\"123\",\"126\",\"134\",\"136\",\"149\",\"160\",\"177\",\"182\",\"190\"]},{\"continent_id\":\"3\",\"countries\":[\"2\",\"4\",\"10\",\"17\",\"22\",\"26\",\"43\",\"45\",\"46\",\"47\",\"56\",\"60\",\"61\",\"65\",\"67\",\"75\",\"76\",\"81\",\"83\",\"92\",\"96\",\"101\",\"102\",\"103\",\"109\",\"115\",\"116\",\"118\",\"125\",\"130\",\"131\",\"140\",\"141\",\"143\",\"150\",\"154\",\"158\",\"159\",\"164\",\"168\",\"169\",\"186\",\"191\"]},{\"continent_id\":\"4\",\"countries\":[\"6\",\"12\",\"15\",\"18\",\"31\",\"41\",\"49\",\"50\",\"53\",\"68\",\"69\",\"73\",\"74\",\"84\",\"113\",\"127\",\"135\",\"146\",\"147\",\"148\",\"178\",\"187\"]},{\"continent_id\":\"5\",\"countries\":[\"7\",\"21\",\"24\",\"35\",\"37\",\"51\",\"72\",\"137\",\"138\",\"167\",\"188\"]}]',NULL,'mkr-company-demo',0,NULL,NULL,'MKR','1','2,4,5,6,7','Corporate Office','New Delhi','West Delhi',NULL,'Delhi','India','110015','Najafgarh Road','','Yes','India','110015','Delhi','West Delhi','New Delhi','Najafgarh Road',NULL,NULL,'https://www.onlinekurtisindia.com/','2011',NULL,NULL,NULL,NULL,NULL,NULL,NULL,NULL,NULL,NULL,NULL,NULL,NULL,NULL,NULL,'1758541980_Capture.JPG','1758542176_seva-image.jpg','1758542235_seva-image_(1).jpg',NULL,NULL,'1758542255_seva-image_(1).jpg',NULL,NULL,'1758542006_seva-image.jpg',NULL,NULL,NULL,NULL,'1762430073_about.jpg','1762430081_banner1.jpg','1762430086_test.jpg',NULL,NULL,NULL,'Vivek Singh','Founder',NULL,'91','India','in','7897742560','91','India','in','7897742560','webpulse.phpdev3@gmail.com','webpulse.phpdev3@gmail.com',NULL,NULL,NULL,NULL,NULL,NULL,NULL,NULL,NULL,NULL,'0','MKR','Other','CEO','91','India','in','7897742560','91','India','in','7897742560','webpulse.phpdev3@gmail.com','webpulse.phpdev3@gmail.com','https://www.onlinekurtisindia.com/','NA','NA','https://www.facebook.com/brij.shringar?rdid=J9Fnm35NxbyxMWAP&share_url=https%3A%2F%2Fwww.facebook.co','https://www.instagram.com/baghel_industries/','https://www.youtube.com/@brijsringarvrindavan?si=HL1EnZBMJYh0LbIt',NULL,NULL,NULL,0,'2025-09-22 16:33:33','2025-10-27 13:20:57','0','0','0','0',NULL,NULL),(47,42,'Vicky Comp.','108','[]','[{\"region_id\":\"6\",\"states\":[\"10\",\"9\"]},{\"region_id\":\"3\",\"states\":[\"11\",\"12\",\"13\",\"14\"]},{\"region_id\":\"1\",\"states\":[\"5\",\"4\",\"2\",\"1\",\"3\",\"7\",\"8\",\"6\"]},{\"region_id\":\"5\",\"states\":[\"23\",\"24\",\"25\",\"26\",\"27\",\"28\",\"29\",\"30\"]}]','[{\"continent_id\":\"1\",\"countries\":[\"3\",\"5\",\"19\",\"23\",\"27\",\"30\",\"32\",\"34\",\"38\",\"42\",\"48\",\"52\",\"54\",\"55\",\"57\",\"58\",\"62\",\"63\",\"66\",\"70\",\"71\",\"88\",\"98\",\"99\",\"104\",\"105\",\"108\",\"111\",\"112\",\"119\",\"120\",\"122\",\"128\",\"129\",\"145\",\"151\",\"153\",\"155\",\"156\",\"162\",\"173\",\"176\",\"179\",\"183\",\"195\"]},{\"continent_id\":\"6\",\"countries\":[\"9\",\"59\",\"89\",\"110\",\"114\",\"123\",\"126\",\"134\",\"136\",\"149\",\"160\",\"177\",\"182\",\"190\"]},{\"continent_id\":\"5\",\"countries\":[]}]',NULL,'vicky-42',0,NULL,'1760614747_food-grains.jpg',NULL,'1','2,4,5,6,7','Corporate Office','Test address','Gurgaon',NULL,'Haryana','India','122001','test',NULL,'Yes','India','122001','Haryana','Gurgaon','Test address','test',NULL,NULL,'https://test.com','2024',NULL,'Below-10Lakh',NULL,NULL,NULL,NULL,NULL,NULL,NULL,NULL,NULL,NULL,NULL,NULL,NULL,'1760614754_food-grains.jpg','1761109932_Invoice_1.pdf','1760614741_food-grains.jpg','1760614745_food-grains.jpg','1760614750_food-grains.jpg',NULL,NULL,NULL,'1760614757_food-grains.jpg','GST Certificate','1760614761_food-grains.jpg','Telephone Bill','1760614766_food-grains.jpg','1760614774_food-grains.jpg','1760614778_food-grains.jpg','1760614783_food-grains.jpg','https://www.youtube.com/watch?v=AN5p2Fx3ZrY','https://test.com','https://test.com','Sashikant','Founder',NULL,'358','Åland Islands','ax','124512','358','Åland Islands','ax','12345','sdfsaf@ga.com','',NULL,NULL,NULL,NULL,NULL,NULL,NULL,NULL,NULL,NULL,'0','','',NULL,'91','India','in','','91','India','in','','','','https://test.com','https://test.com','https://test.com','https://test.com','https://test.com','https://test.com','1','Vicky','GetManufacturers Team',0,'2025-10-08 17:55:09','2025-10-22 12:54:40','1','0','0','0',NULL,NULL),(48,43,'Stellar Inc.','109','[]',NULL,NULL,NULL,'sdfasdfa-43',0,NULL,NULL,NULL,'1',NULL,'Corporate Office','test','Gurgaon',NULL,'Haryana','India','825312',NULL,NULL,NULL,NULL,NULL,NULL,NULL,NULL,NULL,NULL,NULL,NULL,'2024',NULL,'Below-10Lakh',NULL,NULL,NULL,NULL,NULL,NULL,NULL,NULL,NULL,NULL,NULL,NULL,NULL,NULL,NULL,NULL,NULL,NULL,NULL,NULL,NULL,NULL,NULL,NULL,NULL,NULL,NULL,NULL,NULL,NULL,NULL,NULL,NULL,NULL,NULL,NULL,NULL,NULL,NULL,NULL,NULL,NULL,NULL,NULL,NULL,NULL,NULL,NULL,NULL,NULL,NULL,NULL,NULL,NULL,NULL,'0',NULL,NULL,NULL,NULL,NULL,NULL,NULL,NULL,NULL,NULL,NULL,NULL,NULL,NULL,NULL,NULL,NULL,NULL,NULL,NULL,NULL,NULL,0,'2025-10-22 16:41:58','2025-10-22 17:03:22','0','0','0','0',NULL,NULL),(49,44,'Vista Office Systems Pvt. Ltd.','127','[]','[{\"region_id\":\"1\",\"states\":[\"4\",\"3\",\"7\",\"8\",\"6\"]},{\"region_id\":\"4\",\"states\":[\"17\",\"15\"]}]','[{\"continent_id\":\"1\",\"countries\":[\"3\",\"5\"]},{\"continent_id\":\"2\",\"countries\":[\"11\",\"14\",\"29\",\"77\",\"85\"]},{\"continent_id\":\"5\",\"countries\":[\"7\",\"21\",\"72\",\"137\"]}]',NULL,'vista-office-systems-pvt-ltd',2,NULL,'1761543529_vista-furniture-logo.png',NULL,'1','2,5,7','Factory Address','10/67, Shop No. 2 & 3, Industrial Area, Kirti Nagar, New Delhi - 110015, India','West Delhi',NULL,'Delhi','India','110015',NULL,'https://share.google/sPvU2uPu2r0bFXnQ8','Yes','India','110015','Delhi','West Delhi','10/67, Shop No. 2 & 3, Industrial Area, Kirti Nagar, New Delhi - 110015, India','','https://share.google/sPvU2uPu2r0bFXnQ8',NULL,'','1997','',NULL,'Proprietorship (Sole Owner)\r\n',NULL,NULL,NULL,NULL,NULL,NULL,NULL,NULL,NULL,NULL,NULL,NULL,NULL,NULL,NULL,NULL,NULL,NULL,NULL,NULL,NULL,NULL,NULL,NULL,NULL,NULL,NULL,NULL,NULL,NULL,NULL,'Satish Gaur','Managing Director',NULL,'91','India','in','9873936317','91','India','in','9873936317','sgaur.vista@gmail.com','',NULL,NULL,NULL,NULL,'',NULL,NULL,NULL,NULL,'','0','Satish Gaur','Owner',NULL,'91','India','in','9873936317','91','India','in','9873936317','','','','','','https://www.facebook.com/people/Vista-Office-Systems-Pvt-Ltd/100084207672540/?_rdr','','',NULL,NULL,NULL,0,'2025-10-27 10:52:21','2025-10-28 10:54:24','0','0','0','0',NULL,NULL),(50,45,'SKF Decor Pvt. Ltd.','127','[]','[{\"region_id\":\"6\",\"states\":[\"10\",\"9\"]},{\"region_id\":\"3\",\"states\":[\"11\",\"12\",\"13\",\"14\"]},{\"region_id\":\"1\",\"states\":[\"5\",\"4\",\"2\",\"1\",\"3\",\"7\",\"8\",\"6\"]},{\"region_id\":\"5\",\"states\":[\"23\",\"24\",\"25\",\"26\",\"27\",\"28\",\"29\",\"30\"]},{\"region_id\":\"2\",\"states\":[\"18\",\"20\",\"21\",\"22\",\"19\"]},{\"region_id\":\"7\",\"states\":[\"32\"]},{\"region_id\":\"4\",\"states\":[\"17\",\"15\",\"16\"]}]',NULL,NULL,'skf-decor-pvt-ltd',1,NULL,'1761545328_skf-decor-logo.png',NULL,'1','5,7','Factory Address','F - 343, Old MB Road, Lado Sarai, New Delhi, Delhi 110030','South West Delhi',NULL,'Delhi','India','110030','','https://share.google/gMJAquAT0UqJ72ila','Yes','India','110030','Delhi','South West Delhi','F - 343, Old MB Road, Lado Sarai, New Delhi, Delhi 110030','','https://share.google/gMJAquAT0UqJ72ila',NULL,'','2007',NULL,NULL,NULL,NULL,NULL,NULL,NULL,NULL,NULL,NULL,NULL,NULL,NULL,NULL,NULL,NULL,NULL,NULL,NULL,NULL,NULL,NULL,NULL,NULL,NULL,NULL,NULL,NULL,NULL,NULL,NULL,NULL,NULL,NULL,'Naseem Khan','Managing Director',NULL,'91','India','in','9718080807','91','India','in','9718080807','skfdecor210@gmail.com','',NULL,NULL,NULL,NULL,NULL,NULL,NULL,NULL,NULL,NULL,'0','Naseem Khan','Owner',NULL,'91','India','in','9718080807','91','India','in','','skfdecor210@gmail.com','','https://share.google/gMJAquAT0UqJ72ila','https://x.com/share?url=https%3A%2F%2Fshare.google%2FgMJAquAT0UqJ72ila','','https://www.facebook.com/sharer/sharer.php?u=https%3A%2F%2Fshare.google%2FgMJAquAT0UqJ72ila','','',NULL,NULL,NULL,0,'2025-10-27 11:24:06','2025-10-27 11:37:58','0','0','0','0',NULL,NULL),(51,46,'Sai Furniture Art','127','[]','[{\"region_id\":\"77\",\"states\":[\"107\",\"108\"]},{\"region_id\":\"74\",\"states\":[\"93\",\"92\",\"94\",\"95\"]},{\"region_id\":\"72\",\"states\":[\"79\",\"80\",\"81\",\"82\",\"83\",\"84\",\"85\",\"86\"]},{\"region_id\":\"76\",\"states\":[\"99\",\"100\",\"101\",\"102\",\"103\",\"104\",\"105\",\"106\"]},{\"region_id\":\"73\",\"states\":[\"87\",\"88\",\"89\",\"90\",\"91\"]},{\"region_id\":\"78\",\"states\":[\"109\",\"110\",\"111\",\"112\"]},{\"region_id\":\"75\",\"states\":[\"96\",\"97\",\"98\"]}]','[{\"continent_id\":\"3\",\"countries\":[\"41\",\"32\",\"33\",\"34\",\"36\",\"35\"]},{\"continent_id\":\"1\",\"countries\":[\"8\",\"39\",\"29\",\"7\",\"9\",\"27\",\"22\",\"10\",\"11\",\"13\",\"14\",\"26\",\"15\",\"16\",\"17\",\"18\",\"23\",\"19\",\"25\",\"20\",\"24\",\"21\",\"28\"]},{\"continent_id\":\"6\",\"countries\":[\"31\",\"70\",\"71\"]},{\"continent_id\":\"2\",\"countries\":[\"57\",\"53\",\"54\",\"42\",\"56\",\"43\",\"44\",\"52\",\"59\",\"45\",\"46\",\"58\",\"47\",\"55\",\"48\",\"49\",\"50\",\"51\"]},{\"continent_id\":\"4\",\"countries\":[\"60\",\"62\",\"61\"]},{\"continent_id\":\"5\",\"countries\":[\"67\",\"65\",\"68\",\"69\",\"63\",\"66\",\"64\"]}]',NULL,'sai-furniture-art-46',0,NULL,'1762335364_food-grains.jpg',NULL,'1','2,5,7','Factory Address',' 9/50, 2nd Floor, Industrial Area, Opp. Railway Reservation Center, Kirti Nagar, New Delhi - 110015, (India)','West Delhi',NULL,'Delhi','India','110015','test','https://maps.app.goo.gl/6SbtkU4ZE4RpzPA86','Yes','India','110015','Delhi','West Delhi',' 9/50, 2nd Floor, Industrial Area, Opp. Railway Reservation Center, Kirti Nagar, New Delhi - 110015, (India)','test','https://share.google/3yOoYsRsULe7JBUVt',NULL,'','2004','51-100','₹5 Cr - ₹10 Cr','Proprietorship (Sole Owner)\r\n','07AABCW3050C1ZT',NULL,NULL,NULL,NULL,NULL,NULL,NULL,NULL,NULL,NULL,NULL,'1762335543_food-grains.jpg','1762335383_food-grains.jpg','1762335386_food-grains.jpg','1762335389_food-grains.jpg','1762335393_food-grains.jpg',NULL,NULL,'1234567874','1762335553_food-grains.jpg','Certificate of Incorporation (COI)','1762335566_food-grains.jpg','Utility Bill','1762335570_food-grains.jpg','1762337803_food-grains.jpg','1762337807_food-grains.jpg','1762337816_food-grains.jpg','https://www.youtube.com/watch?v=AN5p2Fx3ZrY',NULL,NULL,'OP Bajaj','Founder',NULL,'91','India','in','7838277777','91','India','in','','saifurnitureart@gmail.com','','91','India','in','','','India','in','91','','','','OP Bajaj','Founder',NULL,'91','India','in','7838277777','91','India','in','','saifurnitureart@gmail.com','','','','','https://www.facebook.com/SaiFurnitureArt/','','','1','sdfaf','GetManufacturers Team',0,'2025-10-28 14:09:25','2025-11-20 13:20:51','1','0','1','0','2025-12-02','2026-12-01'),(52,47,'Purple Palette','36','[]','[{\"region_id\":\"6\",\"states\":[\"9\",\"20\"]},{\"region_id\":\"3\",\"states\":[\"8\",\"2\",\"26\",\"36\"]},{\"region_id\":\"1\",\"states\":[\"11\",\"14\",\"15\",\"16\",\"28\",\"29\",\"34\",\"35\"]},{\"region_id\":\"5\",\"states\":[\"7\",\"22\",\"23\",\"24\",\"25\",\"30\",\"33\"]},{\"region_id\":\"2\",\"states\":[\"5\",\"6\",\"17\",\"18\",\"31\",\"32\"]}]','[{\"continent_id\":\"1\",\"countries\":[\"548\"]},{\"continent_id\":\"2\",\"countries\":[\"549\",\"560\"]},{\"continent_id\":\"6\",\"countries\":[\"552\"]}]',NULL,'purple-palette-47',0,NULL,'1762243137_purple-logo.png',NULL,'1','2,5','Factory Address','39 Daryacha Building, Hauz Khas Village, New Delhi-110016','South West Delhi',NULL,'Delhi','India','110016','saf','safasfd','Yes','India','110016','Delhi','South West Delhi','39 Daryacha Building, Hauz Khas Village, New Delhi-110016','saf','safasfd',NULL,'','2020','','51-1Cr','Private Limited Company (Pvt. Ltd.)','07AABCW3050C1ZT',NULL,NULL,NULL,NULL,NULL,NULL,NULL,NULL,NULL,NULL,NULL,'1762245146_food-grains.jpg','1762243149_food-grains.jpg','1762243156_food-grains.jpg','1762243160_food-grains.jpg','1762243167_food-grains.jpg',NULL,NULL,'1234567890','1762245721_food-grains.jpg','Certificate of Incorporation (COI)','1762245254_food-grains.jpg','Telephone Bill','1762245725_food-grains.jpg','1762246415_food-grains.jpg','1762246426_food-grains.jpg','1762246471_food-grains.jpg','https://test.com',NULL,NULL,'Vijay S Rana','Founder',NULL,'91','India','in','1214121412','91','India','in','','vijay@yopmail.com','','358','Åland Islands','ax','124','34534512','Albania','al','355','414','12345678','0','Vijay S Rana','Founder',NULL,'91','India','in','8010222333','91','India','in','','vijay@purplepalette.in','','','','','','','','1','Testing Person','GetManufacturers Team',0,'2025-11-04 10:59:29','2025-11-05 14:04:21','1','0','0','0',NULL,NULL),(53,48,'Testing Company LLP','106','[]','[{\"region_id\":\"6\",\"states\":[\"20\"]},{\"region_id\":\"3\",\"states\":[\"2\",\"26\"]},{\"region_id\":\"1\",\"states\":[\"14\",\"15\",\"35\"]},{\"region_id\":\"5\",\"states\":[\"22\",\"23\"]}]',NULL,NULL,'testing-company-llp-48',0,NULL,'1762430155_food-grains.jpg',NULL,'1',NULL,NULL,'Testing address','Gurgaon',NULL,'Haryana','India','122001','','','Yes','India','122001','Haryana','Gurgaon','Testing address','','',NULL,'','2025','11-25','Below ₹10 Lakh','Partnership Firm\r\n','07AABCW3050C1ZT',NULL,NULL,NULL,NULL,NULL,NULL,NULL,NULL,NULL,NULL,NULL,'1762430229_food-grains.jpg','1762430160_food-grains.jpg','1762430165_food-grains.jpg','1762430169_food-grains.jpg','1762430175_food-grains.jpg',NULL,NULL,'',NULL,'Certificate of Incorporation (COI)','1762430237_food-grains.jpg','Utility Bill','1762430243_food-grains.jpg',NULL,NULL,NULL,NULL,NULL,NULL,'raman gupta','Founder',NULL,'91','India','in','1245787451','91','India','in','','ramangupta@yopmail.com','','91','India','in','','','India','in','91','','','0','test','Founder',NULL,'91','India','in','9658745214','91','India','in','','testdfsd@sdfa.com','','','','','','','',NULL,NULL,NULL,0,'2025-11-06 12:19:39','2025-11-06 17:29:39','1','0','0','0',NULL,NULL),(54,49,'Rubber Company','112',NULL,NULL,NULL,NULL,'rubber-company-49',0,NULL,NULL,NULL,'1',NULL,NULL,NULL,'Hazaribag',NULL,'Jharkhand','India','825312',NULL,NULL,NULL,NULL,NULL,NULL,NULL,NULL,NULL,NULL,NULL,NULL,NULL,NULL,NULL,NULL,NULL,NULL,NULL,NULL,NULL,NULL,NULL,NULL,NULL,NULL,NULL,NULL,NULL,NULL,NULL,NULL,NULL,NULL,NULL,NULL,NULL,NULL,NULL,NULL,NULL,NULL,NULL,NULL,NULL,NULL,NULL,'Rubber User',NULL,NULL,'91','India','in','5471214541',NULL,NULL,NULL,NULL,'ramangupta11@yopmail.com',NULL,NULL,NULL,NULL,NULL,NULL,NULL,NULL,NULL,NULL,NULL,'0',NULL,NULL,NULL,NULL,NULL,NULL,NULL,NULL,NULL,NULL,NULL,NULL,NULL,NULL,NULL,NULL,NULL,NULL,NULL,NULL,NULL,NULL,0,'2025-11-06 12:40:56','2025-11-06 12:40:56','0','0','0','0',NULL,NULL),(55,50,'Textile Company','107',NULL,NULL,NULL,NULL,'textile-company-50',0,NULL,NULL,NULL,'1',NULL,NULL,NULL,'testing',NULL,'testing','Afghanistan','12345',NULL,NULL,NULL,NULL,NULL,NULL,NULL,NULL,NULL,NULL,NULL,NULL,NULL,NULL,NULL,NULL,NULL,NULL,NULL,NULL,NULL,NULL,NULL,NULL,NULL,NULL,NULL,NULL,NULL,NULL,NULL,NULL,NULL,NULL,NULL,NULL,NULL,NULL,NULL,NULL,NULL,NULL,NULL,NULL,NULL,NULL,NULL,'Textile User',NULL,NULL,'93','Afghanistan','af','85478745',NULL,NULL,NULL,NULL,'ramangupta111@yopmail.com',NULL,NULL,NULL,NULL,NULL,NULL,NULL,NULL,NULL,NULL,NULL,'0',NULL,NULL,NULL,NULL,NULL,NULL,NULL,NULL,NULL,NULL,NULL,NULL,NULL,NULL,NULL,NULL,NULL,NULL,NULL,NULL,NULL,NULL,0,'2025-11-06 12:45:11','2025-11-06 12:45:11','0','0','0','0',NULL,NULL),(56,51,'Yahoo Company','115',NULL,NULL,NULL,NULL,'yahoo-company-51',0,NULL,NULL,NULL,'1',NULL,NULL,NULL,'Gurgaon',NULL,'Haryana','India','122001',NULL,NULL,NULL,NULL,NULL,NULL,NULL,NULL,NULL,NULL,NULL,NULL,NULL,NULL,NULL,NULL,NULL,NULL,NULL,NULL,NULL,NULL,NULL,NULL,NULL,NULL,NULL,NULL,NULL,NULL,NULL,NULL,NULL,NULL,NULL,NULL,NULL,NULL,NULL,NULL,NULL,NULL,NULL,NULL,NULL,NULL,NULL,'Yahoo User',NULL,NULL,'91','India','in','5412141210',NULL,NULL,NULL,NULL,'yahoocompany@yopmail.com',NULL,NULL,NULL,NULL,NULL,NULL,NULL,NULL,NULL,NULL,NULL,'0',NULL,NULL,NULL,NULL,NULL,NULL,NULL,NULL,NULL,NULL,NULL,NULL,NULL,NULL,NULL,NULL,NULL,NULL,NULL,NULL,NULL,NULL,0,'2025-11-06 12:53:49','2025-11-06 12:53:49','0','0','0','0',NULL,NULL),(57,52,'Webpulse','127','[]',NULL,NULL,NULL,'webpulse-52',0,NULL,NULL,'Webpulse','1',NULL,NULL,'New Delhi','West Delhi',NULL,'Delhi','India','110015',NULL,'',NULL,NULL,NULL,NULL,NULL,NULL,NULL,NULL,NULL,NULL,'2009','101-250','₹5 Cr - ₹10 Cr','Private Limited Company (Pvt. Ltd.)',NULL,NULL,NULL,NULL,NULL,NULL,NULL,NULL,NULL,NULL,NULL,NULL,NULL,NULL,NULL,NULL,NULL,NULL,NULL,NULL,NULL,NULL,NULL,NULL,NULL,NULL,NULL,NULL,NULL,NULL,NULL,'Chandra','Team Member',NULL,'91','India','in','9876543210','91','India','in','','chandra2@webpulseindia.com','','91','India','in','','','India','in','91','','','0',NULL,NULL,NULL,NULL,NULL,NULL,NULL,NULL,NULL,NULL,NULL,NULL,NULL,NULL,NULL,NULL,NULL,NULL,NULL,NULL,NULL,NULL,0,'2025-11-10 11:18:01','2025-11-10 11:20:08','0','0','0','0',NULL,NULL),(65,69,'Buyer testing company','105','[]',NULL,NULL,NULL,'buyer-testing-company',1,NULL,NULL,NULL,'1',NULL,NULL,'test','Hazaribag',NULL,'Jharkhand','India','825312','test','',NULL,NULL,NULL,NULL,NULL,NULL,NULL,NULL,NULL,NULL,'2025','',NULL,'Proprietorship (Sole Owner)\r\n',NULL,NULL,NULL,NULL,NULL,NULL,NULL,NULL,NULL,NULL,NULL,NULL,NULL,NULL,NULL,NULL,NULL,NULL,NULL,NULL,NULL,NULL,NULL,NULL,NULL,NULL,NULL,NULL,NULL,NULL,NULL,'Testing Buyer','Founder',NULL,'91','India','in','6325478987','91','India','in','','testingbuyer@yopmail.com','','91','India','in','','','India','in','91','','','0',NULL,NULL,NULL,NULL,NULL,NULL,NULL,NULL,NULL,NULL,NULL,NULL,NULL,NULL,NULL,NULL,NULL,NULL,NULL,NULL,NULL,NULL,0,'2025-11-20 11:14:41','2025-11-21 11:24:33','0','0','0','0',NULL,NULL),(66,79,'sdfaf','108',NULL,NULL,NULL,NULL,'sdfaf-79',0,NULL,NULL,NULL,'1',NULL,NULL,NULL,'Gurgaon',NULL,'Haryana','India','122001',NULL,NULL,NULL,NULL,NULL,NULL,NULL,NULL,NULL,NULL,NULL,NULL,NULL,NULL,NULL,NULL,NULL,NULL,NULL,NULL,NULL,NULL,NULL,NULL,NULL,NULL,NULL,NULL,NULL,NULL,NULL,NULL,NULL,NULL,NULL,NULL,NULL,NULL,NULL,NULL,NULL,NULL,NULL,NULL,NULL,NULL,NULL,NULL,NULL,NULL,NULL,NULL,NULL,NULL,NULL,NULL,NULL,NULL,NULL,NULL,NULL,NULL,NULL,NULL,NULL,NULL,NULL,NULL,NULL,NULL,'0',NULL,NULL,NULL,NULL,NULL,NULL,NULL,NULL,NULL,NULL,NULL,NULL,NULL,NULL,NULL,NULL,NULL,NULL,NULL,NULL,NULL,NULL,0,'2025-11-25 17:16:37','2025-11-25 17:16:37','0','0','0','0',NULL,NULL),(67,81,'New Test Comp','110',NULL,NULL,NULL,NULL,'new-test-comp-81',0,NULL,NULL,NULL,'1',NULL,NULL,NULL,'Central Delhi',NULL,'Delhi','India','110011',NULL,NULL,NULL,NULL,NULL,NULL,NULL,NULL,NULL,NULL,NULL,NULL,NULL,NULL,NULL,NULL,NULL,NULL,NULL,NULL,NULL,NULL,NULL,NULL,NULL,NULL,NULL,NULL,NULL,NULL,NULL,NULL,NULL,NULL,NULL,NULL,NULL,NULL,NULL,NULL,NULL,NULL,NULL,NULL,NULL,NULL,NULL,NULL,NULL,NULL,NULL,NULL,NULL,NULL,NULL,NULL,NULL,NULL,NULL,NULL,NULL,NULL,NULL,NULL,NULL,NULL,NULL,NULL,NULL,NULL,'0',NULL,NULL,NULL,NULL,NULL,NULL,NULL,NULL,NULL,NULL,NULL,NULL,NULL,NULL,NULL,NULL,NULL,NULL,NULL,NULL,NULL,NULL,0,'2025-11-25 17:28:20','2025-11-25 17:28:20','0','0','0','0',NULL,NULL),(68,82,'Test123 company','106','[]','[{\"region_id\":\"77\",\"states\":[\"107\",\"108\"]},{\"region_id\":\"74\",\"states\":[\"93\",\"92\"]}]',NULL,NULL,'test-company-82',0,NULL,'1764073277_skf-decor-logo.png',NULL,'1',NULL,NULL,'test','Hazaribag',NULL,'Jharkhand','India','825312','','',NULL,'India','110011','Delhi','Central Delhi','test address','','',NULL,'','2025','1-10','Below-10Lakh','Proprietorship (Sole Owner)\r\n','27ABCDE1234F2Z5',NULL,NULL,NULL,NULL,NULL,NULL,NULL,NULL,NULL,NULL,NULL,'1764073309_guest.png','1764073286_google.png','1764073290_google.png','1764073293_google.png','1764073297_google.png',NULL,NULL,'','1764073313_guest.png','Certificate of Incorporation (COI)','1764073318_google.png','Utility Bill','1764073324_guest.png','1764073359_guest.png','1764073362_guest.png','1764073364_guest.png','http://test.com/adfaf','http://www.test.com','https://test.com','test person','Founder',NULL,'91','India','in','9717102456','91','India','in','','webpulse.phpdev123@gmail.com','','91','India','in','','','India','in','91','','','0','tst person ceo','CEO',NULL,'91','India','in','6547874541','91','India','in','','testdfsd@sdfadf.com','','','','','','','','1','Testing name','GetManufacturers Team',0,'2025-11-25 17:48:39','2025-11-25 17:51:04','1','0','0','0',NULL,NULL),(69,85,'Chaitanya Company','122',NULL,NULL,NULL,NULL,'chaitanya-company-85',0,NULL,NULL,NULL,'1',NULL,NULL,NULL,'West Delhi',NULL,'Delhi','India','110015',NULL,NULL,NULL,NULL,NULL,NULL,NULL,NULL,NULL,NULL,NULL,NULL,NULL,NULL,NULL,NULL,NULL,NULL,NULL,NULL,NULL,NULL,NULL,NULL,NULL,NULL,NULL,NULL,NULL,NULL,NULL,NULL,NULL,NULL,NULL,NULL,NULL,NULL,NULL,NULL,NULL,NULL,NULL,NULL,NULL,NULL,NULL,'Chaitanya',NULL,NULL,'91','India','in','9310994155',NULL,NULL,NULL,NULL,'cgupta1009@gmail.com',NULL,NULL,NULL,NULL,NULL,NULL,NULL,NULL,NULL,NULL,NULL,'0',NULL,NULL,NULL,NULL,NULL,NULL,NULL,NULL,NULL,NULL,NULL,NULL,NULL,NULL,NULL,NULL,NULL,NULL,NULL,NULL,NULL,NULL,0,'2025-12-02 15:05:53','2025-12-02 15:05:53','0','0','0','0',NULL,NULL);

--
-- Table structure for table `gm_company_addresses`
--

CREATE TABLE `gm_company_addresses` (
  `id` int(11) NOT NULL AUTO_INCREMENT,
  `company_id` int(11) NOT NULL,
  `address_type` varchar(50) DEFAULT NULL,
  `address_type_other` varchar(255) DEFAULT NULL,
  `country` varchar(100) DEFAULT NULL,
  `state` varchar(100) DEFAULT NULL,
  `district` varchar(100) DEFAULT NULL,
  `pincode` varchar(20) DEFAULT NULL,
  `full_address` text,
  `landmark` varchar(100) DEFAULT NULL,
  `google_map_url` varchar(255) DEFAULT NULL,
  `created_at` datetime DEFAULT CURRENT_TIMESTAMP,
  `updated_at` datetime DEFAULT CURRENT_TIMESTAMP ON UPDATE CURRENT_TIMESTAMP,
  PRIMARY KEY (`id`)
) ENGINE=InnoDB AUTO_INCREMENT=27 DEFAULT CHARSET=latin1;

--
-- Dumping data for table `gm_company_addresses`
--

INSERT INTO `gm_company_addresses` VALUES (10,46,'5',NULL,'India','Delhi','Delhi','110015','new delhi','Najafgarh Road',NULL,'2025-09-22 16:55:57','2025-09-22 17:22:38'),(12,42,'Other','Ranchi Branch','India','Jharkhand','Jharkhand','834002','444-A, Rd Number 5, Ashok Kunj, Ashok Nagar, Ranchi, Jharkhand','Ashok Kunj','sdfafas','2025-10-10 11:12:15','2025-10-23 16:37:32'),(13,42,'4',NULL,'India','Delhi','Delhi','110011','444-A, Rd Number 5, Ashok Kunj, Ashok Nagar, Ranchi, Jharkhand','Ashok Kunj',NULL,'2025-10-10 12:09:12','2025-10-16 13:11:47'),(15,1,'3',NULL,'India','Jharkhand','Hazaribag','825312','sdfafas asfs','safas',NULL,'2025-10-16 13:01:56','2025-10-16 13:01:56'),(16,0,'3',NULL,'India','Delhi','Central Delhi','110011','sdfafasf','sfaf',NULL,'2025-10-16 13:05:44','2025-10-16 13:05:44'),(17,0,'3',NULL,'India','Delhi','Central Delhi','110011','sdfafasf','sfaf',NULL,'2025-10-16 13:05:44','2025-10-16 13:05:44'),(18,0,'1',NULL,'India','Jharkhand','Hazaribag','825312','sfaf','safs',NULL,'2025-10-16 13:08:05','2025-10-16 13:08:05'),(19,0,'3',NULL,'India','Jharkhand','Hazaribag','825312','sfasfs','saf',NULL,'2025-10-16 13:08:55','2025-10-16 13:08:55'),(20,0,'3',NULL,'India','Delhi','Central Delhi','110011','sfasfasf','sfasf',NULL,'2025-10-16 13:12:48','2025-10-16 13:12:48'),(22,47,'4',NULL,'Afghanistan','test','test','12345','test','test',NULL,'2025-10-16 16:58:14','2025-10-16 16:58:14'),(23,42,'3',NULL,'India','Haryana','Haryana','122001','test test','sdfasfa','https://www.google.com/maps/place/BAGHEL+INDUSTRIES+PRIVATE+LIMITED/data=!4m2!3m1!1s0x0:0xc74cf7daece64d3?sa=X&ved=1t:2428&ictx=111','2025-10-23 16:37:57','2025-10-23 16:38:22'),(24,52,'4',NULL,'India','Haryana','Gurgaon','122001','testing address','rama road','','2025-11-04 12:37:29','2025-11-04 12:37:29'),(25,51,'3',NULL,'India','Jharkhand','Jharkhand','825312','9/50, 2nd Floor, Industrial Area, Opp. Railway Reservation Center, Kirti Nagar, New Delhi - 110015, (India)','test2','https://share.google/3yOoYsRsULe7JBUVt','2025-11-05 14:36:51','2025-11-14 12:09:26'),(26,51,'2',NULL,'India','Delhi','Delhi','110015','9/50, 2nd Floor, Industrial Area, Opp. Railway Reservation Center, Kirti Nagar, New Delhi - 110015, (India)','Delhi','https://maps.app.goo.gl/6SbtkU4ZE4RpzPA86','2025-11-14 11:35:21','2025-11-14 11:39:32');

--
-- Table structure for table `gm_company_banners`
--

CREATE TABLE `gm_company_banners` (
  `id` int(11) NOT NULL AUTO_INCREMENT,
  `company_id` int(11) NOT NULL,
  `banner_name` varchar(255) CHARACTER SET utf8mb4 COLLATE utf8mb4_unicode_ci NOT NULL,
  `banner_text` varchar(255) CHARACTER SET utf8mb4 COLLATE utf8mb4_unicode_ci NOT NULL,
  `created_at` datetime NOT NULL DEFAULT CURRENT_TIMESTAMP,
  `updated_at` datetime NOT NULL DEFAULT CURRENT_TIMESTAMP,
  PRIMARY KEY (`id`)
) ENGINE=MyISAM DEFAULT CHARSET=latin1;

--
-- Dumping data for table `gm_company_banners`
--


--
-- Table structure for table `gm_company_categories`
--

CREATE TABLE `gm_company_categories` (
  `id` int(11) NOT NULL AUTO_INCREMENT,
  `parent_id` int(11) NOT NULL,
  `company_id` int(11) NOT NULL,
  `category_id` int(11) NOT NULL,
  `comp_category_name` varchar(255) DEFAULT NULL,
  `comp_category_url` varchar(255) DEFAULT NULL,
  `comp_category_image` varchar(255) DEFAULT NULL,
  `comp_category_image_thumb` varchar(255) DEFAULT NULL,
  `comp_category_icon` varchar(255) DEFAULT NULL,
  `comp_category_short_desc` text CHARACTER SET utf8mb4 COLLATE utf8mb4_unicode_ci,
  `comp_category_description` text CHARACTER SET utf8mb4 COLLATE utf8mb4_unicode_ci,
  `view_order` int(11) DEFAULT NULL,
  `status` enum('0','1') NOT NULL DEFAULT '1',
  `created_at` datetime NOT NULL DEFAULT CURRENT_TIMESTAMP,
  `updated_at` datetime NOT NULL DEFAULT CURRENT_TIMESTAMP,
  PRIMARY KEY (`id`)
) ENGINE=MyISAM AUTO_INCREMENT=367 DEFAULT CHARSET=latin1;

--
-- Dumping data for table `gm_company_categories`
--

INSERT INTO `gm_company_categories` VALUES (5,0,13,127,'Furniture','furniture',NULL,NULL,NULL,NULL,NULL,NULL,'1','2025-08-22 11:11:58','2025-08-22 11:11:58'),(2,0,4,149,'',NULL,NULL,NULL,NULL,NULL,NULL,NULL,'1','2025-08-22 11:00:46','2025-08-22 11:00:46'),(3,0,4,150,'',NULL,NULL,NULL,NULL,NULL,NULL,NULL,'1','2025-08-22 11:02:02','2025-08-22 11:02:02'),(4,0,4,151,'',NULL,NULL,NULL,NULL,NULL,NULL,NULL,'1','2025-08-22 11:05:34','2025-08-22 11:05:34'),(6,0,13,334,'',NULL,NULL,NULL,NULL,NULL,NULL,NULL,'1','2025-08-22 11:11:58','2025-08-22 11:11:58'),(7,0,13,331,'',NULL,NULL,NULL,NULL,NULL,NULL,NULL,'1','2025-08-22 11:11:58','2025-08-22 11:11:58'),(8,0,14,15,'Ladies Kurtis','ladies-kurtis',NULL,NULL,NULL,NULL,NULL,NULL,'1','2025-08-22 12:06:50','2025-08-22 12:06:50'),(9,0,14,17,'Ladies Tops','ladies-tops',NULL,NULL,NULL,NULL,NULL,NULL,'1','2025-08-22 12:06:50','2025-08-22 12:06:50'),(10,0,4,15,'',NULL,NULL,NULL,NULL,NULL,NULL,NULL,'1','2025-08-22 12:35:17','2025-08-22 12:35:17'),(15,0,14,988,'',NULL,NULL,NULL,NULL,NULL,NULL,NULL,'1','2025-09-08 14:14:09','2025-09-08 14:14:09'),(14,0,14,870,'',NULL,NULL,NULL,NULL,NULL,NULL,NULL,'1','2025-09-08 14:14:09','2025-09-08 14:14:09'),(13,0,3,0,'',NULL,NULL,NULL,NULL,NULL,NULL,NULL,'1','2025-09-08 12:50:26','2025-09-08 12:50:26'),(16,0,14,1070,'',NULL,NULL,NULL,NULL,NULL,NULL,NULL,'1','2025-09-08 14:14:09','2025-09-08 14:14:09'),(17,0,15,109,'',NULL,NULL,NULL,NULL,NULL,NULL,NULL,'1','2025-09-10 17:00:07','2025-09-10 17:00:07'),(18,0,17,36,'Garments and Clothings','garments-and-clothings',NULL,NULL,NULL,NULL,NULL,NULL,'1','2025-09-10 17:14:10','2025-09-10 17:14:10'),(19,0,18,109,'Jewellery','jewellery',NULL,NULL,NULL,NULL,NULL,NULL,'1','2025-09-10 17:24:27','2025-09-10 17:24:27'),(20,0,19,108,'Fashion Accessories','fashion-accessories',NULL,NULL,NULL,NULL,NULL,NULL,'1','2025-09-10 18:02:47','2025-09-10 18:02:47'),(21,0,20,109,'Jewellery','jewellery',NULL,NULL,NULL,NULL,NULL,NULL,'1','2025-09-10 18:23:00','2025-09-10 18:23:00'),(22,0,21,105,'Agriculture and Farming','agriculture-and-farming',NULL,NULL,NULL,NULL,NULL,NULL,'1','2025-09-11 14:48:27','2025-09-11 14:48:27'),(23,0,22,109,'Jewellery','jewellery',NULL,NULL,NULL,NULL,NULL,NULL,'1','2025-09-11 16:50:02','2025-09-11 16:50:02'),(24,0,23,109,'Jewellery','jewellery',NULL,NULL,NULL,NULL,NULL,NULL,'1','2025-09-11 16:50:18','2025-09-11 16:50:18'),(25,0,24,111,'Automobile, Parts & Spares','automobile-parts-spares',NULL,NULL,NULL,NULL,NULL,NULL,'1','2025-09-11 16:57:59','2025-09-11 16:57:59'),(26,0,25,107,'Textiles, Yarns & Fabrics','textiles-yarns-fabrics',NULL,NULL,NULL,NULL,NULL,NULL,'1','2025-09-11 17:27:24','2025-09-11 17:27:24'),(27,0,26,107,'Textiles, Yarns & Fabrics','textiles-yarns-fabrics',NULL,NULL,NULL,NULL,NULL,NULL,'1','2025-09-11 17:27:41','2025-09-11 17:27:41'),(28,0,27,109,'Jewellery','jewellery',NULL,NULL,NULL,NULL,NULL,NULL,'1','2025-09-11 17:43:18','2025-09-11 17:43:18'),(29,0,28,109,'Jewellery','jewellery',NULL,NULL,NULL,NULL,NULL,NULL,'1','2025-09-11 17:46:08','2025-09-11 17:46:08'),(30,0,29,109,'Jewellery','jewellery',NULL,NULL,NULL,NULL,NULL,NULL,'1','2025-09-11 17:47:58','2025-09-11 17:47:58'),(31,0,30,109,'Jewellery','jewellery',NULL,NULL,NULL,NULL,NULL,NULL,'1','2025-09-11 17:53:41','2025-09-11 17:53:41'),(32,0,31,113,'Shoes & Accessories','shoes-accessories',NULL,NULL,NULL,NULL,NULL,NULL,'1','2025-09-11 18:21:44','2025-09-11 18:21:44'),(33,0,32,106,'Food and Beverages','food-and-beverages',NULL,NULL,NULL,NULL,NULL,NULL,'1','2025-09-11 18:40:42','2025-09-11 18:40:42'),(52,0,43,235,'Girls Clothes','girls-clothes',NULL,NULL,NULL,NULL,NULL,NULL,'1','2025-09-19 16:27:15','2025-09-22 14:49:05'),(51,0,43,234,'Boys Clothes','boys-clothes',NULL,NULL,NULL,NULL,NULL,NULL,'1','2025-09-19 16:27:15','2025-09-22 14:49:05'),(50,0,43,37,'Mens Clothing','mens-clothing',NULL,NULL,NULL,NULL,NULL,NULL,'1','2025-09-19 16:27:15','2025-09-22 14:49:05'),(107,0,42,266,NULL,'furniture',NULL,NULL,NULL,NULL,NULL,NULL,'1','2025-09-26 05:19:04','2025-09-26 05:19:04'),(49,0,43,38,'Womens Clothing','womens-clothing',NULL,NULL,NULL,NULL,'Test1234',NULL,'1','2025-09-19 15:50:28','2025-09-22 14:49:05'),(313,0,52,283,NULL,NULL,NULL,NULL,NULL,NULL,NULL,NULL,'1','2025-11-04 01:41:36','2025-11-04 01:41:36'),(223,0,50,345,NULL,NULL,NULL,NULL,NULL,NULL,NULL,NULL,'1','2025-10-27 02:01:41','2025-10-27 02:01:41'),(219,0,49,477,NULL,NULL,NULL,NULL,NULL,NULL,NULL,NULL,'1','2025-10-27 01:31:23','2025-10-27 01:31:23'),(106,0,42,262,NULL,NULL,NULL,NULL,NULL,NULL,NULL,NULL,'1','2025-09-26 05:19:03','2025-09-26 05:19:03'),(105,0,42,264,NULL,NULL,NULL,NULL,NULL,NULL,NULL,NULL,'1','2025-09-26 05:19:02','2025-09-26 05:19:02'),(53,0,43,41,'Womens Beachwear','womens-beachwear',NULL,NULL,NULL,NULL,NULL,NULL,'1','2025-09-19 16:27:15','2025-09-22 14:49:05'),(310,0,52,256,NULL,NULL,NULL,NULL,NULL,NULL,NULL,NULL,'1','2025-11-04 01:41:29','2025-11-04 01:41:29'),(361,0,65,1513,NULL,NULL,NULL,NULL,NULL,NULL,NULL,NULL,'1','2025-11-20 00:49:07','2025-11-20 00:49:07'),(104,0,42,265,NULL,NULL,NULL,NULL,NULL,NULL,NULL,NULL,'1','2025-09-26 05:19:01','2025-09-26 05:19:01'),(96,0,42,239,NULL,NULL,NULL,NULL,NULL,NULL,NULL,NULL,'1','2025-09-26 04:00:13','2025-09-26 04:00:13'),(95,0,42,242,NULL,NULL,NULL,NULL,NULL,NULL,NULL,NULL,'1','2025-09-26 04:00:13','2025-09-26 04:00:13'),(303,0,42,205,NULL,NULL,NULL,NULL,NULL,NULL,NULL,NULL,'1','2025-10-29 02:58:50','2025-10-29 02:58:50'),(93,0,42,250,NULL,NULL,NULL,NULL,NULL,NULL,NULL,NULL,'1','2025-09-26 03:59:04','2025-09-26 03:59:04'),(92,0,42,240,NULL,NULL,NULL,NULL,NULL,NULL,NULL,NULL,'1','2025-09-26 03:59:03','2025-09-26 03:59:03'),(125,0,42,87,NULL,NULL,NULL,NULL,NULL,NULL,NULL,NULL,'1','2025-09-26 13:37:24','2025-09-26 13:37:24'),(222,0,49,480,NULL,NULL,NULL,NULL,NULL,NULL,NULL,NULL,'1','2025-10-27 01:33:44','2025-10-27 01:33:44'),(220,0,49,476,NULL,NULL,NULL,NULL,NULL,NULL,NULL,NULL,'1','2025-10-27 01:33:37','2025-10-27 01:33:37'),(217,0,49,475,NULL,NULL,NULL,NULL,NULL,NULL,NULL,NULL,'1','2025-10-27 01:28:22','2025-10-27 01:28:22'),(312,0,52,282,NULL,NULL,NULL,NULL,NULL,NULL,NULL,NULL,'1','2025-11-04 01:41:35','2025-11-04 01:41:35'),(360,0,65,1512,NULL,NULL,NULL,NULL,NULL,NULL,NULL,NULL,'1','2025-11-20 00:49:06','2025-11-20 00:49:06'),(103,0,42,62,NULL,NULL,NULL,NULL,NULL,NULL,NULL,NULL,'1','2025-09-26 05:04:40','2025-09-26 05:04:40'),(221,0,49,478,NULL,NULL,NULL,NULL,NULL,NULL,NULL,NULL,'1','2025-10-27 01:33:42','2025-10-27 01:33:42'),(359,0,65,1484,NULL,NULL,NULL,NULL,NULL,NULL,NULL,NULL,'1','2025-11-20 00:49:04','2025-11-20 00:49:04'),(358,0,65,1459,NULL,NULL,NULL,NULL,NULL,NULL,NULL,NULL,'1','2025-11-20 00:49:03','2025-11-20 00:49:03'),(357,0,65,105,NULL,NULL,NULL,NULL,NULL,NULL,NULL,NULL,'1','2025-11-20 11:14:41','2025-11-20 11:14:41'),(126,0,42,256,NULL,NULL,NULL,NULL,NULL,NULL,NULL,NULL,'1','2025-09-26 13:37:35','2025-09-26 13:37:35'),(116,0,42,77,NULL,NULL,NULL,NULL,NULL,NULL,NULL,NULL,'1','2025-09-26 05:47:54','2025-09-26 05:47:54'),(119,0,42,70,NULL,NULL,NULL,NULL,NULL,NULL,NULL,NULL,'1','2025-09-26 05:48:32','2025-09-26 05:48:32'),(120,0,42,68,NULL,NULL,NULL,NULL,NULL,NULL,NULL,NULL,'1','2025-09-26 05:48:33','2025-09-26 05:48:33'),(122,0,42,204,NULL,NULL,NULL,NULL,NULL,NULL,NULL,NULL,'1','2025-09-26 09:29:46','2025-09-26 09:29:46'),(123,0,42,203,NULL,NULL,NULL,NULL,NULL,NULL,NULL,NULL,'1','2025-09-26 09:29:47','2025-09-26 09:29:47'),(178,0,42,80,NULL,NULL,NULL,NULL,NULL,NULL,NULL,NULL,'1','2025-10-10 08:21:58','2025-10-10 08:21:58'),(127,0,42,261,NULL,NULL,NULL,NULL,NULL,NULL,NULL,NULL,'1','2025-09-26 13:37:36','2025-09-26 13:37:36'),(128,0,42,252,NULL,NULL,NULL,NULL,NULL,NULL,NULL,NULL,'1','2025-09-26 13:37:37','2025-09-26 13:37:37'),(134,0,42,237,NULL,NULL,NULL,NULL,NULL,NULL,NULL,NULL,'1','2025-09-27 03:21:32','2025-09-27 03:21:32'),(293,0,42,231,NULL,NULL,NULL,NULL,NULL,NULL,NULL,NULL,'1','2025-10-28 08:46:37','2025-10-28 08:46:37'),(294,0,42,246,NULL,NULL,NULL,NULL,NULL,NULL,NULL,NULL,'1','2025-10-28 08:46:46','2025-10-28 08:46:46'),(295,0,42,248,NULL,NULL,NULL,NULL,NULL,NULL,NULL,NULL,'1','2025-10-28 08:47:04','2025-10-28 08:47:04'),(296,0,42,243,NULL,NULL,NULL,NULL,NULL,NULL,NULL,NULL,'1','2025-10-28 08:47:11','2025-10-28 08:47:11'),(297,0,42,245,NULL,NULL,NULL,NULL,NULL,NULL,NULL,NULL,'1','2025-10-28 08:47:17','2025-10-28 08:47:17'),(298,0,42,36,NULL,NULL,NULL,NULL,NULL,NULL,NULL,NULL,'1','2025-10-28 08:47:17','2025-10-28 08:47:17'),(299,0,42,249,NULL,NULL,NULL,NULL,NULL,NULL,NULL,NULL,'1','2025-10-29 02:54:02','2025-10-29 02:54:02'),(300,0,42,238,NULL,NULL,NULL,NULL,NULL,NULL,NULL,NULL,'1','2025-10-29 02:54:04','2025-10-29 02:54:04'),(301,0,42,282,NULL,NULL,NULL,NULL,NULL,NULL,NULL,NULL,'1','2025-10-29 02:54:09','2025-10-29 02:54:09'),(302,0,42,283,NULL,NULL,NULL,NULL,NULL,NULL,NULL,NULL,'1','2025-10-29 02:54:10','2025-10-29 02:54:10'),(304,0,52,36,NULL,NULL,NULL,NULL,NULL,NULL,NULL,NULL,'1','2025-11-04 10:59:29','2025-11-04 10:59:29'),(305,0,52,265,NULL,NULL,NULL,NULL,NULL,NULL,NULL,NULL,'1','2025-11-04 01:41:27','2025-11-04 01:41:27'),(306,0,52,264,NULL,NULL,NULL,NULL,NULL,NULL,NULL,NULL,'1','2025-11-04 01:41:27','2025-11-04 01:41:27'),(307,0,52,262,NULL,NULL,NULL,NULL,NULL,NULL,NULL,NULL,'1','2025-11-04 01:41:28','2025-11-04 01:41:28'),(308,0,52,266,NULL,NULL,NULL,NULL,NULL,NULL,NULL,NULL,'1','2025-11-04 01:41:28','2025-11-04 01:41:28'),(309,0,52,260,NULL,NULL,NULL,NULL,NULL,NULL,NULL,NULL,'1','2025-11-04 01:41:29','2025-11-04 01:41:29'),(232,0,46,240,NULL,NULL,NULL,NULL,NULL,NULL,NULL,NULL,'1','2025-10-27 02:56:03','2025-10-27 02:56:03'),(233,0,46,250,NULL,NULL,NULL,NULL,NULL,NULL,NULL,NULL,'1','2025-10-27 02:56:12','2025-10-27 02:56:12'),(234,0,46,88,NULL,NULL,NULL,NULL,NULL,NULL,NULL,NULL,'1','2025-10-27 02:56:24','2025-10-27 02:56:24'),(235,0,46,90,NULL,NULL,NULL,NULL,NULL,NULL,NULL,NULL,'1','2025-10-27 02:56:25','2025-10-27 02:56:25'),(236,0,46,87,NULL,NULL,NULL,NULL,NULL,NULL,NULL,NULL,'1','2025-10-27 02:56:33','2025-10-27 02:56:33'),(237,0,46,85,NULL,NULL,NULL,NULL,NULL,NULL,NULL,NULL,'1','2025-10-27 02:56:34','2025-10-27 02:56:34'),(238,0,46,80,NULL,NULL,NULL,NULL,NULL,NULL,NULL,NULL,'1','2025-10-27 02:56:37','2025-10-27 02:56:37'),(239,0,46,64,NULL,NULL,NULL,NULL,NULL,NULL,NULL,NULL,'1','2025-10-27 02:56:38','2025-10-27 02:56:38'),(240,0,46,75,NULL,NULL,NULL,NULL,NULL,NULL,NULL,NULL,'1','2025-10-27 02:56:39','2025-10-27 02:56:39'),(241,0,46,166,NULL,NULL,NULL,NULL,NULL,NULL,NULL,NULL,'1','2025-10-27 02:57:41','2025-10-27 02:57:41'),(242,0,46,100,NULL,NULL,NULL,NULL,NULL,NULL,NULL,NULL,'1','2025-10-27 02:57:41','2025-10-27 02:57:41'),(243,0,46,164,NULL,NULL,NULL,NULL,NULL,NULL,NULL,NULL,'1','2025-10-27 02:57:44','2025-10-27 02:57:44'),(244,0,46,157,NULL,NULL,NULL,NULL,NULL,NULL,NULL,NULL,'1','2025-10-27 02:57:46','2025-10-27 02:57:46'),(245,0,46,50,NULL,NULL,NULL,NULL,NULL,NULL,NULL,NULL,'1','2025-10-27 03:01:59','2025-10-27 03:01:59'),(246,0,46,147,NULL,NULL,NULL,NULL,NULL,NULL,NULL,NULL,'1','2025-10-27 03:02:20','2025-10-27 03:02:20'),(247,0,46,200,NULL,NULL,NULL,NULL,NULL,NULL,NULL,NULL,'1','2025-10-27 03:03:09','2025-10-27 03:03:09'),(248,0,46,201,NULL,NULL,NULL,NULL,NULL,NULL,NULL,NULL,'1','2025-10-27 03:03:09','2025-10-27 03:03:09'),(249,0,46,190,NULL,NULL,NULL,NULL,NULL,NULL,NULL,NULL,'1','2025-10-27 03:05:33','2025-10-27 03:05:33'),(253,0,46,186,NULL,NULL,NULL,NULL,NULL,NULL,NULL,NULL,'1','2025-10-27 06:53:42','2025-10-27 06:53:42'),(251,0,49,127,NULL,NULL,NULL,NULL,NULL,NULL,NULL,NULL,'1','2025-10-27 03:03:09','2025-10-27 03:03:09'),(252,0,50,127,NULL,NULL,NULL,NULL,NULL,NULL,NULL,NULL,'1','2025-10-27 02:02:31','2025-10-27 02:02:31'),(254,0,46,184,NULL,NULL,NULL,NULL,NULL,NULL,NULL,NULL,'1','2025-10-27 06:53:43','2025-10-27 06:53:43'),(255,0,46,305,NULL,NULL,NULL,NULL,NULL,NULL,NULL,NULL,'1','2025-10-28 02:35:09','2025-10-28 02:35:09'),(256,0,46,303,NULL,NULL,NULL,NULL,NULL,NULL,NULL,NULL,'1','2025-10-28 02:35:10','2025-10-28 02:35:10'),(257,0,49,315,NULL,NULL,NULL,NULL,NULL,NULL,NULL,NULL,'1','2025-10-28 03:01:51','2025-10-28 03:01:51'),(258,0,49,319,NULL,NULL,NULL,NULL,NULL,NULL,NULL,NULL,'1','2025-10-28 03:01:59','2025-10-28 03:01:59'),(174,0,42,230,NULL,NULL,NULL,NULL,NULL,NULL,NULL,NULL,'1','2025-10-08 00:25:03','2025-10-08 00:25:03'),(181,0,47,1334,NULL,NULL,NULL,NULL,NULL,NULL,NULL,NULL,'1','2025-10-16 06:17:11','2025-10-16 06:17:11'),(179,0,42,241,NULL,NULL,NULL,NULL,NULL,NULL,NULL,NULL,'1','2025-10-16 02:04:27','2025-10-16 02:04:27'),(182,0,47,1338,NULL,NULL,NULL,NULL,NULL,NULL,NULL,NULL,'1','2025-10-16 06:17:13','2025-10-16 06:17:13'),(183,0,47,1357,NULL,NULL,NULL,NULL,NULL,NULL,NULL,NULL,'1','2025-10-16 07:00:52','2025-10-16 07:00:52'),(184,0,47,1358,NULL,NULL,NULL,NULL,NULL,NULL,NULL,NULL,'1','2025-10-16 07:00:53','2025-10-16 07:00:53'),(185,0,47,1353,NULL,NULL,NULL,NULL,NULL,NULL,NULL,NULL,'1','2025-10-16 07:00:55','2025-10-16 07:00:55'),(186,0,47,1355,NULL,NULL,NULL,NULL,NULL,NULL,NULL,NULL,'1','2025-10-16 07:00:56','2025-10-16 07:00:56'),(187,0,47,1354,NULL,NULL,NULL,NULL,NULL,NULL,NULL,NULL,'1','2025-10-16 07:00:57','2025-10-16 07:00:57'),(188,0,47,1351,NULL,NULL,NULL,NULL,NULL,NULL,NULL,NULL,'1','2025-10-16 07:00:57','2025-10-16 07:00:57'),(189,0,47,1322,NULL,NULL,NULL,NULL,NULL,NULL,NULL,NULL,'1','2025-10-16 07:01:03','2025-10-16 07:01:03'),(190,0,47,1332,NULL,NULL,NULL,NULL,NULL,NULL,NULL,NULL,'1','2025-10-16 07:01:04','2025-10-16 07:01:04'),(191,0,47,1328,NULL,NULL,NULL,NULL,NULL,NULL,NULL,NULL,'1','2025-10-16 07:01:06','2025-10-16 07:01:06'),(192,0,47,1295,NULL,NULL,NULL,NULL,NULL,NULL,NULL,NULL,'1','2025-10-16 07:01:16','2025-10-16 07:01:16'),(193,0,47,1285,NULL,NULL,NULL,NULL,NULL,NULL,NULL,NULL,'1','2025-10-16 07:01:17','2025-10-16 07:01:17'),(194,0,47,1294,NULL,NULL,NULL,NULL,NULL,NULL,NULL,NULL,'1','2025-10-16 07:01:18','2025-10-16 07:01:18'),(195,0,47,1279,NULL,NULL,NULL,NULL,NULL,NULL,NULL,NULL,'1','2025-10-16 07:01:19','2025-10-16 07:01:19'),(196,0,47,1287,NULL,NULL,NULL,NULL,NULL,NULL,NULL,NULL,'1','2025-10-16 07:01:20','2025-10-16 07:01:20'),(197,0,47,1281,NULL,NULL,NULL,NULL,NULL,NULL,NULL,NULL,'1','2025-10-16 07:01:22','2025-10-16 07:01:22'),(198,0,47,1302,NULL,NULL,NULL,NULL,NULL,NULL,NULL,NULL,'1','2025-10-16 07:01:25','2025-10-16 07:01:25'),(199,0,47,1300,NULL,NULL,NULL,NULL,NULL,NULL,NULL,NULL,'1','2025-10-16 07:01:26','2025-10-16 07:01:26'),(200,0,47,1290,NULL,NULL,NULL,NULL,NULL,NULL,NULL,NULL,'1','2025-10-16 07:01:29','2025-10-16 07:01:29'),(202,0,47,1314,NULL,NULL,NULL,NULL,NULL,NULL,NULL,NULL,'1','2025-10-16 07:01:44','2025-10-16 07:01:44'),(209,0,48,4004,NULL,NULL,NULL,NULL,NULL,NULL,NULL,NULL,'1','2025-10-23 01:40:47','2025-10-23 01:40:47'),(204,0,47,1307,NULL,NULL,NULL,NULL,NULL,NULL,NULL,NULL,'1','2025-10-16 07:01:46','2025-10-16 07:01:46'),(205,0,47,1319,NULL,NULL,NULL,NULL,NULL,NULL,NULL,NULL,'1','2025-10-16 07:01:46','2025-10-16 07:01:46'),(206,0,47,1317,NULL,NULL,NULL,NULL,NULL,NULL,NULL,NULL,'1','2025-10-16 07:01:47','2025-10-16 07:01:47'),(208,0,47,1348,NULL,NULL,NULL,NULL,NULL,NULL,NULL,NULL,'1','2025-10-22 04:33:13','2025-10-22 04:33:13'),(210,0,48,4005,NULL,NULL,NULL,NULL,NULL,NULL,NULL,NULL,'1','2025-10-23 01:40:48','2025-10-23 01:40:48'),(211,0,48,3986,NULL,NULL,NULL,NULL,NULL,NULL,NULL,NULL,'1','2025-10-23 01:40:55','2025-10-23 01:40:55'),(212,0,48,3984,NULL,NULL,NULL,NULL,NULL,NULL,NULL,NULL,'1','2025-10-23 01:40:56','2025-10-23 01:40:56'),(213,0,48,3977,NULL,NULL,NULL,NULL,NULL,NULL,NULL,NULL,'1','2025-10-23 01:41:29','2025-10-23 01:41:29'),(214,0,48,3979,NULL,NULL,NULL,NULL,NULL,NULL,NULL,NULL,'1','2025-10-23 01:41:30','2025-10-23 01:41:30'),(215,0,48,3968,NULL,NULL,NULL,NULL,NULL,NULL,NULL,NULL,'1','2025-10-23 01:41:31','2025-10-23 01:41:31'),(224,0,50,341,NULL,NULL,NULL,NULL,NULL,NULL,NULL,NULL,'1','2025-10-27 02:01:54','2025-10-27 02:01:54'),(225,0,50,344,NULL,NULL,NULL,NULL,NULL,NULL,NULL,NULL,'1','2025-10-27 02:01:56','2025-10-27 02:01:56'),(226,0,50,543,NULL,NULL,NULL,NULL,NULL,NULL,NULL,NULL,'1','2025-10-27 02:02:20','2025-10-27 02:02:20'),(227,0,50,540,NULL,NULL,NULL,NULL,NULL,NULL,NULL,NULL,'1','2025-10-27 02:02:24','2025-10-27 02:02:24'),(228,0,50,542,NULL,NULL,NULL,NULL,NULL,NULL,NULL,NULL,'1','2025-10-27 02:02:27','2025-10-27 02:02:27'),(229,0,50,539,NULL,NULL,NULL,NULL,NULL,NULL,NULL,NULL,'1','2025-10-27 02:02:29','2025-10-27 02:02:29'),(230,0,50,546,NULL,NULL,NULL,NULL,NULL,NULL,NULL,NULL,'1','2025-10-27 02:02:31','2025-10-27 02:02:31'),(311,0,52,261,NULL,NULL,NULL,NULL,NULL,NULL,NULL,NULL,'1','2025-11-04 01:41:30','2025-11-04 01:41:30'),(314,0,52,281,NULL,NULL,NULL,NULL,NULL,NULL,NULL,NULL,'1','2025-11-04 01:41:36','2025-11-04 01:41:36'),(315,0,52,287,NULL,NULL,NULL,NULL,NULL,NULL,NULL,NULL,'1','2025-11-04 01:41:36','2025-11-04 01:41:36'),(316,0,52,288,NULL,NULL,NULL,NULL,NULL,NULL,NULL,NULL,'1','2025-11-04 01:41:37','2025-11-04 01:41:37'),(317,0,52,241,NULL,NULL,NULL,NULL,NULL,NULL,NULL,NULL,'1','2025-11-04 01:41:42','2025-11-04 01:41:42'),(318,0,52,239,NULL,NULL,NULL,NULL,NULL,NULL,NULL,NULL,'1','2025-11-04 01:41:43','2025-11-04 01:41:43'),(319,0,52,242,NULL,NULL,NULL,NULL,NULL,NULL,NULL,NULL,'1','2025-11-04 01:41:43','2025-11-04 01:41:43'),(320,0,52,247,NULL,NULL,NULL,NULL,NULL,NULL,NULL,NULL,'1','2025-11-04 01:41:44','2025-11-04 01:41:44'),(321,0,52,246,NULL,NULL,NULL,NULL,NULL,NULL,NULL,NULL,'1','2025-11-04 01:41:47','2025-11-04 01:41:47'),(322,0,42,176,NULL,NULL,NULL,NULL,NULL,NULL,NULL,NULL,'1','2025-11-04 06:54:54','2025-11-04 06:54:54'),(323,0,53,106,NULL,NULL,NULL,NULL,NULL,NULL,NULL,NULL,'1','2025-11-06 12:19:39','2025-11-06 12:19:39'),(324,0,54,112,NULL,NULL,NULL,NULL,NULL,NULL,NULL,NULL,'1','2025-11-06 12:40:56','2025-11-06 12:40:56'),(325,0,55,107,NULL,NULL,NULL,NULL,NULL,NULL,NULL,NULL,'1','2025-11-06 12:45:11','2025-11-06 12:45:11'),(326,0,56,115,NULL,NULL,NULL,NULL,NULL,NULL,NULL,NULL,'1','2025-11-06 12:53:49','2025-11-06 12:53:49'),(327,0,53,2804,NULL,NULL,NULL,NULL,NULL,NULL,NULL,NULL,'1','2025-11-06 05:59:03','2025-11-06 05:59:03'),(328,0,53,2811,NULL,NULL,NULL,NULL,NULL,NULL,NULL,NULL,'1','2025-11-06 05:59:04','2025-11-06 05:59:04'),(329,0,53,2810,NULL,NULL,NULL,NULL,NULL,NULL,NULL,NULL,'1','2025-11-06 05:59:05','2025-11-06 05:59:05'),(330,0,53,2808,NULL,NULL,NULL,NULL,NULL,NULL,NULL,NULL,'1','2025-11-06 05:59:05','2025-11-06 05:59:05'),(331,0,53,3026,NULL,NULL,NULL,NULL,NULL,NULL,NULL,NULL,'1','2025-11-06 05:59:09','2025-11-06 05:59:09'),(332,0,53,3023,NULL,NULL,NULL,NULL,NULL,NULL,NULL,NULL,'1','2025-11-06 05:59:09','2025-11-06 05:59:09'),(333,0,53,3033,NULL,NULL,NULL,NULL,NULL,NULL,NULL,NULL,'1','2025-11-06 05:59:09','2025-11-06 05:59:09'),(334,0,53,3036,NULL,NULL,NULL,NULL,NULL,NULL,NULL,NULL,'1','2025-11-06 05:59:10','2025-11-06 05:59:10'),(335,0,53,3031,NULL,NULL,NULL,NULL,NULL,NULL,NULL,NULL,'1','2025-11-06 05:59:11','2025-11-06 05:59:11'),(336,0,53,3024,NULL,NULL,NULL,NULL,NULL,NULL,NULL,NULL,'1','2025-11-06 05:59:12','2025-11-06 05:59:12'),(337,0,53,2816,NULL,NULL,NULL,NULL,NULL,NULL,NULL,NULL,'1','2025-11-06 05:59:16','2025-11-06 05:59:16'),(338,0,53,2838,NULL,NULL,NULL,NULL,NULL,NULL,NULL,NULL,'1','2025-11-06 05:59:17','2025-11-06 05:59:17'),(339,0,53,2831,NULL,NULL,NULL,NULL,NULL,NULL,NULL,NULL,'1','2025-11-06 05:59:19','2025-11-06 05:59:19'),(340,0,53,2821,NULL,NULL,NULL,NULL,NULL,NULL,NULL,NULL,'1','2025-11-06 05:59:19','2025-11-06 05:59:19'),(341,0,53,2826,NULL,NULL,NULL,NULL,NULL,NULL,NULL,NULL,'1','2025-11-06 05:59:20','2025-11-06 05:59:20'),(342,0,42,300,NULL,NULL,NULL,NULL,NULL,NULL,NULL,NULL,'1','2025-11-07 04:03:22','2025-11-07 04:03:22'),(343,0,42,298,NULL,NULL,NULL,NULL,NULL,NULL,NULL,NULL,'1','2025-11-07 04:03:26','2025-11-07 04:03:26'),(344,0,42,296,NULL,NULL,NULL,NULL,NULL,NULL,NULL,NULL,'1','2025-11-07 04:03:31','2025-11-07 04:03:31'),(345,0,42,263,NULL,NULL,NULL,NULL,NULL,NULL,NULL,NULL,'1','2025-11-10 00:31:31','2025-11-10 00:31:31'),(346,0,42,254,NULL,NULL,NULL,NULL,NULL,NULL,NULL,NULL,'1','2025-11-10 00:31:34','2025-11-10 00:31:34'),(347,0,57,127,NULL,NULL,NULL,NULL,NULL,NULL,NULL,NULL,'1','2025-11-10 11:18:01','2025-11-10 11:18:01'),(348,0,51,451,NULL,NULL,NULL,NULL,NULL,NULL,NULL,NULL,'1','2025-11-19 23:53:17','2025-11-19 23:53:17'),(350,0,51,8214,NULL,NULL,NULL,NULL,NULL,NULL,NULL,NULL,'1','2025-11-19 23:57:33','2025-11-19 23:57:33'),(351,0,51,8215,NULL,NULL,NULL,NULL,NULL,NULL,NULL,NULL,'1','2025-11-19 23:57:34','2025-11-19 23:57:34'),(352,0,51,8217,NULL,NULL,NULL,NULL,NULL,NULL,NULL,NULL,'1','2025-11-19 23:57:35','2025-11-19 23:57:35'),(353,0,51,8216,NULL,NULL,NULL,NULL,NULL,NULL,NULL,NULL,'1','2025-11-19 23:57:35','2025-11-19 23:57:35'),(362,0,68,2858,NULL,NULL,NULL,NULL,NULL,NULL,NULL,NULL,'1','2025-11-25 05:19:50','2025-11-25 05:19:50'),(363,0,68,2850,NULL,NULL,NULL,NULL,NULL,NULL,NULL,NULL,'1','2025-11-25 05:19:52','2025-11-25 05:19:52'),(364,0,68,2848,NULL,NULL,NULL,NULL,NULL,NULL,NULL,NULL,'1','2025-11-25 05:19:52','2025-11-25 05:19:52'),(365,0,68,2851,NULL,NULL,NULL,NULL,NULL,NULL,NULL,NULL,'1','2025-11-25 05:19:53','2025-11-25 05:19:53'),(366,0,69,122,NULL,NULL,NULL,NULL,NULL,NULL,NULL,NULL,'1','2025-12-02 15:05:53','2025-12-02 15:05:53');

--
-- Table structure for table `gm_company_certificate_images`
--

CREATE TABLE `gm_company_certificate_images` (
  `id` int(11) NOT NULL AUTO_INCREMENT,
  `company_id` int(11) NOT NULL,
  `page_id` varchar(255) CHARACTER SET utf8mb4 COLLATE utf8mb4_unicode_ci DEFAULT NULL,
  `image_title` varchar(255) DEFAULT NULL,
  `image_alt` varchar(255) DEFAULT NULL,
  `certificate_image` varchar(255) DEFAULT NULL,
  `status` enum('0','1') DEFAULT NULL,
  `created_at` datetime NOT NULL DEFAULT CURRENT_TIMESTAMP,
  `updated_at` datetime DEFAULT CURRENT_TIMESTAMP,
  PRIMARY KEY (`id`)
) ENGINE=MyISAM AUTO_INCREMENT=20 DEFAULT CHARSET=latin1;

--
-- Dumping data for table `gm_company_certificate_images`
--

INSERT INTO `gm_company_certificate_images` VALUES (1,46,NULL,'Certificate 1',NULL,'certificate-1.jpg','1','2025-11-10 12:43:42','2025-11-10 12:49:43'),(2,46,NULL,'Certificate 2',NULL,'certificate-2.jpg','1','2025-11-10 12:43:55','2025-11-10 12:43:55'),(3,46,NULL,'Certificate 3',NULL,'certificate-3.jpg','1','2025-11-10 12:44:07','2025-11-10 12:44:07'),(4,46,NULL,'Certificate 4',NULL,'certificate-4.jpg','1','2025-11-10 12:44:20','2025-11-10 12:44:20'),(5,46,NULL,'Certificate 5',NULL,'certificate-5.jpg','1','2025-11-10 12:44:35','2025-11-10 12:46:57'),(7,46,NULL,'Test Certificate',NULL,'test-certificate.jpg','1','2025-11-12 15:57:52','2025-11-12 16:00:14'),(13,51,NULL,'Certificate 3',NULL,'certificate-3.jpg','1','2025-11-14 14:58:03','2025-11-17 12:40:32'),(12,51,NULL,'Certificate 2',NULL,'certificate-2.jpg','1','2025-11-14 14:57:51','2025-11-17 12:40:32'),(11,51,NULL,'Certificate 1',NULL,'certificate-1.jpg','1','2025-11-14 14:57:40','2025-11-17 12:40:32'),(14,51,NULL,'Certificate 4',NULL,'certificate-4.jpg','1','2025-11-14 14:58:21','2025-11-17 12:48:35');

--
-- Table structure for table `gm_company_clients_images`
--

CREATE TABLE `gm_company_clients_images` (
  `id` int(11) NOT NULL AUTO_INCREMENT,
  `company_id` int(11) NOT NULL,
  `page_id` varchar(255) CHARACTER SET utf8mb4 COLLATE utf8mb4_unicode_ci DEFAULT NULL,
  `image_title` varchar(255) DEFAULT NULL,
  `image_alt` varchar(255) DEFAULT NULL,
  `clients_image` varchar(255) DEFAULT NULL,
  `status` enum('0','1') DEFAULT NULL,
  `created_at` datetime NOT NULL DEFAULT CURRENT_TIMESTAMP,
  `updated_at` datetime DEFAULT CURRENT_TIMESTAMP,
  PRIMARY KEY (`id`)
) ENGINE=MyISAM AUTO_INCREMENT=17 DEFAULT CHARSET=latin1;

--
-- Dumping data for table `gm_company_clients_images`
--

INSERT INTO `gm_company_clients_images` VALUES (1,46,NULL,'Client 1','Client 1','client-1.jpg','1','2025-11-11 16:23:30','2025-11-11 16:26:03'),(2,46,NULL,'Client 2','Client 2','client-2.jpg','1','2025-11-11 16:26:25','2025-11-11 16:26:25'),(3,46,NULL,'Client 3','Client 3','client-3.jpg','1','2025-11-11 16:26:47','2025-11-11 16:26:47'),(4,46,NULL,'Client 4','Client 4','client-4.jpg','1','2025-11-11 16:26:59','2025-11-11 16:26:59'),(5,46,NULL,'Client 5','Client 5','client-5.jpg','1','2025-11-11 16:27:14','2025-11-11 16:27:14'),(6,46,NULL,'Client 6','Client 6','client-6.jpg','1','2025-11-11 16:27:22','2025-11-11 16:27:34'),(7,46,NULL,'Testing','gsdfgh','testing.jpg','1','2025-11-12 16:28:55','2025-11-12 16:32:06'),(8,46,NULL,'Testing123','Testing','testing123.jpg','1','2025-11-12 16:37:25','2025-11-12 16:43:23'),(9,51,NULL,'Make MyTrip','Make MyTrip','make-mytrip.jpg','1','2025-11-14 12:49:38','2025-11-14 12:49:38'),(10,51,NULL,'MVN University','MVN University','mvn-university.jpg','1','2025-11-14 12:50:00','2025-11-14 12:50:00'),(11,51,NULL,'HDFC Bank','HDFC Bank','hdfc-bank.jpg','1','2025-11-14 12:50:16','2025-11-17 11:55:30'),(12,51,NULL,'PayTM','PayTM','paytm.jpg','1','2025-11-14 12:50:31','2025-11-14 12:50:31'),(13,51,NULL,'Reliance','Reliance','reliance.jpg','1','2025-11-14 12:50:49','2025-11-14 12:50:49'),(14,51,NULL,'Google','Google','google.jpg','1','2025-11-14 12:51:04','2025-11-17 12:15:38');

--
-- Table structure for table `gm_company_cmspage_sections`
--

CREATE TABLE `gm_company_cmspage_sections` (
  `section_id` int(11) NOT NULL AUTO_INCREMENT,
  `page_id` int(11) NOT NULL,
  `company_id` int(11) NOT NULL,
  `section_key` varchar(255) DEFAULT NULL,
  `section_heading` varchar(255) DEFAULT NULL,
  `section_content` text,
  `section_image` varchar(255) DEFAULT NULL,
  `view_order` int(11) NOT NULL DEFAULT '0',
  `status` enum('1','0') NOT NULL,
  `created_at` datetime NOT NULL DEFAULT CURRENT_TIMESTAMP,
  `updated_at` datetime DEFAULT NULL,
  PRIMARY KEY (`section_id`)
) ENGINE=InnoDB AUTO_INCREMENT=482 DEFAULT CHARSET=latin1;

--
-- Dumping data for table `gm_company_cmspage_sections`
--

INSERT INTO `gm_company_cmspage_sections` VALUES (398,165,46,'section_1','Best Sports Clothing Manufacturers in New Delhi Main Section1','<p>Architecture viverra tristique justo duis vitae diam neque nivamus aestan ateuene artines aringianu atelit finibus viverra nec lacus. Nedana theme erodino setlie suscipe no curabit tristique. Design inilla duiman at elit finibus viverra nec a lacus themo the drudea seneoice misuscipit non sagie the fermen.</p>\r\n\r\n<p>Planner inilla duiman at elit finibus viverra nec a lacus themo the drudea seneoice misuscipit non sagie the fermen. Viverra tristique jusio the ivite dianne onen nivami acsestion augue artine.</p>','best-sports-clothing-manufacturers-in-new-delhi-main-section1-1.jpg',0,'1','2025-10-16 14:49:19','2025-11-13 14:29:07'),(400,167,46,'section_1','dsfgfd','',NULL,0,'1','2025-10-16 15:19:57','2025-10-16 15:19:57'),(401,167,46,'section_2','sdgfds','',NULL,0,'1','2025-10-16 15:19:57','2025-10-16 15:19:57'),(402,168,46,'section_1','dfsgfsdh','',NULL,0,'1','2025-10-16 16:05:46','2025-10-16 16:05:46'),(403,169,46,'section_1','sdagfasd','','section_1_1760684966.jpg',0,'1','2025-10-16 16:07:18','2025-10-27 14:38:14'),(413,169,46,'section_4','dsghsdhg27','<p>dsghsdhg27</p>','section_4_1760685541.jpg',0,'1','2025-10-17 12:49:01','2025-10-27 14:38:14'),(414,170,42,'section_1','','',NULL,0,'1','2025-10-23 17:25:31','2025-10-23 17:25:31'),(417,36,46,'section_1','Best Sports Clothing Manufacturers in New Delhi','',NULL,0,'1','2025-11-04 10:30:22','2025-11-04 10:30:22'),(418,171,46,'section_1','Best Sports Clothing Manufacturers in New Delhi2','<p>Architecture viverra tristique justo duis vitae diam neque nivamus aestan ateuene artines aringianu atelit finibus viverra nec lacus. Nedana theme erodino setlie suscipe no curabit tristique. Design inilla duiman at elit finibus viverra nec a lacus themo the drudea seneoice misuscipit non sagie the fermen.</p>\r\n\r\n<p>Planner inilla duiman at elit finibus viverra nec a lacus themo the drudea seneoice misuscipit non sagie the fermen. Viverra tristique jusio the ivite dianne onen nivami acsestion augue artine.</p>','best-sports-clothing-manufacturers-in-new-delhi2.jpg',0,'1','2025-11-04 12:06:42','2025-11-13 14:17:44'),(420,36,42,'section_1','SECTION ONE','<p>TEST</p>','',0,'1','2025-11-04 17:43:04','2025-11-05 17:43:17'),(425,36,42,'section_2','Our Certificates','<p>section 2</p>','section_2_1762323868.png',0,'1','2025-11-05 11:54:28','2025-11-05 17:42:23'),(426,171,46,'section_2','Key Facts of Our Company','<p>Lorem ipsum dolor sit amet consectetur adipisicing elit. Cumque, maiores? Corrupti esse, incidunt nesciunt quasi asperiores quaerat ullam veniam praesentium unde laudantium debitis eius eum! Cumque ab est quibusdam placeat?</p>',NULL,0,'1','2025-11-05 12:46:41','2025-11-13 14:17:44'),(428,171,46,'section_4','Why Choose GM Template','<p>Choose us for high-quality products, on-time delivery, customer-focused solutions, and affordable transparent pricing. We are committed to excellence, trust, and innovation that ensures your satisfaction every step of the way.</p>','why_choose_gm_template_1762407665.jpg',0,'1','2025-11-05 12:56:27','2025-11-13 14:17:44'),(431,171,46,'section_7','Factory Tour Videos','<p>Explore our factory videos showcasing advanced technology, modern equipment, and skilled professionals, giving you an inside view of our production process and quality commitment.</p>',NULL,0,'1','2025-11-05 14:15:10','2025-11-13 14:17:44'),(432,171,46,'section_8','Our Clients','<p>Our clients are at the heart of our success. We are proud to serve respected brands and organizations, building long-term partnerships based on trust and excellence.</p>',NULL,0,'1','2025-11-05 14:15:10','2025-11-13 14:17:44'),(433,172,46,'section_1','Test 1','',NULL,0,'1','2025-11-05 14:59:50','2025-11-05 15:20:54'),(434,172,46,'section_2','Test Section 2','','section_2_1762335329.jpg',0,'1','2025-11-05 15:05:29','2025-11-05 15:20:54'),(435,172,46,'section_3','Testing mee','','section_3_1762335904.jpg',0,'1','2025-11-05 15:15:04','2025-11-05 15:20:54'),(436,173,46,'section_1','Section 1','',NULL,0,'1','2025-11-05 15:26:27','2025-11-05 15:26:27'),(437,174,46,'section_1','TestDemoMee','','testdemomee_1762403435.jpg',0,'1','2025-11-05 15:29:31','2025-11-06 10:00:35'),(438,174,46,'section_2','Section 2','<p>dgdf</p>','section_2_1762338649.jpg',0,'1','2025-11-05 16:00:49','2025-11-06 10:00:35'),(439,175,46,'section_1','Testingdata','','testingdata2.jpg',0,'1','2025-11-06 11:34:14','2025-11-06 12:20:34'),(445,175,46,'section_3','Demo Test','','demo-test.jpg',0,'1','2025-11-06 12:11:47','2025-11-06 12:20:34'),(446,175,46,'section_3','sdfsad','<p>dsag</p>','sdfsad-1.jpg',0,'1','2025-11-06 12:16:11','2025-11-06 12:20:34'),(447,175,46,'section_4','Testing demo','','testing-demo1.jpg',0,'1','2025-11-06 12:20:34','2025-11-06 12:20:34'),(448,176,46,'section_1','Untitled Section','',NULL,0,'1','2025-11-06 12:23:27','2025-11-06 12:23:27'),(449,177,46,'section_1','Untitled Section','',NULL,0,'1','2025-11-06 12:25:59','2025-11-06 12:25:59'),(450,178,46,'section_1','Untitled Section','',NULL,0,'1','2025-11-06 12:26:14','2025-11-06 12:26:14'),(451,179,46,'section_1',NULL,'',NULL,0,'1','2025-11-06 12:30:51','2025-11-06 12:30:51'),(452,180,46,'section_1',NULL,'',NULL,0,'1','2025-11-06 12:34:39','2025-11-06 12:34:39'),(453,181,46,'section_1','Untitled Section','',NULL,0,'1','2025-11-06 12:37:24','2025-11-06 12:37:24'),(454,182,46,'section_1','Untitled Section','',NULL,0,'1','2025-11-06 12:40:01','2025-11-06 12:40:01'),(455,183,46,'section_1','Untitled Section','',NULL,0,'1','2025-11-06 12:46:29','2025-11-06 12:49:22'),(456,183,46,'section_2','Untitled Section','',NULL,0,'1','2025-11-06 12:46:29','2025-11-06 12:49:22'),(457,184,46,'section_1','dsgdf','',NULL,0,'1','2025-11-06 12:52:02','2025-11-06 12:52:02'),(458,185,46,'section_1','sdafdsafg','',NULL,0,'1','2025-11-06 12:59:14','2025-11-06 12:59:14'),(459,186,46,'section_1','TestingTest','',NULL,0,'1','2025-11-06 13:04:46','2025-11-06 13:04:46'),(460,187,46,'section_1','dsgfd','',NULL,0,'1','2025-11-06 13:12:17','2025-11-06 13:12:17'),(461,188,46,'section_1','dsfhg','',NULL,0,'1','2025-11-11 10:37:56','2025-11-11 10:37:56'),(462,171,46,'section_9','sdfgsd','<p>sdgds</p>','sdfgsd.jpg',0,'1','2025-11-11 12:07:48','2025-11-13 14:17:44'),(463,189,46,'section_1','sadf','',NULL,0,'1','2025-11-12 12:07:31','2025-11-12 12:07:31'),(464,190,46,'section_1','dsfgdf','',NULL,0,'1','2025-11-12 12:13:37','2025-11-12 12:13:37'),(465,191,46,'section_1','dsgd','',NULL,0,'1','2025-11-12 12:17:37','2025-11-12 12:17:37'),(466,192,46,'section_1','dsgd','',NULL,0,'1','2025-11-12 12:18:13','2025-11-12 12:18:13'),(467,193,46,'section_1','ddsgdfg','',NULL,0,'1','2025-11-12 12:19:26','2025-11-12 12:19:26'),(468,194,46,'section_1','sdfgsdg','',NULL,0,'1','2025-11-12 17:39:25','2025-11-13 14:39:19'),(469,195,46,'section_1','Hera Section Section 1','',NULL,0,'1','2025-11-13 10:55:20','2025-11-13 10:55:20'),(470,196,46,'section_1','Section Main 1','','section-main-1.jpg',0,'1','2025-11-13 12:01:52','2025-11-13 14:46:36'),(471,196,46,'section_2','Main section 23','','main-section-23.jpg',0,'1','2025-11-13 12:47:48','2025-11-13 14:46:37'),(472,197,46,'section_1','heading test demo','','heading-test-demo-1763027605.jpg',0,'1','2025-11-13 12:56:09','2025-11-13 15:25:18'),(473,197,46,'section_2','main section2','',NULL,0,'1','2025-11-13 12:56:10','2025-11-13 15:25:18'),(474,198,46,'section_1','Section main','',NULL,0,'1','2025-11-13 12:59:48','2025-11-13 13:10:11'),(476,165,46,'section_2','sdfgdsag','<p>dsg</p>','sdfgdsag.jpg',0,'1','2025-11-13 13:23:40','2025-11-13 14:29:07'),(477,197,46,'section_3','fjdshgjdf','','fjdshgjdf-1763027680.jpg',0,'1','2025-11-13 15:24:41','2025-11-13 15:25:19'),(478,199,51,'section_1','Welcome to Sai Furniture Art','',NULL,0,'1','2025-11-13 15:36:31','2025-11-13 15:36:31'),(479,200,51,'section_1','FURNITURE MANUFACTURERS','<p><strong>Welcome to Sai Furniture Art</strong></p>\r\n\r\n<p><strong>Awarded Best Sofa Set Manufacturers And Wholesale Suppliers</strong></p>\r\n\r\n<p>We strive for excellence in every part of our service, from the moment you look through our collection to the time and skill with which we bring the sofa set you choose. With Sai Furniture Art, you can learn the art of comfort and style. We are ranked among the leading <strong>Carved Sofa Set Suppliers in India.</strong>&nbsp;Check out our sofa sets today and let us help you turn your living room into a place where you can relax and enjoy beauty. Indulge in the exquisite pleasure of luxuriating on our opulent sofa sets, meticulously crafted to provide unparalleled comfort.</p>','furniture-manufacturers.jpg',0,'1','2025-11-13 15:43:24','2025-11-20 16:29:36'),(480,0,51,'section_1','Top 5 Best Royal Furniture Manufacturers in Delhi','<p>Meet Sai Furniture Art- the right platform to experience the luxurious and classical range of elegant sofa sets. With significant years of experience in this respective field, we have made incredible growth to match your comfort level along with sophisticated design. Further, we are the leading <strong>Top 5 Best Royal Furniture Manufacturers in Delhi. </strong>Whereas the establishment years of this renowned company lay in the years 2005 under the unparalleled leadership of a majestic personality named O.P Bajaj who is known for providing immaculate product quality and tailored services. While fabricating this luxurious furniture, our well-trained craftsman ensures building robust quality and durable solid finish of the furniture. This helps us to allow our clients to experience the culture of care and add immense unmatched vibrant ambiance to their surroundings. Now, feel free to reach out to our prompt services.&nbsp;</p>','top-5-best-royal-furniture-manufacturers-in-delhi.jpg',0,'1','2025-11-13 17:25:23','2025-11-20 16:39:44'),(481,201,51,'section_1','Top 5 Best Royal Furniture Manufacturers in Delhi','<p>Meet Sai Furniture Art- the right platform to experience the luxurious and classical range of elegant sofa sets. With significant years of experience in this respective field, we have made incredible growth to match your comfort level along with sophisticated design. Further, we are the leading <strong>Top 5 Best Royal Furniture Manufacturers in Delhi. </strong>Whereas the establishment years of this renowned company lay in the years 2005 under the unparalleled leadership of a majestic personality named O.P Bajaj who is known for providing immaculate product quality and tailored services. While fabricating this luxurious furniture, our well-trained craftsman ensures building robust quality and durable solid finish of the furniture. This helps us to allow our clients to experience the culture of care and add immense unmatched vibrant ambiance to their surroundings. Now, feel free to reach out to our prompt services.&nbsp;</p>','top-5-best-royal-furniture-manufacturers-in-delhi1.jpg',0,'1','2025-11-20 16:42:38','2025-11-20 16:47:41');

--
-- Table structure for table `gm_company_cmspage_sub_sections`
--

CREATE TABLE `gm_company_cmspage_sub_sections` (
  `sub_section_id` int(11) NOT NULL AUTO_INCREMENT,
  `section_id` int(11) NOT NULL,
  `page_id` int(11) NOT NULL,
  `company_id` int(11) NOT NULL,
  `section_heading` varchar(255) DEFAULT NULL,
  `section_content` text,
  `section_image` varchar(255) DEFAULT NULL,
  `view_order` int(11) NOT NULL DEFAULT '0',
  `status` enum('1','0') NOT NULL,
  `created_at` datetime NOT NULL DEFAULT CURRENT_TIMESTAMP,
  `updated_at` datetime DEFAULT NULL,
  PRIMARY KEY (`sub_section_id`)
) ENGINE=InnoDB AUTO_INCREMENT=237 DEFAULT CHARSET=latin1;

--
-- Dumping data for table `gm_company_cmspage_sub_sections`
--

INSERT INTO `gm_company_cmspage_sub_sections` VALUES (49,398,165,46,'Offer Custom Sportswear Suppliers in India sub section','It has survived not only five centuries, but also the leap into electronic typesetting, remaining essentially unchanged. It was popularised in the 1960s with the release of Letraset sheets containing Lorem Ipsum passages, and more recently with desktop publishing software like Aldus PageMaker including versions of Lorem Ipsum. It has survived not only five centuries, but also the leap into electronic typesetting, remaining essentially unchanged. It was popularised in the 1960s with the release of Letraset sheets containing Lorem Ipsum passages, and more recently with desktop publishing software like Aldus PageMaker including versions of Lorem Ipsum.',NULL,0,'1','2025-10-16 14:49:19','2025-11-13 14:29:07'),(50,398,165,46,'Cost-Effective Sportswear Exporters in India sub section','It has survived not only five centuries, but also the leap into electronic typesetting, remaining essentially unchanged. It was popularised in the 1960s with the release of Letraset sheets containing Lorem Ipsum passages, and more recently with desktop publishing software like Aldus PageMaker including versions of Lorem Ipsum. It has survived not only five centuries, but also the leap into electronic typesetting, remaining essentially unchanged. It was popularised in the 1960s with the release of Letraset sheets containing Lorem Ipsum passages, and more recently with desktop publishing software like Aldus PageMaker including versions of Lorem Ipsum.2',NULL,0,'1','2025-10-16 14:49:19','2025-11-13 14:29:07'),(51,398,165,46,'Key Facts of Our Company sub section','Lorem ipsum dolor sit amet consectetur adipisicing elit. Cumque, maiores? Corrupti esse, incidunt nesciunt quasi asperiores quaerat ullam veniam praesentium unde laudantium debitis eius eum! Cumque ab est quibusdam placeat?',NULL,0,'1','2025-10-16 14:49:19','2025-11-13 14:29:07'),(53,400,167,46,'dsfgfd','<p>gfdg</p>\r\n','subsection_1760608197.jpg',0,'1','2025-10-16 15:19:57','2025-10-16 15:19:57'),(54,401,167,46,'sdgfds','dfsgd',NULL,0,'1','2025-10-16 15:19:57','2025-10-16 15:19:57'),(55,401,167,46,'dsg','dfsg',NULL,0,'1','2025-10-16 15:19:57','2025-10-16 15:19:57'),(56,402,168,46,'dfsgfsdh','<p>dfshfdh</p>\r\n','subsection_1760610946.jpg',0,'1','2025-10-16 16:05:46','2025-10-16 16:05:46'),(57,403,169,46,'sdagfasd','<p>dsag</p>','subsection_1760611038.jpg',0,'1','2025-10-16 16:07:18','2025-10-27 14:38:14'),(58,403,169,46,'sadg','dgsdfgh333','subsection_17606110381.jpg',0,'1','2025-10-16 16:07:18','2025-10-27 14:38:14'),(92,413,169,46,'sdgsdgd','sfgdfsg','section_3_subsection_1_1761555416.jpg',0,'1','2025-10-17 13:00:30','2025-10-27 14:38:14'),(93,414,170,42,'','',NULL,0,'1','2025-10-23 17:25:31','2025-10-23 17:25:31'),(94,403,169,46,'test33','dsgdg','section_1_subsection_3_1761555634.jpg',0,'1','2025-10-27 14:30:34','2025-10-27 14:38:14'),(98,417,171,46,'Best Sports Clothing Manufacturers in New Delhi','<p>Architecture viverra tristique justo duis vitae diam neque nivamus aestan ateuene artines aringianu atelit finibus viverra nec lacus. Nedana theme erodino setlie suscipe no curabit tristique. Design inilla duiman at elit finibus viverra nec a lacus themo the drudea seneoice misuscipit non sagie the fermen.</p>\r\n\r\n<p>Planner inilla duiman at elit finibus viverra nec a lacus themo the drudea seneoice misuscipit non sagie the fermen. Viverra tristique jusio the ivite dianne onen nivami acsestion augue artine.</p>\r\n',NULL,0,'1','2025-11-04 10:30:22','2025-11-04 10:30:22'),(99,417,171,46,'Offer Custom Sportswear Suppliers in India','It has survived not only five centuries, but also the leap into electronic typesetting, remaining essentially unchanged. It was popularised in the 1960s with the release of Letraset sheets containing Lorem Ipsum passages, and more recently with desktop publishing software like Aldus PageMaker including versions of Lorem Ipsum. It has survived not only five centuries, but also the leap into electronic typesetting, remaining essentially unchanged. It was popularised in the 1960s with the release of Letraset sheets containing Lorem Ipsum passages, and more recently with desktop publishing software like Aldus PageMaker including versions of Lorem Ipsum.',NULL,0,'1','2025-11-04 10:30:22','2025-11-04 10:30:22'),(100,417,171,46,'Cost-Effective Sportswear Exporters in India','It has survived not only five centuries, but also the leap into electronic typesetting, remaining essentially unchanged. It was popularised in the 1960s with the release of Letraset sheets containing Lorem Ipsum passages, and more recently with desktop publishing software like Aldus PageMaker including versions of Lorem Ipsum. It has survived not only five centuries, but also the leap into electronic typesetting, remaining essentially unchanged. It was popularised in the 1960s with the release of Letraset sheets containing Lorem Ipsum passages, and more recently with desktop publishing software like Aldus PageMaker including versions of Lorem Ipsum.',NULL,0,'1','2025-11-04 10:30:22','2025-11-04 10:30:22'),(101,417,171,46,'Key Facts of Our Company','Lorem ipsum dolor sit amet consectetur adipisicing elit. Cumque, maiores? Corrupti esse, incidunt nesciunt quasi asperiores quaerat ullam veniam praesentium unde laudantium debitis eius eum! Cumque ab est quibusdam placeat?',NULL,0,'1','2025-11-04 10:30:22','2025-11-04 10:30:22'),(103,418,171,46,'Offer Custom Sportswear Suppliers in India','It has survived not only five centuries, but also the leap into electronic typesetting, remaining essentially unchanged. It was popularised in the 1960s with the release of Letraset sheets containing Lorem Ipsum passages, and more recently with desktop publishing software like Aldus PageMaker including versions of Lorem Ipsum. It has survived not only five centuries, but also the leap into electronic typesetting, remaining essentially unchanged. It was popularised in the 1960s with the release of Letraset sheets containing Lorem Ipsum passages, and more recently with desktop publishing software like Aldus PageMaker including versions of Lorem Ipsum.',NULL,0,'1','2025-11-04 12:07:22','2025-11-13 14:17:44'),(104,418,171,46,'Cost-Effective Sportswear Exporters in India','It has survived not only five centuries, but also the leap into electronic typesetting, remaining essentially unchanged. It was popularised in the 1960s with the release of Letraset sheets containing Lorem Ipsum passages, and more recently with desktop publishing software like Aldus PageMaker including versions of Lorem Ipsum. It has survived not only five centuries, but also the leap into electronic typesetting, remaining essentially unchanged. It was popularised in the 1960s with the release of Letraset sheets containing Lorem Ipsum passages, and more recently with desktop publishing software like Aldus PageMaker including versions of Lorem Ipsum.',NULL,0,'1','2025-11-04 12:42:41','2025-11-13 14:17:44'),(108,420,36,42,'SUB SECTION HEADING','TEST','section_1_subsection_1_1762258384.webp',0,'1','2025-11-04 17:43:04','2025-11-05 17:42:23'),(109,420,36,42,'SUB SECTION 2','SUB SECTION HEADING 2','section_1_subsection_2_1762258384.webp',0,'1','2025-11-04 17:43:04','2025-11-05 17:42:23'),(132,425,36,42,'cerificate 1','sdfasfas','section_2_subsection_1_1762323993.jpg',0,'1','2025-11-05 11:56:33','2025-11-05 17:42:23'),(133,425,36,42,'cerficate 2','','section_2_subsection_2_1762323993.png',0,'1','2025-11-05 11:56:33','2025-11-05 17:42:23'),(142,428,171,46,'Nature of Business','Reliable manufacturer and supplier of quality products with trusted service.',NULL,0,'1','2025-11-05 12:56:27','2025-11-13 14:17:44'),(143,428,171,46,'Number of Employees','Driven by 100+ employees, delivering innovation, quality, and excellence.',NULL,0,'1','2025-11-05 12:56:27','2025-11-13 14:17:44'),(144,428,171,46,'Legal Status of Firm','As a registered Pvt Ltd Company, we follow legal compliance, ensuring credibility and trust.',NULL,0,'1','2025-11-05 12:56:27','2025-11-13 14:17:44'),(145,428,171,46,'Annual Turnover','Our annual turnover of ?1.5 – 5 Crore showcases growth, trust, and stability.',NULL,0,'1','2025-11-05 12:56:27','2025-11-13 14:17:44'),(158,431,171,46,'','',NULL,0,'1','2025-11-05 14:15:10','2025-11-13 14:17:44'),(159,432,171,46,'Client 1','','client_1_1762407665.jpg',0,'1','2025-11-05 14:15:10','2025-11-13 14:17:44'),(160,432,171,46,'Client 2','','client_2_1762407665.jpg',0,'1','2025-11-05 14:15:10','2025-11-13 14:17:44'),(161,432,171,46,'Client 3','','client_3_1762407665.jpg',0,'1','2025-11-05 14:15:10','2025-11-13 14:17:44'),(162,432,171,46,'Client 4','','client_4_1762407665.jpg',0,'1','2025-11-05 14:15:10','2025-11-13 14:17:44'),(163,432,171,46,'Client 5','','client_5_1762407665.jpg',0,'1','2025-11-05 14:15:10','2025-11-13 14:17:44'),(164,432,171,46,'Client 6','','section_8_subsection_6_1762332310.jpg',0,'1','2025-11-05 14:15:10','2025-11-13 14:17:44'),(165,433,172,46,'Test 1','<p>test 2</p>','subsection_1762334990.jpg',0,'1','2025-11-05 14:59:50','2025-11-05 15:20:54'),(166,433,172,46,'testing','','subsection_17623349901.jpg',0,'1','2025-11-05 14:59:50','2025-11-05 15:20:54'),(167,435,172,46,'djhdfjsg','','section_3_subsection_1_1762336254.jpg',0,'1','2025-11-05 15:20:54','2025-11-05 15:20:54'),(168,437,174,46,'Testing','<p>fsdag</p>','testing_1762342213.jpg',0,'1','2025-11-05 15:29:31','2025-11-06 10:00:35'),(169,437,174,46,'sadfsd','','sadfsd_1762341598.jpg',0,'1','2025-11-05 15:29:31','2025-11-06 10:00:35'),(170,438,174,46,'Testing','fgsd','testing_1762338709.jpg',0,'1','2025-11-05 16:00:49','2025-11-06 10:00:35'),(171,437,174,46,'safas','','',0,'1','2025-11-05 17:04:48','2025-11-06 10:00:35'),(180,439,175,46,'Testingdata','','testingdata1.jpg',0,'1','2025-11-06 12:02:34','2025-11-06 12:20:34'),(181,439,175,46,'Test dem','','test-dem.jpg',0,'1','2025-11-06 12:07:29','2025-11-06 12:20:34'),(182,439,175,46,'Test dem','','test-dem1.jpg',0,'1','2025-11-06 12:07:59','2025-11-06 12:20:34'),(183,439,175,46,'Test dem','',NULL,0,'1','2025-11-06 12:11:05','2025-11-06 12:20:34'),(184,445,175,46,'Demo Test','',NULL,0,'1','2025-11-06 12:12:16','2025-11-06 12:20:34'),(185,446,175,46,'Testing demo','','testing-demo-1.jpg',0,'1','2025-11-06 12:17:39','2025-11-06 12:20:34'),(186,446,175,46,'Testing demo','','testing-demo-11.jpg',0,'1','2025-11-06 12:18:01','2025-11-06 12:20:34'),(187,445,175,46,'Testing demo','','testing-demo-12.jpg',0,'1','2025-11-06 12:18:29','2025-11-06 12:20:34'),(188,445,175,46,'','',NULL,0,'1','2025-11-06 12:20:16','2025-11-06 12:20:34'),(189,446,175,46,'Testing demo','','testing-demo.jpg',0,'1','2025-11-06 12:20:16','2025-11-06 12:20:34'),(190,448,176,46,'TestbyMee','','untitled-section.jpg',0,'1','2025-11-06 12:23:27','2025-11-06 12:23:27'),(191,449,177,46,'dgfdsg','<p>dsfgsdg</p>\r\n','dgfdsg_1762412159.jpg',0,'1','2025-11-06 12:25:59','2025-11-06 12:25:59'),(192,450,178,46,'dgfdsg','','dgfdsg_1762412174.jpg',0,'1','2025-11-06 12:26:14','2025-11-06 12:26:14'),(193,451,179,46,'sdfsdf','','sdfsdf.jpg',0,'1','2025-11-06 12:30:51','2025-11-06 12:30:51'),(194,451,179,46,'sdfsdfs','','sdfsdfs.jpg',0,'1','2025-11-06 12:30:51','2025-11-06 12:30:51'),(195,451,179,46,'sdfsdfs','','sdfsdfs1.jpg',0,'1','2025-11-06 12:30:52','2025-11-06 12:30:52'),(196,452,180,46,'sfdasf','<p>sadf</p>\r\n','sfdasf_1762412679.jpg',0,'1','2025-11-06 12:34:39','2025-11-06 12:34:39'),(197,453,181,46,'Test','<p>Testing</p>\r\n','test_1762412844.jpg',0,'1','2025-11-06 12:37:24','2025-11-06 12:37:24'),(198,453,181,46,'Test demo','','test_demo_1762412845.jpg',0,'1','2025-11-06 12:37:25','2025-11-06 12:37:25'),(199,454,182,46,'dsfgdf','','dsfgdf_1762413001.jpg',0,'1','2025-11-06 12:40:01','2025-11-06 12:40:01'),(200,455,183,46,'','',NULL,0,'1','2025-11-06 12:46:29','2025-11-06 12:49:22'),(201,455,183,46,'TestingNewdelhi','','',0,'1','2025-11-06 12:46:29','2025-11-06 12:49:22'),(202,455,183,46,'TestingNewdelhi','','testingnewdelhi1.jpg',0,'1','2025-11-06 12:46:29','2025-11-06 12:49:22'),(203,455,183,46,'TestingNewdelhi','','testingnewdelhi2.jpg',0,'1','2025-11-06 12:46:29','2025-11-06 12:49:22'),(204,456,183,46,'TestingNewdelhi','<p>TestingNewdelhi</p>','testingnewdelhi3.jpg',0,'1','2025-11-06 12:46:29','2025-11-06 12:49:22'),(205,456,183,46,'Test 2 ka sub','','test-2-ka-sub.jpg',0,'1','2025-11-06 12:49:22','2025-11-06 12:49:22'),(206,457,184,46,'dsgdf','<p>dsfg</p>\r\n','subsection_1762413722.jpg',0,'1','2025-11-06 12:52:02','2025-11-06 12:52:02'),(207,458,185,46,'sdafdsafg','<p>sdfdsf</p>\r\n','sdafdsafg.jpg',0,'1','2025-11-06 12:59:14','2025-11-06 12:59:14'),(208,459,186,46,'TestingTest','<p>TestingTest</p>\r\n','testingtest.jpg',0,'1','2025-11-06 13:04:46','2025-11-06 13:04:46'),(209,459,186,46,'TestingTest','','testingtest1.jpg',0,'1','2025-11-06 13:04:46','2025-11-06 13:04:46'),(210,460,187,46,'dsgfd','<p>dfsgdf</p>\r\n','dsgfd.jpg',0,'1','2025-11-06 13:12:17','2025-11-06 13:12:17'),(211,461,188,46,'dsfhg','<p>dfsghdf</p>\r\n','dsfhg.jpg',0,'1','2025-11-11 10:37:56','2025-11-11 10:37:56'),(213,463,189,46,'sadf','<p>asdf</p>\r\n','sadf.jpg',0,'1','2025-11-12 12:07:31','2025-11-12 12:07:31'),(214,464,190,46,'dsfgdf','<p>dsfgdfs</p>\r\n','dsfgdf.jpg',0,'1','2025-11-12 12:13:37','2025-11-12 12:13:37'),(215,465,191,46,'dsgd','<p>dsfg</p>\r\n','dsgd.jpg',0,'1','2025-11-12 12:17:37','2025-11-12 12:17:37'),(216,466,192,46,'dsgd','<p>dsfg</p>\r\n','dsgd1.jpg',0,'1','2025-11-12 12:18:13','2025-11-12 12:18:13'),(217,467,193,46,'ddsgdfg','<p>dsgdf</p>\r\n','ddsgdfg.jpg',0,'1','2025-11-12 12:19:26','2025-11-12 12:19:26'),(218,468,194,46,'sdfgsdg','<p>sdafgdsg</p>','sdfgsdg.jpg',0,'1','2025-11-12 17:39:25','2025-11-13 14:39:19'),(219,469,195,46,'Hera Section Section 1','<p>Hera Section Section 1</p>\r\n','hera-section-section-1.jpg',0,'1','2025-11-13 10:55:20','2025-11-13 10:55:20'),(220,470,196,46,'Sub Test Section 11','<p>Testing Demo</p>','sub-test-section-11.jpg',0,'1','2025-11-13 12:01:52','2025-11-13 14:46:37'),(221,470,196,46,'Test sub section 221','','test-sub-section-221.jpg',0,'1','2025-11-13 12:01:52','2025-11-13 14:46:37'),(222,472,197,46,'heading tester','','heading-tester-1763027605.jpg',0,'1','2025-11-13 12:56:09','2025-11-13 15:25:18'),(223,472,197,46,'Subheading 1','','subheading-1-1763027605.jpg',0,'1','2025-11-13 12:56:10','2025-11-13 15:25:18'),(224,473,197,46,'main section2','','main-section2.jpg',0,'1','2025-11-13 12:56:10','2025-11-13 15:25:18'),(225,474,198,46,'Section main','<p>content main 1</p>','',0,'1','2025-11-13 12:59:48','2025-11-13 13:10:11'),(226,474,198,46,'test sub section','testing...','',0,'1','2025-11-13 12:59:48','2025-11-13 13:10:11'),(227,474,198,46,'section sub 2','','',0,'1','2025-11-13 12:59:48','2025-11-13 13:10:11'),(229,398,165,46,'','',NULL,0,'1','2025-11-13 13:22:53','2025-11-13 14:29:07'),(230,478,199,51,'Welcome to Sai Furniture Art','<p>FURNITURE MANUFACTURERS</p>\r\n\r\n<p>Awarded Best Sofa Set Manufacturers And Wholesale Suppliers</p>\r\n\r\n<p><strong>Reputed Furniture Manufacturers in Delhi - Sai Furniture Art, New Delhi&amp;nbsp</strong>;was founded in 2004 by Mr. O. P. Bajaj and Rajesh Bajaj with the objective of supplying an exotic collection of&amp;nbsp;<strong>Wooden Carved Sofa&nbsp;</strong>&amp;nbsp;in&amp;nbsp;all over India. With hundreds of designs and patterns, we have come a long way in catering to a myriad of contemporary furniture specifications of our esteemed clients. We envision distributing both unique and distinguished furniture range with inviting and luscious designs at the most affordable prices.</p>\r\n\r\n<p>&nbsp;</p>\r\n',NULL,0,'1','2025-11-13 15:36:31','2025-11-13 15:36:31'),(231,478,199,51,'Carved Sofa Set Suppliers in India','We strive for excellence in every part of our service, from the moment you look through our collection to the time and skill with which we bring the sofa set you choose. With Sai Furniture Art, you can learn the art of comfort and style. We are ranked among the leading <strong>Carved Sofa Set Suppliers in India</strong>. Check out our sofa sets today and let us help you turn your living room into a place where you can relax and enjoy beauty. Indulge in the exquisite pleasure of luxuriating on our opulent sofa sets, meticulously crafted to provide unparalleled comfort.',NULL,0,'1','2025-11-13 15:36:31','2025-11-13 15:36:31'),(232,479,200,51,'Carved Sofa Set Suppliers in India','We strive for excellence in every part of our service, from the moment you look through our collection to the time and skill with which we bring the sofa set you choose. With Sai Furniture Art, you can learn the art of comfort and style. We are ranked among the leading <strong>Carved Sofa Set Suppliers in India</strong>. Check out our sofa sets today and let us help you turn your living room into a place where you can relax and enjoy beauty. Indulge in the exquisite pleasure of luxuriating on our opulent sofa sets, meticulously crafted to provide unparalleled comfort.','',0,'1','2025-11-13 15:43:24','2025-11-20 16:29:36'),(233,480,0,51,'Best Living Room Sofa Sets Suppliers in India','<p>If you’re searching for the best <strong>Living Room Sofa Sets Suppliers in India, </strong>choose Sai Furniture Art, one of the most renowned and foremost companies that have extensive years of expertise in dealing with the product needs of our clients. Further, we are well-recognized to serve our holistic approach and fast-paced product delivery in all the major locations of India. Besides this, we have gained an exceptional reputation as the most trustworthy supplier and manufacturer in this industry. Moreover, the features of our living sofa set include furnished wooden, durable, top-quality, and low maintenance. So, place your order from us and get ready to change our living space into a luxurious way.</p>',NULL,0,'1','2025-11-13 17:25:23','2025-11-20 16:39:44'),(234,480,0,51,'','<p>If you’re searching for the best <strong>Living Room Sofa Sets Suppliers in India, </strong>choose Sai Furniture Art, one of the most renowned and foremost companies that have extensive years of expertise in dealing with the product needs of our clients. Further, we are well-recognized to serve our holistic approach and fast-paced product delivery in all the major locations of India. Besides this, we have gained an exceptional reputation as the most trustworthy supplier and manufacturer in this industry. Moreover, the features of our living sofa set include furnished wooden, durable, top-quality, and low maintenance. So, place your order from us and get ready to change our living space into a luxurious way.</p>',NULL,0,'1','2025-11-13 17:28:54','2025-11-20 16:39:44'),(235,481,201,51,'Best Living Room Sofa Sets Suppliers in India','<p>If you’re searching for the best <strong>Living Room Sofa Sets Suppliers in India, </strong>choose Sai Furniture Art, one of the most renowned and foremost companies that have extensive years of expertise in dealing with the product needs of our clients. Further, we are well-recognized to serve our holistic approach and fast-paced product delivery in all the major locations of India. Besides this, we have gained an exceptional reputation as the most trustworthy supplier and manufacturer in this industry. Moreover, the features of our living sofa set include furnished wooden, durable, top-quality, and low maintenance. So, place your order from us and get ready to change our living space into a luxurious way.</p>',NULL,0,'1','2025-11-20 16:46:25','2025-11-20 16:47:41'),(236,481,201,51,'','<p>If you’re trying to find the top <strong>Dining Set Suppliers in India, </strong>get connected with Sai Furniture Art- one of the most reliable and prominent companies that offers the best collection of furniture from modern to traditional one. Also, it is hard to find our sophisticated and finest design of dining sets at competitive pricing. Moreover, our team of skilled and well-experienced workers does collaborative work to meet the client-focused and satisfaction in the right way. So, make the right decision with our premium furniture services.</p>',NULL,0,'1','2025-11-20 16:46:25','2025-11-20 16:47:41');

--
-- Table structure for table `gm_company_cmspages`
--

CREATE TABLE `gm_company_cmspages` (
  `id` int(11) NOT NULL AUTO_INCREMENT,
  `company_id` int(11) NOT NULL,
  `cmspage_name` varchar(255) CHARACTER SET utf8mb4 COLLATE utf8mb4_unicode_ci NOT NULL,
  `cmspage_url` varchar(255) NOT NULL,
  `herosection_heading` varchar(255) DEFAULT NULL,
  `herosection_content` varchar(255) DEFAULT NULL,
  `herosection_image` varchar(255) DEFAULT NULL,
  `section1_heading` varchar(255) DEFAULT NULL,
  `section1_content` text,
  `section1_image` varchar(255) DEFAULT NULL,
  `whychoose_heading` varchar(255) DEFAULT NULL,
  `whychoose_content` varchar(255) DEFAULT NULL,
  `whychoose_image` varchar(255) DEFAULT NULL,
  `wc_mini_heading_1` varchar(255) DEFAULT NULL,
  `wc_min_content_1` varchar(255) DEFAULT NULL,
  `wc_mini_heading_2` varchar(255) DEFAULT NULL,
  `wc_min_content_2` varchar(255) DEFAULT NULL,
  `wc_mini_heading_3` varchar(255) DEFAULT NULL,
  `wc_min_content_3` varchar(255) DEFAULT NULL,
  `wc_mini_heading_4` varchar(255) DEFAULT NULL,
  `wc_min_content_4` varchar(255) DEFAULT NULL,
  `cmspage_description` text CHARACTER SET utf8mb4 COLLATE utf8mb4_unicode_ci,
  `image_name` varchar(255) DEFAULT NULL,
  `meta_title` varchar(255) DEFAULT NULL,
  `meta_description` text,
  `meta_keyword` varchar(255) DEFAULT NULL,
  `status` enum('0','1') DEFAULT NULL,
  `created_at` datetime NOT NULL DEFAULT CURRENT_TIMESTAMP,
  `updated_at` datetime DEFAULT CURRENT_TIMESTAMP,
  PRIMARY KEY (`id`)
) ENGINE=MyISAM AUTO_INCREMENT=202 DEFAULT CHARSET=latin1;

--
-- Dumping data for table `gm_company_cmspages`
--

INSERT INTO `gm_company_cmspages` VALUES (36,42,'About Us','about-us','We are the most trusted Manufacturer','','1760182835_about-banner.jpg',NULL,NULL,'1760182835_about-banner1.jpg',NULL,NULL,'1760182835_about-banner2.jpg',NULL,NULL,NULL,NULL,NULL,NULL,NULL,NULL,NULL,'','About Us','About Us','About Us','1','2025-10-11 17:10:35','2025-11-05 17:43:38'),(196,46,'Test Page','test-page','Test Mee','<p>\r\n Testing Demo\r\n</p>\r\n','test-mee.jpg',NULL,NULL,NULL,NULL,NULL,NULL,NULL,NULL,NULL,NULL,NULL,NULL,NULL,NULL,NULL,NULL,'Test Page','Test Page','Test Page','1','2025-11-13 12:01:52','2025-11-13 14:46:36'),(38,42,'Contact Us','contact-us','We are the most trusted Manufacturer','','1760182835_about-banner.jpg','Best Sports Clothing Manufacturers in New Delhi','Architecture viverra tristique justo duis vitae diam neque nivamus aestan ateuene artines aringianu atelit finibus viverra nec lacus. Nedana theme erodino setlie suscipe no curabit tristique. Design inilla duiman at elit finibus viverra nec a lacus themo the drudea seneoice misuscipit non sagie the fermen.\r\n\r\nPlanner inilla duiman at elit finibus viverra nec a lacus themo the drudea seneoice misuscipit non sagie the fermen. Viverra tristique jusio the ivite dianne onen nivami acsestion augue artine.\r\n\r\nOffer Custom Sportswear Suppliers in India\r\nIt has survived not only five centuries, but also the leap into electronic typesetting, remaining essentially unchanged. It was popularised in the 1960s with the release of Letraset sheets containing Lorem Ipsum passages, and more recently with desktop publishing software like Aldus PageMaker including versions of Lorem Ipsum. It has survived not only five centuries, but also the leap into electronic typesetting, remaining essentially unchanged. It was popularised in the 1960s with the release of Letraset sheets containing Lorem Ipsum passages, and more recently with desktop publishing software like Aldus PageMaker including versions of Lorem Ipsum.\r\n\r\nCost-Effective Sportswear Exporters in India\r\nIt has survived not only five centuries, but also the leap into electronic typesetting, remaining essentially unchanged. It was popularised in the 1960s with the release of Letraset sheets containing Lorem Ipsum passages, and more recently with desktop publishing software like Aldus PageMaker including versions of Lorem Ipsum. It has survived not only five centuries, but also the leap into electronic typesetting, remaining essentially unchanged. It was popularised in the 1960s with the release of Letraset sheets containing Lorem Ipsum passages, and more recently with desktop publishing software like Aldus PageMaker including versions of Lorem Ipsum.\r\n\r\nKey Facts of Our Company\r\nLorem ipsum dolor sit amet consectetur adipisicing elit. Cumque, maiores? Corrupti esse, incidunt nesciunt quasi asperiores quaerat ullam veniam praesentium unde laudantium debitis eius eum! Cumque ab est quibusdam placeat?','1760182835_about-banner1.jpg','Why Choose GM Template','Choose us for high-quality products, on-time delivery, customer-focused solutions, and affordable transparent pricing. We are committed to excellence, trust, and innovation that ensures your satisfaction every step of the way.','1760182835_about-banner2.jpg','Nature of Business','Reliable manufacturer and supplier of quality products with trusted service.','Number of Employees','Driven by 100+ employees, delivering innovation, quality, and excellence.','Legal Status of Firm','As a registered Pvt Ltd Company, we follow legal compliance, ensuring credibility and trust.','Annual Turnover','Our annual turnover of ?1.5 – 5 Crore showcases growth, trust, and stability.','Choose us for high-quality products, on-time delivery, customer-focused solutions, and affordable transparent pricing. We are committed to excellence, trust, and innovation that ensures your satisfaction every step of the way.','','About Us','About Us','About Us','1','2025-10-11 17:10:35','2025-10-11 17:10:35'),(165,46,'Home','home','Test Mee','','test-mee.jpg',NULL,NULL,'',NULL,NULL,'',NULL,NULL,NULL,NULL,NULL,NULL,NULL,NULL,NULL,'','Home','Home','Home','1','2025-10-16 14:49:19','2025-11-13 14:29:07'),(171,46,'About Us','about-us','Test Mee','','test-mee.jpg',NULL,NULL,'',NULL,NULL,'',NULL,NULL,NULL,NULL,NULL,NULL,NULL,NULL,NULL,'','About Us','About Us','About Us','1','2025-11-04 10:30:22','2025-11-13 14:17:44'),(170,42,'Our Products','our-products','Our Products','<p>\r\n Our Products\r\n</p>\r\n','',NULL,NULL,'',NULL,NULL,'',NULL,NULL,NULL,NULL,NULL,NULL,NULL,NULL,NULL,'','Our Products','Our Products','Our Products','1','2025-10-23 17:25:31','2025-10-23 17:25:31'),(197,46,'Test image','test-image','Test Mee','','test-mee.jpg',NULL,NULL,NULL,NULL,NULL,NULL,NULL,NULL,NULL,NULL,NULL,NULL,NULL,NULL,NULL,NULL,'Test image','Test image','Test image','1','2025-11-13 12:56:09','2025-11-13 15:25:18'),(201,51,'About Us','about-us','About Sai Furniture Art','','',NULL,NULL,NULL,NULL,NULL,NULL,NULL,NULL,NULL,NULL,NULL,NULL,NULL,NULL,NULL,NULL,'About Us','About Us','About Us','1','2025-11-13 17:25:23','2025-11-20 16:47:41'),(200,51,'Home','home','','','',NULL,NULL,NULL,NULL,NULL,NULL,NULL,NULL,NULL,NULL,NULL,NULL,NULL,NULL,NULL,NULL,'Home','Home','Home','1','2025-11-13 15:43:24','2025-11-20 16:29:36'),(195,46,'Test@13','test13','Test Mee','<p>\r\n Hera Section\r\n</p>\r\n','test-mee.jpg',NULL,NULL,'',NULL,NULL,'',NULL,NULL,NULL,NULL,NULL,NULL,NULL,NULL,NULL,'','Test@13','Test@13','Test@13','1','2025-11-13 10:55:20','2025-11-13 10:55:20'),(194,46,'astytswfrew','astytswfrew','Test Mee','<p>\r\n sdafg\r\n</p>\r\n','test-mee.jpg',NULL,NULL,'',NULL,NULL,'',NULL,NULL,NULL,NULL,NULL,NULL,NULL,NULL,NULL,'','astytswfrew','astytswfrew','astytswfrew','1','2025-11-12 17:39:25','2025-11-13 14:39:19');

--
-- Table structure for table `gm_company_domestic_locations`
--

CREATE TABLE `gm_company_domestic_locations` (
  `id` int(11) NOT NULL AUTO_INCREMENT,
  `company_id` int(11) NOT NULL,
  `region_id` int(11) DEFAULT NULL,
  `state_id` int(11) NOT NULL,
  `created_at` datetime NOT NULL DEFAULT CURRENT_TIMESTAMP,
  PRIMARY KEY (`id`)
) ENGINE=InnoDB AUTO_INCREMENT=222 DEFAULT CHARSET=latin1;

--
-- Dumping data for table `gm_company_domestic_locations`
--

INSERT INTO `gm_company_domestic_locations` VALUES (1,49,1,4,'2025-10-28 11:39:00'),(2,49,1,3,'2025-10-28 11:39:00'),(3,49,1,7,'2025-10-28 11:39:00'),(6,49,4,17,'2025-10-28 11:39:00'),(7,49,4,15,'2025-10-28 11:39:00'),(9,49,1,8,'2025-10-28 12:01:52'),(10,49,1,6,'2025-10-28 12:01:52'),(78,52,6,9,'2025-11-04 12:12:14'),(79,52,6,20,'2025-11-04 12:12:14'),(80,52,3,8,'2025-11-04 12:12:14'),(81,52,3,2,'2025-11-04 12:12:14'),(82,52,3,26,'2025-11-04 12:12:14'),(83,52,3,36,'2025-11-04 12:12:14'),(84,52,1,11,'2025-11-04 12:12:14'),(85,52,1,14,'2025-11-04 12:12:14'),(86,52,1,15,'2025-11-04 12:12:14'),(87,52,1,16,'2025-11-04 12:12:14'),(88,52,1,28,'2025-11-04 12:12:14'),(89,52,1,29,'2025-11-04 12:12:14'),(90,52,1,34,'2025-11-04 12:12:14'),(91,52,1,35,'2025-11-04 12:12:14'),(92,52,5,7,'2025-11-04 12:12:14'),(93,52,5,22,'2025-11-04 12:12:14'),(94,52,5,23,'2025-11-04 12:12:14'),(95,52,5,24,'2025-11-04 12:12:14'),(96,52,5,25,'2025-11-04 12:12:14'),(97,52,5,30,'2025-11-04 12:12:14'),(98,52,5,33,'2025-11-04 12:12:14'),(99,52,2,5,'2025-11-04 12:12:14'),(100,52,2,6,'2025-11-04 12:12:14'),(101,52,2,17,'2025-11-04 12:12:14'),(102,52,2,18,'2025-11-04 12:12:14'),(103,52,2,31,'2025-11-04 12:12:14'),(104,52,2,32,'2025-11-04 12:12:14'),(145,53,6,20,'2025-11-06 17:01:39'),(146,53,3,2,'2025-11-06 17:01:39'),(147,53,3,26,'2025-11-06 17:01:39'),(148,53,1,14,'2025-11-06 17:01:39'),(149,53,1,15,'2025-11-06 17:01:39'),(150,53,1,35,'2025-11-06 17:01:39'),(151,53,5,22,'2025-11-06 17:01:39'),(152,53,5,23,'2025-11-06 17:01:39'),(153,42,77,107,'2025-11-12 16:37:57'),(155,42,74,93,'2025-11-12 16:37:57'),(156,42,74,92,'2025-11-12 16:37:57'),(157,42,74,94,'2025-11-12 16:38:08'),(158,42,72,79,'2025-11-12 16:38:08'),(159,42,76,99,'2025-11-12 17:00:49'),(160,42,76,100,'2025-11-12 17:00:49'),(161,42,76,105,'2025-11-12 17:00:49'),(162,42,74,95,'2025-11-12 17:04:58'),(163,42,72,80,'2025-11-12 17:04:58'),(164,42,72,81,'2025-11-12 17:04:58'),(165,42,72,82,'2025-11-12 17:04:58'),(166,42,72,83,'2025-11-12 17:04:58'),(167,42,72,84,'2025-11-12 17:04:58'),(168,42,72,85,'2025-11-12 17:04:58'),(169,42,72,86,'2025-11-12 17:04:58'),(170,42,76,101,'2025-11-12 17:04:58'),(171,42,76,102,'2025-11-12 17:04:58'),(172,42,76,103,'2025-11-12 17:04:58'),(173,42,76,104,'2025-11-12 17:04:58'),(174,42,76,106,'2025-11-12 17:04:58'),(175,42,73,87,'2025-11-12 17:04:58'),(176,42,73,88,'2025-11-12 17:04:58'),(177,42,73,89,'2025-11-12 17:04:58'),(178,42,73,90,'2025-11-12 17:04:58'),(179,42,73,91,'2025-11-12 17:04:58'),(180,42,78,109,'2025-11-12 17:04:58'),(181,42,78,110,'2025-11-12 17:04:58'),(182,42,78,111,'2025-11-12 17:04:58'),(183,42,78,112,'2025-11-12 17:04:58'),(184,42,75,96,'2025-11-12 17:04:58'),(185,42,75,97,'2025-11-12 17:04:58'),(186,42,75,98,'2025-11-12 17:04:58'),(187,42,77,108,'2025-11-12 21:30:26'),(188,51,77,107,'2025-11-13 14:32:21'),(189,51,77,108,'2025-11-13 14:32:21'),(190,51,74,93,'2025-11-13 14:32:21'),(191,51,74,92,'2025-11-13 14:32:21'),(192,51,74,94,'2025-11-13 14:32:21'),(193,51,74,95,'2025-11-13 14:32:21'),(194,51,72,79,'2025-11-13 14:32:21'),(195,51,72,80,'2025-11-13 14:32:21'),(196,51,72,81,'2025-11-13 14:32:21'),(197,51,72,82,'2025-11-13 14:32:21'),(198,51,72,83,'2025-11-13 14:32:21'),(199,51,72,84,'2025-11-13 14:32:21'),(200,51,72,85,'2025-11-13 14:32:21'),(201,51,72,86,'2025-11-13 14:32:21'),(202,51,76,99,'2025-11-13 14:32:21'),(203,51,76,100,'2025-11-13 14:32:21'),(204,51,76,101,'2025-11-13 14:32:21'),(205,51,76,102,'2025-11-13 14:32:21'),(206,51,76,103,'2025-11-13 14:32:21'),(207,51,76,104,'2025-11-13 14:32:21'),(208,51,76,105,'2025-11-13 14:32:21'),(209,51,76,106,'2025-11-13 14:32:21'),(210,51,73,87,'2025-11-13 14:32:21'),(211,51,73,88,'2025-11-13 14:32:21'),(212,51,73,89,'2025-11-13 14:32:21'),(213,51,73,90,'2025-11-13 14:32:21'),(214,51,73,91,'2025-11-13 14:32:21'),(215,51,78,109,'2025-11-13 14:32:21'),(216,51,78,110,'2025-11-13 14:32:21'),(217,51,78,111,'2025-11-13 14:32:21'),(218,51,78,112,'2025-11-13 14:32:21'),(219,51,75,96,'2025-11-13 14:32:21'),(220,51,75,97,'2025-11-13 14:32:21'),(221,51,75,98,'2025-11-13 14:32:21');

--
