-- Table structure for table `gm_company_gallery_images`
--

CREATE TABLE `gm_company_gallery_images` (
  `id` int(11) NOT NULL AUTO_INCREMENT,
  `company_id` int(11) NOT NULL,
  `page_id` varchar(255) CHARACTER SET utf8mb4 COLLATE utf8mb4_unicode_ci DEFAULT NULL,
  `image_title` varchar(255) DEFAULT NULL,
  `image_alt` varchar(255) DEFAULT NULL,
  `gallery_image` varchar(255) DEFAULT NULL,
  `status` enum('0','1') DEFAULT NULL,
  `created_at` datetime NOT NULL DEFAULT CURRENT_TIMESTAMP,
  `updated_at` datetime DEFAULT CURRENT_TIMESTAMP,
  PRIMARY KEY (`id`)
) ENGINE=MyISAM AUTO_INCREMENT=33 DEFAULT CHARSET=latin1;

--
-- Dumping data for table `gm_company_gallery_images`
--

INSERT INTO `gm_company_gallery_images` VALUES (20,46,NULL,'Gallery 7','','gallery-7.jpg','1','2025-11-06 15:45:37','2025-11-06 15:45:37'),(18,46,NULL,'Gallery 5','','gallery-5.jpg','1','2025-11-06 15:45:12','2025-11-06 15:45:12'),(19,46,NULL,'Gallery 6','','gallery-6.jpg','1','2025-11-06 15:45:26','2025-11-06 15:45:26'),(17,46,NULL,'Gallery 4','','gallery-4.jpg','1','2025-11-06 15:44:38','2025-11-06 15:44:54'),(14,46,NULL,'Gallery 1','','gallery-1.jpg','1','2025-11-06 15:44:01','2025-11-06 16:05:32'),(15,46,NULL,'Gallery 2','','gallery-2.jpg','1','2025-11-06 15:44:25','2025-11-06 15:44:25'),(16,46,NULL,'Gallery 3','','gallery-3.jpg','1','2025-11-06 15:44:34','2025-11-06 15:44:34'),(21,46,NULL,'Gallery 8','','gallery-8.jpg','1','2025-11-06 15:45:48','2025-11-06 15:46:00'),(24,46,NULL,'test','asdg','test.jpg','1','2025-11-12 16:57:05','2025-11-12 17:02:47'),(23,46,NULL,'Test Image@12','Test Image@12','.jpg','1','2025-11-12 15:10:41','2025-11-12 16:53:34'),(25,51,NULL,'How-Are-Innovative-Sofa-Set-Manufacturers-in-Delhi-Breathing-Life-Into-Silent-Spaces-thumbs-576X395','How-Are-Innovative-Sofa-Set-Manufacturers-in-Delhi-Breathing-Life-Into-Silent-Spaces-thumbs-576X395','how-are-innovative-sofa-set-manufacturers-in-delhi-breathing-life-into-silent-spaces-thumbs-576x395.jpg','1','2025-11-14 13:28:49','2025-11-14 13:28:49'),(26,51,NULL,'How-Are-Reliable-Furniture-Manufacturers-in-Delhi-Adding-Soul-To-Every-Space-thumbs-576X395','How-Are-Reliable-Furniture-Manufacturers-in-Delhi-Adding-Soul-To-Every-Space-thumbs-576X395','how-are-reliable-furniture-manufacturers-in-delhi-adding-soul-to-every-space-thumbs-576x395.jpg','1','2025-11-14 13:29:08','2025-11-14 13:29:08'),(27,51,NULL,'How-Are-Technology-and-Automation-Changing-Sofa-Set-Manufacturers-in-Delhi-thumbs-576X395','How-Are-Technology-and-Automation-Changing-Sofa-Set-Manufacturers-in-Delhi-thumbs-576X395','how-are-technology-and-automation-changing-sofa-set-manufacturers-in-delhi-thumbs-576x395.jpeg','1','2025-11-14 13:29:21','2025-11-14 13:29:21'),(28,51,NULL,'How-Do-Sofa-Set-Manufacturers-Combine-Love-for-Craft-with-Modern-Needs-thumbs-576X395','How-Do-Sofa-Set-Manufacturers-Combine-Love-for-Craft-with-Modern-Needs-thumbs-576X395','how-do-sofa-set-manufacturers-combine-love-for-craft-with-modern-needs-thumbs-576x395.jpg','1','2025-11-14 13:29:37','2025-11-14 13:29:37'),(29,51,NULL,'How-to-Spot-the-Most-Promising-Sofa-Set-Manufacturers-in-Delhi-thumbs-576X395','How-to-Spot-the-Most-Promising-Sofa-Set-Manufacturers-in-Delhi-thumbs-576X395','how-to-spot-the-most-promising-sofa-set-manufacturers-in-delhi-thumbs-576x395.jpg','1','2025-11-14 13:30:02','2025-11-14 13:30:02'),(30,51,NULL,'Why-the-Best-Furniture-Manufacturers-in-Delhi-Are-the-Ultimate-Choice-thumbs-576X395','Why-the-Best-Furniture-Manufacturers-in-Delhi-Are-the-Ultimate-Choice-thumbs-576X395','why-the-best-furniture-manufacturers-in-delhi-are-the-ultimate-choice-thumbs-576x395.jpg','1','2025-11-14 13:30:27','2025-11-14 13:30:27'),(31,51,NULL,'Why-the-Best-Furniture-Manufacturers-in-Delhi-Are-the-Ultimate-Choice-thumbs-576X395','Why-the-Best-Furniture-Manufacturers-in-Delhi-Are-the-Ultimate-Choice-thumbs-576X395','why-the-best-furniture-manufacturers-in-delhi-are-the-ultimate-choice-thumbs-576x395.jpg','1','2025-11-14 14:08:44','2025-11-14 14:08:44'),(32,51,NULL,'How-to-Spot-Quality-Work-from-Furniture-Manufacturers-thumbs-576X395','How-to-Spot-Quality-Work-from-Furniture-Manufacturers-thumbs-576X395','how-to-spot-quality-work-from-furniture-manufacturers-thumbs-576x395.jpg','1','2025-11-14 14:11:09','2025-11-17 12:21:32');

--
-- Table structure for table `gm_company_homeslider`
--

CREATE TABLE `gm_company_homeslider` (
  `id` int(11) NOT NULL AUTO_INCREMENT,
  `company_id` int(11) NOT NULL,
  `page_id` varchar(255) CHARACTER SET utf8mb4 COLLATE utf8mb4_unicode_ci DEFAULT NULL,
  `slide_top_heading` varchar(255) DEFAULT NULL,
  `slide_heading_1` varchar(255) DEFAULT NULL,
  `slide_heading_2` varchar(255) DEFAULT NULL,
  `slide_content` varchar(255) DEFAULT NULL,
  `slide_image` varchar(255) DEFAULT NULL,
  `status` enum('0','1') DEFAULT NULL,
  `created_at` datetime NOT NULL DEFAULT CURRENT_TIMESTAMP,
  `updated_at` datetime DEFAULT CURRENT_TIMESTAMP,
  PRIMARY KEY (`id`)
) ENGINE=MyISAM AUTO_INCREMENT=29 DEFAULT CHARSET=latin1;

--
-- Dumping data for table `gm_company_homeslider`
--

INSERT INTO `gm_company_homeslider` VALUES (8,46,NULL,'Excellence. Reliability.2','Trending Product','American Football Uniforms','Dominate the field with custom American Football uniforms – built for comfort, style, and ultimate performance.','excellence-reliability-2.jpg','1','2025-10-28 16:32:48','2025-11-12 14:41:42'),(7,46,NULL,'Excellence. Reliability.','Welcome to','GM Template','Welcome to GM – delivering innovation, quality, and trust. From concept to creation, we provide solutions that empower businesses, inspire growth, and drive lasting success worldwide.','excellence-reliability-.jpg','1','2025-10-27 14:54:46','2025-11-12 14:41:52'),(25,46,NULL,'Testing demo@12','dsfgsdfg','dsfgh','dgsd','testing-demo-12.jpg','0','2025-11-12 13:25:56','2025-11-12 14:55:18'),(27,51,NULL,'FURNITURE MANUFACTURERS','Welcome to ','Sai Furniture Art','Awarded Best Sofa Set Manufacturers And Wholesale Suppliers','gloster.jpg','1','2025-11-13 16:30:54','2025-11-13 17:02:34'),(28,51,NULL,'FURNITURE MANUFACTURERS','Welcome to ','Sai Furniture Art','Awarded Best Sofa Set Manufacturers And Wholesale Suppliers','classic.jpg','1','2025-11-13 16:46:13','2025-11-13 17:01:47');

--
-- Table structure for table `gm_company_international_locations`
--

CREATE TABLE `gm_company_international_locations` (
  `id` int(11) NOT NULL AUTO_INCREMENT,
  `company_id` int(11) NOT NULL,
  `continent_id` int(11) NOT NULL,
  `country_id` int(11) NOT NULL,
  `created_at` datetime NOT NULL DEFAULT CURRENT_TIMESTAMP,
  PRIMARY KEY (`id`)
) ENGINE=InnoDB AUTO_INCREMENT=242 DEFAULT CHARSET=latin1;

--
-- Dumping data for table `gm_company_international_locations`
--

INSERT INTO `gm_company_international_locations` VALUES (7,49,2,11,'2025-10-28 11:45:00'),(8,49,2,14,'2025-10-28 11:45:00'),(9,49,2,29,'2025-10-28 11:45:00'),(10,49,2,77,'2025-10-28 11:45:00'),(11,49,2,85,'2025-10-28 11:45:00'),(12,49,5,7,'2025-10-28 11:46:00'),(13,49,5,21,'2025-10-28 11:46:00'),(14,49,5,72,'2025-10-28 11:46:00'),(15,49,5,137,'2025-10-28 11:46:00'),(16,49,1,3,'2025-10-28 12:02:54'),(17,49,1,5,'2025-10-28 12:02:54'),(158,42,3,31,'2025-11-12 16:58:29'),(159,42,3,39,'2025-11-12 16:58:29'),(160,42,3,41,'2025-11-12 16:58:29'),(161,42,3,36,'2025-11-12 16:58:29'),(162,42,3,35,'2025-11-12 16:58:29'),(163,42,1,8,'2025-11-12 16:58:29'),(164,42,1,10,'2025-11-12 16:58:29'),(165,42,1,11,'2025-11-12 16:58:29'),(166,42,1,16,'2025-11-12 16:58:29'),(167,42,1,17,'2025-11-12 16:58:29'),(168,42,1,24,'2025-11-12 16:58:29'),(169,42,6,70,'2025-11-12 16:58:29'),(170,42,6,71,'2025-11-12 16:58:29'),(171,42,2,57,'2025-11-12 16:58:29'),(172,42,2,44,'2025-11-12 16:58:29'),(173,42,2,52,'2025-11-12 16:58:29'),(174,42,2,47,'2025-11-12 16:58:29'),(175,42,2,55,'2025-11-12 16:58:29'),(176,42,4,60,'2025-11-12 16:58:29'),(177,42,4,62,'2025-11-12 16:58:29'),(178,42,4,61,'2025-11-12 16:58:29'),(179,42,5,67,'2025-11-12 16:58:29'),(180,42,5,65,'2025-11-12 16:58:29'),(181,42,5,64,'2025-11-12 16:58:29'),(182,51,3,41,'2025-11-13 14:32:47'),(183,51,3,32,'2025-11-13 14:32:47'),(184,51,3,33,'2025-11-13 14:32:47'),(185,51,3,34,'2025-11-13 14:32:47'),(186,51,3,36,'2025-11-13 14:32:47'),(187,51,3,35,'2025-11-13 14:32:47'),(188,51,1,8,'2025-11-13 14:32:47'),(189,51,1,39,'2025-11-13 14:32:47'),(190,51,1,29,'2025-11-13 14:32:47'),(191,51,1,7,'2025-11-13 14:32:47'),(192,51,1,9,'2025-11-13 14:32:47'),(193,51,1,27,'2025-11-13 14:32:47'),(194,51,1,22,'2025-11-13 14:32:47'),(195,51,1,10,'2025-11-13 14:32:47'),(196,51,1,11,'2025-11-13 14:32:47'),(197,51,1,13,'2025-11-13 14:32:47'),(198,51,1,14,'2025-11-13 14:32:47'),(199,51,1,26,'2025-11-13 14:32:47'),(200,51,1,15,'2025-11-13 14:32:47'),(201,51,1,16,'2025-11-13 14:32:47'),(202,51,1,17,'2025-11-13 14:32:47'),(203,51,1,18,'2025-11-13 14:32:47'),(204,51,1,23,'2025-11-13 14:32:47'),(205,51,1,19,'2025-11-13 14:32:47'),(206,51,1,25,'2025-11-13 14:32:47'),(207,51,1,20,'2025-11-13 14:32:47'),(208,51,1,24,'2025-11-13 14:32:47'),(209,51,1,21,'2025-11-13 14:32:47'),(210,51,1,28,'2025-11-13 14:32:47'),(211,51,6,31,'2025-11-13 14:32:47'),(212,51,6,70,'2025-11-13 14:32:47'),(213,51,6,71,'2025-11-13 14:32:47'),(214,51,2,57,'2025-11-13 14:32:47'),(215,51,2,53,'2025-11-13 14:32:47'),(216,51,2,54,'2025-11-13 14:32:47'),(217,51,2,42,'2025-11-13 14:32:47'),(218,51,2,56,'2025-11-13 14:32:47'),(219,51,2,43,'2025-11-13 14:32:47'),(220,51,2,44,'2025-11-13 14:32:47'),(221,51,2,52,'2025-11-13 14:32:47'),(222,51,2,59,'2025-11-13 14:32:47'),(223,51,2,45,'2025-11-13 14:32:47'),(224,51,2,46,'2025-11-13 14:32:47'),(225,51,2,58,'2025-11-13 14:32:47'),(226,51,2,47,'2025-11-13 14:32:47'),(227,51,2,55,'2025-11-13 14:32:47'),(228,51,2,48,'2025-11-13 14:32:47'),(229,51,2,49,'2025-11-13 14:32:47'),(230,51,2,50,'2025-11-13 14:32:47'),(231,51,2,51,'2025-11-13 14:32:47'),(232,51,4,60,'2025-11-13 14:32:47'),(233,51,4,62,'2025-11-13 14:32:47'),(234,51,4,61,'2025-11-13 14:32:47'),(235,51,5,67,'2025-11-13 14:32:47'),(236,51,5,65,'2025-11-13 14:32:47'),(237,51,5,68,'2025-11-13 14:32:47'),(238,51,5,69,'2025-11-13 14:32:47'),(239,51,5,63,'2025-11-13 14:32:47'),(240,51,5,66,'2025-11-13 14:32:47'),(241,51,5,64,'2025-11-13 14:32:47');

--
-- Table structure for table `gm_company_photos`
--

CREATE TABLE `gm_company_photos` (
  `id` int(11) NOT NULL AUTO_INCREMENT,
  `company_id` int(11) NOT NULL,
  `photo_name` varchar(255) CHARACTER SET utf8mb4 COLLATE utf8mb4_unicode_ci NOT NULL,
  `photo_type` enum('work','packaging','shipping','award') CHARACTER SET utf8mb4 COLLATE utf8mb4_unicode_ci DEFAULT NULL,
  `created_at` datetime NOT NULL DEFAULT CURRENT_TIMESTAMP,
  `updated_at` datetime NOT NULL DEFAULT CURRENT_TIMESTAMP,
  PRIMARY KEY (`id`)
) ENGINE=MyISAM AUTO_INCREMENT=90 DEFAULT CHARSET=latin1;

--
-- Dumping data for table `gm_company_photos`
--

INSERT INTO `gm_company_photos` VALUES (63,42,'1760614268_food-grains.jpg','packaging','2025-10-16 17:01:08','2025-10-16 07:31:08'),(62,42,'1762424393_notification.png','work','2025-10-16 17:01:04','2025-11-06 15:49:53'),(58,42,'1760598007_color-option.jpg','shipping','2025-10-09 12:34:18','2025-10-16 12:30:07'),(56,42,'1760598015_color-option.jpg','award','2025-10-09 12:04:03','2025-10-16 12:30:15'),(55,42,'1760598012_color-option.jpg','award','2025-10-09 11:56:23','2025-10-16 12:30:12'),(64,42,'1760614272_food-grains.jpg','packaging','2025-10-16 17:01:12','2025-10-16 07:31:12'),(51,42,'1760597991_color-option.jpg','work','2025-10-09 11:23:36','2025-10-16 12:29:51'),(53,42,'1760598010_color-option.jpg','award','2025-10-09 11:47:08','2025-10-16 12:30:10'),(39,42,'1760597998_color-option.jpg','packaging','2025-10-08 16:41:41','2025-10-16 12:29:58'),(40,42,'1760598000_color-option.jpg','packaging','2025-10-08 16:41:54','2025-10-16 12:30:00'),(41,42,'1760598005_color-option.jpg','shipping','2025-10-08 18:08:04','2025-10-16 12:30:05'),(42,42,'1760598003_color-option.jpg','packaging','2025-10-08 18:08:29','2025-10-16 12:30:03'),(61,42,'1760598019_color-option.jpg','award','2025-10-10 17:03:08','2025-10-16 12:30:19'),(65,42,'1760614276_food-grains.jpg','shipping','2025-10-16 17:01:16','2025-10-16 07:31:16'),(66,42,'1760614280_food-grains.jpg','shipping','2025-10-16 17:01:20','2025-10-16 07:31:20'),(67,42,'1760614282_food-grains.jpg','shipping','2025-10-16 17:01:22','2025-10-16 07:31:22'),(68,42,'1760614286_food-grains.jpg','award','2025-10-16 17:01:26','2025-10-16 07:31:26'),(69,42,'1760614290_food-grains.jpg','award','2025-10-16 17:01:30','2025-10-16 07:31:30'),(82,42,'1761210180_image23.jpg','work','2025-10-23 14:33:00','2025-10-23 05:03:00'),(71,47,'1760615054_food-grains.jpg','work','2025-10-16 17:14:14','2025-10-16 07:44:14'),(72,47,'1760615059_food-grains.jpg','work','2025-10-16 17:14:19','2025-10-16 07:44:19'),(73,47,'1761109894_image23.jpg','work','2025-10-22 10:41:34','2025-10-22 01:11:34'),(83,42,'1761213712_image23.jpg','work','2025-10-23 15:31:52','2025-10-23 06:01:52'),(75,47,'1761110596_image23.jpg','packaging','2025-10-22 10:53:16','2025-10-22 01:23:16'),(76,47,'1761110611_image23.jpg','packaging','2025-10-22 10:53:31','2025-10-22 01:23:31'),(77,47,'1761110622_image23.jpg','packaging','2025-10-22 10:53:42','2025-10-22 01:23:42'),(78,47,'1761110758_image23.jpg','shipping','2025-10-22 10:55:58','2025-10-22 01:25:58'),(79,47,'1761110764_image23.jpg','shipping','2025-10-22 10:56:04','2025-10-22 01:26:04'),(80,47,'1761110789_image23.jpg','award','2025-10-22 10:56:29','2025-10-22 01:26:29'),(81,47,'1761110794_image23.jpg','award','2025-10-22 10:56:34','2025-10-22 01:26:34'),(84,51,'1761646232_food-grains.jpg','packaging','2025-10-28 15:40:32','2025-10-28 06:10:32'),(85,51,'1761646243_food-grains.jpg','packaging','2025-10-28 15:40:43','2025-10-28 06:10:43'),(86,51,'1761646249_image23.jpg','shipping','2025-10-28 15:40:49','2025-10-28 06:10:49'),(87,52,'1762246422_food-grains.jpg','work','2025-11-04 14:23:42','2025-11-04 03:53:42'),(88,46,'1762430092_test.jpg','work','2025-11-06 17:24:52','2025-11-06 06:54:52'),(89,46,'1762430100_factory4.jpg','work','2025-11-06 17:25:00','2025-11-06 06:55:00');

--
-- Table structure for table `gm_company_product_attributes`
--

CREATE TABLE `gm_company_product_attributes` (
  `id` int(11) NOT NULL AUTO_INCREMENT,
  `company_id` int(11) NOT NULL,
  `product_id` int(11) NOT NULL COMMENT 'linked with gm_company_products',
  `attribute_name` varchar(255) CHARACTER SET utf8mb4 COLLATE utf8mb4_unicode_ci NOT NULL,
  `attribute_value` varchar(255) CHARACTER SET utf8mb4 COLLATE utf8mb4_unicode_ci NOT NULL,
  `created_at` datetime NOT NULL DEFAULT CURRENT_TIMESTAMP,
  `updated_at` datetime NOT NULL DEFAULT CURRENT_TIMESTAMP,
  PRIMARY KEY (`id`)
) ENGINE=MyISAM AUTO_INCREMENT=118 DEFAULT CHARSET=latin1;

--
-- Dumping data for table `gm_company_product_attributes`
--

INSERT INTO `gm_company_product_attributes` VALUES (1,46,71,'Test1','Test2 Value','2025-09-26 17:53:44','2025-09-26 18:08:39'),(2,46,71,'Testing1','Test value','2025-09-26 17:53:44','2025-09-26 18:08:39'),(3,46,71,'Test12','Test23','2025-09-26 18:02:54','2025-09-26 18:08:39'),(4,46,71,'Testing12','Test3','2025-09-26 18:02:54','2025-09-26 18:08:19'),(5,46,72,'Color','Red','2025-09-26 18:33:16','2025-09-27 09:49:23'),(20,46,73,'Size|Red','D','2025-09-27 10:41:01','2025-09-27 10:41:01'),(9,46,72,'Color','Blue','2025-09-27 09:49:23','2025-09-27 09:49:23'),(8,46,72,'Color','Black','2025-09-27 09:48:31','2025-09-27 09:49:23'),(10,46,72,'Color','Orange','2025-09-27 09:49:23','2025-09-27 09:49:23'),(11,46,72,'Size','M','2025-09-27 09:49:23','2025-09-27 09:49:23'),(12,46,72,'Size','XXL','2025-09-27 09:49:23','2025-09-27 09:49:23'),(19,46,73,'Size|Red','L','2025-09-27 10:41:01','2025-09-27 10:41:01'),(23,46,77,'Color','Red','2025-09-27 11:18:03','2025-09-27 11:21:29'),(22,46,75,'Color','Black','2025-09-27 11:12:08','2025-09-27 11:12:08'),(21,46,73,'Size|Red','SM','2025-09-27 10:41:01','2025-09-27 10:41:01'),(24,46,78,'Color','sdfhsdf','2025-09-27 11:24:15','2025-09-27 11:24:15'),(102,46,128,'Color','Red','2025-10-01 16:55:45','2025-11-10 11:27:48'),(103,46,128,'Color','test','2025-10-01 16:55:45','2025-11-10 11:27:48'),(101,46,127,'Color','test','2025-10-01 16:53:22','2025-11-10 12:08:50'),(100,46,127,'Color','Red','2025-10-01 16:53:22','2025-11-10 12:08:50'),(99,46,126,'Color','Red','2025-10-01 16:47:43','2025-11-10 11:28:43'),(104,46,130,'Color','Red','2025-10-03 13:08:17','2025-11-10 11:27:08'),(98,46,125,'Color','Red','2025-10-01 16:47:01','2025-11-10 11:29:12'),(117,46,159,'Color','Red','2025-11-10 10:49:35','2025-11-10 12:09:41'),(105,46,130,'Color','Blue','2025-10-03 13:08:17','2025-11-10 11:27:08'),(106,42,132,'Color','Red','2025-10-11 17:59:58','2025-12-02 11:06:29'),(107,42,132,'Color','Green','2025-10-11 17:59:58','2025-12-02 11:06:29'),(108,42,132,'Color','Blue','2025-10-11 17:59:58','2025-12-02 11:06:29'),(109,46,134,'Test1','Red','2025-10-13 14:09:46','2025-11-10 11:26:16');

--
-- Table structure for table `gm_company_product_categories`
--

CREATE TABLE `gm_company_product_categories` (
  `id` int(11) NOT NULL AUTO_INCREMENT,
  `company_id` int(11) NOT NULL,
  `product_id` int(11) NOT NULL COMMENT 'linked with gm_company_products',
  `category_id` int(11) NOT NULL COMMENT 'linked with gm_categories',
  `created_at` datetime NOT NULL DEFAULT CURRENT_TIMESTAMP,
  `updated_at` datetime NOT NULL DEFAULT CURRENT_TIMESTAMP,
  PRIMARY KEY (`id`)
) ENGINE=MyISAM AUTO_INCREMENT=5 DEFAULT CHARSET=latin1;

--
-- Dumping data for table `gm_company_product_categories`
--

INSERT INTO `gm_company_product_categories` VALUES (4,46,67,105,'2025-09-26 06:41:44','2025-09-26 06:41:44'),(3,46,67,1367,'2025-09-26 06:41:44','2025-09-26 06:41:44');

--
-- Table structure for table `gm_company_product_images`
--

CREATE TABLE `gm_company_product_images` (
  `id` int(11) NOT NULL AUTO_INCREMENT,
  `company_id` int(11) NOT NULL,
  `product_id` int(11) NOT NULL COMMENT 'linked with gm_company_products',
  `image_name` varchar(255) CHARACTER SET utf8mb4 COLLATE utf8mb4_unicode_ci NOT NULL,
  `image_type` enum('main','sub') CHARACTER SET utf8mb4 COLLATE utf8mb4_unicode_ci NOT NULL,
  `created_at` datetime NOT NULL DEFAULT CURRENT_TIMESTAMP,
  `updated_at` datetime NOT NULL DEFAULT CURRENT_TIMESTAMP,
  PRIMARY KEY (`id`)
) ENGINE=MyISAM AUTO_INCREMENT=271 DEFAULT CHARSET=latin1;

--
-- Dumping data for table `gm_company_product_images`
--

INSERT INTO `gm_company_product_images` VALUES (16,46,33,'1758713537_Durga-Jee-Banner1.jpg','','2025-09-24 17:02:17','2025-09-24 17:02:17'),(15,46,33,'1758713537_Durga-Jee-Banner.jpg','','2025-09-24 17:02:17','2025-09-24 17:02:17'),(17,46,33,'1758713641_about1adyu.jpg','','2025-09-24 17:04:01','2025-09-24 17:04:01'),(18,46,24,'1758717044_seva-image.jpg','','2025-09-24 18:00:44','2025-09-24 18:00:44'),(19,46,24,'1758718799_seva-image.jpg','','2025-09-24 18:29:59','2025-09-24 18:29:59'),(241,46,159,'testing-product-4.jpg','','2025-11-10 10:49:35','2025-11-10 10:49:35'),(239,46,159,'testing-product-2.jpg','','2025-11-10 10:49:35','2025-11-10 10:49:35'),(258,46,137,'test-demo.jpg','','2025-11-10 12:10:46','2025-11-10 12:10:46'),(259,46,137,'test-demo-1.jpg','','2025-11-10 12:11:11','2025-11-10 12:11:11'),(244,46,136,'testing1.jpg','','2025-11-10 11:24:33','2025-11-10 11:24:33'),(245,46,135,'test-product-1.jpg','','2025-11-10 11:25:05','2025-11-10 11:25:05'),(256,46,159,'testing-product-3.jpg','','2025-11-10 12:09:41','2025-11-10 12:09:41'),(260,46,137,'test-demo-2.jpg','','2025-11-10 12:12:03','2025-11-10 12:12:03'),(255,46,127,'testing-demo-2.jpg','','2025-11-10 12:08:50','2025-11-10 12:08:50'),(254,46,125,'test-product.jpg','','2025-11-10 11:29:12','2025-11-10 11:29:12'),(248,46,131,'demo-product.jpg','','2025-11-10 11:26:56','2025-11-10 11:26:56'),(247,46,133,'testing-product.jpg','','2025-11-10 11:26:31','2025-11-10 11:26:31'),(253,46,126,'test-product-demo.jpg','','2025-11-10 11:28:43','2025-11-10 11:28:43'),(261,46,160,'test.jpg','','2025-11-13 11:25:35','2025-11-13 11:25:35'),(268,51,164,'moscow-living-room-sofa-set.jpg','','2025-11-21 10:20:15','2025-11-21 10:20:15'),(267,51,163,'armani-new-carved-sofa-set.jpg','','2025-11-21 10:18:38','2025-11-21 10:18:38'),(251,46,128,'testing-demo.jpg','','2025-11-10 11:27:48','2025-11-10 11:27:48'),(252,46,127,'testing-demo-1.jpg','','2025-11-10 11:28:20','2025-11-10 11:28:20'),(265,51,161,'jaguar-carved-sofa-set.jpg','','2025-11-21 10:13:59','2025-11-21 10:13:59'),(266,51,162,'classic-carved-sofa-set.jpg','','2025-11-21 10:16:04','2025-11-21 10:16:04'),(270,42,132,'kurta-pyjama.jpg','','2025-12-02 11:06:29','2025-12-02 11:06:29'),(250,46,129,'testing-product-1.jpg','','2025-11-10 11:27:29','2025-11-10 11:27:29'),(249,46,130,'wall-to-wall-hand-tufted.jpg','','2025-11-10 11:27:08','2025-11-10 11:27:08'),(246,46,134,'sdfaasf.jpg','','2025-11-10 11:26:16','2025-11-10 11:26:16');

--
-- Table structure for table `gm_company_products`
--

CREATE TABLE `gm_company_products` (
  `product_id` int(11) NOT NULL AUTO_INCREMENT,
  `company_id` int(11) NOT NULL,
  `category_id` varchar(255) DEFAULT NULL,
  `product_name` varchar(255) NOT NULL,
  `product_url` varchar(255) NOT NULL,
  `description` text,
  `price` int(11) DEFAULT NULL,
  `sku_code` varchar(255) DEFAULT NULL,
  `unit_value` int(50) DEFAULT NULL,
  `unit_product` varchar(255) DEFAULT NULL,
  `min_order_qty` int(50) DEFAULT NULL,
  `port_of_dispatch` varchar(255) DEFAULT NULL,
  `delivery_time` varchar(255) DEFAULT NULL,
  `product_package_detail` text,
  `unit_type_id` varchar(255) DEFAULT NULL,
  `meta_title` varchar(255) DEFAULT NULL,
  `meta_description` varchar(255) DEFAULT NULL,
  `meta_keyword` varchar(255) DEFAULT NULL,
  `status` enum('1','0') DEFAULT '1',
  `created_at` datetime NOT NULL DEFAULT CURRENT_TIMESTAMP,
  `updated_at` datetime NOT NULL DEFAULT CURRENT_TIMESTAMP,
  `trending_product` tinyint(4) NOT NULL,
  `featured_product` tinyint(4) NOT NULL,
  PRIMARY KEY (`product_id`)
) ENGINE=MyISAM AUTO_INCREMENT=165 DEFAULT CHARSET=latin1;

--
-- Dumping data for table `gm_company_products`
--

INSERT INTO `gm_company_products` VALUES (1,14,NULL,'Handtufted','handtufted-14','testing',1000,NULL,NULL,NULL,NULL,NULL,NULL,NULL,NULL,NULL,NULL,NULL,'1','2025-08-20 12:00:10','2025-08-20 12:00:10',0,0),(2,14,NULL,'Handloom','handloom-14',NULL,NULL,NULL,NULL,NULL,NULL,NULL,NULL,NULL,NULL,NULL,NULL,NULL,'1','2025-08-20 12:00:10','2025-08-20 12:00:10',0,0),(3,14,NULL,'Handknoted','',NULL,NULL,NULL,NULL,NULL,NULL,NULL,NULL,NULL,NULL,NULL,NULL,NULL,'1','2025-08-20 12:00:10','2025-08-20 12:00:10',0,0),(4,14,NULL,'Loomknoted carpets','',NULL,NULL,NULL,NULL,NULL,NULL,NULL,NULL,NULL,NULL,NULL,NULL,NULL,'1','2025-08-20 12:00:10','2025-08-20 12:00:10',0,0),(5,8,NULL,'Woollen','',NULL,NULL,NULL,NULL,NULL,NULL,NULL,NULL,NULL,NULL,NULL,NULL,NULL,'1','2025-08-20 12:00:10','2025-08-20 12:00:10',0,0),(6,8,NULL,'Cotton and Plastic Durries','',NULL,NULL,NULL,NULL,NULL,NULL,NULL,NULL,NULL,NULL,NULL,NULL,NULL,'1','2025-08-20 12:00:10','2025-08-20 12:00:10',0,0),(7,9,NULL,'Hand Tufted Carpets','',NULL,NULL,NULL,NULL,NULL,NULL,NULL,NULL,NULL,NULL,NULL,NULL,NULL,'1','2025-08-20 12:00:10','2025-08-20 12:00:10',0,0),(8,9,NULL,'Hand Knotted Carpets','',NULL,NULL,NULL,NULL,NULL,NULL,NULL,NULL,NULL,NULL,NULL,NULL,NULL,'1','2025-08-20 12:00:10','2025-08-20 12:00:10',0,0),(9,9,NULL,'Persian Hand Knotted Carpet','',NULL,NULL,NULL,NULL,NULL,NULL,NULL,NULL,NULL,NULL,NULL,NULL,NULL,'1','2025-08-20 12:00:10','2025-08-20 12:00:10',0,0),(10,9,NULL,'Tibetan Hand Knotted Carpet','',NULL,NULL,NULL,NULL,NULL,NULL,NULL,NULL,NULL,NULL,NULL,NULL,NULL,'1','2025-08-20 12:00:10','2025-08-20 12:00:10',0,0),(11,9,NULL,'Embossed Carpets','',NULL,NULL,NULL,NULL,NULL,NULL,NULL,NULL,NULL,NULL,NULL,NULL,NULL,'1','2025-08-20 12:00:10','2025-08-20 12:00:10',0,0),(12,10,NULL,'Flat Woven Rug','',NULL,NULL,NULL,NULL,NULL,NULL,NULL,NULL,NULL,NULL,NULL,NULL,NULL,'1','2025-08-20 12:00:10','2025-08-20 12:00:10',0,0),(13,10,NULL,'Leather Rug','',NULL,NULL,NULL,NULL,NULL,NULL,NULL,NULL,NULL,NULL,NULL,NULL,NULL,'1','2025-08-20 12:00:10','2025-08-20 12:00:10',0,0),(14,10,NULL,'Silk and Woolen Carpet','',NULL,NULL,NULL,NULL,NULL,NULL,NULL,NULL,NULL,NULL,NULL,NULL,NULL,'1','2025-08-20 12:00:10','2025-08-20 12:00:10',0,0),(15,10,NULL,'Silk and Woolen Rug','',NULL,NULL,NULL,NULL,NULL,NULL,NULL,NULL,NULL,NULL,NULL,NULL,NULL,'1','2025-08-20 12:00:10','2025-08-20 12:00:10',0,0),(16,10,NULL,'Leather Carpet','',NULL,NULL,NULL,NULL,NULL,NULL,NULL,NULL,NULL,NULL,NULL,NULL,NULL,'1','2025-08-20 12:00:10','2025-08-20 12:00:10',0,0),(17,10,NULL,'Tufted Carpet','',NULL,NULL,NULL,NULL,NULL,NULL,NULL,NULL,NULL,NULL,NULL,NULL,NULL,'1','2025-08-20 12:00:10','2025-08-20 12:00:10',0,0),(133,46,'147','Testing Product','testing-product-104','<p>\r\n asd\r\n</p>\r\n',2000,'',2,'2',3,'','8-7 days',NULL,'2','Testing Product','Testing Product','Testing Product','1','2025-10-13 14:04:20','2025-11-10 11:26:31',0,0),(126,46,'147','Test Product Demo','test-product-104','<p>\r\n Looking for Trusted Manufacturing Companies of Commercial & Academic Uniforms in India? Welcome to GetManufacturers.com - India&#39;s 1st Verified Business Directory Dedicated Exclusively to Commercial & Academic Uniforms Manufacturers. If you&#39;re searching for reliable and verified Commercial & Academic Uniforms manufacturers/ factories, your search ends here! We connect you directly with genuine Indian manufacturers of Commercial & Academic Uniforms who are registered with complete verification including factory photos/videos, GSTIN, business owner ID, utility bills, and physical location proof. No middlemen. No commission. Just direct B2B sourcing from factories. Whether you are a retailer, distributor, wholesaler, importer, or exporter of Commercial & Academic Uniforms - explore hundreds of Commercial & Academic Uniforms manufacturers, request product catalogs, brochures, price quotations, and buy directly from verified factories across India.\r\n</p>\r\n',2000,'TKD2',2,'9',44,'NAw3','8-7 days',NULL,'9','Test Product Demo','Test Product Demo','Test Product Demo','1','2025-10-01 16:47:43','2025-11-10 11:28:43',0,0),(127,46,'147','Testing Demo','testing-demo-101','<p>\r\n Looking for Trusted Manufacturing Companies of Commercial & Academic Uniforms in India? Welcome to GetManufacturers.com - India&#39;s 1st Verified Business Directory Dedicated Exclusively to Commercial & Academic Uniforms Manufacturers. If you&#39;re searching for reliable and verified Commercial & Academic Uniforms manufacturers/ factories, your search ends here! We connect you directly with genuine Indian manufacturers of Commercial & Academic Uniforms who are registered with complete verification including factory photos/videos, GSTIN, business owner ID, utility bills, and physical location proof. No middlemen. No commission. Just direct B2B sourcing from factories. Whether you are a retailer, distributor, wholesaler, importer, or exporter of Commercial & Academic Uniforms - explore hundreds of Commercial & Academic Uniforms manufacturers, request product catalogs, brochures, price quotations, and buy directly from verified factories across India.\r\n</p>\r\n',2000,'TKD2',4,'13',2,'NAw','8-7 days',NULL,'13','Testing Demo','Testing Demo','Testing Demo','1','2025-10-01 16:53:22','2025-11-10 12:08:50',0,0),(128,46,'50','Testing demo','testing-demo-102','<p>\r\n Searching for Reliable Commercial & Academic Uniforms Manufacturing Companies in Delhi? You&#39;ve landed at the right place - GetManufacturers.com, India&#39;s first and only verified business directory exclusively for Commercial & Academic Uniforms manufacturers/ factories. We help you discover and connect directly with trusted Commercial & Academic Uniforms manufacturers in Delhi - no agents, no commission, just factory-direct deals. All listings on our platform are GMVerified — validated through company documents, GSTIN, owner ID proof, utility bills, factory photos/videos, and Google map location. So you can be assured you&#39;re dealing with genuine Delhi-based Commercial & Academic Uniforms manufacturing companies. Whether you&#39;re a wholesaler, retailer, distributor, or export buyer of Commercial & Academic Uniforms from Delhi, explore detailed company profiles, download product catalogs, request pricing, and connect instantly with manufacturers.\r\n</p>\r\n',2000,'TKD2',2,'3',4,'NAw','8-7 days',NULL,'3','Testing demo','Testing demo','Testing demo','1','2025-10-01 16:55:45','2025-11-10 11:27:48',0,0),(125,46,'147','Test Product','test-product-103','<p>\r\n Searching for Reliable Commercial & Academic Uniforms Manufacturing Companies in Delhi? You&#39;ve landed at the right place - GetManufacturers.com, India&#39;s first and only verified business directory exclusively for Commercial & Academic Uniforms manufacturers/ factories. We help you discover and connect directly with trusted Commercial & Academic Uniforms manufacturers in Delhi - no agents, no commission, just factory-direct deals. All listings on our platform are GMVerified — validated through company documents, GSTIN, owner ID proof, utility bills, factory photos/videos, and Google map location. So you can be assured you&#39;re dealing with genuine Delhi-based Commercial & Academic Uniforms manufacturing companies. Whether you&#39;re a wholesaler, retailer, distributor, or export buyer of Commercial & Academic Uniforms from Delhi, explore detailed company profiles, download product catalogs, request pricing, and connect instantly with manufacturers.\r\n</p>\r\n',2000,'TKD2',2,'19',3,'NAw','8-7 days',NULL,'19','Test Product','Test Product','Test Product','1','2025-10-01 16:47:01','2025-11-10 11:29:12',0,0),(134,46,'147','sdfaasf','sdfaasf-101','<p>\r\n dfgdf\r\n</p>\r\n',300,'sfsd',22,'3',2,'NAw','8-7 days',NULL,'3','sdfaasf','sdfaasf','sdfaasf','1','2025-10-13 14:09:46','2025-11-10 11:26:16',0,0),(135,46,'147,85,87,90,88','Test Product 1','test-product-1-101','<p>\r\n test\r\n</p>\r\n',2000,'TKD2',2,'2',4,'NA','8-7 days',NULL,'2','Test Product 1','Test Product 1','Test Product 1','1','2025-10-13 14:57:35','2025-11-10 11:25:05',0,0),(136,46,'87','testing1','testing-1-101','<p>\r\n testing\r\n</p>\r\n',2000,'ACTAGC',2,'2',3,'NA','8-7 days',NULL,'2','testing1','testing1','testing1','1','2025-10-13 14:59:57','2025-11-10 11:24:33',0,0),(137,46,'147','Test Demo','test-demo-101','<p>\r\n <strong>Testing333</strong>\r\n</p>\r\n',2000,'TKD2',2,'2',1,'NA','8-7 days',NULL,'2','Test Demo','Test Demo','Test Demo','1','2025-10-13 15:33:12','2025-11-10 12:12:03',0,0),(129,46,'147,184','Testing Product','testing-product-103','<p>\r\n Testing description\r\n</p>\r\n',5000,'GM3',2,'2',3,'NA','8-7 days',NULL,'2','Testing Product','Testing Product','Testing Product','1','2025-10-03 13:05:14','2025-11-10 11:27:29',0,0),(130,46,'147,85,87,90,88,184,186,75,64,80,250,240','Wall to Wall Hand Tufted','wall-to-wall-hand-tufted-carpets-101','<p>\r\n Testing\r\n</p>\r\n',400,'GM4',2,'1',3,'NA','8-7 days',NULL,'1','Wall to Wall Hand Tufted','Wall to Wall Hand Tufted','Wall to Wall Hand Tufted','1','2025-10-03 13:08:17','2025-11-10 11:27:08',0,0),(131,46,'147','Demo Product','demo-product-101','<p>\r\n testing\r\n</p>\r\n',300,'TKD2',4,'2',4,'NA','8-7 days',NULL,'2','Demo Product','Demo Product','Demo Product','1','2025-10-03 16:45:31','2025-11-10 11:26:56',0,0),(132,42,'87','Kurta Pyjama','kurta-pyjama','<p>\r\n Kurta Pyjama full description \r\n</p>\r\n',1000,'SFSAF4545SFASF',1000,'1',100,'','',NULL,'1','Kurta Pyjama','Kurta Pyjama','Kurta Pyjama','1','2025-10-11 17:59:58','2025-12-02 11:06:28',1,0),(159,46,'147','Testing product','testing-product-106','',300,'TKD2',2,'3',1,'','',NULL,'3','Testing product','Testing product','Testing product','1','2025-11-10 10:49:35','2025-11-10 12:09:38',0,0),(160,46,'147','test','test-101','',400,'TKD2',2,'3',2,'','',NULL,'3','test','test','test','0','2025-11-13 11:25:35','2025-11-13 11:25:55',0,0),(161,51,'8214','Jaguar Carved Sofa Set','jaguar-carved-sofa-set-101','<p>\r\n Jaguar Carved Sofa Set\r\n</p>\r\n',15000,'JCSS',50,'1',1,'NA','8-7 days',NULL,'1','Jaguar Carved Sofa Set','Jaguar Carved Sofa Set','Jaguar Carved Sofa Set','1','2025-11-21 10:12:39','2025-11-21 10:16:16',0,0),(162,51,'8214','Classic Carved Sofa Set','classic-carved-sofa-set-101','<p>\r\n Classic Carved Sofa Set\r\n</p>\r\n',20000,'CCSS2',22,'1',1,'NA','8-7 days',NULL,'1','Classic Carved Sofa Set','Classic Carved Sofa Set','Classic Carved Sofa Set','1','2025-11-21 10:16:04','2025-11-21 10:16:04',0,0),(163,51,'8214','Armani New Carved Sofa Set','armani-new-carved-sofa-set-101','<p>\r\n Armani New Carved Sofa Set\r\n</p>\r\n',10000,'ANCSS',22,'1',1,'NA','8-7 days',NULL,'1','Armani New Carved Sofa Set','Armani New Carved Sofa Set','Armani New Carved Sofa Set','1','2025-11-21 10:18:38','2025-11-21 10:18:38',0,0),(164,51,'8214','Moscow Living Room Sofa Set','moscow-living-room-sofa-set-101','<p>\r\n Moscow Living Room Sofa Set\r\n</p>\r\n',5000,'MLRSS',50,'1',1,'NA','8-7 days',NULL,'1','Moscow Living Room Sofa Set','Moscow Living Room Sofa Set','Moscow Living Room Sofa Set','1','2025-11-21 10:20:15','2025-11-21 10:20:15',0,0);

--
-- Table structure for table `gm_company_section_heading`
--

CREATE TABLE `gm_company_section_heading` (
  `id` int(11) NOT NULL AUTO_INCREMENT,
  `company_id` int(11) NOT NULL,
  `page_id` varchar(255) CHARACTER SET utf8mb4 COLLATE utf8mb4_unicode_ci DEFAULT NULL,
  `section_title` varchar(255) DEFAULT NULL,
  `section_title_2` varchar(255) DEFAULT NULL,
  `section_content` varchar(255) DEFAULT NULL,
  `section_content_2` varchar(255) DEFAULT NULL,
  `section_key` varchar(255) NOT NULL,
  `request_for_quote` varchar(255) DEFAULT NULL,
  `request_for_contnet` varchar(255) DEFAULT NULL,
  `status` enum('0','1') DEFAULT NULL,
  `created_at` datetime NOT NULL DEFAULT CURRENT_TIMESTAMP,
  `updated_at` datetime DEFAULT CURRENT_TIMESTAMP,
  PRIMARY KEY (`id`)
) ENGINE=MyISAM AUTO_INCREMENT=237 DEFAULT CHARSET=latin1;

--
-- Dumping data for table `gm_company_section_heading`
--

INSERT INTO `gm_company_section_heading` VALUES (4,46,NULL,'Client\'s Reviews',NULL,'Our client reviews reflect satisfaction, trust, and long-term partnerships. Positive feedback motivates us to deliver consistent quality, timely service, and innovative solutions for every customer.',NULL,'testimonial_key',NULL,NULL,NULL,'2025-11-10 14:54:58','2025-11-10 17:07:54'),(233,46,NULL,'Inside Our Factory',NULL,'Our factory gallery showcases advanced infrastructure, modern machinery, and skilled workforce, reflecting our commitment to quality production, innovation, and customer satisfaction.',NULL,'gallery_key1',NULL,NULL,NULL,'2025-11-10 14:42:02','2025-11-10 14:42:46'),(3,46,NULL,'Our Certificate',NULL,'Our certifications showcase our dedication to maintaining international standards in quality, safety, and performance. They serve as proof of our compliance with industry regulations and our continuous effort to improve and innovate.',NULL,'certificate_key',NULL,NULL,NULL,'2025-11-10 14:47:47','2025-11-10 14:47:47'),(6,46,NULL,'Factory Tour Videos',NULL,'Explore our factory videos showcasing advanced technology, modern equipment, and skilled professionals, giving you an inside view of our production process and quality commitment.',NULL,'videos_key',NULL,NULL,NULL,'2025-11-10 15:13:32','2025-11-10 15:13:32'),(7,46,NULL,'Why Choose GM Template',NULL,'Choose us for high-quality products, on-time delivery, customer-focused solutions, and affordable transparent pricing. We are committed to excellence, trust, and innovation that ensures your satisfaction every step of the way.',NULL,'whychoose_key',NULL,NULL,NULL,'2025-11-11 15:14:49','2025-11-11 17:13:31'),(8,46,NULL,'Our Clients',NULL,'Our clients are at the heart of our success. We are proud to serve respected brands and organizations, building long-term partnerships based on trust and excellence.',NULL,'clients_key',NULL,NULL,NULL,'2025-11-11 16:22:44','2025-11-11 16:22:44'),(9,51,NULL,'Winner of Global Excellance Awards',NULL,'',NULL,'videos_key','Request for Quote33','If you have any questions or would like more information about our products and services, please complete the form below. Our team will get back to you within 24 hours.33',NULL,'2025-11-13 17:07:17','2025-11-20 15:05:00'),(10,51,NULL,'Client\'s Reviews',NULL,'Our client reviews reflect satisfaction, trust, and long-term partnerships. Positive feedback motivates us to deliver consistent quality, timely service, and innovative solutions for every customer.',NULL,'testimonial_key',NULL,NULL,NULL,'2025-11-14 12:43:11','2025-11-17 12:31:20'),(11,51,NULL,'Our Clients',NULL,'Our clients are at the heart of our success. We are proud to serve respected brands and organizations, building long-term partnerships based on trust and excellence.',NULL,'clients_key',NULL,NULL,NULL,'2025-11-14 12:48:55','2025-11-17 12:07:29'),(12,51,NULL,'Inside Our Factory',NULL,'Our factory gallery showcases advanced infrastructure, modern machinery, and skilled workforce, reflecting our commitment to quality production, innovation, and customer satisfaction',NULL,'gallery_key1',NULL,NULL,NULL,'2025-11-14 13:25:43','2025-11-17 12:17:31'),(13,51,NULL,'Our Certificate',NULL,'Our certifications showcase our dedication to maintaining international standards in quality, safety, and performance. They serve as proof of our compliance with industry regulations and our continuous effort to improve and innovate.',NULL,'certificate_key',NULL,NULL,NULL,'2025-11-14 14:42:23','2025-11-17 12:46:06'),(234,51,NULL,'Inside Our Factory',NULL,'Our factory gallery showcases advanced infrastructure, modern machinery, and skilled workforce, reflecting our commitment to quality production, innovation, and customer satisfaction.',NULL,'gallery_key',NULL,NULL,NULL,'2025-11-17 12:20:23','2025-11-17 12:38:10'),(235,51,NULL,'Why Choose GM Template',NULL,'',NULL,'whychoose_key',NULL,NULL,NULL,'2025-11-17 12:33:42','2025-11-20 14:16:05'),(236,42,NULL,'Trending Products','Our Featured Products','Discover carpets crafted from the finest wool, silk, and blended fibers, designed for unmatched beauty and comfort. Each material reflects quality, durability, and timeless elegance.','Discover carpets crafted from the finest wool, silk, and blended fibers, designed for unmatched beauty and comfort. Each material reflects quality, durability, and timeless elegance.','trending_featured_key',NULL,NULL,NULL,'2025-12-02 11:04:16','2025-12-02 11:04:16');

--
-- Table structure for table `gm_company_section_status`
--

CREATE TABLE `gm_company_section_status` (
  `id` int(11) NOT NULL AUTO_INCREMENT,
  `company_id` int(11) NOT NULL,
  `section_key` varchar(255) NOT NULL,
  `status` enum('locked','pending','completed') NOT NULL DEFAULT 'locked',
  `verify_status` enum('0','1') NOT NULL DEFAULT '0',
  `verify_remarks` text,
  `updated_at` datetime NOT NULL DEFAULT CURRENT_TIMESTAMP,
  PRIMARY KEY (`id`),
  UNIQUE KEY `unique_company_section` (`company_id`,`section_key`)
) ENGINE=InnoDB AUTO_INCREMENT=92 DEFAULT CHARSET=latin1;

--
-- Dumping data for table `gm_company_section_status`
--

INSERT INTO `gm_company_section_status` VALUES (1,42,'manage_business','pending','1','sdfasf','2025-10-14 12:43:19'),(2,42,'manage_category','completed','1','ssaf','2025-10-15 12:10:48'),(3,42,'manage_domestic_market','completed','1','testing','2025-10-15 12:10:37'),(4,42,'manage_international_market','completed','1','sdfaf','2025-10-14 12:03:27'),(5,42,'manage_contact','completed','1','sfafasf','2025-10-14 12:03:37'),(6,42,'manage_address','completed','1','sdasf','2025-10-14 12:04:21'),(7,42,'manage_verification','pending','0','test','2025-11-20 11:49:21'),(21,47,'manage_business','completed','0',NULL,'2025-10-17 04:09:04'),(22,47,'manage_category','completed','0',NULL,'2025-10-17 04:09:06'),(23,47,'manage_domestic_market','completed','0',NULL,'2025-10-22 01:36:11'),(24,47,'manage_international_market','completed','0',NULL,'2025-10-22 01:36:13'),(25,47,'manage_contact','completed','0',NULL,'2025-10-22 01:36:15'),(26,47,'manage_address','completed','0',NULL,'2025-10-22 01:36:18'),(27,47,'manage_verification','completed','0',NULL,'2025-10-22 01:36:23'),(28,40,'manage_business','completed','0',NULL,'2025-10-22 02:06:55'),(29,46,'manage_business','completed','0',NULL,'2025-10-22 02:07:02'),(30,40,'manage_category','completed','0',NULL,'2025-10-22 02:07:06'),(31,40,'manage_domestic_market','completed','0',NULL,'2025-10-22 02:07:09'),(32,48,'manage_business','completed','0',NULL,'2025-10-22 07:33:22'),(33,48,'manage_category','completed','0',NULL,'2025-10-23 01:40:59'),(34,42,'manage_factory_proof','pending','0','not verified','2025-11-20 11:49:31'),(35,49,'manage_business','completed','0',NULL,'2025-10-27 01:27:25'),(36,49,'manage_category','completed','0',NULL,'2025-10-27 01:33:58'),(37,49,'manage_domestic_market','completed','0',NULL,'2025-10-27 01:34:44'),(38,49,'manage_contact','completed','0',NULL,'2025-10-27 01:37:27'),(39,49,'manage_address','completed','0',NULL,'2025-10-27 01:38:01'),(40,50,'manage_business','completed','0',NULL,'2025-10-27 02:00:05'),(41,50,'manage_category','completed','0',NULL,'2025-10-27 02:02:50'),(42,50,'manage_domestic_market','completed','0',NULL,'2025-10-27 02:05:06'),(43,50,'manage_contact','completed','0',NULL,'2025-10-27 02:07:41'),(44,50,'manage_address','completed','0',NULL,'2025-10-27 02:07:58'),(45,46,'manage_category','pending','0',NULL,'2025-10-27 03:51:00'),(46,46,'manage_domestic_market','completed','0',NULL,'2025-10-27 03:51:02'),(47,46,'manage_international_market','completed','0',NULL,'2025-10-27 03:51:05'),(48,13,'manage_business','completed','0',NULL,'2025-10-27 05:06:42'),(49,49,'manage_international_market','completed','0',NULL,'2025-10-28 01:43:34'),(50,51,'manage_business','completed','1','test','2025-11-05 16:47:27'),(51,51,'manage_category','pending','0',NULL,'2025-10-28 05:04:29'),(52,51,'manage_domestic_market','completed','0',NULL,'2025-10-28 05:04:47'),(53,51,'manage_international_market','completed','0',NULL,'2025-10-28 06:33:50'),(54,51,'manage_contact','pending','0',NULL,'2025-10-28 06:33:57'),(55,52,'manage_business','completed','0',NULL,'2025-11-04 00:33:48'),(56,52,'manage_category','completed','0',NULL,'2025-11-04 01:41:50'),(57,52,'manage_domestic_market','completed','0',NULL,'2025-11-04 01:42:14'),(58,52,'manage_contact','completed','0',NULL,'2025-11-04 01:43:32'),(59,52,'manage_address','completed','0',NULL,'2025-11-04 02:15:41'),(60,52,'manage_verification','completed','0',NULL,'2025-11-04 03:42:09'),(61,52,'manage_factory_proof','completed','0',NULL,'2025-11-04 03:54:39'),(62,51,'manage_address','completed','0',NULL,'2025-11-05 04:06:14'),(63,51,'manage_verification','completed','1','Testing','2025-11-21 10:37:51'),(64,51,'manage_factory_proof','completed','1','Verified','2025-12-02 14:28:13'),(65,52,'manage_international_market','completed','0',NULL,'2025-11-05 05:34:16'),(66,53,'manage_business','completed','0',NULL,'2025-11-04 00:33:48'),(67,53,'manage_category','completed','0',NULL,'2025-11-06 05:55:42'),(68,53,'manage_domestic_market','completed','0',NULL,'2025-11-06 06:15:44'),(69,53,'manage_contact','completed','0',NULL,'2025-11-06 06:32:01'),(70,53,'manage_address','completed','0',NULL,'2025-11-06 06:35:42'),(71,53,'manage_verification','completed','0',NULL,'2025-11-06 06:37:25'),(72,53,'manage_factory_proof','pending','0',NULL,'2025-11-06 06:57:32'),(73,57,'manage_business','completed','0',NULL,'2025-11-10 00:48:01'),(74,57,'manage_category','pending','0',NULL,'2025-11-10 00:50:08'),(75,58,'manage_business','','0',NULL,'2025-11-19 06:48:42'),(76,59,'manage_business','pending','0',NULL,'2025-11-20 00:08:22'),(77,61,'manage_business','','0',NULL,'2025-11-20 00:22:39'),(78,62,'manage_business','pending','0',NULL,'2025-11-20 00:26:43'),(79,63,'manage_business','','0',NULL,'2025-11-20 00:37:25'),(80,64,'manage_business','','0',NULL,'2025-11-20 00:41:43'),(81,65,'manage_business','completed','1','test','2025-11-20 16:29:04'),(82,65,'manage_category','completed','0',NULL,'2025-11-20 00:48:43'),(83,65,'manage_domestic_market','pending','0',NULL,'2025-11-20 00:49:09'),(84,68,'manage_business','completed','0',NULL,'2025-11-25 05:19:43'),(85,68,'manage_category','completed','0',NULL,'2025-11-25 05:19:57'),(86,68,'manage_domestic_market','completed','0',NULL,'2025-11-25 05:20:07'),(87,68,'manage_contact','completed','0',NULL,'2025-11-25 05:20:43'),(88,68,'manage_address','completed','0',NULL,'2025-11-25 05:21:04'),(89,68,'manage_verification','completed','0',NULL,'2025-11-25 05:22:32'),(90,68,'manage_factory_proof','completed','0',NULL,'2025-11-25 05:23:06'),(91,69,'manage_business','pending','0',NULL,'2025-12-02 02:35:53');

--
-- Table structure for table `gm_company_sections`
--

CREATE TABLE `gm_company_sections` (
  `id` int(11) NOT NULL AUTO_INCREMENT,
  `sort_id` varchar(20) NOT NULL DEFAULT '0',
  `section_key` varchar(255) NOT NULL,
  `section_name` varchar(50) NOT NULL,
  `section_details` varchar(255) DEFAULT NULL,
  `section_details2` varchar(255) DEFAULT NULL,
  `section_icon` varchar(255) DEFAULT NULL,
  `section_type` enum('profile','gm_badge') NOT NULL,
  `status` enum('1','0') NOT NULL DEFAULT '1',
  `created_at` datetime NOT NULL DEFAULT CURRENT_TIMESTAMP,
  PRIMARY KEY (`id`),
  UNIQUE KEY `section_key` (`section_key`),
  UNIQUE KEY `company_id` (`section_key`)
) ENGINE=InnoDB AUTO_INCREMENT=10 DEFAULT CHARSET=latin1;

--
-- Dumping data for table `gm_company_sections`
--

INSERT INTO `gm_company_sections` VALUES (1,'1','manage_business','Business Details','Update Business Details','Company name, establishment year, legal type, about section.','complete-profile.webp','profile','1','2025-10-10 08:19:50'),(2,'2','manage_category','Products Categories',' Choose Category','Select primary manufacturing/supply categories.','category.webp','profile','1','2025-10-10 08:39:04'),(3,'3','manage_domestic_market','Manage Domestic Market','Manage Domestic Market','Choose Indian Zones & States you serve.','best-place.webp','profile','1','2025-10-10 08:39:06'),(4,'3a','manage_international_market','Manage International Market','Manage International Market','Choose Continents & Countries you serve.','best-place.webp','profile','1','2025-10-10 08:39:08'),(5,'4','manage_contact','Contact Details','Add Contact Information','Phone, WhatsApp, email for buyer communication.','contact-information.webp','profile','1','2025-10-10 08:39:11'),(6,'5','manage_address','Address(s)','Add Business Address','Factory, warehouse & office addresses (add map pins).','location.webp','profile','1','2025-10-10 08:39:15'),(7,'6','manage_verification','KYC','Upload Business KYC Documents','Upload GST/MSME, PAN, Owner ID; ensure clarity & validity.','identity.webp','gm_badge','1','2025-10-10 08:39:20'),(9,'7','manage_factory_proof','Factory Proof','Factory Videos and Images','Upload images and video for clarity & validity.','identity.webp','gm_badge','1','2025-10-10 08:39:20');

--
-- Table structure for table `gm_company_testimonial_reviews`
--

CREATE TABLE `gm_company_testimonial_reviews` (
  `id` int(11) NOT NULL AUTO_INCREMENT,
  `company_id` int(11) NOT NULL,
  `page_id` varchar(255) CHARACTER SET utf8mb4 COLLATE utf8mb4_unicode_ci DEFAULT NULL,
  `client_name` varchar(255) DEFAULT NULL,
  `client_review_content` varchar(255) DEFAULT NULL,
  `testimonial_image` varchar(255) DEFAULT NULL,
  `status` enum('0','1') DEFAULT NULL,
  `created_at` datetime NOT NULL DEFAULT CURRENT_TIMESTAMP,
  `updated_at` datetime DEFAULT CURRENT_TIMESTAMP,
  PRIMARY KEY (`id`)
) ENGINE=MyISAM AUTO_INCREMENT=11 DEFAULT CHARSET=latin1;

--
-- Dumping data for table `gm_company_testimonial_reviews`
--

INSERT INTO `gm_company_testimonial_reviews` VALUES (1,46,NULL,'Karan Singh','Lorem ipsum dolor sit amet consectetur adipisicing elit. Unde, exercitationem neque culpa quasi reprehenderit, ut labore ipsum sit sint ab dolor?','','1','2025-11-06 16:55:54','2025-11-06 16:59:14'),(2,46,NULL,'Rajesh Verma','Lorem ipsum dolor sit amet consectetur adipisicing elit. Unde, exercitationem neque culpa quasi reprehenderit, ut labore ipsum sit sint ab dolor?','','1','2025-11-06 16:56:03','2025-11-06 16:56:03'),(3,46,NULL,'Vijay Singh','Lorem ipsum dolor sit amet consectetur adipisicing elit. Unde, exercitationem neque culpa quasi reprehenderit, ut labore ipsum sit sint ab dolor?','','1','2025-11-06 16:56:09','2025-11-06 16:56:09'),(4,46,NULL,'Anshul Kumar','Lorem ipsum dolor sit amet consectetur adipisicing elit. Unde, exercitationem neque culpa quasi reprehenderit, ut labore ipsum sit sint ab dolor?','','1','2025-11-06 16:56:20','2025-11-06 16:58:35'),(7,51,NULL,'Sanjana Yadav','Our U shape carved sofa set from Sai Furniture Art is perfect for our large family. It\'s comfortable and looks very stylish. The team ensured timely delivery and safe packaging. Highly recommended!','','1','2025-11-14 12:45:05','2025-11-14 12:45:05'),(6,46,NULL,'Testing','asdgd','testing.jpg','1','2025-11-12 15:45:55','2025-11-12 17:17:14'),(8,51,NULL,'Shubham Arya','Sai Furniture Art\'s luxury sofa sets are priced very competitively. We couldn\'t believe the value we got for our money. Other showrooms charge exorbitant prices, but here we found affordability and quality together. Highly recommend for anyone looking for','','1','2025-11-14 12:45:29','2025-11-14 12:45:29'),(9,51,NULL,'Satyam Maurya','Sai Furniture Art\'s designer sofa set is perfect for our office. It\'s comfortable and stylish. Their quick response time and professional team made the process smooth. Best sofa set manufacturer!','','1','2025-11-14 12:45:52','2025-11-14 12:45:52'),(10,51,NULL,'Mahesh Kumar','Sofa Town, a distinguished brand by Sai Furniture Art in New Delhi, stands out as a premier manufacturer of exquisite furniture. Their collection includes Carved Sofa Sets, Modern Sofa Sets, Designer Sofa Sets, and Dining Table Sets, all crafted with high','','1','2025-11-14 12:46:13','2025-11-17 12:30:56');

--
-- Table structure for table `gm_company_videos`
--

CREATE TABLE `gm_company_videos` (
  `id` int(11) NOT NULL AUTO_INCREMENT,
  `company_id` int(11) NOT NULL,
  `category_id` varchar(255) DEFAULT NULL,
  `video_image` varchar(255) CHARACTER SET utf8mb4 COLLATE utf8mb4_unicode_ci DEFAULT NULL,
  `video_text` varchar(255) CHARACTER SET utf8mb4 COLLATE utf8mb4_unicode_ci DEFAULT NULL,
  `video_title` varchar(255) DEFAULT NULL,
  `video_id` varchar(255) DEFAULT NULL,
  `created_at` datetime NOT NULL DEFAULT CURRENT_TIMESTAMP,
  `updated_at` datetime NOT NULL DEFAULT CURRENT_TIMESTAMP,
  `status` enum('0','1') DEFAULT NULL,
  PRIMARY KEY (`id`)
) ENGINE=MyISAM AUTO_INCREMENT=22 DEFAULT CHARSET=latin1;

--
-- Dumping data for table `gm_company_videos`
--

INSERT INTO `gm_company_videos` VALUES (11,46,'147,146','',NULL,'Very Cool! Baseball Cap Mass Production System by Korean Hat Factory     ','rhAVbz2w8GY','2025-10-06 14:51:56','2025-10-06 16:53:54','1'),(10,46,'147,146','',NULL,'Process of Printing and Making Sport Jerseys. IPL Cricket Jersey Mass Production Posses Factory. ','-3vO5T--Sm8','2025-10-06 14:50:30','2025-10-06 16:24:33','1'),(9,46,'147,85',NULL,NULL,'Process of Printing and Making Sport Jerseys in Pratick Sports. Mass Production Posses Factory.  ','WsfHQo3nuVg','2025-10-06 14:46:45','2025-10-06 16:54:52','1'),(15,46,'147,85','1762511754_test.jpg',NULL,'Test   ','rhAVbz2w8GY','2025-10-06 16:58:05','2025-11-07 16:05:54','0'),(19,51,'','mr-op-bajaj-sai-furniture-art-received-global-excellence-awards-2018-from-raveena-tandon.jpg',NULL,'Mr OP Bajaj (Sai Furniture Art) received Global Excellence Awards 2018 from Raveena Tandon','lcyvuGcCX6c','2025-11-13 17:08:44','2025-11-13 17:08:44','1'),(18,46,'147','test-23-fsd-22.jpg',NULL,'Test 23 fsd 22   ','sadf','2025-11-12 15:38:57','2025-11-12 17:20:04','1'),(20,51,'','sofa-town-sai-furniture-art-wins-gea-2022-for-best-luxury-sofa-set-manufacturer-in-india.jpg',NULL,'Sofa Town (Sai Furniture Art) wins GEA 2022 for Best Luxury Sofa Set Manufacturer in India','x39VhuYvnG4','2025-11-13 17:09:47','2025-11-17 12:41:08','1'),(21,51,'','sofa-town-sai-furniture-art-won-industry-leaders-awards-2024-for-best-luxury-sofa-set-manufacturer.jpg',NULL,'Sofa Town (Sai Furniture Art) Won Industry Leaders Awards 2024 for Best Luxury Sofa Set Manufacturer','qN--Jjf9scc','2025-11-13 17:11:00','2025-11-20 14:54:36','1');

--
-- Table structure for table `gm_company_videourl`
--

CREATE TABLE `gm_company_videourl` (
  `id` int(11) NOT NULL AUTO_INCREMENT,
  `company_id` int(11) NOT NULL,
  `video_url` varchar(255) CHARACTER SET utf8mb4 COLLATE utf8mb4_unicode_ci NOT NULL,
  `created_at` datetime NOT NULL DEFAULT CURRENT_TIMESTAMP,
  `updated_at` datetime NOT NULL DEFAULT CURRENT_TIMESTAMP,
  PRIMARY KEY (`id`)
) ENGINE=MyISAM AUTO_INCREMENT=20 DEFAULT CHARSET=latin1;

--
-- Dumping data for table `gm_company_videourl`
--

INSERT INTO `gm_company_videourl` VALUES (17,42,'https://www.youtube.com/watch?v=AN5p2Fx3ZrY','2025-11-07 16:15:11','2025-11-07 05:45:11'),(16,42,'https://www.youtube.com/watch?v=AN5p2Fx3ZrY','2025-11-07 16:15:11','2025-11-07 05:45:11'),(15,42,'https://www.youtube.com/watch?v=AN5p2Fx3ZrY','2025-11-07 16:15:11','2025-11-07 05:45:11'),(14,42,'https://www.youtube.com/watch?v=AN5p2Fx3ZrY','2025-11-07 16:15:11','2025-11-07 05:45:11'),(18,42,'https://www.youtube.com/watch?v=AN5p2Fx3ZrY','2025-11-07 16:15:11','2025-11-07 05:45:11'),(19,42,'https://www.youtube.com/watch?v=AN5p2Fx3ZrY','2025-11-07 16:15:11','2025-11-07 05:45:11');

--
-- Table structure for table `gm_company_whychoose_gmtemplate`
--

CREATE TABLE `gm_company_whychoose_gmtemplate` (
  `id` int(11) NOT NULL AUTO_INCREMENT,
  `company_id` int(11) NOT NULL,
  `page_id` varchar(255) CHARACTER SET utf8mb4 COLLATE utf8mb4_unicode_ci DEFAULT NULL,
  `heading` varchar(255) DEFAULT NULL,
  `content` varchar(255) DEFAULT NULL,
  `whychoose_image` varchar(255) DEFAULT NULL,
  `title_1` varchar(255) DEFAULT NULL,
  `short_desc_1` varchar(255) DEFAULT NULL,
  `title_2` varchar(255) DEFAULT NULL,
  `short_desc_2` varchar(255) DEFAULT NULL,
  `title_3` varchar(255) DEFAULT NULL,
  `short_desc_3` varchar(255) CHARACTER SET utf8mb4 COLLATE utf8mb4_unicode_ci DEFAULT NULL,
  `title_4` varchar(255) DEFAULT NULL,
  `short_desc_4` varchar(500) DEFAULT NULL,
  `image_title` varchar(255) DEFAULT NULL,
  `image_alt` varchar(255) DEFAULT NULL,
  `status` enum('0','1') DEFAULT NULL,
  `created_at` datetime NOT NULL DEFAULT CURRENT_TIMESTAMP,
  `updated_at` datetime DEFAULT CURRENT_TIMESTAMP,
  PRIMARY KEY (`id`)
) ENGINE=MyISAM AUTO_INCREMENT=5 DEFAULT CHARSET=latin1;

--
-- Dumping data for table `gm_company_whychoose_gmtemplate`
--

INSERT INTO `gm_company_whychoose_gmtemplate` VALUES (1,46,NULL,'Why Choose GM Template','Choose us for high-quality products, on-time delivery, customer-focused solutions, and affordable transparent pricing. We are committed to excellence, trust, and innovation that ensures your satisfaction every step of the way.','.jpg','Nature of Business','Reliable manufacturer and supplier of quality products with trusted service.','Number of Employees','Driven by 100+ employees, delivering innovation, quality, and excellence.2','Legal Status of Firm','As a registered Pvt Ltd Company, we follow legal compliance, ensuring credibility and trust.','Annual Turnover','Our annual turnover of ?1.5 – 5 Crore showcases growth, trust, and stability.',NULL,NULL,'1','2025-11-11 14:56:13','2025-11-11 15:17:31'),(2,46,NULL,'Test pro2','sdgdfg','test-pro2.jpg','fdgd','fg','fghd','dfg','dsg','dfsg','fdg','fdg',NULL,NULL,'1','2025-11-12 16:11:50','2025-11-12 17:22:28'),(3,46,NULL,'sdfasdg','dfsgh','sdfasdg.jpg','fdsgh','dfsh','dfsh','fdsh','dfsh','fdsh','fdsh','fdh',NULL,NULL,'1','2025-11-12 17:24:47','2025-11-12 17:26:21'),(4,51,NULL,'Why Choose GM Template','Choose us for high-quality products, on-time delivery, customer-focused solutions, and affordable transparent pricing. We are committed to excellence, trust, and innovation that ensures your satisfaction every step of the way.','why-choose-gm-template.jpg','Nature of Business','Furniture','Number of Employees','26-50 People','Annual Turnover','₹5 Cr - ₹10 Cr','GST No.','07AABCW3050C1ZT',NULL,NULL,'1','2025-11-17 12:34:41','2025-11-20 14:22:16');

--
-- Table structure for table `gm_continents`
--

CREATE TABLE `gm_continents` (
  `continent_id` int(11) NOT NULL,
  `continent_name` varchar(50) NOT NULL,
  `status` enum('1','0') NOT NULL DEFAULT '1',
  PRIMARY KEY (`continent_id`)
) ENGINE=InnoDB DEFAULT CHARSET=latin1;

--
-- Dumping data for table `gm_continents`
--

INSERT INTO `gm_continents` VALUES (1,'Africa','1'),(2,'Asia','1'),(3,'Europe','1'),(4,'North America','1'),(5,'South America','1'),(6,'Australia/Oceania','1');

--
-- Table structure for table `gm_countries`
--

CREATE TABLE `gm_countries` (
  `country_id` int(11) NOT NULL AUTO_INCREMENT,
  `country_name` varchar(100) NOT NULL,
  `country_code` varchar(3) NOT NULL,
  `continent_id` int(11) DEFAULT NULL,
  `status` enum('1','0') NOT NULL DEFAULT '1',
  PRIMARY KEY (`country_id`),
  KEY `continent_id` (`continent_id`)
) ENGINE=InnoDB AUTO_INCREMENT=196 DEFAULT CHARSET=latin1;

--
-- Dumping data for table `gm_countries`
--

INSERT INTO `gm_countries` VALUES (1,'India','IND',2,'1'),(2,'Albania','ALB',3,'1'),(3,'Algeria','DZA',1,'1'),(4,'Andorra','AND',3,'1'),(5,'Angola','AGO',1,'1'),(6,'Antigua and Barbuda','ATG',4,'1'),(7,'Argentina','ARG',5,'1'),(8,'Armenia','ARM',2,'1'),(9,'Australia','AUS',6,'1'),(10,'Austria','AUT',3,'1'),(11,'Azerbaijan','AZE',2,'1'),(12,'Bahamas','BHS',4,'1'),(13,'Bahrain','BHR',2,'1'),(14,'Bangladesh','BGD',2,'1'),(15,'Barbados','BRB',4,'1'),(17,'Belgium','BEL',3,'1'),(18,'Belize','BLZ',4,'1'),(19,'Benin','BEN',1,'1'),(20,'Bhutan','BTN',2,'1'),(21,'Bolivia','BOL',5,'1'),(22,'Bosnia and Herzegovina','BIH',3,'1'),(23,'Botswana','BWA',1,'1'),(24,'Brazil','BRA',5,'1'),(25,'Brunei','BRN',2,'1'),(26,'Bulgaria','BGR',3,'1'),(27,'Burkina Faso','BFA',1,'1'),(29,'Cambodia','KHM',2,'1'),(30,'Cameroon','CMR',1,'1'),(31,'Canada','CAN',4,'1'),(32,'Cape Verde','CPV',1,'1'),(34,'Chad','TCD',1,'1'),(35,'Chile','CHL',5,'1'),(36,'China','CHN',2,'1'),(37,'Colombia','COL',5,'1'),(38,'Comoros','COM',1,'1'),(41,'Costa Rica','CRI',4,'1'),(42,'Cote d\'Ivoire','CIV',1,'1'),(43,'Croatia','HRV',3,'1'),(45,'Cyprus','CYP',3,'1'),(46,'Czech Republic','CZE',3,'1'),(47,'Denmark','DNK',3,'1'),(48,'Djibouti','DJI',1,'1'),(49,'Dominica','DMA',4,'1'),(50,'Dominican Republic','DOM',4,'1'),(51,'Ecuador','ECU',5,'1'),(52,'Egypt','EGY',1,'1'),(53,'El Salvador','SLV',4,'1'),(54,'Equatorial Guinea','GNQ',1,'1'),(55,'Eritrea','ERI',1,'1'),(56,'Estonia','EST',3,'1'),(57,'Eswatini','SWZ',1,'1'),(58,'Ethiopia','ETH',1,'1'),(59,'Fiji','FJI',6,'1'),(60,'Finland','FIN',3,'1'),(61,'France','FRA',3,'1'),(62,'Gabon','GAB',1,'1'),(63,'Gambia','GMB',1,'1'),(64,'Georgia','GEO',2,'1'),(65,'Germany','DEU',3,'1'),(66,'Ghana','GHA',1,'1'),(67,'Greece','GRC',3,'1'),(68,'Grenada','GRD',4,'1'),(69,'Guatemala','GTM',4,'1'),(70,'Guinea','GIN',1,'1'),(71,'Guinea-Bissau','GNB',1,'1'),(72,'Guyana','GUY',5,'1'),(73,'Haiti','HTI',4,'1'),(74,'Honduras','HND',4,'1'),(75,'Hungary','HUN',3,'1'),(76,'Iceland','ISL',3,'1'),(77,'India','IND',2,'1'),(78,'Indonesia','IDN',2,'1'),(81,'Ireland','IRL',3,'1'),(82,'Israel','ISR',2,'1'),(83,'Italy','ITA',3,'1'),(84,'Jamaica','JAM',4,'1'),(85,'Japan','JPN',2,'1'),(86,'Jordan','JOR',2,'1'),(87,'Kazakhstan','KAZ',2,'1'),(88,'Kenya','KEN',1,'1'),(89,'Kiribati','KIR',6,'1'),(91,'South Korea ','KOR',2,'1'),(92,'Kosovo','XKX',3,'1'),(93,'Kuwait','KWT',2,'1'),(94,'Kyrgyzstan','KGZ',2,'1'),(95,'Laos','LAO',2,'1'),(96,'Latvia','LVA',3,'1'),(98,'Lesotho','LSO',1,'1'),(99,'Liberia','LBR',1,'1'),(101,'Liechtenstein','LIE',3,'1'),(102,'Lithuania','LTU',3,'1'),(103,'Luxembourg','LUX',3,'1'),(104,'Madagascar','MDG',1,'1'),(105,'Malawi','MWI',1,'1'),(106,'Malaysia','MYS',2,'1'),(107,'Maldives','MDV',2,'1'),(108,'Mali','MLI',1,'1'),(109,'Malta','MLT',3,'1'),(110,'Marshall Islands','MHL',6,'1'),(111,'Mauritania','MRT',1,'1'),(112,'Mauritius','MUS',1,'1'),(113,'Mexico','MEX',4,'1'),(114,'Micronesia','FSM',6,'1'),(115,'Moldova','MDA',3,'1'),(116,'Monaco','MCO',3,'1'),(117,'Mongolia','MNG',2,'1'),(118,'Montenegro','MNE',3,'1'),(119,'Morocco','MAR',1,'1'),(120,'Mozambique','MOZ',1,'1'),(122,'Namibia','NAM',1,'1'),(123,'Nauru','NRU',6,'1'),(124,'Nepal','NPL',2,'1'),(125,'Netherlands','NLD',3,'1'),(126,'New Zealand','NZL',6,'1'),(127,'Nicaragua','NIC',4,'1'),(128,'Niger','NER',1,'1'),(129,'Nigeria','NGA',1,'1'),(130,'North Macedonia','MKD',3,'1'),(131,'Norway','NOR',3,'1'),(132,'Oman','OMN',2,'1'),(133,'Pakistan','PAK',2,'1'),(134,'Palau','PLW',6,'1'),(135,'Panama','PAN',4,'1'),(136,'Papua New Guinea','PNG',6,'1'),(137,'Paraguay','PRY',5,'1'),(138,'Peru','PER',5,'1'),(139,'Philippines','PHL',2,'1'),(140,'Poland','POL',3,'1'),(141,'Portugal','PRT',3,'1'),(142,'Qatar','QAT',2,'1'),(143,'Romania','ROU',3,'1'),(145,'Rwanda','RWA',1,'1'),(146,'Saint Kitts and Nevis','KNA',4,'1'),(147,'Saint Lucia','LCA',4,'1'),(148,'Saint Vincent and the Grenadines','VCT',4,'1'),(149,'Samoa','WSM',6,'1'),(150,'San Marino','SMR',3,'1'),(151,'Sao Tome and Principe','STP',1,'1'),(152,'Saudi Arabia','SAU',2,'1'),(153,'Senegal','SEN',1,'1'),(154,'Serbia','SRB',3,'1'),(155,'Seychelles','SYC',1,'1'),(156,'Sierra Leone','SLE',1,'1'),(157,'Singapore','SGP',2,'1'),(158,'Slovakia','SVK',3,'1'),(159,'Slovenia','SVN',3,'1'),(160,'Solomon Islands','SLB',6,'1'),(162,'South Africa','ZAF',1,'1'),(164,'Spain','ESP',3,'1'),(165,'Sri Lanka','LKA',2,'1'),(167,'Suriname','SUR',5,'1'),(168,'Sweden','SWE',3,'1'),(169,'Switzerland','CHE',3,'1'),(171,'Taiwan','TWN',2,'1'),(172,'Tajikistan','TJK',2,'1'),(173,'Tanzania','TZA',1,'1'),(174,'Thailand','THA',2,'1'),(175,'Timor-Leste','TLS',2,'1'),(176,'Togo','TGO',1,'1'),(177,'Tonga','TON',6,'1'),(178,'Trinidad and Tobago','TTO',4,'1'),(179,'Tunisia','TUN',1,'1'),(180,'Turkey','TUR',2,'1'),(181,'Turkmenistan','TKM',2,'1'),(182,'Tuvalu','TUV',6,'1'),(183,'Uganda','UGA',1,'1'),(185,'United Arab Emirates','ARE',2,'1'),(186,'United Kingdom','GBR',3,'1'),(187,'United States','USA',4,'1'),(188,'Uruguay','URY',5,'1'),(189,'Uzbekistan','UZB',2,'1'),(190,'Vanuatu','VUT',6,'1'),(191,'Vatican City','VAT',3,'1'),(193,'Vietnam','VNM',2,'1'),(195,'Zambia','ZMB',1,'1');

--
-- Table structure for table `gm_countries_list`
--

CREATE TABLE `gm_countries_list` (
  `id` int(11) NOT NULL AUTO_INCREMENT,
  `name` text COLLATE utf8mb4_turkish_ci NOT NULL,
  `phoneCode` text COLLATE utf8mb4_turkish_ci NOT NULL,
  `emojiU` text COLLATE utf8mb4_turkish_ci NOT NULL,
  `native` text COLLATE utf8mb4_turkish_ci NOT NULL,
  `status` enum('1','0') COLLATE utf8mb4_turkish_ci NOT NULL DEFAULT '1',
  PRIMARY KEY (`id`)
) ENGINE=InnoDB AUTO_INCREMENT=251 DEFAULT CHARSET=utf8mb4 COLLATE=utf8mb4_turkish_ci;

--
-- Dumping data for table `gm_countries_list`
--

INSERT INTO `gm_countries_list` VALUES (1,'Afghanistan','93','U+1F1E6 U+1F1EB','افغانستان','1'),(2,'Aland Islands','+358-18','U+1F1E6 U+1F1FD','Åland','1'),(3,'Albania','355','U+1F1E6 U+1F1F1','Shqipëria','1'),(4,'Algeria','213','U+1F1E9 U+1F1FF','الجزائر','1'),(5,'American Samoa','+1-684','U+1F1E6 U+1F1F8','American Samoa','1'),(6,'Andorra','376','U+1F1E6 U+1F1E9','Andorra','1'),(7,'Angola','244','U+1F1E6 U+1F1F4','Angola','1'),(8,'Anguilla','+1-264','U+1F1E6 U+1F1EE','Anguilla','1'),(9,'Antarctica','672','U+1F1E6 U+1F1F6','Antarctica','1'),(10,'Antigua And Barbuda','+1-268','U+1F1E6 U+1F1EC','Antigua and Barbuda','1'),(11,'Argentina','54','U+1F1E6 U+1F1F7','Argentina','1'),(12,'Armenia','374','U+1F1E6 U+1F1F2','Հայաստան','1'),(13,'Aruba','297','U+1F1E6 U+1F1FC','Aruba','1'),(14,'Australia','61','U+1F1E6 U+1F1FA','Australia','1'),(15,'Austria','43','U+1F1E6 U+1F1F9','Österreich','1'),(16,'Azerbaijan','994','U+1F1E6 U+1F1FF','Azərbaycan','1'),(17,'Bahrain','973','U+1F1E7 U+1F1ED','‏البحرين','1'),(18,'Bangladesh','880','U+1F1E7 U+1F1E9','Bangladesh','1'),(19,'Barbados','+1-246','U+1F1E7 U+1F1E7','Barbados','1'),(20,'Belarus','375','U+1F1E7 U+1F1FE','Белару́сь','1'),(21,'Belgium','32','U+1F1E7 U+1F1EA','België','1'),(22,'Belize','501','U+1F1E7 U+1F1FF','Belize','1'),(23,'Benin','229','U+1F1E7 U+1F1EF','Bénin','1'),(24,'Bermuda','+1-441','U+1F1E7 U+1F1F2','Bermuda','1'),(25,'Bhutan','975','U+1F1E7 U+1F1F9','ʼbrug-yul','1'),(26,'Bolivia','591','U+1F1E7 U+1F1F4','Bolivia','1'),(27,'Bonaire, Sint Eustatius and Saba','599','U+1F1E7 U+1F1F6','Caribisch Nederland','1'),(28,'Bosnia and Herzegovina','387','U+1F1E7 U+1F1E6','Bosna i Hercegovina','1'),(29,'Botswana','267','U+1F1E7 U+1F1FC','Botswana','1'),(30,'Bouvet Island','0055','U+1F1E7 U+1F1FB','Bouvetøya','1'),(31,'Brazil','55','U+1F1E7 U+1F1F7','Brasil','1'),(32,'British Indian Ocean Territory','246','U+1F1EE U+1F1F4','British Indian Ocean Territory','1'),(33,'Brunei','673','U+1F1E7 U+1F1F3','Negara Brunei Darussalam','1'),(34,'Bulgaria','359','U+1F1E7 U+1F1EC','България','1'),(35,'Burkina Faso','226','U+1F1E7 U+1F1EB','Burkina Faso','1'),(36,'Burundi','257','U+1F1E7 U+1F1EE','Burundi','1'),(37,'Cambodia','855','U+1F1F0 U+1F1ED','Kâmpŭchéa','1'),(38,'Cameroon','237','U+1F1E8 U+1F1F2','Cameroon','1'),(39,'Canada','1','U+1F1E8 U+1F1E6','Canada','1'),(40,'Cape Verde','238','U+1F1E8 U+1F1FB','Cabo Verde','1'),(41,'Cayman Islands','+1-345','U+1F1F0 U+1F1FE','Cayman Islands','1'),(42,'Central African Republic','236','U+1F1E8 U+1F1EB','Ködörösêse tî Bêafrîka','1'),(43,'Chad','235','U+1F1F9 U+1F1E9','Tchad','1'),(44,'Chile','56','U+1F1E8 U+1F1F1','Chile','1'),(45,'China','86','U+1F1E8 U+1F1F3','中国','1'),(46,'Christmas Island','61','U+1F1E8 U+1F1FD','Christmas Island','1'),(47,'Cocos (Keeling) Islands','61','U+1F1E8 U+1F1E8','Cocos (Keeling) Islands','1'),(48,'Colombia','57','U+1F1E8 U+1F1F4','Colombia','1'),(49,'Comoros','269','U+1F1F0 U+1F1F2','Komori','1'),(50,'Congo','242','U+1F1E8 U+1F1EC','République du Congo','1'),(51,'Cook Islands','682','U+1F1E8 U+1F1F0','Cook Islands','1'),(52,'Costa Rica','506','U+1F1E8 U+1F1F7','Costa Rica','1'),(53,'Cote D\\\'Ivoire (Ivory Coast)','225','U+1F1E8 U+1F1EE','','1'),(54,'Croatia','385','U+1F1ED U+1F1F7','Hrvatska','1'),(55,'Cuba','53','U+1F1E8 U+1F1FA','Cuba','1'),(56,'Curaçao','599','U+1F1E8 U+1F1FC','Curaçao','1'),(57,'Cyprus','357','U+1F1E8 U+1F1FE','Κύπρος','1'),(58,'Czech Republic','420','U+1F1E8 U+1F1FF','Česká republika','1'),(59,'Democratic Republic of the Congo','243','U+1F1E8 U+1F1E9','République démocratique du Congo','1'),(60,'Denmark','45','U+1F1E9 U+1F1F0','Danmark','1'),(61,'Djibouti','253','U+1F1E9 U+1F1EF','Djibouti','1'),(62,'Dominica','+1-767','U+1F1E9 U+1F1F2','Dominica','1'),(63,'Dominican Republic','+1-809 and 1-829','U+1F1E9 U+1F1F4','República Dominicana','1'),(64,'East Timor','670','U+1F1F9 U+1F1F1','Timor-Leste','1'),(65,'Ecuador','593','U+1F1EA U+1F1E8','Ecuador','1'),(66,'Egypt','20','U+1F1EA U+1F1EC','مصر‎','1'),(67,'El Salvador','503','U+1F1F8 U+1F1FB','El Salvador','1'),(68,'Equatorial Guinea','240','U+1F1EC U+1F1F6','Guinea Ecuatorial','1'),(69,'Eritrea','291','U+1F1EA U+1F1F7','ኤርትራ','1'),(70,'Estonia','372','U+1F1EA U+1F1EA','Eesti','1'),(71,'Ethiopia','251','U+1F1EA U+1F1F9','ኢትዮጵያ','1'),(72,'Falkland Islands','500','U+1F1EB U+1F1F0','Falkland Islands','1'),(73,'Faroe Islands','298','U+1F1EB U+1F1F4','Føroyar','1'),(74,'Fiji Islands','679','U+1F1EB U+1F1EF','Fiji','1'),(75,'Finland','358','U+1F1EB U+1F1EE','Suomi','1'),(76,'France','33','U+1F1EB U+1F1F7','France','1'),(77,'French Guiana','594','U+1F1EC U+1F1EB','Guyane française','1'),(78,'French Polynesia','689','U+1F1F5 U+1F1EB','Polynésie française','1'),(79,'French Southern Territories','262','U+1F1F9 U+1F1EB','Territoire des Terres australes et antarctiques fr','1'),(80,'Gabon','241','U+1F1EC U+1F1E6','Gabon','1'),(81,'Gambia The','220','U+1F1EC U+1F1F2','Gambia','1'),(82,'Georgia','995','U+1F1EC U+1F1EA','საქართველო','1'),(83,'Germany','49','U+1F1E9 U+1F1EA','Deutschland','1'),(84,'Ghana','233','U+1F1EC U+1F1ED','Ghana','1'),(85,'Gibraltar','350','U+1F1EC U+1F1EE','Gibraltar','1'),(86,'Greece','30','U+1F1EC U+1F1F7','Ελλάδα','1'),(87,'Greenland','299','U+1F1EC U+1F1F1','Kalaallit Nunaat','1'),(88,'Grenada','+1-473','U+1F1EC U+1F1E9','Grenada','1'),(89,'Guadeloupe','590','U+1F1EC U+1F1F5','Guadeloupe','1'),(90,'Guam','+1-671','U+1F1EC U+1F1FA','Guam','1'),(91,'Guatemala','502','U+1F1EC U+1F1F9','Guatemala','1'),(92,'Guernsey and Alderney','+44-1481','U+1F1EC U+1F1EC','Guernsey','1'),(93,'Guinea','224','U+1F1EC U+1F1F3','Guinée','1'),(94,'Guinea-Bissau','245','U+1F1EC U+1F1FC','Guiné-Bissau','1'),(95,'Guyana','592','U+1F1EC U+1F1FE','Guyana','1'),(96,'Haiti','509','U+1F1ED U+1F1F9','Haïti','1'),(97,'Heard Island and McDonald Islands','672','U+1F1ED U+1F1F2','Heard Island and McDonald Islands','1'),(98,'Honduras','504','U+1F1ED U+1F1F3','Honduras','1'),(99,'Hong Kong S.A.R.','852','U+1F1ED U+1F1F0','香港','1'),(100,'Hungary','36','U+1F1ED U+1F1FA','Magyarország','1'),(101,'Iceland','354','U+1F1EE U+1F1F8','Ísland','1'),(102,'India','91','U+1F1EE U+1F1F3','भारत','1'),(103,'Indonesia','62','U+1F1EE U+1F1E9','Indonesia','1'),(104,'Iran','98','U+1F1EE U+1F1F7','ایران','1'),(105,'Iraq','964','U+1F1EE U+1F1F6','العراق','1'),(106,'Ireland','353','U+1F1EE U+1F1EA','Éire','1'),(107,'Israel','972','U+1F1EE U+1F1F1','יִשְׂרָאֵל','1'),(108,'Italy','39','U+1F1EE U+1F1F9','Italia','1'),(109,'Jamaica','+1-876','U+1F1EF U+1F1F2','Jamaica','1'),(110,'Japan','81','U+1F1EF U+1F1F5','日本','1'),(111,'Jersey','+44-1534','U+1F1EF U+1F1EA','Jersey','1'),(112,'Jordan','962','U+1F1EF U+1F1F4','الأردن','1'),(113,'Kazakhstan','7','U+1F1F0 U+1F1FF','Қазақстан','1'),(114,'Kenya','254','U+1F1F0 U+1F1EA','Kenya','1'),(115,'Kiribati','686','U+1F1F0 U+1F1EE','Kiribati','1'),(116,'Kosovo','383','U+1F1FD U+1F1F0','Republika e Kosovës','1'),(117,'Kuwait','965','U+1F1F0 U+1F1FC','الكويت','1'),(118,'Kyrgyzstan','996','U+1F1F0 U+1F1EC','Кыргызстан','1'),(119,'Laos','856','U+1F1F1 U+1F1E6','ສປປລາວ','1'),(120,'Latvia','371','U+1F1F1 U+1F1FB','Latvija','1'),(121,'Lebanon','961','U+1F1F1 U+1F1E7','لبنان','1'),(122,'Lesotho','266','U+1F1F1 U+1F1F8','Lesotho','1'),(123,'Liberia','231','U+1F1F1 U+1F1F7','Liberia','1'),(124,'Libya','218','U+1F1F1 U+1F1FE','‏ليبيا','1'),(125,'Liechtenstein','423','U+1F1F1 U+1F1EE','Liechtenstein','1'),(126,'Lithuania','370','U+1F1F1 U+1F1F9','Lietuva','1'),(127,'Luxembourg','352','U+1F1F1 U+1F1FA','Luxembourg','1'),(128,'Macau S.A.R.','853','U+1F1F2 U+1F1F4','澳門','1'),(129,'Madagascar','261','U+1F1F2 U+1F1EC','Madagasikara','1'),(130,'Malawi','265','U+1F1F2 U+1F1FC','Malawi','1'),(131,'Malaysia','60','U+1F1F2 U+1F1FE','Malaysia','1'),(132,'Maldives','960','U+1F1F2 U+1F1FB','Maldives','1'),(133,'Mali','223','U+1F1F2 U+1F1F1','Mali','1'),(134,'Malta','356','U+1F1F2 U+1F1F9','Malta','1'),(135,'Man (Isle of)','+44-1624','U+1F1EE U+1F1F2','Isle of Man','1'),(136,'Marshall Islands','692','U+1F1F2 U+1F1ED','M̧ajeļ','1'),(137,'Martinique','596','U+1F1F2 U+1F1F6','Martinique','1'),(138,'Mauritania','222','U+1F1F2 U+1F1F7','موريتانيا','1'),(139,'Mauritius','230','U+1F1F2 U+1F1FA','Maurice','1'),(140,'Mayotte','262','U+1F1FE U+1F1F9','Mayotte','1'),(141,'Mexico','52','U+1F1F2 U+1F1FD','México','1'),(142,'Micronesia','691','U+1F1EB U+1F1F2','Micronesia','1'),(143,'Moldova','373','U+1F1F2 U+1F1E9','Moldova','1'),(144,'Monaco','377','U+1F1F2 U+1F1E8','Monaco','1'),(145,'Mongolia','976','U+1F1F2 U+1F1F3','Монгол улс','1'),(146,'Montenegro','382','U+1F1F2 U+1F1EA','Црна Гора','1'),(147,'Montserrat','+1-664','U+1F1F2 U+1F1F8','Montserrat','1'),(148,'Morocco','212','U+1F1F2 U+1F1E6','المغرب','1'),(149,'Mozambique','258','U+1F1F2 U+1F1FF','Moçambique','1'),(150,'Myanmar','95','U+1F1F2 U+1F1F2','မြန်မာ','1'),(151,'Namibia','264','U+1F1F3 U+1F1E6','Namibia','1'),(152,'Nauru','674','U+1F1F3 U+1F1F7','Nauru','1'),(153,'Nepal','977','U+1F1F3 U+1F1F5','नपल','1'),(154,'Netherlands','31','U+1F1F3 U+1F1F1','Nederland','1'),(155,'New Caledonia','687','U+1F1F3 U+1F1E8','Nouvelle-Calédonie','1'),(156,'New Zealand','64','U+1F1F3 U+1F1FF','New Zealand','1'),(157,'Nicaragua','505','U+1F1F3 U+1F1EE','Nicaragua','1'),(158,'Niger','227','U+1F1F3 U+1F1EA','Niger','1'),(159,'Nigeria','234','U+1F1F3 U+1F1EC','Nigeria','1'),(160,'Niue','683','U+1F1F3 U+1F1FA','Niuē','1'),(161,'Norfolk Island','672','U+1F1F3 U+1F1EB','Norfolk Island','1'),(162,'North Korea','850','U+1F1F0 U+1F1F5','북한','1'),(163,'North Macedonia','389','U+1F1F2 U+1F1F0','Северна Македонија','1'),(164,'Northern Mariana Islands','+1-670','U+1F1F2 U+1F1F5','Northern Mariana Islands','1'),(165,'Norway','47','U+1F1F3 U+1F1F4','Norge','1'),(166,'Oman','968','U+1F1F4 U+1F1F2','عمان','1'),(167,'Pakistan','92','U+1F1F5 U+1F1F0','Pakistan','1'),(168,'Palau','680','U+1F1F5 U+1F1FC','Palau','1'),(169,'Palestinian Territory Occupied','970','U+1F1F5 U+1F1F8','فلسطين','1'),(170,'Panama','507','U+1F1F5 U+1F1E6','Panamá','1'),(171,'Papua new Guinea','675','U+1F1F5 U+1F1EC','Papua Niugini','1'),(172,'Paraguay','595','U+1F1F5 U+1F1FE','Paraguay','1'),(173,'Peru','51','U+1F1F5 U+1F1EA','Perú','1'),(174,'Philippines','63','U+1F1F5 U+1F1ED','Pilipinas','1'),(175,'Pitcairn Island','870','U+1F1F5 U+1F1F3','Pitcairn Islands','1'),(176,'Poland','48','U+1F1F5 U+1F1F1','Polska','1'),(177,'Portugal','351','U+1F1F5 U+1F1F9','Portugal','1'),(178,'Puerto Rico','+1-787 and 1-939','U+1F1F5 U+1F1F7','Puerto Rico','1'),(179,'Qatar','974','U+1F1F6 U+1F1E6','قطر','1'),(180,'Reunion','262','U+1F1F7 U+1F1EA','La Réunion','1'),(181,'Romania','40','U+1F1F7 U+1F1F4','România','1'),(182,'Russia','7','U+1F1F7 U+1F1FA','Россия','1'),(183,'Rwanda','250','U+1F1F7 U+1F1FC','Rwanda','1'),(184,'Saint Helena','290','U+1F1F8 U+1F1ED','Saint Helena','1'),(185,'Saint Kitts And Nevis','+1-869','U+1F1F0 U+1F1F3','Saint Kitts and Nevis','1'),(186,'Saint Lucia','+1-758','U+1F1F1 U+1F1E8','Saint Lucia','1'),(187,'Saint Pierre and Miquelon','508','U+1F1F5 U+1F1F2','Saint-Pierre-et-Miquelon','1'),(188,'Saint Vincent And The Grenadines','+1-784','U+1F1FB U+1F1E8','Saint Vincent and the Grenadines','1'),(189,'Saint-Barthelemy','590','U+1F1E7 U+1F1F1','Saint-Barthélemy','1'),(190,'Saint-Martin (French part)','590','U+1F1F2 U+1F1EB','Saint-Martin','1'),(191,'Samoa','685','U+1F1FC U+1F1F8','Samoa','1'),(192,'San Marino','378','U+1F1F8 U+1F1F2','San Marino','1'),(193,'Sao Tome and Principe','239','U+1F1F8 U+1F1F9','São Tomé e Príncipe','1'),(194,'Saudi Arabia','966','U+1F1F8 U+1F1E6','المملكة العربية السعودية','1'),(195,'Senegal','221','U+1F1F8 U+1F1F3','Sénégal','1'),(196,'Serbia','381','U+1F1F7 U+1F1F8','Србија','1'),(197,'Seychelles','248','U+1F1F8 U+1F1E8','Seychelles','1'),(198,'Sierra Leone','232','U+1F1F8 U+1F1F1','Sierra Leone','1'),(199,'Singapore','65','U+1F1F8 U+1F1EC','Singapore','1'),(200,'Sint Maarten (Dutch part)','1721','U+1F1F8 U+1F1FD','Sint Maarten','1'),(201,'Slovakia','421','U+1F1F8 U+1F1F0','Slovensko','1'),(202,'Slovenia','386','U+1F1F8 U+1F1EE','Slovenija','1'),(203,'Solomon Islands','677','U+1F1F8 U+1F1E7','Solomon Islands','1'),(204,'Somalia','252','U+1F1F8 U+1F1F4','Soomaaliya','1'),(205,'South Africa','27','U+1F1FF U+1F1E6','South Africa','1'),(206,'South Georgia','500','U+1F1EC U+1F1F8','South Georgia','1'),(207,'South Korea','82','U+1F1F0 U+1F1F7','대한민국','1'),(208,'South Sudan','211','U+1F1F8 U+1F1F8','South Sudan','1'),(209,'Spain','34','U+1F1EA U+1F1F8','España','1'),(210,'Sri Lanka','94','U+1F1F1 U+1F1F0','śrī laṃkāva','1'),(211,'Sudan','249','U+1F1F8 U+1F1E9','السودان','1'),(212,'Suriname','597','U+1F1F8 U+1F1F7','Suriname','1'),(213,'Svalbard And Jan Mayen Islands','47','U+1F1F8 U+1F1EF','Svalbard og Jan Mayen','1'),(214,'Swaziland','268','U+1F1F8 U+1F1FF','Swaziland','1'),(215,'Sweden','46','U+1F1F8 U+1F1EA','Sverige','1'),(216,'Switzerland','41','U+1F1E8 U+1F1ED','Schweiz','1'),(217,'Syria','963','U+1F1F8 U+1F1FE','سوريا','1'),(218,'Taiwan','886','U+1F1F9 U+1F1FC','臺灣','1'),(219,'Tajikistan','992','U+1F1F9 U+1F1EF','Тоҷикистон','1'),(220,'Tanzania','255','U+1F1F9 U+1F1FF','Tanzania','1'),(221,'Thailand','66','U+1F1F9 U+1F1ED','ประเทศไทย','1'),(222,'The Bahamas','+1-242','U+1F1E7 U+1F1F8','Bahamas','1'),(223,'Togo','228','U+1F1F9 U+1F1EC','Togo','1'),(224,'Tokelau','690','U+1F1F9 U+1F1F0','Tokelau','1'),(225,'Tonga','676','U+1F1F9 U+1F1F4','Tonga','1'),(226,'Trinidad And Tobago','+1-868','U+1F1F9 U+1F1F9','Trinidad and Tobago','1'),(227,'Tunisia','216','U+1F1F9 U+1F1F3','تونس','1'),(228,'Turkey','90','U+1F1F9 U+1F1F7','Türkiye','1'),(229,'Turkmenistan','993','U+1F1F9 U+1F1F2','Türkmenistan','1'),(230,'Turks And Caicos Islands','+1-649','U+1F1F9 U+1F1E8','Turks and Caicos Islands','1'),(231,'Tuvalu','688','U+1F1F9 U+1F1FB','Tuvalu','1'),(232,'Uganda','256','U+1F1FA U+1F1EC','Uganda','1'),(233,'Ukraine','380','U+1F1FA U+1F1E6','Україна','1'),(234,'United Arab Emirates','971','U+1F1E6 U+1F1EA','دولة الإمارات العربية المتحدة','1'),(235,'United Kingdom','44','U+1F1EC U+1F1E7','United Kingdom','1'),(236,'United States','1','U+1F1FA U+1F1F8','United States','1'),(237,'United States Minor Outlying Islands','1','U+1F1FA U+1F1F2','United States Minor Outlying Islands','1'),(238,'Uruguay','598','U+1F1FA U+1F1FE','Uruguay','1'),(239,'Uzbekistan','998','U+1F1FA U+1F1FF','O‘zbekiston','1'),(240,'Vanuatu','678','U+1F1FB U+1F1FA','Vanuatu','1'),(241,'Vatican City State (Holy See)','379','U+1F1FB U+1F1E6','Vaticano','1'),(242,'Venezuela','58','U+1F1FB U+1F1EA','Venezuela','1'),(243,'Vietnam','84','U+1F1FB U+1F1F3','Việt Nam','1'),(244,'Virgin Islands (British)','+1-284','U+1F1FB U+1F1EC','British Virgin Islands','1'),(245,'Virgin Islands (US)','+1-340','U+1F1FB U+1F1EE','United States Virgin Islands','1'),(246,'Wallis And Futuna Islands','681','U+1F1FC U+1F1EB','Wallis et Futuna','1'),(247,'Western Sahara','212','U+1F1EA U+1F1ED','الصحراء الغربية','1'),(248,'Yemen','967','U+1F1FE U+1F1EA','اليَمَن','1'),(249,'Zambia','260','U+1F1FF U+1F1F2','Zambia','1'),(250,'Zimbabwe','263','U+1F1FF U+1F1FC','Zimbabwe','1');

--
-- Table structure for table `gm_countries_list2`
--

CREATE TABLE `gm_countries_list2` (
  `id` int(5) NOT NULL AUTO_INCREMENT,
  `countryCode` char(2) NOT NULL DEFAULT '',
  `name` varchar(45) NOT NULL DEFAULT '',
  `country_temp_name` varchar(220) DEFAULT NULL,
  `status` enum('0','1','2') NOT NULL DEFAULT '1',
  PRIMARY KEY (`id`),
  KEY `countryCode` (`countryCode`),
  KEY `name` (`name`),
  KEY `status` (`status`),
  KEY `country_temp_name` (`country_temp_name`)
) ENGINE=InnoDB AUTO_INCREMENT=251 DEFAULT CHARSET=utf8;

--
-- Dumping data for table `gm_countries_list2`
--

INSERT INTO `gm_countries_list2` VALUES (1,'AD','Andorra','andorra','1'),(2,'AE','United Arab Emirates','united-arab-emirates','1'),(3,'AF','Afghanistan','afghanistan','1'),(4,'AG','Antigua and Barbuda','antigua-and-barbuda','1'),(5,'AI','Anguilla','anguilla','1'),(6,'AL','Albania','albania','1'),(7,'AM','Armenia','armenia','1'),(8,'AO','Angola','angola','1'),(9,'AQ','Antarctica','antarctica','1'),(10,'AR','Argentina','argentina','1'),(11,'AS','American Samoa','american-samoa','1'),(12,'AT','Austria','austria','1'),(13,'AU','Australia','australia','1'),(14,'AW','Aruba','aruba','1'),(15,'AX','Ã…land','land','1'),(16,'AZ','Azerbaijan','azerbaijan','1'),(17,'BA','Bosnia and Herzegovina','bosnia-and-herzegovina','1'),(18,'BB','Barbados','barbados','1'),(19,'BD','Bangladesh','bangladesh','1'),(20,'BE','Belgium','belgium','1'),(21,'BF','Burkina Faso','burkina-faso','1'),(22,'BG','Bulgaria','bulgaria','1'),(23,'BH','Bahrain','bahrain','1'),(24,'BI','Burundi','burundi','1'),(25,'BJ','Benin','benin','1'),(26,'BL','Saint BarthÃ©lemy','saint-barth-lemy','1'),(27,'BM','Bermuda','bermuda','1'),(28,'BN','Brunei','brunei','1'),(29,'BO','Bolivia','bolivia','1'),(30,'BQ','Bonaire','bonaire','1'),(31,'BR','Brazil','brazil','1'),(32,'BS','Bahamas','bahamas','1'),(33,'BT','Bhutan','bhutan','1'),(34,'BV','Bouvet Island','bouvet-island','1'),(35,'BW','Botswana','botswana','1'),(36,'BY','Belarus','belarus','1'),(37,'BZ','Belize','belize','1'),(38,'CA','Canada','canada','1'),(39,'CC','Cocos [Keeling] Islands','cocos-keeling-islands','1'),(40,'CD','Democratic Republic of the Congo','democratic-republic-of-the-congo','1'),(41,'CF','Central African Republic','central-african-republic','1'),(42,'CG','Republic of the Congo','republic-of-the-congo','1'),(43,'CH','Switzerland','switzerland','1'),(44,'CI','Ivory Coast','ivory-coast','1'),(45,'CK','Cook Islands','cook-islands','1'),(46,'CL','Chile','chile','1'),(47,'CM','Cameroon','cameroon','1'),(48,'CN','China','china','1'),(49,'CO','Colombia','colombia','1'),(50,'CR','Costa Rica','costa-rica','1'),(51,'CU','Cuba','cuba','1'),(52,'CV','Cape Verde','cape-verde','1'),(53,'CW','Curacao','curacao','1'),(54,'CX','Christmas Island','christmas-island','1'),(55,'CY','Cyprus','cyprus','1'),(56,'CZ','Czech Republic','czech-republic','1'),(57,'DE','Germany','germany','1'),(58,'DJ','Djibouti','djibouti','1'),(59,'DK','Denmark','denmark','1'),(60,'DM','Dominica','dominica','1'),(61,'DO','Dominican Republic','dominican-republic','1'),(62,'DZ','Algeria','algeria','1'),(63,'EC','Ecuador','ecuador','1'),(64,'EE','Estonia','estonia','1'),(65,'EG','Egypt','egypt','1'),(66,'EH','Western Sahara','western-sahara','1'),(67,'ER','Eritrea','eritrea','1'),(68,'ES','Spain','spain','1'),(69,'ET','Ethiopia','ethiopia','1'),(70,'FI','Finland','finland','1'),(71,'FJ','Fiji','fiji','1'),(72,'FK','Falkland Islands','falkland-islands','1'),(73,'FM','Micronesia','micronesia','1'),(74,'FO','Faroe Islands','faroe-islands','1'),(75,'FR','France','france','1'),(76,'GA','Gabon','gabon','1'),(77,'GB','United Kingdom','united-kingdom','1'),(78,'GD','Grenada','grenada','1'),(79,'GE','Georgia','georgia','1'),(80,'GF','French Guiana','french-guiana','1'),(81,'GG','Guernsey','guernsey','1'),(82,'GH','Ghana','ghana','1'),(83,'GI','Gibraltar','gibraltar','1'),(84,'GL','Greenland','greenland','1'),(85,'GM','Gambia','gambia','1'),(86,'GN','Guinea','guinea','1'),(87,'GP','Guadeloupe','guadeloupe','1'),(88,'GQ','Equatorial Guinea','equatorial-guinea','1'),(89,'GR','Greece','greece','1'),(90,'GS','South Georgia and the South Sandwich Islands','south-georgia-and-the-south-sandwich-islands','1'),(91,'GT','Guatemala','guatemala','1'),(92,'GU','Guam','guam','1'),(93,'GW','Guinea-Bissau','guinea-bissau','1'),(94,'GY','Guyana','guyana','1'),(95,'HK','Hong Kong','hong-kong','1'),(96,'HM','Heard Island and McDonald Islands','heard-island-and-mcdonald-islands','1'),(97,'HN','Honduras','honduras','1'),(98,'HR','Croatia','croatia','1'),(99,'HT','Haiti','haiti','1'),(100,'HU','Hungary','hungary','1'),(101,'ID','Indonesia','indonesia','1'),(102,'IE','Ireland','ireland','1'),(103,'IL','Israel','israel','1'),(104,'IM','Isle of Man','isle-of-man','1'),(105,'IN','India','india','1'),(106,'IO','British Indian Ocean Territory','british-indian-ocean-territory','1'),(107,'IQ','Iraq','iraq','1'),(108,'IR','Iran','iran','1'),(109,'IS','Iceland','iceland','1'),(110,'IT','Italy','italy','1'),(111,'JE','Jersey','jersey','1'),(112,'JM','Jamaica','jamaica','1'),(113,'JO','Jordan','jordan','1'),(114,'JP','Japan','japan','1'),(115,'KE','Kenya','kenya','1'),(116,'KG','Kyrgyzstan','kyrgyzstan','1'),(117,'KH','Cambodia','cambodia','1'),(118,'KI','Kiribati','kiribati','1'),(119,'KM','Comoros','comoros','1'),(120,'KN','Saint Kitts and Nevis','saint-kitts-and-nevis','1'),(121,'KP','North Korea','north-korea','1'),(122,'KR','South Korea','south-korea','1'),(123,'KW','Kuwait','kuwait','1'),(124,'KY','Cayman Islands','cayman-islands','1'),(125,'KZ','Kazakhstan','kazakhstan','1'),(126,'LA','Laos','laos','1'),(127,'LB','Lebanon','lebanon','1'),(128,'LC','Saint Lucia','saint-lucia','1'),(129,'LI','Liechtenstein','liechtenstein','1'),(130,'LK','Sri Lanka','sri-lanka','1'),(131,'LR','Liberia','liberia','1'),(132,'LS','Lesotho','lesotho','1'),(133,'LT','Lithuania','lithuania','1'),(134,'LU','Luxembourg','luxembourg','1'),(135,'LV','Latvia','latvia','1'),(136,'LY','Libya','libya','1'),(137,'MA','Morocco','morocco','1'),(138,'MC','Monaco','monaco','1'),(139,'MD','Moldova','moldova','1'),(140,'ME','Montenegro','montenegro','1'),(141,'MF','Saint Martin','saint-martin','1'),(142,'MG','Madagascar','madagascar','1'),(143,'MH','Marshall Islands','marshall-islands','1'),(144,'MK','Macedonia','macedonia','1'),(145,'ML','Mali','mali','1'),(146,'MM','Myanmar [Burma]','myanmar-burma','1'),(147,'MN','Mongolia','mongolia','1'),(148,'MO','Macao','macao','1'),(149,'MP','Northern Mariana Islands','northern-mariana-islands','1'),(150,'MQ','Martinique','martinique','1'),(151,'MR','Mauritania','mauritania','1'),(152,'MS','Montserrat','montserrat','1'),(153,'MT','Malta','malta','1'),(154,'MU','Mauritius','mauritius','1'),(155,'MV','Maldives','maldives','1'),(156,'MW','Malawi','malawi','1'),(157,'MX','Mexico','mexico','1'),(158,'MY','Malaysia','malaysia','1'),(159,'MZ','Mozambique','mozambique','1'),(160,'NA','Namibia','namibia','1'),(161,'NC','New Caledonia','new-caledonia','1'),(162,'NE','Niger','niger','1'),(163,'NF','Norfolk Island','norfolk-island','1'),(164,'NG','Nigeria','nigeria','1'),(165,'NI','Nicaragua','nicaragua','1'),(166,'NL','Netherlands','netherlands','1'),(167,'NO','Norway','norway','1'),(168,'NP','Nepal','nepal','1'),(169,'NR','Nauru','nauru','1'),(170,'NU','Niue','niue','1'),(171,'NZ','New Zealand','new-zealand','1'),(172,'OM','Oman','oman','1'),(173,'PA','Panama','panama','1'),(174,'PE','Peru','peru','1'),(175,'PF','French Polynesia','french-polynesia','1'),(176,'PG','Papua New Guinea','papua-new-guinea','1'),(177,'PH','Philippines','philippines','1'),(178,'PK','Pakistan','pakistan','1'),(179,'PL','Poland','poland','1'),(180,'PM','Saint Pierre and Miquelon','saint-pierre-and-miquelon','1'),(181,'PN','Pitcairn Islands','pitcairn-islands','1'),(182,'PR','Puerto Rico','puerto-rico','1'),(183,'PS','Palestine','palestine','1'),(184,'PT','Portugal','portugal','1'),(185,'PW','Palau','palau','1'),(186,'PY','Paraguay','paraguay','1'),(187,'QA','Qatar','qatar','1'),(188,'RE','RÃ©union','r-union','1'),(189,'RO','Romania','romania','1'),(190,'RS','Serbia','serbia','1'),(191,'RU','Russia','russia','1'),(192,'RW','Rwanda','rwanda','1'),(193,'SA','Saudi Arabia','saudi-arabia','1'),(194,'SB','Solomon Islands','solomon-islands','1'),(195,'SC','Seychelles','seychelles','1'),(196,'SD','Sudan','sudan','1'),(197,'SE','Sweden','sweden','1'),(198,'SG','Singapore','singapore','1'),(199,'SH','Saint Helena','saint-helena','1'),(200,'SI','Slovenia','slovenia','1'),(201,'SJ','Svalbard and Jan Mayen','svalbard-and-jan-mayen','1'),(202,'SK','Slovakia','slovakia','1'),(203,'SL','Sierra Leone','sierra-leone','1'),(204,'SM','San Marino','san-marino','1'),(205,'SN','Senegal','senegal','1'),(206,'SO','Somalia','somalia','1'),(207,'SR','Suriname','suriname','1'),(208,'SS','South Sudan','south-sudan','1'),(209,'ST','SÃ£o TomÃ© and PrÃ­ncipe','s-o-tom-and-pr-ncipe','1'),(210,'SV','El Salvador','el-salvador','1'),(211,'SX','Sint Maarten','sint-maarten','1'),(212,'SY','Syria','syria','1'),(213,'SZ','Swaziland','swaziland','1'),(214,'TC','Turks and Caicos Islands','turks-and-caicos-islands','1'),(215,'TD','Chad','chad','1'),(216,'TF','French Southern Territories','french-southern-territories','1'),(217,'TG','Togo','togo','1'),(218,'TH','Thailand','thailand','1'),(219,'TJ','Tajikistan','tajikistan','1'),(220,'TK','Tokelau','tokelau','1'),(221,'TL','East Timor','east-timor','1'),(222,'TM','Turkmenistan','turkmenistan','1'),(223,'TN','Tunisia','tunisia','1'),(224,'TO','Tonga','tonga','1'),(225,'TR','Turkey','turkey','1'),(226,'TT','Trinidad and Tobago','trinidad-and-tobago','1'),(227,'TV','Tuvalu','tuvalu','1'),(228,'TW','Taiwan','taiwan','1'),(229,'TZ','Tanzania','tanzania','1'),(230,'UA','Ukraine','ukraine','1'),(231,'UG','Uganda','uganda','1'),(232,'UM','U.S. Minor Outlying Islands','u-s-minor-outlying-islands','1'),(233,'US','United States','united-states','1'),(234,'UY','Uruguay','uruguay','1'),(235,'UZ','Uzbekistan','uzbekistan','1'),(236,'VA','Vatican City','vatican-city','1'),(237,'VC','Saint Vincent and the Grenadines','saint-vincent-and-the-grenadines','1'),(238,'VE','Venezuela','venezuela','1'),(239,'VG','British Virgin Islands','british-virgin-islands','1'),(240,'VI','U.S. Virgin Islands','u-s-virgin-islands','1'),(241,'VN','Vietnam','vietnam','1'),(242,'VU','Vanuatu','vanuatu','1'),(243,'WF','Wallis and Futuna','wallis-and-futuna','1'),(244,'WS','Samoa','samoa','1'),(245,'XK','Kosovo','kosovo','1'),(246,'YE','Yemen','yemen','1'),(247,'YT','Mayotte','mayotte','1'),(248,'ZA','South Africa','south-africa','1'),(249,'ZM','Zambia','zambia','1'),(250,'ZW','Zimbabwe','zimbabwe','1');

--
-- Table structure for table `gm_designations`
--

CREATE TABLE `gm_designations` (
  `id` int(11) NOT NULL AUTO_INCREMENT,
  `designation` varchar(255) NOT NULL,
  `status` int(11) NOT NULL DEFAULT '1',
  `created_at` datetime NOT NULL,
  PRIMARY KEY (`id`)
) ENGINE=InnoDB AUTO_INCREMENT=25 DEFAULT CHARSET=latin1;

--
-- Dumping data for table `gm_designations`
--

INSERT INTO `gm_designations` VALUES (1,'Founder',1,'2024-03-15 06:34:15'),(2,'CEO',1,'2024-03-15 06:34:15'),(3,'Founder & CEO',1,'2024-03-15 06:35:07'),(4,'Proprietor',1,'2024-03-15 06:35:07'),(5,'Owner',1,'2024-03-15 06:36:14'),(6,'Managing Director',1,'2024-03-15 06:36:14'),(7,'Director',1,'2024-03-15 06:36:39'),(8,'Director & Founder',1,'2024-03-15 06:36:39'),(9,'Promoter',1,'2024-03-15 06:37:19'),(11,'Manager',1,'2024-03-21 02:35:20'),(12,'IT Person',1,'2024-03-21 02:35:20'),(13,'Team Member',1,'2024-03-21 02:35:39'),(14,'Accounts',1,'2024-03-21 02:35:39'),(16,'COO',1,'2024-04-22 11:05:45'),(17,'Co-Founder',1,'2024-05-08 11:41:44'),(18,'Chairman & Managing Director',1,'2024-05-08 17:46:23'),(19,'Business Director',1,'2024-05-08 18:26:47'),(22,'Vice Chairman',1,'2024-05-09 12:39:45'),(24,'Genaral Manager',1,'2024-05-10 14:36:04');

--
-- Table structure for table `gm_emailsignature`
--

CREATE TABLE `gm_emailsignature` (
  `id` int(11) NOT NULL,
  `signature` text NOT NULL,
  `status` enum('1','0') NOT NULL DEFAULT '1',
  `created_at` datetime NOT NULL DEFAULT CURRENT_TIMESTAMP
) ENGINE=InnoDB DEFAULT CHARSET=latin1;

--
-- Dumping data for table `gm_emailsignature`
--

INSERT INTO `gm_emailsignature` VALUES (1,'<p>\r\n  \r\n</p>\r\n\r\n<p>\r\n  \r\n</p>\r\n\r\n<p>\r\n Best regards,<br>\r\n <strong>Getmanufacturers</strong><br>\r\n <a href=\"mailto:support@getmanufacturers.com\">support@getmanufacturers.com</a>\r\n</p>','1','2025-11-13 16:46:46');

--
-- Table structure for table `gm_emailtemplates`
--

CREATE TABLE `gm_emailtemplates` (
  `id` int(11) NOT NULL AUTO_INCREMENT,
  `template_name` varchar(255) NOT NULL,
  `email_subject` varchar(255) NOT NULL,
  `email_body` text NOT NULL,
  `email_for` varchar(100) NOT NULL,
  `status` enum('1','0','2') NOT NULL DEFAULT '1',
  `sort_order` int(11) DEFAULT NULL,
  `created_at` timestamp NOT NULL DEFAULT CURRENT_TIMESTAMP,
  `updated_at` datetime DEFAULT NULL,
  PRIMARY KEY (`id`)
) ENGINE=InnoDB AUTO_INCREMENT=6 DEFAULT CHARSET=latin1;

--
-- Dumping data for table `gm_emailtemplates`
--



--
-- Table structure for table `gm_enquiries`
--

CREATE TABLE `gm_enquiries` (
  `id` int(11) NOT NULL AUTO_INCREMENT,
  `company_id` int(11) DEFAULT NULL,
  `category_id` int(11) DEFAULT NULL,
  `location_id` int(11) DEFAULT NULL,
  `product_id` int(11) DEFAULT NULL COMMENT 'linked with gm_company_products',
  `name` varchar(50) DEFAULT NULL,
  `ctry_code` varchar(50) DEFAULT NULL,
  `ctry_name` varchar(100) DEFAULT NULL,
  `ctry_iso` varchar(20) DEFAULT NULL,
  `mobile` varchar(20) DEFAULT NULL,
  `email` varchar(100) DEFAULT NULL,
  `city` varchar(100) DEFAULT NULL,
  `member_id` int(11) DEFAULT NULL,
  `enquiry_for` varchar(255) CHARACTER SET utf8mb4 COLLATE utf8mb4_unicode_ci DEFAULT NULL,
  `page_url` varchar(255) DEFAULT NULL,
  `enquiry_desc` text,
  `is_mobile_verified` enum('0','1') NOT NULL DEFAULT '0',
  `is_email_verified` enum('0','1') NOT NULL DEFAULT '0',
  `sort_order` int(11) DEFAULT NULL,
  `status` enum('1','0','2') NOT NULL DEFAULT '1',
  `subject_email` varchar(255) DEFAULT NULL,
  `to_email` varchar(255) DEFAULT NULL,
  `cc_email` varchar(255) DEFAULT NULL,
  `body_email` text,
  `ip_address` varchar(100) CHARACTER SET utf8mb4 COLLATE utf8mb4_unicode_ci DEFAULT NULL,
  `ip_country` varchar(100) CHARACTER SET utf8mb4 COLLATE utf8mb4_unicode_ci DEFAULT NULL,
  `ip_region` varchar(100) CHARACTER SET utf8mb4 COLLATE utf8mb4_unicode_ci DEFAULT NULL,
  `ip_city` varchar(100) CHARACTER SET utf8mb4 COLLATE utf8mb4_unicode_ci DEFAULT NULL,
  `latitude` varchar(50) CHARACTER SET utf8mb4 COLLATE utf8mb4_unicode_ci DEFAULT NULL,
  `longitude` varchar(50) DEFAULT NULL,
  `created_at` datetime NOT NULL DEFAULT CURRENT_TIMESTAMP,
  `updated_at` datetime NOT NULL DEFAULT CURRENT_TIMESTAMP,
  PRIMARY KEY (`id`)
) ENGINE=MyISAM AUTO_INCREMENT=299 DEFAULT CHARSET=latin1;

--
-- Dumping data for table `gm_enquiries`
--

INSERT INTO `gm_enquiries` VALUES (1,0,NULL,NULL,0,NULL,NULL,NULL,NULL,NULL,NULL,NULL,0,'Testing',NULL,'Name: test, Mobile: 1234546789, Email: webpulse.phpdev3@gmail.com, City: Delhi','0','0',NULL,'0',NULL,NULL,NULL,NULL,'','','','','',NULL,'2025-10-29 17:32:24','2025-10-29 17:32:24'),(2,0,NULL,NULL,0,NULL,NULL,NULL,NULL,NULL,NULL,NULL,0,'Testing',NULL,'Name: test, Mobile: 1234567890, Email: webpulse.phpdev3@gmail.com, City: Delhi','0','0',NULL,'0',NULL,NULL,NULL,NULL,'','','','','',NULL,'2025-10-29 17:35:54','2025-10-29 17:35:54'),(145,49,127,0,0,'testing','91','India','IN','9717102772','tapeshwartoday@gmail.com','Gurgaon',0,'Tsting','URL: https://www.webpulsebharat.com/furniture',NULL,'0','0',NULL,'2','New Enquiry - GetManufacturers','webpulse.phpdev@gmail.com','','\n                <h3>New Enquiry from GetManufacturers</h3>\n                <p><strong>Name:</strong> testing</p>\n                <p><strong>Mobile:</strong> 9717102772</p>\n                <p><strong>Email:</strong> tapeshwartoday@gmail.com</p>\n                <p><strong>City:</strong> Gurgaon</p>\n                <p><strong>Looking For:</strong> Tsting</p>\n                <p><strong>Date:</strong> 03 Nov 2025 01:07 AM</p>\n            ','','','','','',NULL,'2025-11-03 01:07:17','2025-11-03 01:07:17'),(258,0,3228,NULL,0,'Testing','91','India','IN','9717102772','mikepeter@gmail.com','Delhi',0,'testing','https://www.webpulsebharat.com/car-emergency-tools',NULL,'1','1',NULL,'2','New Enquiry - GetManufacturers','webpulse.phpdev@gmail.com','','\n                <h3>New Enquiry from GetManufacturers</h3>\n                <p><strong>Name:</strong> Testing</p>\n                <p><strong>Mobile:</strong> 9717102772</p>\n                <p><strong>Email:</strong> mikepeter@gmail.com</p>\n                <p><strong>City:</strong> Delhi</p>\n                <p><strong>Looking For:</strong> testing</p>\n                <p><strong>Date:</strong> 13 Nov 2025 04:12 PM</p>\n            ','','','','','',NULL,'2025-11-13 16:12:30','2025-11-13 16:12:30'),(254,21,105,NULL,0,'test','91','India','IN','7897742560','webpulse.phpdev3@gmail.com','Delhi',0,'Testing','https://www.webpulsebharat.com/agriculture-and-farming',NULL,'','0',NULL,'2','New Enquiry - GetManufacturers','webpulse.phpdev@gmail.com','','\n                <h3>New Enquiry from GetManufacturers</h3>\n                <p><strong>Name:</strong> test</p>\n                <p><strong>Mobile:</strong> 7897742560</p>\n                <p><strong>Email:</strong> webpulse.phpdev3@gmail.com</p>\n                <p><strong>City:</strong> Delhi</p>\n                <p><strong>Looking For:</strong> Testing</p>\n                <p><strong>Date:</strong> 07 Nov 2025 11:10 AM</p>\n            ','','','','','',NULL,'2025-11-07 11:10:58','2025-11-07 11:10:58'),(255,21,105,NULL,0,'test','91','India','IN','7897742560','webpulse.phpdev3@gmail.com','Delhi',0,'Testing','https://www.webpulsebharat.com/agriculture-and-farming',NULL,'0','0',NULL,'2','New Enquiry - GetManufacturers','webpulse.phpdev@gmail.com','','\n                <h3>New Enquiry from GetManufacturers</h3>\n                <p><strong>Name:</strong> test</p>\n                <p><strong>Mobile:</strong> 7897742560</p>\n                <p><strong>Email:</strong> webpulse.phpdev3@gmail.com</p>\n                <p><strong>City:</strong> Delhi</p>\n                <p><strong>Looking For:</strong> Testing</p>\n                <p><strong>Date:</strong> 07 Nov 2025 11:12 AM</p>\n            ','','','','','',NULL,'2025-11-07 11:12:29','2025-11-07 11:12:29'),(256,21,105,0,0,'Rahul Ranjan Singh','91','India','IN','9911244888','support@webpulseindia.com','West Delhi',0,'sdfsdf','https://www.webpulsebharat.com/agriculture-and-farming',NULL,'0','0',NULL,'2','New Enquiry - GetManufacturers','webpulse.phpdev@gmail.com','','\n                <h3>New Enquiry from GetManufacturers</h3>\n                <p><strong>Name:</strong> Rahul Ranjan Singh</p>\n                <p><strong>Mobile:</strong> 9911244888</p>\n                <p><strong>Email:</strong> support@webpulseindia.com</p>\n                <p><strong>City:</strong> West Delhi</p>\n                <p><strong>Looking For:</strong> sdfsdf</p>\n                <p><strong>Date:</strong> 07 Nov 2025 02:26 PM</p>\n            ','','','','','',NULL,'2025-11-07 14:26:20','2025-11-07 14:26:20'),(257,49,127,0,0,'testing','91','India','IN','9717102772','mikepeter@gmail.com','delhi',0,'Garments and clothing','https://www.webpulsebharat.com/furniture',NULL,'0','0',NULL,'2','New Enquiry - GetManufacturers','webpulse.phpdev@gmail.com','','\n                <h3>New Enquiry from GetManufacturers</h3>\n                <p><strong>Name:</strong> testing</p>\n                <p><strong>Mobile:</strong> 9717102772</p>\n                <p><strong>Email:</strong> mikepeter@gmail.com</p>\n                <p><strong>City:</strong> delhi</p>\n                <p><strong>Looking For:</strong> Garments and clothing</p>\n                <p><strong>Date:</strong> 07 Nov 2025 04:20 PM</p>\n            ','','','','','',NULL,'2025-11-07 16:20:21','2025-11-07 16:20:21'),(194,24,111,0,0,'Test Enquiry','+91','India','in','1232334444',NULL,NULL,0,NULL,'https://www.webpulsebharat.com/automobile-parts-spares',NULL,'0','0',NULL,'2','New Enquiry - GetManufacturers','webpulse.phpdev@gmail.com','','\n                <h3>New Enquiry from GetManufacturers</h3>\n                <p><strong>Name:</strong> Test Enquiry</p>\n                <p><strong>Mobile:</strong> 1232334444</p>\n                <p><strong>Email:</strong> </p>\n                <p><strong>City:</strong> </p>\n                <p><strong>Looking For:</strong> </p>\n                <p><strong>Date:</strong> 03 Nov 2025 02:27 PM</p>\n            ','','','','','',NULL,'2025-11-03 14:27:33','2025-11-03 14:27:33'),(234,21,105,0,0,'Rahul Ranjan Singh','93','Afghanistan','AF','5666655566666','support@webpulseindia.com','West Delhi',0,'sfdfdsfdsf','URL: https://www.webpulsebharat.com/furniture',NULL,'0','0',NULL,'2','New Enquiry - GetManufacturers','webpulse.phpdev@gmail.com','','\n                <h3>New Enquiry from GetManufacturers</h3>\n                <p><strong>Name:</strong> Rahul Ranjan Singh</p>\n                <p><strong>Mobile:</strong> 5666655566666</p>\n                <p><strong>Email:</strong> support@webpulseindia.com</p>\n                <p><strong>City:</strong> West Delhi</p>\n                <p><strong>Looking For:</strong> sfdfdsfdsf</p>\n                <p><strong>Date:</strong> 06 Nov 2025 01:33 PM</p>\n            ','','','','','',NULL,'2025-11-06 13:33:11','2025-11-06 13:33:11'),(253,21,105,0,0,'test','91','India','IN','7897742560','webpulse.phpdev3@gmail.com','Delhi',0,'test','https://www.webpulsebharat.com/agriculture-and-farming',NULL,'','0',NULL,'2','New Enquiry - GetManufacturers','webpulse.phpdev@gmail.com','','\n                <h3>New Enquiry from GetManufacturers</h3>\n                <p><strong>Name:</strong> test</p>\n                <p><strong>Mobile:</strong> 7897742560</p>\n                <p><strong>Email:</strong> webpulse.phpdev3@gmail.com</p>\n                <p><strong>City:</strong> Delhi</p>\n                <p><strong>Looking For:</strong> test</p>\n                <p><strong>Date:</strong> 07 Nov 2025 11:06 AM</p>\n            ','','','','','',NULL,'2025-11-07 11:06:26','2025-11-07 11:06:26'),(239,13,127,0,0,'fjksjfkl','91','India','IN','5478745214','test@test.com','delhi',0,'delhi','URL: https://www.webpulsebharat.com/furniture',NULL,'1','0',NULL,'2','New Enquiry - GetManufacturers','webpulse.phpdev@gmail.com','','\n                <h3>New Enquiry from GetManufacturers</h3>\n                <p><strong>Name:</strong> fjksjfkl</p>\n                <p><strong>Mobile:</strong> 5478745214</p>\n                <p><strong>Email:</strong> test@test.com</p>\n                <p><strong>City:</strong> delhi</p>\n                <p><strong>Looking For:</strong> delhi</p>\n                <p><strong>Date:</strong> 07 Nov 2025 05:44 AM</p>\n            ','','','','','',NULL,'2025-11-07 05:44:52','2025-11-07 05:44:52'),(240,13,127,0,0,'stesajfsj','91','India','IN','8745412563','testingtest@test.com','test',0,'test','URL: https://www.webpulsebharat.com/furniture',NULL,'1','1',NULL,'2','New Enquiry - GetManufacturers','webpulse.phpdev@gmail.com','','\n                <h3>New Enquiry from GetManufacturers</h3>\n                <p><strong>Name:</strong> stesajfsj</p>\n                <p><strong>Mobile:</strong> 8745412563</p>\n                <p><strong>Email:</strong> testingtest@test.com</p>\n                <p><strong>City:</strong> test</p>\n                <p><strong>Looking For:</strong> test</p>\n                <p><strong>Date:</strong> 07 Nov 2025 05:52 AM</p>\n            ','','','','','',NULL,'2025-11-07 05:52:19','2025-11-07 05:52:19'),(241,13,127,NULL,0,'test user','91','India','IN','8746985631','testingtesingtes@test.com','delhi',0,'delhi','https://www.webpulsebharat.com/furniture',NULL,'1','1',NULL,'2','New Enquiry - GetManufacturers','webpulse.phpdev@gmail.com','','\n                <h3>New Enquiry from GetManufacturers</h3>\n                <p><strong>Name:</strong> test user</p>\n                <p><strong>Mobile:</strong> 8746985631</p>\n                <p><strong>Email:</strong> testingtesingtes@test.com</p>\n                <p><strong>City:</strong> delhi</p>\n                <p><strong>Looking For:</strong> delhi</p>\n                <p><strong>Date:</strong> 07 Nov 2025 05:58 AM</p>\n            ','','','','','',NULL,'2025-11-07 05:58:58','2025-11-07 05:58:58'),(242,49,127,11,0,'tst delhi','91','India','IN','2547874512','testdelhi@test.com','delhi',0,'delhi','https://www.webpulsebharat.com/delhi/furniture',NULL,'1','1',NULL,'2','New Enquiry - GetManufacturers','webpulse.phpdev@gmail.com','','\n                <h3>New Enquiry from GetManufacturers</h3>\n                <p><strong>Name:</strong> tst delhi</p>\n                <p><strong>Mobile:</strong> 2547874512</p>\n                <p><strong>Email:</strong> testdelhi@test.com</p>\n                <p><strong>City:</strong> delhi</p>\n                <p><strong>Looking For:</strong> delhi</p>\n                <p><strong>Date:</strong> 07 Nov 2025 06:04 AM</p>\n            ','','','','','',NULL,'2025-11-07 06:04:20','2025-11-07 06:04:20'),(252,21,105,0,0,'test','91','India','IN','5678888888','webpulse.phpdev3@gmail.com','Delhi',0,'dfgdsfg','https://www.webpulsebharat.com/agriculture-and-farming',NULL,'','0',NULL,'2','New Enquiry - GetManufacturers','webpulse.phpdev@gmail.com','','\n                <h3>New Enquiry from GetManufacturers</h3>\n                <p><strong>Name:</strong> test</p>\n                <p><strong>Mobile:</strong> 5678888888</p>\n                <p><strong>Email:</strong> webpulse.phpdev3@gmail.com</p>\n                <p><strong>City:</strong> Delhi</p>\n                <p><strong>Looking For:</strong> dfgdsfg</p>\n                <p><strong>Date:</strong> 07 Nov 2025 11:05 AM</p>\n            ','','','','','',NULL,'2025-11-07 11:05:14','2025-11-07 11:05:14'),(251,21,105,0,0,'test','91','India','in','3534546544',NULL,NULL,0,NULL,'https://www.webpulsebharat.com/agriculture-and-farming',NULL,'1','0',NULL,'2','New Enquiry - GetManufacturers','webpulse.phpdev@gmail.com','','\n                <h3>New Enquiry from GetManufacturers</h3>\n                <p><strong>Name:</strong> test</p>\n                <p><strong>Mobile:</strong> 3534546544</p>\n                <p><strong>Email:</strong> </p>\n                <p><strong>City:</strong> </p>\n                <p><strong>Looking For:</strong> </p>\n                <p><strong>Date:</strong> 07 Nov 2025 11:03 AM</p>\n            ','','','','','',NULL,'2025-11-07 11:03:14','2025-11-07 11:03:14'),(250,21,105,0,0,'testing enquiry','91','India','in','2324343544',NULL,NULL,0,NULL,'https://www.webpulsebharat.com/agriculture-and-farming',NULL,'0','0',NULL,'2','New Enquiry - GetManufacturers','webpulse.phpdev@gmail.com','','\n                <h3>New Enquiry from GetManufacturers</h3>\n                <p><strong>Name:</strong> testing enquiry</p>\n                <p><strong>Mobile:</strong> 2324343544</p>\n                <p><strong>Email:</strong> </p>\n                <p><strong>City:</strong> </p>\n                <p><strong>Looking For:</strong> </p>\n                <p><strong>Date:</strong> 07 Nov 2025 10:57 AM</p>\n            ','','','','','',NULL,'2025-11-07 10:57:04','2025-11-07 10:57:04'),(259,51,314,0,0,'sfasfsa','91','India','IN','9717102772','johnTester123@yopmail.com','stestas',0,'sfaf','https://www.webpulsebharat.com/antique-tables',NULL,'1','0',NULL,'2',NULL,'webpulse.phpdev@gmail.com',NULL,NULL,'180.151.90.44',NULL,NULL,NULL,NULL,NULL,'2025-11-13 16:39:26','2025-11-13 16:39:26'),(260,51,314,0,0,'sdefsdaf','91','India','IN','9717102772','testing@yopmail.com','sdfafdasf',0,'sdfafas','https://www.webpulsebharat.com/antique-tables',NULL,'0','0',NULL,'2',NULL,'webpulse.phpdev@gmail.com',NULL,NULL,'180.151.90.44',NULL,NULL,NULL,NULL,NULL,'2025-11-13 16:44:27','2025-11-13 16:44:27'),(261,51,314,0,0,'sfafasf','91','India','IN','9717102772','mikepeter123@gmail.com','ggggg',0,'dsfafasf','https://www.webpulsebharat.com/antique-tables',NULL,'0','0',NULL,'2',NULL,'webpulse.phpdev@gmail.com',NULL,NULL,'180.151.90.44',NULL,NULL,NULL,NULL,NULL,'2025-11-13 16:47:26','2025-11-13 16:47:26'),(262,51,314,NULL,0,'sdfafaf','91','India','IN','9717102772','johnTester123@yopmail.com','sdfsadfs',0,'sfafsaf','https://www.webpulsebharat.com/antique-tables',NULL,'0','0',NULL,'2',NULL,'webpulse.phpdev@gmail.com',NULL,NULL,'180.151.90.44','India','National Capital Territory of Delhi','New Delhi','28.6327','77.2198','2025-11-13 17:14:57','2025-11-13 17:14:57'),(263,51,313,79,0,'sfasdf','91','India','IN','9717102772','webpulse.phpdev@gmail.com','fasfas',0,'sdaf','https://www.webpulsebharat.com/delhi/hospital-furniture',NULL,'1','1',NULL,'2',NULL,'webpulse.phpdev@gmail.com',NULL,NULL,'180.151.90.44','India','National Capital Territory of Delhi','New Delhi','28.6327','77.2198','2025-11-14 16:24:48','2025-11-14 16:24:48'),(264,NULL,NULL,NULL,NULL,'test','','India','','111111111111','webpulse.phpdev3@gmail.com','New Delhi',NULL,NULL,'https://www.webpulsebharat.com/sai-furniture-art-46/contact-us','sdfgsdg','0','0',NULL,'2','New Enquiry - GetManufacturers','webpulse.phpdev3@gmail.com','webpulse.phpdev3@gmail.com','<h3>New Enquiry</h3>\n                                <p><strong>Name:</strong> test</p>\n                                <p><strong>Email:</strong> webpulse.phpdev3@gmail.com</p>\n                                <p><strong>Mobile:</strong> 111111111111</p>\n                                <p><strong>Location:</strong> New Delhi</p>\n                                <p><strong>Message:</strong> sdfgsdg</p>','180.151.90.44','India','National Capital Territory of Delhi','New Delhi','28.6327','77.2198','2025-11-18 10:15:34','2025-11-18 10:15:34'),(265,NULL,NULL,NULL,NULL,'Manoj Enquiry','','India','','111111111111','webpulse.phpdev3@gmail.com','New Delhi',NULL,NULL,'https://www.webpulsebharat.com/sai-furniture-art-46/contact-us','test','0','0',NULL,'2','New Enquiry - GetManufacturers','webpulse.phpdev3@gmail.com','webpulse.phpdev3@gmail.com','<h3>New Enquiry</h3>\n                                <p><strong>Name:</strong> Manoj Enquiry</p>\n                                <p><strong>Email:</strong> webpulse.phpdev3@gmail.com</p>\n                                <p><strong>Mobile:</strong> 111111111111</p>\n                                <p><strong>Location:</strong> New Delhi</p>\n                                <p><strong>Message:</strong> test</p>','180.151.90.44','India','National Capital Territory of Delhi','New Delhi','28.6327','77.2198','2025-11-18 10:16:22','2025-11-18 10:16:22'),(266,51,NULL,NULL,NULL,'Manoj Test','','India','','1234567890','webpulse.phpdev3@gmail.com','New Delhi',NULL,NULL,'https://www.webpulsebharat.com/sai-furniture-art-46/contact-us','Test','0','0',NULL,'2','New Enquiry - GetManufacturers','webpulse.phpdev3@gmail.com','webpulse.phpdev3@gmail.com','<h3>New Enquiry</h3>\n                                <p><strong>Name:</strong> Manoj Test</p>\n                                <p><strong>Email:</strong> webpulse.phpdev3@gmail.com</p>\n                                <p><strong>Mobile:</strong> 1234567890</p>\n                                <p><strong>Location:</strong> New Delhi</p>\n                                <p><strong>Message:</strong> Test</p>','180.151.90.44','India','National Capital Territory of Delhi','New Delhi','28.6327','77.2198','2025-11-18 10:18:51','2025-11-18 10:18:51'),(267,46,NULL,NULL,NULL,'test','','India','','111111111111','webpulse.phpdev3@gmail.com','New Delhi',NULL,NULL,'https://www.webpulsebharat.com/mkr-company-demo/contact-us','sdf','0','0',NULL,'2','New Enquiry - GetManufacturers','webpulse.phpdev3@gmail.com','webpulse.phpdev3@gmail.com','<h3>New Enquiry</h3>\n                                <p><strong>Name:</strong> test</p>\n                                <p><strong>Email:</strong> webpulse.phpdev3@gmail.com</p>\n                                <p><strong>Mobile:</strong> 111111111111</p>\n                                <p><strong>Location:</strong> New Delhi</p>\n                                <p><strong>Message:</strong> sdf</p>','180.151.90.44','India','National Capital Territory of Delhi','New Delhi','28.6327','77.2198','2025-11-18 10:23:45','2025-11-18 10:23:45'),(268,46,NULL,NULL,NULL,'test','','India','','111111111111','webpulse.phpdev3@gmail.com','New Delhi',NULL,NULL,'https://www.webpulsebharat.com/mkr-company-demo/apparel-fabrics-and-dress-materials','dfghfd','0','0',NULL,'2','New Enquiry - GetManufacturers','webpulse.phpdev3@gmail.com','webpulse.phpdev3@gmail.com','<h3>New Enquiry</h3>\n                                <p><strong>Name:</strong> test</p>\n                                <p><strong>Email:</strong> webpulse.phpdev3@gmail.com</p>\n                                <p><strong>Mobile:</strong> 111111111111</p>\n                                <p><strong>Location:</strong> New Delhi</p>\n                                <p><strong>Message:</strong> dfghfd</p>','180.151.90.44','India','National Capital Territory of Delhi','New Delhi','28.6327','77.2198','2025-11-18 10:28:15','2025-11-18 10:28:15'),(269,51,NULL,NULL,NULL,'Test Enquiry','91','India','in','7897742560','webpulse.phpdev3@gmail.com','New Delhi',NULL,NULL,'https://www.webpulsebharat.com/sai-furniture-art-46/antique-furniture','Test Enquiry','0','0',NULL,'2','New Enquiry - GetManufacturers','webpulse.phpdev3@gmail.com','webpulse.phpdev3@gmail.com','<h3>New Enquiry</h3>\n                           <p><strong>Name:</strong> Test Enquiry</p>\n                           <p><strong>Email:</strong> webpulse.phpdev3@gmail.com</p>\n                           <p><strong>Mobile:</strong> 7897742560</p>\n                           <p><strong>Category Name:</strong> Antique Furniture</p>\n                           <p><strong>Product Name:</strong> </p>\n                           <p><strong>Page URL:</strong> https://www.webpulsebharat.com/sai-furniture-art-46/antique-furniture</p>\n                           <p><strong>Country:</strong> India</p>\n                           <p><strong>Location:</strong> New Delhi</p>\n                           <p><strong>IP Address:</strong> 180.151.90.44</p>\n                           <p><strong>Message:</strong> Test Enquiry</p>','180.151.90.44','India','National Capital Territory of Delhi','New Delhi','28.6327','77.2198','2025-11-18 17:41:27','2025-11-18 17:41:27'),(270,42,NULL,NULL,NULL,'sdfsdaf','91','India','in','54454','sdfsaf@ga.com','New Delhi',NULL,NULL,'https://www.webpulsebharat.com/john-peter/contact-us','sdfasf','0','0',NULL,'2','New Enquiry - GetManufacturers','webpulse.phpdev3@gmail.com','webpulse.phpdev3@gmail.com','<h3>New Enquiry</h3>\n                           <p><strong>Name:</strong> sdfsdaf</p>\n                           <p><strong>Email:</strong> sdfsaf@ga.com</p>\n                           <p><strong>Mobile:</strong> 54454</p>\n                           \n                           \n                           <p><strong>Page URL:</strong> https://www.webpulsebharat.com/john-peter/contact-us</p>\n                           <p><strong>Country:</strong> India</p>\n                           <p><strong>Location:</strong> sfsaf</p>\n                           <p><strong>IP Address:</strong> 180.151.90.44</p>\n                           <p><strong>Message:</strong> sdfasf</p>','180.151.90.44','India','National Capital Territory of Delhi','New Delhi','28.6327','77.2198','2025-11-18 17:49:35','2025-11-18 17:49:35'),(271,42,NULL,NULL,NULL,'fsfs','91','India','in','454545','sdfsaf@testing.com','New Delhi',NULL,NULL,'https://www.webpulsebharat.com/john-peter/boys-clothes','sfaf','0','0',NULL,'2','New Enquiry - GetManufacturers','webpulse.phpdev3@gmail.com','webpulse.phpdev3@gmail.com','<h3>New Enquiry</h3>\n                           <p><strong>Name:</strong> fsfs</p>\n                           <p><strong>Email:</strong> sdfsaf@testing.com</p>\n                           <p><strong>Mobile:</strong> 454545</p>\n                           <p><strong>Category Name:</strong> Boys Clothes</p>\n                           \n                           <p><strong>Page URL:</strong> https://www.webpulsebharat.com/john-peter/boys-clothes</p>\n                           <p><strong>Country:</strong> India</p>\n                           <p><strong>Location:</strong> sdfaf</p>\n                           <p><strong>IP Address:</strong> 180.151.90.44</p>\n                           <p><strong>Message:</strong> sfaf</p>','180.151.90.44','India','National Capital Territory of Delhi','New Delhi','28.6327','77.2198','2025-11-18 17:52:41','2025-11-18 17:52:41'),(272,42,NULL,NULL,NULL,'sfaf','91','India','in','9714741214','sfaf@asasf.com','New Delhi',NULL,NULL,'https://www.webpulsebharat.com/john-peter/boys-clothes','safsf','0','0',NULL,'2','New Enquiry - GetManufacturers','webpulse.phpdev3@gmail.com','webpulse.phpdev3@gmail.com','<h3>New Enquiry</h3>\n                           <p><strong>Name:</strong> sfaf</p>\n                           <p><strong>Email:</strong> sfaf@asasf.com</p>\n                           <p><strong>Mobile:</strong> 9714741214</p>\n                           \n                           \n                           <p><strong>Page URL:</strong> https://www.webpulsebharat.com/john-peter/boys-clothes</p>\n                           <p><strong>Country:</strong> India</p>\n                           <p><strong>Location:</strong> sfasf</p>\n                           <p><strong>IP Address:</strong> 180.151.90.44</p>\n                           <p><strong>Message:</strong> safsf</p>','180.151.90.44','India','National Capital Territory of Delhi','New Delhi','28.6327','77.2198','2025-11-18 17:53:38','2025-11-18 17:53:38'),(273,46,NULL,NULL,NULL,'Manoj','91','India','in','4455555555','','New Delhi',NULL,NULL,'https://www.webpulsebharat.com/mkr-company-demo','','0','0',NULL,'2','New WhatsApp Enquiry - GetManufacturers','webpulse.phpdev3@gmail.com','webpulse.phpdev3@gmail.com','<h3>New WhatsApp Enquiry</h3>\n                           <p><strong>Name:</strong> Manoj</p>\n                           <p><strong>Phone:</strong> 4455555555</p>\n                           \n                           <p><strong>Country:</strong> India</p>\n                           \n                           ','180.151.90.44','India','National Capital Territory of Delhi','New Delhi','28.6327','77.2198','2025-11-19 11:24:07','2025-11-19 11:24:07'),(277,51,NULL,NULL,NULL,'Manoj Kumar','91','India','in','7897742560','webpulse.phpdev3@gmail.com','New Delhi',NULL,NULL,'https://www.webpulsebharat.com/sai-furniture-art-46/contact-us','Testing','0','0',NULL,'2','New Enquiry - GetManufacturers','webpulse.phpdev3@gmail.com','webpulse.phpdev3@gmail.com','<h3>New Enquiry</h3>\n                           <p><strong>Name:</strong> Test Enquiry contact page</p>\n                           <p><strong>Email:</strong> webpulse.phpdev3@gmail.com</p>\n                           <p><strong>Mobile:</strong> 7897742560</p>\n                           \n                           \n                           <p><strong>Page URL:</strong> https://www.webpulsebharat.com/sai-furniture-art-46/contact-us</p>\n                           <p><strong>Country:</strong> India</p>\n                           <p><strong>Location:</strong> New Delhi</p>\n                           <p><strong>IP Address:</strong> 180.151.90.44</p>\n                           <p><strong>Message:</strong> Testing</p>','180.151.90.44','India','National Capital Territory of Delhi','New Delhi','28.6327','77.2198','2025-11-19 16:28:39','2025-11-19 16:28:39'),(278,51,NULL,NULL,NULL,'Manoj Kumar','91','India','in','7897742560','webpulse.phpdev3@gmail.com','New Delhi',NULL,NULL,'https://www.webpulsebharat.com/sai-furniture-art-46/antique-furniture','Test popup enquiry form','0','0',NULL,'2','New Enquiry - GetManufacturers','webpulse.phpdev3@gmail.com','webpulse.phpdev3@gmail.com','<h3>New Enquiry</h3>\n                           <p><strong>Name:</strong> Manoj Kumar</p>\n                           <p><strong>Email:</strong> webpulse.phpdev3@gmail.com</p>\n                           <p><strong>Mobile:</strong> 7897742560</p>\n                           \n                           \n                           <p><strong>Page URL:</strong> https://www.webpulsebharat.com/sai-furniture-art-46/antique-furniture</p>\n                           <p><strong>Country:</strong> India</p>\n                           <p><strong>Location:</strong> Delhi</p>\n                           <p><strong>IP Address:</strong> 180.151.90.44</p>\n                           <p><strong>Message:</strong> Test popup enquiry form</p>','180.151.90.44','India','National Capital Territory of Delhi','New Delhi','28.6327','77.2198','2025-11-19 16:34:42','2025-11-19 16:34:42'),(279,51,NULL,NULL,NULL,'Manoj WhatsApp enquiry','91','India','in','7897742560','','New Delhi',NULL,NULL,'https://www.webpulsebharat.com/sai-furniture-art-46/antique-furniture','','0','0',NULL,'2','New WhatsApp Enquiry - GetManufacturers','webpulse.phpdev3@gmail.com','webpulse.phpdev3@gmail.com','<h3>New WhatsApp Enquiry</h3>\n                           <p><strong>Name:</strong> Manoj WhatsApp enquiry</p>\n                           <p><strong>Phone:</strong> 7897742560</p>\n                           \n                           <p><strong>Country:</strong> India</p>\n                           \n                           ','180.151.90.44','India','National Capital Territory of Delhi','New Delhi','28.6327','77.2198','2025-11-19 16:37:05','2025-11-19 16:37:05'),(280,51,NULL,NULL,NULL,'Manoj','39','Italy','it','12345','webpulse.phpdev3@gmail.com','New Delhi',NULL,NULL,'https://www.webpulsebharat.com/sai-furniture-art-46/antique-furniture','Test enquiry','0','0',NULL,'2','New Enquiry - GetManufacturers','webpulse.phpdev3@gmail.com','webpulse.phpdev3@gmail.com','<h3>New Enquiry</h3>\n                           <p><strong>Name:</strong> Manoj</p>\n                           <p><strong>Email:</strong> webpulse.phpdev3@gmail.com</p>\n                           <p><strong>Mobile:</strong> 12345</p>\n                           \n                           <p><strong>Product Name:</strong> Antique Furniture</p>\n                           <p><strong>Page URL:</strong> https://www.webpulsebharat.com/sai-furniture-art-46/antique-furniture</p>\n                           <p><strong>Country:</strong> Italy</p>\n                           <p><strong>Location:</strong> New Delhi</p>\n                           <p><strong>IP Address:</strong> 180.151.90.44</p>\n                           <p><strong>Message:</strong> Test enquiry</p>','180.151.90.44','India','National Capital Territory of Delhi','New Delhi','28.6327','77.2198','2025-11-19 16:37:51','2025-11-19 16:37:51'),(281,51,NULL,NULL,NULL,'Test by manoj category page','91','India','in','1234567890','webpulse.phpdev3@gmail.com','New Delhi',NULL,NULL,'https://www.webpulsebharat.com/sai-furniture-art-46/antique-furniture','Testing','0','0',NULL,'2','New Enquiry - GetManufacturers','webpulse.phpdev3@gmail.com','webpulse.phpdev3@gmail.com','<h3>New Enquiry</h3>\n                           <p><strong>Name:</strong> Test by manoj category page</p>\n                           <p><strong>Email:</strong> webpulse.phpdev3@gmail.com</p>\n                           <p><strong>Mobile:</strong> 1234567890</p>\n                           <p><strong>Category Name:</strong> Antique Furniture</p>\n                           \n                           <p><strong>Page URL:</strong> https://www.webpulsebharat.com/sai-furniture-art-46/antique-furniture</p>\n                           <p><strong>Country:</strong> India</p>\n                           <p><strong>Location:</strong> New Delhi</p>\n                           <p><strong>IP Address:</strong> 180.151.90.44</p>\n                           <p><strong>Message:</strong> Testing</p>','180.151.90.44','India','National Capital Territory of Delhi','New Delhi','28.6327','77.2198','2025-11-19 16:39:27','2025-11-19 16:39:27'),(282,51,NULL,NULL,NULL,'Test by manoj','91','India','in','7897742560','webpulse.phpdev3@gmail.com','New Delhi',NULL,NULL,'https://www.webpulsebharat.com/sai-furniture-art-46/bathroom-furniture','Testing by request a qoute form','0','0',NULL,'2','New Enquiry - GetManufacturers','webpulse.phpdev3@gmail.com','webpulse.phpdev3@gmail.com','<h3>New Enquiry</h3>\n                           <p><strong>Name:</strong> Test by manoj</p>\n                           <p><strong>Email:</strong> webpulse.phpdev3@gmail.com</p>\n                           <p><strong>Mobile:</strong> 7897742560</p>\n                           \n                           \n                           <p><strong>Page URL:</strong> https://www.webpulsebharat.com/sai-furniture-art-46/bathroom-furniture</p>\n                           <p><strong>Country:</strong> India</p>\n                           <p><strong>Location:</strong> New Delhi</p>\n                           <p><strong>IP Address:</strong> 180.151.90.44</p>\n                           <p><strong>Message:</strong> Testing by request a qoute form</p>','180.151.90.44','India','National Capital Territory of Delhi','New Delhi','28.6327','77.2198','2025-11-19 16:41:00','2025-11-19 16:41:00'),(283,51,NULL,NULL,NULL,'Manoj','91','India','in','7897742560','webpulse.phpdev3@gmail.com','New Delhi',NULL,NULL,'https://www.webpulsebharat.com/sai-furniture-art-46/about-us','Testing','0','0',NULL,'2','New Enquiry - GetManufacturers','webpulse.phpdev3@gmail.com','webpulse.phpdev3@gmail.com','<h3>New Enquiry</h3>\n                           <p><strong>Name:</strong> Manoj</p>\n                           <p><strong>Email:</strong> webpulse.phpdev3@gmail.com</p>\n                           <p><strong>Mobile:</strong> 7897742560</p>\n                           \n                           \n                           <p><strong>Page URL:</strong> https://www.webpulsebharat.com/sai-furniture-art-46/about-us</p>\n                           <p><strong>Country:</strong> India</p>\n                           <p><strong>Location:</strong> New Delhi</p>\n                           <p><strong>IP Address:</strong> 180.151.90.44</p>\n                           <p><strong>Message:</strong> Testing</p>','180.151.90.44','India','National Capital Territory of Delhi','New Delhi','28.6327','77.2198','2025-11-19 17:21:21','2025-11-19 17:21:21'),(284,51,NULL,NULL,NULL,'Ajay','91','India','in','1233445556','ajay@gmail.com','New Delhi',NULL,NULL,'https://www.webpulsebharat.com/sai-furniture-art-46/about-us','Testing','0','0',NULL,'2','New Enquiry - GetManufacturers','webpulse.phpdev3@gmail.com','webpulse.phpdev3@gmail.com','<h3>New Enquiry</h3>\n                           <p><strong>Name:</strong> Ajay</p>\n                           <p><strong>Email:</strong> ajay@gmail.com</p>\n                           <p><strong>Mobile:</strong> 1233445556</p>\n                           \n                           \n                           <p><strong>Page URL:</strong> https://www.webpulsebharat.com/sai-furniture-art-46/about-us</p>\n                           <p><strong>Country:</strong> India</p>\n                           <p><strong>Location:</strong> New Delhi</p>\n                           <p><strong>IP Address:</strong> 180.151.90.44</p>\n                           <p><strong>Message:</strong> Testing</p>','180.151.90.44','India','National Capital Territory of Delhi','New Delhi','28.6327','77.2198','2025-11-19 17:24:55','2025-11-19 17:24:55'),(285,51,NULL,NULL,NULL,'test','91','India','in','1222222222','admin@gmail.com','New Delhi',NULL,NULL,'https://www.webpulsebharat.com/sai-furniture-art-46/about-us','fgfdh','0','0',NULL,'2','New Enquiry - GetManufacturers','webpulse.phpdev3@gmail.com','webpulse.phpdev3@gmail.com','<h3>New Enquiry</h3>\n                           <p><strong>Name:</strong> test</p>\n                           <p><strong>Email:</strong> admin@gmail.com</p>\n                           <p><strong>Mobile:</strong> 1222222222</p>\n                           \n                           \n                           <p><strong>Page URL:</strong> https://www.webpulsebharat.com/sai-furniture-art-46/about-us</p>\n                           <p><strong>Country:</strong> India</p>\n                           <p><strong>Location:</strong> New Delhi</p>\n                           <p><strong>IP Address:</strong> 180.151.90.44</p>\n                           <p><strong>Message:</strong> fgfdh</p>','180.151.90.44','India','National Capital Territory of Delhi','New Delhi','28.6327','77.2198','2025-11-19 17:27:34','2025-11-19 17:27:34'),(286,51,NULL,NULL,NULL,'Test enquiry about page','91','India','in','1234567890','webpulse.phpdev3@gmail.com','New Delhi',NULL,NULL,'https://www.webpulsebharat.com/sai-furniture-art-46/about-us','Testing','0','0',NULL,'2','New Enquiry - GetManufacturers','webpulse.phpdev3@gmail.com','webpulse.phpdev3@gmail.com','<h3>New Enquiry</h3>\n                           <p><strong>Name:</strong> Test enquiry about page</p>\n                           <p><strong>Email:</strong> webpulse.phpdev3@gmail.com</p>\n                           <p><strong>Mobile:</strong> 1234567890</p>\n                           \n                           \n                           <p><strong>Page URL:</strong> https://www.webpulsebharat.com/sai-furniture-art-46/about-us</p>\n                           <p><strong>Country:</strong> India</p>\n                           <p><strong>Location:</strong> New Delhi</p>\n                           <p><strong>IP Address:</strong> 180.151.90.44</p>\n                           <p><strong>Message:</strong> Testing</p>','180.151.90.44','India','National Capital Territory of Delhi','New Delhi','28.6327','77.2198','2025-11-19 17:28:50','2025-11-19 17:28:50'),(287,51,NULL,NULL,NULL,'Test Enquiry','91','India','in','1234565555','webpulse.phpdev3@gmail.com','New Delhi',NULL,NULL,'https://www.webpulsebharat.com/sai-furniture-art-46/furniture','test','0','0',NULL,'2','New Enquiry - GetManufacturers','webpulse.phpdev3@gmail.com','webpulse.phpdev3@gmail.com','<h3>New Enquiry</h3>\n                           <p><strong>Name:</strong> Test Enquiry</p>\n                           <p><strong>Email:</strong> webpulse.phpdev3@gmail.com</p>\n                           <p><strong>Mobile:</strong> 1234565555</p>\n                           \n                           \n                           <p><strong>Page URL:</strong> https://www.webpulsebharat.com/sai-furniture-art-46/furniture</p>\n                           <p><strong>Country:</strong> India</p>\n                           <p><strong>Location:</strong> webpulse.phpdev3@gmail.com</p>\n                           <p><strong>IP Address:</strong> 180.151.90.44</p>\n                           <p><strong>Message:</strong> test</p>','180.151.90.44','India','National Capital Territory of Delhi','New Delhi','28.6327','77.2198','2025-11-19 17:30:40','2025-11-19 17:30:40'),(288,51,NULL,NULL,NULL,'Manoj Test enquiry','91','India','in','1234566778','webpulse.phpdev3@gmail.com','New Delhi',NULL,NULL,'https://www.webpulsebharat.com/sai-furniture-art-46/carved-sofa-set','Test','0','0',NULL,'2','New Enquiry - GetManufacturers','webpulse.phpdev3@gmail.com','webpulse.phpdev3@gmail.com','<h3>New Enquiry</h3>\n                           <p><strong>Name:</strong> Manoj Test enquiry</p>\n                           <p><strong>Email:</strong> webpulse.phpdev3@gmail.com</p>\n                           <p><strong>Mobile:</strong> 1234566778</p>\n                           \n                           <p><strong>Product Name:</strong> Designer Sofa Set</p>\n                           <p><strong>Page URL:</strong> https://www.webpulsebharat.com/sai-furniture-art-46/carved-sofa-set</p>\n                           <p><strong>Country:</strong> India</p>\n                           <p><strong>Location:</strong> New Delhi</p>\n                           <p><strong>IP Address:</strong> 180.151.90.44</p>\n                           <p><strong>Message:</strong> Test</p>','180.151.90.44','India','National Capital Territory of Delhi','New Delhi','28.6327','77.2198','2025-11-20 16:03:53','2025-11-20 16:03:53'),(289,0,15,NULL,0,'Tapeshwar Pandit','91','India','IN','9717102772','testemail@yopmail.com','Gurgaon',0,'Furniture','https://www.getmanufacturers.com/ladies-kurtis',NULL,'1','1',NULL,'2',NULL,'webpulse.phpdev@gmail.com',NULL,NULL,'180.151.90.44','India','National Capital Territory of Delhi','New Delhi','28.6327','77.2198','2025-11-21 14:13:00','2025-11-21 14:13:00'),(290,0,306,NULL,0,'Chandra Shreesh','91','India','IN','9876543210','chandra@webpulseindia.com','Haryana',0,'gsdg','https://www.getmanufacturers.com/antique-furniture',NULL,'0','0',NULL,'2',NULL,'webpulse.phpdev@gmail.com',NULL,NULL,'180.151.90.44','India','National Capital Territory of Delhi','New Delhi','28.6327','77.2198','2025-11-21 16:02:49','2025-11-21 16:02:49'),(291,0,2950,584,0,'Basha','91','India','IN','7200251118','akrambasha@hotmail.com','TIRUPATTUR',0,'Osmania Biscuit Distributor in Tirupattur, Tamil Nadu','https://www.getmanufacturers.com/hyderabad/osmania-biscuit',NULL,'1','1',NULL,'1',NULL,'webpulse.phpdev@gmail.com',NULL,NULL,'59.93.242.210','India','Tamil Nadu','Vellore','12.9202','79.1306','2025-11-22 11:39:53','2025-11-22 11:39:53'),(292,0,916,NULL,0,'Tim Kusek ','1','United States','US','4148775030','orders@rock-wellautomation.com','Milwaukee ',0,'Lithium batteries.','https://www.getmanufacturers.com/batteries-inverters',NULL,'0','1',NULL,'1',NULL,'webpulse.phpdev@gmail.com',NULL,NULL,'135.125.204.66','Germany','Hesse','Limburg an der Lahn','50.3986','8.07958','2025-11-22 12:42:30','2025-11-22 12:42:30'),(293,0,916,NULL,0,'Tim Kusek ','1','United States','US','4148775030','orders@rock-wellautomation.com','Milwaukee ',0,'Lithium batteries.','https://www.getmanufacturers.com/batteries-inverters',NULL,'0','0',NULL,'1',NULL,'webpulse.phpdev@gmail.com',NULL,NULL,'135.125.204.66','Germany','Hesse','Limburg an der Lahn','50.3986','8.07958','2025-11-22 12:43:57','2025-11-22 12:43:57'),(294,NULL,NULL,NULL,NULL,'Testing','91','India','IN','9717102772','webpulse.phpdev@gmail.com','New Delhi',NULL,NULL,NULL,'testing','0','0',NULL,'1',NULL,NULL,NULL,NULL,NULL,NULL,NULL,NULL,NULL,NULL,'2025-11-24 14:10:02','2025-11-24 01:40:02'),(295,NULL,NULL,NULL,NULL,'Testing contact us','91','India','IN','9658745478','johnTester123@yopmail.com','Gurgaon',NULL,NULL,'https://www.getmanufacturers.com/contact-us','testing testing','0','0',NULL,'1',NULL,NULL,NULL,NULL,'180.151.90.44','India','National Capital Territory of Delhi','New Delhi','28.6327','77.2198','2025-11-24 14:17:05','2025-11-24 01:47:05'),(296,NULL,NULL,NULL,NULL,'Rahul Ranjan Singh','91','India','IN','9911244888','support@webpulseindia.com','dl',NULL,NULL,'https://www.getmanufacturers.com/contact-us','test','0','0',NULL,'1',NULL,NULL,NULL,NULL,'49.205.40.238','India','National Capital Territory of Delhi','New Delhi','28.6327','77.2198','2025-11-24 17:33:08','2025-11-24 05:03:08'),(297,0,319,0,0,'test','91','India','in','9717102772',NULL,NULL,0,NULL,'https://www.getmanufacturers.com/bathroom-cabinet',NULL,'0','0',NULL,'1',NULL,'webpulseindia@gmail.com',NULL,NULL,'180.151.90.44','India','National Capital Territory of Delhi','New Delhi','28.6327','77.2198','2025-11-24 18:16:15','2025-11-24 18:16:15'),(298,0,1447,0,0,'Manoj Test enquiry','91','India','in','7897742560',NULL,NULL,0,NULL,'https://www.getmanufacturers.com/animal-feed',NULL,'0','0',NULL,'1',NULL,'webpulseindia@gmail.com',NULL,NULL,'180.151.90.44','India','National Capital Territory of Delhi','New Delhi','28.6327','77.2198','2025-11-25 10:47:46','2025-11-25 10:47:46');

--
-- Table structure for table `gm_homepage_meta`
--

CREATE TABLE `gm_homepage_meta` (
  `id` int(11) NOT NULL AUTO_INCREMENT,
  `meta_title` varchar(255) DEFAULT NULL,
  `meta_description` text,
  `meta_keywords` text,
  `created_at` datetime NOT NULL DEFAULT CURRENT_TIMESTAMP,
  `updated_at` datetime NOT NULL DEFAULT CURRENT_TIMESTAMP,
  PRIMARY KEY (`id`)
) ENGINE=InnoDB DEFAULT CHARSET=latin1;

--
-- Dumping data for table `gm_homepage_meta`
--


--
-- Table structure for table `gm_indian_regions_list`
--

CREATE TABLE `gm_indian_regions_list` (
  `region_id` int(11) NOT NULL AUTO_INCREMENT,
  `region_name` varchar(255) NOT NULL,
  `status` enum('1','0') NOT NULL DEFAULT '1',
  `created_at` datetime NOT NULL DEFAULT CURRENT_TIMESTAMP,
  `updated_at` datetime DEFAULT NULL,
  PRIMARY KEY (`region_id`)
) ENGINE=InnoDB AUTO_INCREMENT=8 DEFAULT CHARSET=latin1;

--
-- Dumping data for table `gm_indian_regions_list`
--

INSERT INTO `gm_indian_regions_list` VALUES (1,'North India','1','2025-09-16 08:18:09',NULL),(2,'South India','1','2025-09-16 08:18:09',NULL),(3,'East India','1','2025-09-16 08:19:10',NULL),(4,'West India','1','2025-09-16 08:19:10',NULL),(5,'Northeast India','1','2025-09-16 08:19:35',NULL),(6,'Central India','1','2025-09-16 08:22:25',NULL),(7,'Union Territory','1','2025-09-16 08:42:04',NULL);

--
-- Table structure for table `gm_indian_states_list`
--

CREATE TABLE `gm_indian_states_list` (
  `state_id` int(11) NOT NULL AUTO_INCREMENT,
  `country_id` int(11) NOT NULL DEFAULT '102',
  `state_name` varchar(100) NOT NULL,
  `region_id` int(11) NOT NULL,
  PRIMARY KEY (`state_id`)
) ENGINE=InnoDB AUTO_INCREMENT=37 DEFAULT CHARSET=latin1;

--
-- Dumping data for table `gm_indian_states_list`
--

INSERT INTO `gm_indian_states_list` VALUES (2,1,'Jharkhand',3),(4,1,'Andaman and Nicobar Islands',7),(5,1,'Andhra Pradesh',2),(6,1,'Arunachal Pradesh',5),(7,1,'Assam',5),(8,1,'Bihar',3),(9,1,'Chhattisgarh',6),(10,1,'Daman and Diu',7),(11,1,'Delhi',1),(12,1,'Goa',4),(13,1,'Gujarat',4),(14,1,'Haryana',1),(15,1,'Himachal Pradesh',1),(16,1,'Jammu and Kashmir',1),(17,1,'Karnataka',2),(18,1,'Kerala',2),(19,1,'Ladakh',7),(20,1,'Madhya Pradesh',6),(21,1,'Maharashtra',4),(22,1,'Manipur',5),(23,1,'Meghalaya',5),(24,1,'Mizoram',5),(25,1,'Nagaland',5),(26,1,'Odisha',3),(27,1,'Pondicherry',7),(28,1,'Punjab',1),(29,1,'Rajasthan',1),(30,1,'Sikkim',5),(31,1,'Tamil Nadu',2),(32,1,'Telangana',2),(33,1,'Tripura',5),(34,1,'Uttar Pradesh',1),(35,1,'Uttarakhand',1),(36,1,'West Bengal',3);

--
-- Table structure for table `gm_location`
--

CREATE TABLE `gm_location` (
  `location_id` int(11) NOT NULL AUTO_INCREMENT,
  `parent_id` int(11) NOT NULL DEFAULT '0',
  `location_name` varchar(255) CHARACTER SET utf8mb4 COLLATE utf8mb4_unicode_ci NOT NULL,
  `location_url` varchar(255) CHARACTER SET utf8mb4 COLLATE utf8mb4_unicode_ci DEFAULT NULL,
  `meta_title` varchar(255) CHARACTER SET utf8mb4 COLLATE utf8mb4_unicode_ci DEFAULT NULL,
  `meta_keyword` text CHARACTER SET utf8mb4 COLLATE utf8mb4_unicode_ci,
  `meta_description` text CHARACTER SET utf8mb4 COLLATE utf8mb4_unicode_ci,
  `latitude` decimal(10,8) DEFAULT NULL,
  `longitude` decimal(11,8) DEFAULT NULL,
  `sort_order` int(11) NOT NULL DEFAULT '0',
  `status` enum('1','0','2') NOT NULL DEFAULT '1',
  `is_featured` enum('0','1') NOT NULL DEFAULT '0',
  `added_date` datetime NOT NULL DEFAULT CURRENT_TIMESTAMP,
  PRIMARY KEY (`location_id`),
  KEY `parentID` (`parent_id`)
) ENGINE=MyISAM AUTO_INCREMENT=3164 DEFAULT CHARSET=latin1;

--
-- Dumping data for table `gm_location`
--

INSERT INTO `gm_location` VALUES (1,0,'Asia','asia',NULL,NULL,NULL,NULL,NULL,0,'1','0','2025-11-12 13:55:57'),(2,0,'Europe','europe',NULL,NULL,NULL,NULL,NULL,0,'1','0','2025-11-12 13:57:01'),(3,0,'Africa','africa',NULL,NULL,NULL,NULL,NULL,0,'1','0','2025-11-12 13:57:19'),(4,0,'North America','north-america',NULL,NULL,NULL,NULL,NULL,0,'1','0','2025-11-12 13:57:52'),(5,0,'South America','south-america',NULL,NULL,NULL,NULL,NULL,0,'1','0','2025-11-12 13:58:13'),(6,0,'Australia/Oceania','australiaoceania',NULL,NULL,NULL,NULL,NULL,0,'1','0','2025-11-12 13:58:45'),(7,1,'India','india',NULL,NULL,NULL,NULL,NULL,0,'1','0','2025-11-12 03:47:15'),(8,1,'Bangladesh','bangladesh',NULL,NULL,NULL,NULL,NULL,0,'1','0','2025-11-12 03:47:15'),(9,1,'Indonesia','indonesia',NULL,NULL,NULL,NULL,NULL,0,'1','0','2025-11-12 03:47:15'),(10,1,'Kuwait','kuwait',NULL,NULL,NULL,NULL,NULL,0,'1','0','2025-11-12 03:47:15'),(11,1,'Malaysia','malaysia',NULL,NULL,NULL,NULL,NULL,0,'1','0','2025-11-12 03:47:15'),(12,1,'Myanmar','myanmar',NULL,NULL,NULL,NULL,NULL,0,'0','0','2025-11-12 03:47:15'),(13,1,'Nepal','nepal',NULL,NULL,NULL,NULL,NULL,0,'1','0','2025-11-12 03:47:15'),(14,1,'Oman','oman',NULL,NULL,NULL,NULL,NULL,0,'1','0','2025-11-12 03:47:15'),(15,1,'Philippines','philippines',NULL,NULL,NULL,NULL,NULL,0,'1','0','2025-11-12 03:47:15'),(16,1,'Qatar','qatar',NULL,NULL,NULL,NULL,NULL,0,'1','0','2025-11-12 03:47:15'),(17,1,'Saudi Arabia','saudi-arabia',NULL,NULL,NULL,NULL,NULL,0,'1','0','2025-11-12 03:47:15'),(18,1,'Singapore','singapore',NULL,NULL,NULL,NULL,NULL,0,'1','0','2025-11-12 03:47:15'),(19,1,'Sri Lanka','sri-lanka',NULL,NULL,NULL,NULL,NULL,0,'1','0','2025-11-12 03:47:15'),(20,1,'Thailand','thailand',NULL,NULL,NULL,NULL,NULL,0,'1','0','2025-11-12 03:47:15'),(21,1,'United Arab Emirates (UAE)','united-arab-emirates-uae',NULL,NULL,NULL,NULL,NULL,0,'1','0','2025-11-12 03:47:15'),(22,1,'Japan','japan',NULL,NULL,NULL,NULL,NULL,0,'1','0','2025-11-12 03:47:15'),(23,1,'South Korea','south-korea',NULL,NULL,NULL,NULL,NULL,0,'1','0','2025-11-12 03:47:15'),(24,1,'Turkey','turkey',NULL,NULL,NULL,NULL,NULL,0,'1','0','2025-11-12 03:47:15'),(25,1,'Taiwan','taiwan',NULL,NULL,NULL,NULL,NULL,0,'1','0','2025-11-12 03:47:15'),(26,1,'Pakistan','pakistan',NULL,NULL,NULL,NULL,NULL,0,'1','0','2025-11-12 03:47:15'),(27,1,'Israel','israel',NULL,NULL,NULL,NULL,NULL,0,'1','0','2025-11-12 03:47:15'),(28,1,'Vietnam','vietnam',NULL,NULL,NULL,NULL,NULL,0,'1','0','2025-11-12 03:47:15'),(29,1,'Hong Kong','hong-kong',NULL,NULL,NULL,NULL,NULL,0,'1','0','2025-11-12 03:47:15'),(30,1,'new countryname','new-countryname',NULL,NULL,NULL,NULL,NULL,0,'2','0','2025-11-12 03:47:15'),(31,6,'Australia','australia',NULL,NULL,NULL,NULL,NULL,0,'1','0','2025-11-12 03:49:42'),(32,3,'Guinea','guinea',NULL,NULL,NULL,NULL,NULL,0,'1','0','2025-11-12 03:49:42'),(33,3,'Kenya','kenya',NULL,NULL,NULL,NULL,NULL,0,'1','0','2025-11-12 03:49:42'),(34,3,'Mauritius','mauritius',NULL,NULL,NULL,NULL,NULL,0,'1','0','2025-11-12 03:49:42'),(35,3,'South Africa','south-africa',NULL,NULL,NULL,NULL,NULL,0,'1','0','2025-11-12 03:49:42'),(36,3,'Nigeria','nigeria',NULL,NULL,NULL,NULL,NULL,0,'1','0','2025-11-12 03:49:42'),(37,2,'Russia','russia',NULL,NULL,NULL,NULL,NULL,0,'0','0','2025-11-12 03:49:42'),(38,3,'Yemen','yemen',NULL,NULL,NULL,NULL,NULL,0,'0','0','2025-11-12 03:49:42'),(39,1,'China','china',NULL,NULL,NULL,NULL,NULL,0,'1','0','2025-11-12 03:49:42'),(40,3,'Iraq','iraq',NULL,NULL,NULL,NULL,NULL,0,'0','0','2025-11-12 03:49:42'),(41,3,'Egypt','egypt',NULL,NULL,NULL,NULL,NULL,0,'1','0','2025-11-12 03:49:42'),(42,2,'Denmark','denmark',NULL,NULL,NULL,NULL,NULL,0,'1','0','2025-11-12 03:52:39'),(43,2,'France','france',NULL,NULL,NULL,NULL,NULL,0,'1','0','2025-11-12 03:52:39'),(44,2,'Germany','germany',NULL,NULL,NULL,NULL,NULL,0,'1','0','2025-11-12 03:52:39'),(45,2,'Italy','italy',NULL,NULL,NULL,NULL,NULL,0,'1','0','2025-11-12 03:52:39'),(46,2,'Netherlands','netherlands',NULL,NULL,NULL,NULL,NULL,0,'1','0','2025-11-12 03:52:39'),(47,2,'Poland','poland',NULL,NULL,NULL,NULL,NULL,0,'1','0','2025-11-12 03:52:39'),(48,2,'Spain','spain',NULL,NULL,NULL,NULL,NULL,0,'1','0','2025-11-12 03:52:39'),(49,2,'Sweden','sweden',NULL,NULL,NULL,NULL,NULL,0,'1','0','2025-11-12 03:52:39'),(50,2,'Switzerland','switzerland',NULL,NULL,NULL,NULL,NULL,0,'1','0','2025-11-12 03:52:39'),(51,2,'United Kingdom (UK)','united-kingdom-uk',NULL,NULL,NULL,NULL,NULL,0,'1','0','2025-11-12 03:52:39'),(52,2,'Greece','greece',NULL,NULL,NULL,NULL,NULL,0,'1','0','2025-11-12 03:52:39'),(53,2,'Belgium','belgium',NULL,NULL,NULL,NULL,NULL,0,'1','0','2025-11-12 03:52:39'),(54,2,'Czech Republic','czech-republic',NULL,NULL,NULL,NULL,NULL,0,'1','0','2025-11-12 03:52:39'),(55,2,'Portugal','portugal',NULL,NULL,NULL,NULL,NULL,0,'1','0','2025-11-12 03:52:39'),(56,2,'Finland','finland',NULL,NULL,NULL,NULL,NULL,0,'1','0','2025-11-12 03:52:39'),(57,2,'Austria','austria',NULL,NULL,NULL,NULL,NULL,0,'1','0','2025-11-12 03:52:39'),(58,2,'Norway','norway',NULL,NULL,NULL,NULL,NULL,0,'1','0','2025-11-12 03:52:39'),(59,2,'Ireland','ireland',NULL,NULL,NULL,NULL,NULL,0,'1','0','2025-11-12 03:52:39'),(60,4,'Canada','canada',NULL,NULL,NULL,NULL,NULL,0,'1','0','2025-11-12 03:53:29'),(61,4,'United States of America (USA)','united-states-of-america-usa',NULL,NULL,NULL,NULL,NULL,0,'1','0','2025-11-12 03:53:29'),(62,4,'Mexico','mexico',NULL,NULL,NULL,NULL,NULL,0,'1','0','2025-11-12 03:53:29'),(63,5,'Guyana','guyana',NULL,NULL,NULL,NULL,NULL,0,'1','0','2025-11-12 03:53:55'),(64,5,'Suriname','suriname',NULL,NULL,NULL,NULL,NULL,0,'1','0','2025-11-12 03:53:55'),(65,5,'Brazil','brazil',NULL,NULL,NULL,NULL,NULL,0,'1','0','2025-11-12 03:53:55'),(66,5,'Peru','peru',NULL,NULL,NULL,NULL,NULL,0,'1','0','2025-11-12 03:53:55'),(67,5,'Argentina','argentina',NULL,NULL,NULL,NULL,NULL,0,'1','0','2025-11-12 03:53:55'),(68,5,'Chile','chile',NULL,NULL,NULL,NULL,NULL,0,'1','0','2025-11-12 03:53:55'),(69,5,'Colombia','colombia',NULL,NULL,NULL,NULL,NULL,0,'1','0','2025-11-12 03:53:55'),(70,6,'Fiji','fiji',NULL,NULL,NULL,NULL,NULL,0,'1','0','2025-11-12 03:54:16'),(71,6,'New Zealand','new-zealand',NULL,NULL,NULL,NULL,NULL,0,'1','0','2025-11-12 03:54:16'),(72,7,'North India','north-india','','','',NULL,NULL,0,'1','0','2025-11-12 14:34:01'),(73,7,'South India','south-india','','','',NULL,NULL,0,'1','0','2025-11-12 14:34:13'),(74,7,'East India','east-india','','','',NULL,NULL,0,'1','0','2025-11-12 14:34:25'),(75,7,'West India','west-india','','','',NULL,NULL,0,'1','0','2025-11-12 14:34:34'),(76,7,'Northeast India','northeast-india','','','',NULL,NULL,0,'1','0','2025-11-12 14:34:49'),(77,7,'Central India','central-india','','','',NULL,NULL,0,'1','0','2025-11-12 14:35:00'),(78,7,'Union Territory','union-territory','','','',NULL,NULL,0,'1','0','2025-11-12 14:35:14'),(79,72,'Delhi','delhi',NULL,NULL,NULL,NULL,NULL,0,'1','1','2025-11-12 04:17:13'),(80,72,'Haryana','haryana',NULL,NULL,NULL,NULL,NULL,0,'1','0','2025-11-12 04:17:13'),(81,72,'Himachal Pradesh','himachal-pradesh',NULL,NULL,NULL,NULL,NULL,0,'1','0','2025-11-12 04:17:13'),(82,72,'Jammu and Kashmir','jammu-and-kashmir',NULL,NULL,NULL,NULL,NULL,0,'1','0','2025-11-12 04:17:13'),(83,72,'Punjab','punjab',NULL,NULL,NULL,NULL,NULL,0,'1','0','2025-11-12 04:17:13'),(84,72,'Rajasthan','rajasthan',NULL,NULL,NULL,NULL,NULL,0,'1','0','2025-11-12 04:17:13'),(85,72,'Uttar Pradesh','uttar-pradesh',NULL,NULL,NULL,NULL,NULL,0,'1','0','2025-11-12 04:17:13'),(86,72,'Uttarakhand','uttarakhand',NULL,NULL,NULL,NULL,NULL,0,'1','0','2025-11-12 04:17:13'),(87,73,'Andhra Pradesh','andhra-pradesh',NULL,NULL,NULL,NULL,NULL,0,'1','0','2025-11-12 04:18:46'),(88,73,'Karnataka','karnataka',NULL,NULL,NULL,NULL,NULL,0,'1','0','2025-11-12 04:18:46'),(89,73,'Kerala','kerala',NULL,NULL,NULL,NULL,NULL,0,'1','0','2025-11-12 04:18:46'),(90,73,'Tamil Nadu','tamil-nadu',NULL,NULL,NULL,NULL,NULL,0,'1','0','2025-11-12 04:18:46'),(91,73,'Telangana','telangana',NULL,NULL,NULL,NULL,NULL,0,'1','0','2025-11-12 04:18:46'),(92,74,'Jharkhand','jharkhand',NULL,NULL,NULL,NULL,NULL,0,'1','0','2025-11-12 04:20:00'),(93,74,'Bihar','bihar',NULL,NULL,NULL,NULL,NULL,0,'1','0','2025-11-12 04:20:00'),(94,74,'Odisha','odisha',NULL,NULL,NULL,NULL,NULL,0,'1','0','2025-11-12 04:20:00'),(95,74,'West Bengal','west-bengal',NULL,NULL,NULL,NULL,NULL,0,'1','0','2025-11-12 04:20:00'),(96,75,'Goa','goa',NULL,NULL,NULL,NULL,NULL,0,'1','0','2025-11-12 04:21:06'),(97,75,'Gujarat','gujarat',NULL,NULL,NULL,NULL,NULL,0,'1','0','2025-11-12 04:21:06'),(98,75,'Maharashtra','maharashtra',NULL,NULL,NULL,NULL,NULL,0,'1','0','2025-11-12 04:21:06'),(99,76,'Arunachal Pradesh','arunachal-pradesh',NULL,NULL,NULL,NULL,NULL,0,'1','0','2025-11-12 04:21:51'),(100,76,'Assam','assam',NULL,NULL,NULL,NULL,NULL,0,'1','0','2025-11-12 04:21:51'),(101,76,'Manipur','manipur',NULL,NULL,NULL,NULL,NULL,0,'1','0','2025-11-12 04:21:51'),(102,76,'Meghalaya','meghalaya',NULL,NULL,NULL,NULL,NULL,0,'1','0','2025-11-12 04:21:51'),(103,76,'Mizoram','mizoram',NULL,NULL,NULL,NULL,NULL,0,'1','0','2025-11-12 04:21:51'),(104,76,'Nagaland','nagaland',NULL,NULL,NULL,NULL,NULL,0,'1','0','2025-11-12 04:21:51'),(105,76,'Sikkim','sikkim',NULL,NULL,NULL,NULL,NULL,0,'1','0','2025-11-12 04:21:51'),(106,76,'Tripura','tripura',NULL,NULL,NULL,NULL,NULL,0,'1','0','2025-11-12 04:21:51'),(107,77,'Chhattisgarh','chhattisgarh',NULL,NULL,NULL,NULL,NULL,0,'1','0','2025-11-12 04:22:18'),(108,77,'Madhya Pradesh','madhya-pradesh',NULL,NULL,NULL,NULL,NULL,0,'1','0','2025-11-12 04:22:18'),(109,78,'Andaman and Nicobar Islands','andaman-and-nicobar-islands',NULL,NULL,NULL,NULL,NULL,0,'1','0','2025-11-12 04:23:10'),(110,78,'Daman and Diu','daman-and-diu',NULL,NULL,NULL,NULL,NULL,0,'1','0','2025-11-12 04:23:10'),(111,78,'Ladakh','ladakh',NULL,NULL,NULL,NULL,NULL,0,'1','0','2025-11-12 04:23:10'),(112,78,'Pondicherry','pondicherry',NULL,NULL,NULL,NULL,NULL,0,'1','0','2025-11-12 04:23:10'),(113,79,'Delhi','delhi',NULL,NULL,NULL,NULL,NULL,0,'1','0','2025-11-12 04:30:32'),(114,79,'New Delhi','new-delhi',NULL,NULL,NULL,NULL,NULL,0,'1','0','2025-11-12 04:30:32'),(115,79,'Central Delhi','central-delhi',NULL,NULL,NULL,NULL,NULL,0,'1','0','2025-11-12 04:30:32'),(116,79,'East Delhi','east-delhi',NULL,NULL,NULL,NULL,NULL,0,'1','0','2025-11-12 04:30:32'),(117,79,'North Delhi','north-delhi',NULL,NULL,NULL,NULL,NULL,0,'1','0','2025-11-12 04:30:32'),(118,79,'North East Delhi','north-east-delhi',NULL,NULL,NULL,NULL,NULL,0,'1','0','2025-11-12 04:30:32'),(119,79,'North West Delhi','north-west-delhi',NULL,NULL,NULL,NULL,NULL,0,'1','0','2025-11-12 04:30:32'),(120,79,'Shahdara','shahdara',NULL,NULL,NULL,NULL,NULL,0,'1','0','2025-11-12 04:30:32'),(121,79,'South Delhi','south-delhi',NULL,NULL,NULL,NULL,NULL,0,'1','0','2025-11-12 04:30:32'),(122,79,'South East Delhi','south-east-delhi',NULL,NULL,NULL,NULL,NULL,0,'1','0','2025-11-12 04:30:32'),(123,79,'South West Delhi','south-west-delhi',NULL,NULL,NULL,NULL,NULL,0,'1','0','2025-11-12 04:30:32'),(124,79,'Alipur','alipur',NULL,NULL,NULL,NULL,NULL,0,'1','0','2025-11-12 04:30:32'),(125,79,'Ashok Nagar','ashok-nagar',NULL,NULL,NULL,NULL,NULL,0,'1','0','2025-11-12 04:30:32'),(126,79,'Baljit Nagar','baljit-nagar',NULL,NULL,NULL,NULL,NULL,0,'1','0','2025-11-12 04:30:32'),(127,79,'Barakhamba Road','barakhamba-road',NULL,NULL,NULL,NULL,NULL,0,'1','0','2025-11-12 04:30:32'),(128,79,'Bawana','bawana',NULL,NULL,NULL,NULL,NULL,0,'1','0','2025-11-12 04:30:32'),(129,79,'Bhikaji Cama Place','bhikaji-cama-place',NULL,NULL,NULL,NULL,NULL,0,'1','0','2025-11-12 04:30:32'),(130,79,'Bijwasan','bijwasan',NULL,NULL,NULL,NULL,NULL,0,'1','0','2025-11-12 04:30:32'),(131,79,'Chanakya Place','chanakya-place',NULL,NULL,NULL,NULL,NULL,0,'1','0','2025-11-12 04:30:32'),(132,79,'Chanakyapuri','chanakyapuri',NULL,NULL,NULL,NULL,NULL,0,'1','0','2025-11-12 04:30:32'),(133,79,'Chandni Chowk','chandni-chowk',NULL,NULL,NULL,NULL,NULL,0,'1','0','2025-11-12 04:30:32'),(134,79,'Civil Lines','civil-lines',NULL,NULL,NULL,NULL,NULL,0,'1','0','2025-11-12 04:30:32'),(135,79,'Connaught Place','connaught-place',NULL,NULL,NULL,NULL,NULL,0,'1','0','2025-11-12 04:30:32'),(136,79,'Daryaganj','daryaganj',NULL,NULL,NULL,NULL,NULL,0,'1','0','2025-11-12 04:30:32'),(137,79,'Defence Colony','defence-colony',NULL,NULL,NULL,NULL,NULL,0,'1','0','2025-11-12 04:30:32'),(138,79,'Delhi Cantt','delhi-cantt',NULL,NULL,NULL,NULL,NULL,0,'1','0','2025-11-12 04:30:32'),(139,79,'Dhaula Kuan','dhaula-kuan',NULL,NULL,NULL,NULL,NULL,0,'1','0','2025-11-12 04:30:32'),(140,79,'Dilshad Garden','dilshad-garden',NULL,NULL,NULL,NULL,NULL,0,'1','0','2025-11-12 04:30:32'),(141,79,'Dwarka','dwarka',NULL,NULL,NULL,NULL,NULL,0,'1','0','2025-11-12 04:30:32'),(142,79,'Fateh Nagar','fateh-nagar',NULL,NULL,NULL,NULL,NULL,0,'1','0','2025-11-12 04:30:32'),(143,79,'Gandhi Nagar','gandhi-nagar',NULL,NULL,NULL,NULL,NULL,0,'1','0','2025-11-12 04:30:32'),(144,79,'Gautam Nagar','gautam-nagar',NULL,NULL,NULL,NULL,NULL,0,'1','0','2025-11-12 04:30:32'),(145,79,'Geeta Colony','geeta-colony',NULL,NULL,NULL,NULL,NULL,0,'1','0','2025-11-12 04:30:32'),(146,79,'Greater Kailash','greater-kailash',NULL,NULL,NULL,NULL,NULL,0,'1','0','2025-11-12 04:30:32'),(147,79,'Hari Nagar','hari-nagar',NULL,NULL,NULL,NULL,NULL,0,'1','0','2025-11-12 04:30:32'),(148,79,'Hauz Khas','hauz-khas',NULL,NULL,NULL,NULL,NULL,0,'1','0','2025-11-12 04:30:32'),(149,79,'Inderlok','inderlok',NULL,NULL,NULL,NULL,NULL,0,'1','0','2025-11-12 04:30:32'),(150,79,'Jahangirpuri','jahangirpuri',NULL,NULL,NULL,NULL,NULL,0,'1','0','2025-11-12 04:30:32'),(151,79,'Janakpuri','janakpuri',NULL,NULL,NULL,NULL,NULL,0,'1','0','2025-11-12 04:30:32'),(152,79,'Kailash Colony','kailash-colony',NULL,NULL,NULL,NULL,NULL,0,'1','0','2025-11-12 04:30:32'),(153,79,'Kalkaji','kalkaji',NULL,NULL,NULL,NULL,NULL,0,'1','0','2025-11-12 04:30:32'),(154,79,'Kamla Nagar','kamla-nagar',NULL,NULL,NULL,NULL,NULL,0,'1','0','2025-11-12 04:30:32'),(155,79,'Kanjhawala','kanjhawala',NULL,NULL,NULL,NULL,NULL,0,'1','0','2025-11-12 04:30:32'),(156,79,'Kapashera','kapashera',NULL,NULL,NULL,NULL,NULL,0,'1','0','2025-11-12 04:30:32'),(157,79,'Karawal Nagar','karawal-nagar',NULL,NULL,NULL,NULL,NULL,0,'1','0','2025-11-12 04:30:32'),(158,79,'Karol Bagh','karol-bagh',NULL,NULL,NULL,NULL,NULL,0,'1','0','2025-11-12 04:30:32'),(159,79,'Kashmiri Gate','kashmiri-gate',NULL,NULL,NULL,NULL,NULL,0,'1','0','2025-11-12 04:30:32'),(160,79,'Keshav Puram','keshav-puram',NULL,NULL,NULL,NULL,NULL,0,'1','0','2025-11-12 04:30:32'),(161,79,'Khan Market','khan-market',NULL,NULL,NULL,NULL,NULL,0,'1','0','2025-11-12 04:30:32'),(162,79,'Kirti Nagar','kirti-nagar',NULL,NULL,NULL,NULL,NULL,0,'1','0','2025-11-12 04:30:32'),(163,79,'Lajpat Nagar','lajpat-nagar',NULL,NULL,NULL,NULL,NULL,0,'1','0','2025-11-12 04:30:32'),(164,79,'Laxmi Nagar','laxmi-nagar',NULL,NULL,NULL,NULL,NULL,0,'1','0','2025-11-12 04:30:32'),(165,79,'Lodhi Road','lodhi-road',NULL,NULL,NULL,NULL,NULL,0,'1','0','2025-11-12 04:30:32'),(166,79,'Malviya Nagar','malviya-nagar',NULL,NULL,NULL,NULL,NULL,0,'1','0','2025-11-12 04:30:32'),(167,79,'Mayapuri','mayapuri',NULL,NULL,NULL,NULL,NULL,0,'1','0','2025-11-12 04:30:32'),(168,79,'Mayur Vihar','mayur-vihar',NULL,NULL,NULL,NULL,NULL,0,'1','0','2025-11-12 04:30:32'),(169,79,'Mehrauli','mehrauli',NULL,NULL,NULL,NULL,NULL,0,'1','0','2025-11-12 04:30:32'),(170,79,'Model Town','model-town',NULL,NULL,NULL,NULL,NULL,0,'1','0','2025-11-12 04:30:32'),(171,79,'Moti Nagar','moti-nagar',NULL,NULL,NULL,NULL,NULL,0,'1','0','2025-11-12 04:30:32'),(172,79,'Mundka','mundka',NULL,NULL,NULL,NULL,NULL,0,'1','0','2025-11-12 04:30:32'),(173,79,'Najafgarh','najafgarh',NULL,NULL,NULL,NULL,NULL,0,'1','0','2025-11-12 04:30:32'),(174,79,'Nangloi','nangloi',NULL,NULL,NULL,NULL,NULL,0,'1','0','2025-11-12 04:30:32'),(175,79,'Naraina','naraina',NULL,NULL,NULL,NULL,NULL,0,'1','0','2025-11-12 04:30:32'),(176,79,'Narela','narela',NULL,NULL,NULL,NULL,NULL,0,'1','0','2025-11-12 04:30:32'),(177,79,'Nehru Place','nehru-place',NULL,NULL,NULL,NULL,NULL,0,'1','0','2025-11-12 04:30:32'),(178,79,'New Friends Colony','new-friends-colony',NULL,NULL,NULL,NULL,NULL,0,'1','0','2025-11-12 04:30:32'),(179,79,'Nizamuddin','nizamuddin',NULL,NULL,NULL,NULL,NULL,0,'1','0','2025-11-12 04:30:32'),(180,79,'Okhla','okhla',NULL,NULL,NULL,NULL,NULL,0,'1','0','2025-11-12 04:30:32'),(181,79,'Palam','palam',NULL,NULL,NULL,NULL,NULL,0,'1','0','2025-11-12 04:30:32'),(182,79,'Paschim Vihar','paschim-vihar',NULL,NULL,NULL,NULL,NULL,0,'1','0','2025-11-12 04:30:32'),(183,79,'Patel Nagar','patel-nagar',NULL,NULL,NULL,NULL,NULL,0,'1','0','2025-11-12 04:30:32'),(184,79,'Pitam Pura','pitam-pura',NULL,NULL,NULL,NULL,NULL,0,'1','0','2025-11-12 04:30:32'),(185,79,'Preet Vihar','preet-vihar',NULL,NULL,NULL,NULL,NULL,0,'1','0','2025-11-12 04:30:32'),(186,79,'Punjabi Bagh','punjabi-bagh',NULL,NULL,NULL,NULL,NULL,0,'1','0','2025-11-12 04:30:32'),(187,79,'R K Puram','r-k-puram',NULL,NULL,NULL,NULL,NULL,0,'1','0','2025-11-12 04:30:32'),(188,79,'Rajokri','rajokri',NULL,NULL,NULL,NULL,NULL,0,'1','0','2025-11-12 04:30:32'),(189,79,'Rajouri Garden','rajouri-garden',NULL,NULL,NULL,NULL,NULL,0,'1','0','2025-11-12 04:30:32'),(190,79,'Ramesh Nagar','ramesh-nagar',NULL,NULL,NULL,NULL,NULL,0,'1','0','2025-11-12 04:30:32'),(191,79,'Rani Bagh','rani-bagh',NULL,NULL,NULL,NULL,NULL,0,'1','0','2025-11-12 04:30:32'),(192,79,'Rithala','rithala',NULL,NULL,NULL,NULL,NULL,0,'1','0','2025-11-12 04:30:32'),(193,79,'Rohini','rohini',NULL,NULL,NULL,NULL,NULL,0,'1','0','2025-11-12 04:30:32'),(194,79,'Sadar Bazar','sadar-bazar',NULL,NULL,NULL,NULL,NULL,0,'1','0','2025-11-12 04:30:32'),(195,79,'Safdarjung','safdarjung',NULL,NULL,NULL,NULL,NULL,0,'1','0','2025-11-12 04:30:32'),(196,79,'Saket','saket',NULL,NULL,NULL,NULL,NULL,0,'1','0','2025-11-12 04:30:32'),(197,79,'Saraswati Vihar','saraswati-vihar',NULL,NULL,NULL,NULL,NULL,0,'1','0','2025-11-12 04:30:32'),(198,79,'Sarita Vihar','sarita-vihar',NULL,NULL,NULL,NULL,NULL,0,'1','0','2025-11-12 04:30:32'),(199,79,'Sarojini Nagar','sarojini-nagar',NULL,NULL,NULL,NULL,NULL,0,'1','0','2025-11-12 04:30:32'),(200,79,'Seelampur','seelampur',NULL,NULL,NULL,NULL,NULL,0,'1','0','2025-11-12 04:30:32'),(201,79,'Seemapuri','seemapuri',NULL,NULL,NULL,NULL,NULL,0,'1','0','2025-11-12 04:30:32'),(202,79,'Shadipur','shadipur',NULL,NULL,NULL,NULL,NULL,0,'1','0','2025-11-12 04:30:32'),(203,79,'Tilak Nagar','tilak-nagar',NULL,NULL,NULL,NULL,NULL,0,'1','0','2025-11-12 04:30:32'),(204,79,'Tagore Garden','tagore-garden',NULL,NULL,NULL,NULL,NULL,0,'1','0','2025-11-12 04:30:32'),(205,79,'Subhash Nagar','subhash-nagar',NULL,NULL,NULL,NULL,NULL,0,'1','0','2025-11-12 04:30:32'),(206,79,'South Extension','south-extension',NULL,NULL,NULL,NULL,NULL,0,'1','0','2025-11-12 04:30:32'),(207,79,'Shradhanand Marg','shradhanand-marg',NULL,NULL,NULL,NULL,NULL,0,'1','0','2025-11-12 04:30:32'),(208,79,'Shalimar Garden','shalimar-garden',NULL,NULL,NULL,NULL,NULL,0,'1','0','2025-11-12 04:30:32'),(209,79,'Uttam Nagar','uttam-nagar',NULL,NULL,NULL,NULL,NULL,0,'1','0','2025-11-12 04:30:32'),(210,79,'Vasant Kunj','vasant-kunj',NULL,NULL,NULL,NULL,NULL,0,'1','0','2025-11-12 04:30:32'),(211,79,'Vasant Vihar','vasant-vihar',NULL,NULL,NULL,NULL,NULL,0,'1','0','2025-11-12 04:30:32'),(212,79,'Vikaspuri','vikaspuri',NULL,NULL,NULL,NULL,NULL,0,'1','0','2025-11-12 04:30:32'),(213,79,'Vivek Vihar','vivek-vihar',NULL,NULL,NULL,NULL,NULL,0,'1','0','2025-11-12 04:30:32'),(214,79,'Yamuna Vihar','yamuna-vihar',NULL,NULL,NULL,NULL,NULL,0,'1','0','2025-11-12 04:30:32'),(215,79,'West Delhi','west-delhi',NULL,NULL,NULL,NULL,NULL,0,'1','0','2025-11-12 04:30:32'),(216,80,'Haryana','haryana',NULL,NULL,NULL,NULL,NULL,0,'1','0','2025-11-12 04:32:41'),(217,80,'Ambala','ambala',NULL,NULL,NULL,NULL,NULL,0,'1','0','2025-11-12 04:32:41'),(218,80,'Bhiwani','bhiwani',NULL,NULL,NULL,NULL,NULL,0,'1','0','2025-11-12 04:32:41'),(219,80,'Faridabad','faridabad',NULL,NULL,NULL,NULL,NULL,0,'1','0','2025-11-12 04:32:41'),(220,80,'Firozpur Jhirka','firozpur-jhirka',NULL,NULL,NULL,NULL,NULL,0,'1','0','2025-11-12 04:32:41'),(221,80,'Gurugram','gurugram',NULL,NULL,NULL,NULL,NULL,0,'1','1','2025-11-12 04:32:41'),(222,80,'Hansi','hansi',NULL,NULL,NULL,NULL,NULL,0,'1','0','2025-11-12 04:32:41'),(223,80,'Hisar','hisar',NULL,NULL,NULL,NULL,NULL,0,'1','0','2025-11-12 04:32:41'),(224,80,'Jind','jind',NULL,NULL,NULL,NULL,NULL,0,'1','0','2025-11-12 04:32:41'),(225,80,'Kaithal','kaithal',NULL,NULL,NULL,NULL,NULL,0,'1','0','2025-11-12 04:32:41'),(226,80,'Karnal','karnal',NULL,NULL,NULL,NULL,NULL,0,'1','0','2025-11-12 04:32:41'),(227,80,'Kurukshetra','kurukshetra',NULL,NULL,NULL,NULL,NULL,0,'1','0','2025-11-12 04:32:41'),(228,80,'Panipat','panipat',NULL,NULL,NULL,NULL,NULL,0,'1','0','2025-11-12 04:32:41'),(229,80,'Pehowa','pehowa',NULL,NULL,NULL,NULL,NULL,0,'1','0','2025-11-12 04:32:41'),(230,80,'Rewari','rewari',NULL,NULL,NULL,NULL,NULL,0,'1','0','2025-11-12 04:32:41'),(231,80,'Rohtak','rohtak',NULL,NULL,NULL,NULL,NULL,0,'1','0','2025-11-12 04:32:41'),(232,80,'Sirsa','sirsa',NULL,NULL,NULL,NULL,NULL,0,'1','0','2025-11-12 04:32:41'),(233,80,'Sonipat','sonipat',NULL,NULL,NULL,NULL,NULL,0,'1','0','2025-11-12 04:32:41'),(234,80,'Panchkula','panchkula',NULL,NULL,NULL,NULL,NULL,0,'1','0','2025-11-12 04:32:41'),(235,80,'Yamunanagar','yamunanagar',NULL,NULL,NULL,NULL,NULL,0,'1','0','2025-11-12 04:32:41'),(236,80,'Palwal','palwal',NULL,NULL,NULL,NULL,NULL,0,'1','0','2025-11-12 04:32:41'),(237,80,'Mewat','mewat',NULL,NULL,NULL,NULL,NULL,0,'1','0','2025-11-12 04:32:41'),(238,80,'Gurgaon','gurgaon',NULL,NULL,NULL,NULL,NULL,0,'1','0','2025-11-12 04:32:41'),(239,80,'Mahendragarh','mahendragarh',NULL,NULL,NULL,NULL,NULL,0,'1','0','2025-11-12 04:32:41'),(240,80,'Fatehabad','fatehabad',NULL,NULL,NULL,NULL,NULL,0,'1','0','2025-11-12 04:32:41'),(241,80,'Jhajjar','jhajjar',NULL,NULL,NULL,NULL,NULL,0,'1','0','2025-11-12 04:32:41'),(242,81,'Himachal Pradesh','himachal-pradesh',NULL,NULL,NULL,NULL,NULL,0,'1','0','2025-11-12 04:33:17'),(243,81,'Chamba','chamba',NULL,NULL,NULL,NULL,NULL,0,'1','0','2025-11-12 04:33:17'),(244,81,'Dalhousie','dalhousie',NULL,NULL,NULL,NULL,NULL,0,'1','0','2025-11-12 04:33:17'),(245,81,'Dharamshala','dharamshala',NULL,NULL,NULL,NULL,NULL,0,'1','0','2025-11-12 04:33:17'),(246,81,'Hamirpur','hamirpur',NULL,NULL,NULL,NULL,NULL,0,'1','0','2025-11-12 04:33:17'),(247,81,'Kangra','kangra',NULL,NULL,NULL,NULL,NULL,0,'1','0','2025-11-12 04:33:17'),(248,81,'Kullu','kullu',NULL,NULL,NULL,NULL,NULL,0,'1','0','2025-11-12 04:33:17'),(249,81,'Mandi','mandi',NULL,NULL,NULL,NULL,NULL,0,'1','0','2025-11-12 04:33:17'),(250,81,'Nahan','nahan',NULL,NULL,NULL,NULL,NULL,0,'1','0','2025-11-12 04:33:17'),(251,81,'Shimla','shimla',NULL,NULL,NULL,NULL,NULL,0,'1','0','2025-11-12 04:33:17'),(252,81,'Solan','solan',NULL,NULL,NULL,NULL,NULL,0,'1','0','2025-11-12 04:33:17'),(253,81,'Una','una',NULL,NULL,NULL,NULL,NULL,0,'1','0','2025-11-12 04:33:17'),(254,81,'Lahaul and Spiti','lahaul-and-spiti',NULL,NULL,NULL,NULL,NULL,0,'1','0','2025-11-12 04:33:17'),(255,81,'Kinnaur','kinnaur',NULL,NULL,NULL,NULL,NULL,0,'1','0','2025-11-12 04:33:17'),(256,81,'Sirmaur','sirmaur',NULL,NULL,NULL,NULL,NULL,0,'1','0','2025-11-12 04:33:17'),(257,82,'Jammu and Kashmir','jammu-and-kashmir',NULL,NULL,NULL,NULL,NULL,0,'1','0','2025-11-12 04:38:14'),(258,82,'Anantnag','anantnag',NULL,NULL,NULL,NULL,NULL,0,'1','0','2025-11-12 04:38:14'),(259,82,'Baramulla','baramulla',NULL,NULL,NULL,NULL,NULL,0,'1','0','2025-11-12 04:38:14'),(260,82,'Doda','doda',NULL,NULL,NULL,NULL,NULL,0,'1','0','2025-11-12 04:38:14'),(261,82,'Gulmarg','gulmarg',NULL,NULL,NULL,NULL,NULL,0,'1','0','2025-11-12 04:38:14'),(262,82,'Jammu','jammu',NULL,NULL,NULL,NULL,NULL,0,'1','0','2025-11-12 04:38:14'),(263,82,'Kathua','kathua',NULL,NULL,NULL,NULL,NULL,0,'1','0','2025-11-12 04:38:14'),(264,82,'Poonch','poonch',NULL,NULL,NULL,NULL,NULL,0,'1','0','2025-11-12 04:38:14'),(265,82,'Rajouri','rajouri',NULL,NULL,NULL,NULL,NULL,0,'1','0','2025-11-12 04:38:14'),(266,82,'Srinagar','srinagar',NULL,NULL,NULL,NULL,NULL,0,'1','0','2025-11-12 04:38:14'),(267,82,'Udhampur','udhampur',NULL,NULL,NULL,NULL,NULL,0,'1','0','2025-11-12 04:38:14'),(268,82,'Reasi','reasi',NULL,NULL,NULL,NULL,NULL,0,'1','0','2025-11-12 04:38:14'),(269,82,'Shopian','shopian',NULL,NULL,NULL,NULL,NULL,0,'1','0','2025-11-12 04:38:14'),(270,82,'Ganderbal','ganderbal',NULL,NULL,NULL,NULL,NULL,0,'1','0','2025-11-12 04:38:14'),(271,82,'Ramban','ramban',NULL,NULL,NULL,NULL,NULL,0,'1','0','2025-11-12 04:38:14'),(272,82,'Kupwara','kupwara',NULL,NULL,NULL,NULL,NULL,0,'1','0','2025-11-12 04:38:14'),(273,82,'Kulgam','kulgam',NULL,NULL,NULL,NULL,NULL,0,'1','0','2025-11-12 04:38:14'),(274,82,'Samba','samba',NULL,NULL,NULL,NULL,NULL,0,'1','0','2025-11-12 04:38:14'),(275,82,'Pulwama','pulwama',NULL,NULL,NULL,NULL,NULL,0,'1','0','2025-11-12 04:38:14'),(276,82,'Budgam','budgam',NULL,NULL,NULL,NULL,NULL,0,'1','0','2025-11-12 04:38:14'),(277,83,'Punjab','punjab',NULL,NULL,NULL,NULL,NULL,0,'1','0','2025-11-12 04:38:51'),(278,83,'Amritsar','amritsar',NULL,NULL,NULL,NULL,NULL,0,'1','0','2025-11-12 04:38:51'),(279,83,'Batala','batala',NULL,NULL,NULL,NULL,NULL,0,'1','0','2025-11-12 04:38:51'),(280,83,'Bathinda','bathinda',NULL,NULL,NULL,NULL,NULL,0,'1','0','2025-11-12 04:38:51'),(281,83,'Chandigarh','chandigarh',NULL,NULL,NULL,NULL,NULL,0,'1','1','2025-11-12 04:38:51'),(282,83,'Faridkot','faridkot',NULL,NULL,NULL,NULL,NULL,0,'1','0','2025-11-12 04:38:51'),(283,83,'Firozpur','firozpur',NULL,NULL,NULL,NULL,NULL,0,'1','0','2025-11-12 04:38:51'),(284,83,'Gurdaspur','gurdaspur',NULL,NULL,NULL,NULL,NULL,0,'1','0','2025-11-12 04:38:51'),(285,83,'Hoshiarpur','hoshiarpur',NULL,NULL,NULL,NULL,NULL,0,'1','0','2025-11-12 04:38:51'),(286,83,'Jalandhar','jalandhar',NULL,NULL,NULL,NULL,NULL,0,'1','0','2025-11-12 04:38:51'),(287,83,'Kapurthala','kapurthala',NULL,NULL,NULL,NULL,NULL,0,'1','0','2025-11-12 04:38:51'),(288,83,'Ludhiana','ludhiana',NULL,NULL,NULL,NULL,NULL,0,'1','0','2025-11-12 04:38:51'),(289,83,'Nabha','nabha',NULL,NULL,NULL,NULL,NULL,0,'1','0','2025-11-12 04:38:51'),(290,83,'Patiala','patiala',NULL,NULL,NULL,NULL,NULL,0,'1','0','2025-11-12 04:38:51'),(291,83,'Rupnagar','rupnagar',NULL,NULL,NULL,NULL,NULL,0,'1','0','2025-11-12 04:38:51'),(292,83,'Sangrur','sangrur',NULL,NULL,NULL,NULL,NULL,0,'1','0','2025-11-12 04:38:51'),(293,83,'Nawanshahr','nawanshahr',NULL,NULL,NULL,NULL,NULL,0,'1','0','2025-11-12 04:38:51'),(294,83,'Pathankot','pathankot',NULL,NULL,NULL,NULL,NULL,0,'1','0','2025-11-12 04:38:51'),(295,83,'Fazilka','fazilka',NULL,NULL,NULL,NULL,NULL,0,'1','0','2025-11-12 04:38:51'),(296,83,'Muktsar','muktsar',NULL,NULL,NULL,NULL,NULL,0,'1','0','2025-11-12 04:38:51'),(297,83,'Barnala','barnala',NULL,NULL,NULL,NULL,NULL,0,'1','0','2025-11-12 04:38:51'),(298,83,'Mansa','mansa',NULL,NULL,NULL,NULL,NULL,0,'1','0','2025-11-12 04:38:51'),(299,83,'Tarn Taran Sahib','tarn-taran-sahib',NULL,NULL,NULL,NULL,NULL,0,'1','0','2025-11-12 04:38:51'),(300,83,'Fatehgarh Sahib','fatehgarh-sahib',NULL,NULL,NULL,NULL,NULL,0,'1','0','2025-11-12 04:38:51'),(301,83,'Moga','moga',NULL,NULL,NULL,NULL,NULL,0,'1','0','2025-11-12 04:38:51'),(302,83,'Mohali','mohali',NULL,NULL,NULL,NULL,NULL,0,'1','0','2025-11-12 04:38:51'),(303,84,'Rajasthan','rajasthan',NULL,NULL,NULL,NULL,NULL,0,'1','0','2025-11-12 04:39:49'),(304,84,'Ajmer','ajmer',NULL,NULL,NULL,NULL,NULL,0,'1','0','2025-11-12 04:39:49'),(305,84,'Alwar','alwar',NULL,NULL,NULL,NULL,NULL,0,'1','0','2025-11-12 04:39:49'),(306,84,'Amer','amer',NULL,NULL,NULL,NULL,NULL,0,'1','0','2025-11-12 04:39:49'),(307,84,'Barmer','barmer',NULL,NULL,NULL,NULL,NULL,0,'1','0','2025-11-12 04:39:49'),(308,84,'Beawar','beawar',NULL,NULL,NULL,NULL,NULL,0,'1','0','2025-11-12 04:39:49'),(309,84,'Bharatpur','bharatpur',NULL,NULL,NULL,NULL,NULL,0,'1','0','2025-11-12 04:39:49'),(310,84,'Bhilwara','bhilwara',NULL,NULL,NULL,NULL,NULL,0,'1','0','2025-11-12 04:39:49'),(311,84,'Bikaner','bikaner',NULL,NULL,NULL,NULL,NULL,0,'1','0','2025-11-12 04:39:49'),(312,84,'Bundi','bundi',NULL,NULL,NULL,NULL,NULL,0,'1','0','2025-11-12 04:39:49'),(313,84,'Chittorgarh','chittorgarh',NULL,NULL,NULL,NULL,NULL,0,'1','0','2025-11-12 04:39:49'),(314,84,'Churu','churu',NULL,NULL,NULL,NULL,NULL,0,'1','0','2025-11-12 04:39:49'),(315,84,'Dholpur','dholpur',NULL,NULL,NULL,NULL,NULL,0,'1','0','2025-11-12 04:39:49'),(316,84,'Dungarpur','dungarpur',NULL,NULL,NULL,NULL,NULL,0,'1','0','2025-11-12 04:39:49'),(317,84,'Hanumangarh','hanumangarh',NULL,NULL,NULL,NULL,NULL,0,'1','0','2025-11-12 04:39:49'),(318,84,'Jaipur','jaipur',NULL,NULL,NULL,NULL,NULL,0,'1','0','2025-11-12 04:39:49'),(319,84,'Jaisalmer','jaisalmer',NULL,NULL,NULL,NULL,NULL,0,'1','0','2025-11-12 04:39:49'),(320,84,'Jalore','jalore',NULL,NULL,NULL,NULL,NULL,0,'1','0','2025-11-12 04:39:49'),(321,84,'Jhalawar','jhalawar',NULL,NULL,NULL,NULL,NULL,0,'1','0','2025-11-12 04:39:49'),(322,84,'Jhunjhunu','jhunjhunu',NULL,NULL,NULL,NULL,NULL,0,'1','0','2025-11-12 04:39:49'),(323,84,'Jodhpur','jodhpur',NULL,NULL,NULL,NULL,NULL,0,'1','0','2025-11-12 04:39:49'),(324,84,'Kishangarh','kishangarh',NULL,NULL,NULL,NULL,NULL,0,'1','0','2025-11-12 04:39:49'),(325,84,'Kota','kota',NULL,NULL,NULL,NULL,NULL,0,'1','0','2025-11-12 04:39:49'),(326,84,'Merta','merta',NULL,NULL,NULL,NULL,NULL,0,'1','0','2025-11-12 04:39:49'),(327,84,'Mount Abu','mount-abu',NULL,NULL,NULL,NULL,NULL,0,'1','0','2025-11-12 04:39:49'),(328,84,'Nagaur','nagaur',NULL,NULL,NULL,NULL,NULL,0,'1','0','2025-11-12 04:39:49'),(329,84,'Nathdwara','nathdwara',NULL,NULL,NULL,NULL,NULL,0,'1','0','2025-11-12 04:39:49'),(330,84,'Pali','pali',NULL,NULL,NULL,NULL,NULL,0,'1','0','2025-11-12 04:39:49'),(331,84,'Phalodi','phalodi',NULL,NULL,NULL,NULL,NULL,0,'1','0','2025-11-12 04:39:49'),(332,84,'Pushkar','pushkar',NULL,NULL,NULL,NULL,NULL,0,'1','0','2025-11-12 04:39:49'),(333,84,'Sawai Madhopur','sawai-madhopur',NULL,NULL,NULL,NULL,NULL,0,'1','0','2025-11-12 04:39:49'),(334,84,'Shahpura','shahpura',NULL,NULL,NULL,NULL,NULL,0,'1','0','2025-11-12 04:39:49'),(335,84,'Sikar','sikar',NULL,NULL,NULL,NULL,NULL,0,'1','0','2025-11-12 04:39:49'),(336,84,'Sirohi','sirohi',NULL,NULL,NULL,NULL,NULL,0,'1','0','2025-11-12 04:39:49'),(337,84,'Sri Ganganagar','sri-ganganagar',NULL,NULL,NULL,NULL,NULL,0,'1','0','2025-11-12 04:39:49'),(338,84,'Tonk','tonk',NULL,NULL,NULL,NULL,NULL,0,'1','0','2025-11-12 04:39:49'),(339,84,'Udaipur','udaipur',NULL,NULL,NULL,NULL,NULL,0,'1','0','2025-11-12 04:39:49'),(340,84,'Dausa','dausa',NULL,NULL,NULL,NULL,NULL,0,'1','0','2025-11-12 04:39:49'),(341,84,'Karauli','karauli',NULL,NULL,NULL,NULL,NULL,0,'1','0','2025-11-12 04:39:49'),(342,84,'Rajsamand','rajsamand',NULL,NULL,NULL,NULL,NULL,0,'1','0','2025-11-12 04:39:49'),(343,84,'Banswara','banswara',NULL,NULL,NULL,NULL,NULL,0,'1','0','2025-11-12 04:39:49'),(344,85,'Uttar Pradesh','uttar-pradesh',NULL,NULL,NULL,NULL,NULL,0,'1','0','2025-11-12 04:40:23'),(345,85,'Agra','agra',NULL,NULL,NULL,NULL,NULL,0,'1','0','2025-11-12 04:40:23'),(346,85,'Aligarh','aligarh',NULL,NULL,NULL,NULL,NULL,0,'1','0','2025-11-12 04:40:23'),(347,85,'Amroha','amroha',NULL,NULL,NULL,NULL,NULL,0,'1','0','2025-11-12 04:40:23'),(348,85,'Ayodhya','ayodhya',NULL,NULL,NULL,NULL,NULL,0,'1','0','2025-11-12 04:40:23'),(349,85,'Azamgarh','azamgarh',NULL,NULL,NULL,NULL,NULL,0,'1','0','2025-11-12 04:40:23'),(350,85,'Bahraich','bahraich',NULL,NULL,NULL,NULL,NULL,0,'1','0','2025-11-12 04:40:23'),(351,85,'Ballia','ballia',NULL,NULL,NULL,NULL,NULL,0,'1','0','2025-11-12 04:40:23'),(352,85,'Banda','banda',NULL,NULL,NULL,NULL,NULL,0,'1','0','2025-11-12 04:40:23'),(353,85,'Barabanki','barabanki',NULL,NULL,NULL,NULL,NULL,0,'1','0','2025-11-12 04:40:23'),(354,85,'Bareilly','bareilly',NULL,NULL,NULL,NULL,NULL,0,'1','0','2025-11-12 04:40:23'),(355,85,'Basti','basti',NULL,NULL,NULL,NULL,NULL,0,'1','0','2025-11-12 04:40:23'),(356,85,'Bijnor','bijnor',NULL,NULL,NULL,NULL,NULL,0,'1','0','2025-11-12 04:40:23'),(357,85,'Budaun','budaun',NULL,NULL,NULL,NULL,NULL,0,'1','0','2025-11-12 04:40:23'),(358,85,'Bulandshahr','bulandshahr',NULL,NULL,NULL,NULL,NULL,0,'1','0','2025-11-12 04:40:23'),(359,85,'Deoria','deoria',NULL,NULL,NULL,NULL,NULL,0,'1','0','2025-11-12 04:40:23'),(360,85,'Etah','etah',NULL,NULL,NULL,NULL,NULL,0,'1','0','2025-11-12 04:40:23'),(361,85,'Etawah','etawah',NULL,NULL,NULL,NULL,NULL,0,'1','0','2025-11-12 04:40:23'),(362,85,'Faizabad','faizabad',NULL,NULL,NULL,NULL,NULL,0,'1','0','2025-11-12 04:40:23'),(363,85,'Farrukhabad','farrukhabad',NULL,NULL,NULL,NULL,NULL,0,'1','0','2025-11-12 04:40:23'),(364,85,'Fatehpur','fatehpur',NULL,NULL,NULL,NULL,NULL,0,'1','0','2025-11-12 04:40:23'),(365,85,'Fatehpur Sikri','fatehpur-sikri',NULL,NULL,NULL,NULL,NULL,0,'1','0','2025-11-12 04:40:23'),(366,85,'Ghaziabad','ghaziabad',NULL,NULL,NULL,NULL,NULL,0,'1','0','2025-11-12 04:40:23'),(367,85,'Ghazipur','ghazipur',NULL,NULL,NULL,NULL,NULL,0,'1','0','2025-11-12 04:40:23'),(368,85,'Gonda','gonda',NULL,NULL,NULL,NULL,NULL,0,'1','0','2025-11-12 04:40:23'),(369,85,'Gorakhpur','gorakhpur',NULL,NULL,NULL,NULL,NULL,0,'1','0','2025-11-12 04:40:23'),(370,85,'Hardoi','hardoi',NULL,NULL,NULL,NULL,NULL,0,'1','0','2025-11-12 04:40:23'),(371,85,'Hathras','hathras',NULL,NULL,NULL,NULL,NULL,0,'1','0','2025-11-12 04:40:23'),(372,85,'Jalaun','jalaun',NULL,NULL,NULL,NULL,NULL,0,'1','0','2025-11-12 04:40:23'),(373,85,'Jaunpur','jaunpur',NULL,NULL,NULL,NULL,NULL,0,'1','0','2025-11-12 04:40:23'),(374,85,'Jhansi','jhansi',NULL,NULL,NULL,NULL,NULL,0,'1','0','2025-11-12 04:40:23'),(375,85,'Kannauj','kannauj',NULL,NULL,NULL,NULL,NULL,0,'1','0','2025-11-12 04:40:23'),(376,85,'Kanpur','kanpur',NULL,NULL,NULL,NULL,NULL,0,'1','0','2025-11-12 04:40:23'),(377,85,'Lakhimpur','lakhimpur',NULL,NULL,NULL,NULL,NULL,0,'1','0','2025-11-12 04:40:23'),(378,85,'Lalitpur','lalitpur',NULL,NULL,NULL,NULL,NULL,0,'1','0','2025-11-12 04:40:23'),(379,85,'Lucknow','lucknow',NULL,NULL,NULL,NULL,NULL,0,'1','0','2025-11-12 04:40:23'),(380,85,'Mainpuri','mainpuri',NULL,NULL,NULL,NULL,NULL,0,'1','0','2025-11-12 04:40:23'),(381,85,'Mathura','mathura',NULL,NULL,NULL,NULL,NULL,0,'1','0','2025-11-12 04:40:23'),(382,85,'Mirzapur','mirzapur',NULL,NULL,NULL,NULL,NULL,0,'1','0','2025-11-12 04:40:23'),(383,85,'Moradabad','moradabad',NULL,NULL,NULL,NULL,NULL,0,'1','0','2025-11-12 04:40:23'),(384,85,'Muzaffarnagar','muzaffarnagar',NULL,NULL,NULL,NULL,NULL,0,'1','0','2025-11-12 04:40:23'),(385,85,'Pratapgarh','pratapgarh',NULL,NULL,NULL,NULL,NULL,0,'1','0','2025-11-12 04:40:23'),(386,85,'Pilibhit','pilibhit',NULL,NULL,NULL,NULL,NULL,0,'1','0','2025-11-12 04:40:23'),(387,85,'Prayagraj','prayagraj',NULL,NULL,NULL,NULL,NULL,0,'1','0','2025-11-12 04:40:23'),(388,85,'Raebareli','raebareli',NULL,NULL,NULL,NULL,NULL,0,'1','0','2025-11-12 04:40:23'),(389,85,'Rampur','rampur',NULL,NULL,NULL,NULL,NULL,0,'1','0','2025-11-12 04:40:23'),(390,85,'Saharanpur','saharanpur',NULL,NULL,NULL,NULL,NULL,0,'1','0','2025-11-12 04:40:23'),(391,85,'Sambhal','sambhal',NULL,NULL,NULL,NULL,NULL,0,'1','0','2025-11-12 04:40:23'),(392,85,'Shahjahanpur','shahjahanpur',NULL,NULL,NULL,NULL,NULL,0,'1','0','2025-11-12 04:40:23'),(393,85,'Sitapur','sitapur',NULL,NULL,NULL,NULL,NULL,0,'1','0','2025-11-12 04:40:23'),(394,85,'Sultanpur','sultanpur',NULL,NULL,NULL,NULL,NULL,0,'1','0','2025-11-12 04:40:23'),(395,85,'Tehri','tehri',NULL,NULL,NULL,NULL,NULL,0,'1','0','2025-11-12 04:40:23'),(396,85,'Varanasi','varanasi',NULL,NULL,NULL,NULL,NULL,0,'1','0','2025-11-12 04:40:23'),(397,85,'Vindhyachal','vindhyachal',NULL,NULL,NULL,NULL,NULL,0,'1','0','2025-11-12 04:40:23'),(398,85,'Siddharthnagar','siddharthnagar',NULL,NULL,NULL,NULL,NULL,0,'1','0','2025-11-12 04:40:23'),(399,85,'Maharajganj','maharajganj',NULL,NULL,NULL,NULL,NULL,0,'1','0','2025-11-12 04:40:23'),(400,85,'Hapur','hapur',NULL,NULL,NULL,NULL,NULL,0,'1','0','2025-11-12 04:40:23'),(401,85,'Gautam Buddh Nagar','gautam-buddh-nagar',NULL,NULL,NULL,NULL,NULL,0,'1','0','2025-11-12 04:40:23'),(402,85,'Kanpur Nagar','kanpur-nagar',NULL,NULL,NULL,NULL,NULL,0,'1','0','2025-11-12 04:40:23'),(403,85,'Unnao','unnao',NULL,NULL,NULL,NULL,NULL,0,'1','0','2025-11-12 04:40:23'),(404,85,'Amethi','amethi',NULL,NULL,NULL,NULL,NULL,0,'1','0','2025-11-12 04:40:23'),(405,85,'Ambedkar Nagar','ambedkar-nagar',NULL,NULL,NULL,NULL,NULL,0,'1','0','2025-11-12 04:40:23'),(406,85,'Chandauli','chandauli',NULL,NULL,NULL,NULL,NULL,0,'1','0','2025-11-12 04:40:23'),(407,85,'Mau','mau',NULL,NULL,NULL,NULL,NULL,0,'1','0','2025-11-12 04:40:23'),(408,85,'Bhadohi','bhadohi',NULL,NULL,NULL,NULL,NULL,0,'1','0','2025-11-12 04:40:23'),(409,85,'Kasganj','kasganj',NULL,NULL,NULL,NULL,NULL,0,'1','0','2025-11-12 04:40:23'),(410,85,'Auraiya','auraiya',NULL,NULL,NULL,NULL,NULL,0,'1','0','2025-11-12 04:40:23'),(411,85,'Firozabad','firozabad',NULL,NULL,NULL,NULL,NULL,0,'1','0','2025-11-12 04:40:23'),(412,85,'Kaushambi','kaushambi',NULL,NULL,NULL,NULL,NULL,0,'1','0','2025-11-12 04:40:23'),(413,85,'Kushinagar','kushinagar',NULL,NULL,NULL,NULL,NULL,0,'1','0','2025-11-12 04:40:23'),(414,85,'Sonbhadra','sonbhadra',NULL,NULL,NULL,NULL,NULL,0,'1','0','2025-11-12 04:40:23'),(415,85,'Meerut','meerut',NULL,NULL,NULL,NULL,NULL,0,'1','0','2025-11-12 04:40:23'),(416,85,'Baghpat','baghpat',NULL,NULL,NULL,NULL,NULL,0,'1','0','2025-11-12 04:40:23'),(417,85,'Shravasti','shravasti',NULL,NULL,NULL,NULL,NULL,0,'1','0','2025-11-12 04:40:23'),(418,85,'Sant Kabir Nagar','sant-kabir-nagar',NULL,NULL,NULL,NULL,NULL,0,'1','0','2025-11-12 04:40:23'),(419,85,'Mahoba','mahoba',NULL,NULL,NULL,NULL,NULL,0,'1','0','2025-11-12 04:40:23'),(420,85,'Noida','noida',NULL,NULL,NULL,NULL,NULL,0,'1','1','2025-11-12 04:40:23'),(421,86,'Uttarakhand','uttarakhand',NULL,NULL,NULL,NULL,NULL,0,'1','0','2025-11-12 04:41:07'),(422,86,'Almora','almora',NULL,NULL,NULL,NULL,NULL,0,'1','0','2025-11-12 04:41:07'),(423,86,'Dehradun','dehradun',NULL,NULL,NULL,NULL,NULL,0,'1','0','2025-11-12 04:41:07'),(424,86,'Haridwar','haridwar',NULL,NULL,NULL,NULL,NULL,0,'1','0','2025-11-12 04:41:07'),(425,86,'Mussoorie','mussoorie',NULL,NULL,NULL,NULL,NULL,0,'1','0','2025-11-12 04:41:07'),(426,86,'Nainital','nainital',NULL,NULL,NULL,NULL,NULL,0,'1','0','2025-11-12 04:41:07'),(427,86,'Pithoragarh','pithoragarh',NULL,NULL,NULL,NULL,NULL,0,'1','0','2025-11-12 04:41:07'),(428,86,'Jaspur','jaspur',NULL,NULL,NULL,NULL,NULL,0,'1','0','2025-11-12 04:41:07'),(429,86,'Rudraprayag','rudraprayag',NULL,NULL,NULL,NULL,NULL,0,'1','0','2025-11-12 04:41:07'),(430,86,'Bageshwar','bageshwar',NULL,NULL,NULL,NULL,NULL,0,'1','0','2025-11-12 04:41:07'),(431,86,'Chamoli','chamoli',NULL,NULL,NULL,NULL,NULL,0,'1','0','2025-11-12 04:41:07'),(432,86,'Champawat','champawat',NULL,NULL,NULL,NULL,NULL,0,'1','0','2025-11-12 04:41:07'),(433,86,'Udham Singh Nagar','udham-singh-nagar',NULL,NULL,NULL,NULL,NULL,0,'1','0','2025-11-12 04:41:07'),(434,86,'Pauri Garhwal','pauri-garhwal',NULL,NULL,NULL,NULL,NULL,0,'1','0','2025-11-12 04:41:07'),(435,86,'Tehri Garhwal','tehri-garhwal',NULL,NULL,NULL,NULL,NULL,0,'1','0','2025-11-12 04:41:07'),(436,86,'Uttarkashi','uttarkashi',NULL,NULL,NULL,NULL,NULL,0,'1','0','2025-11-12 04:41:07'),(437,87,'Andhra Pradesh','andhra-pradesh',NULL,NULL,NULL,NULL,NULL,0,'1','0','2025-11-12 04:41:51'),(438,87,'Adoni','adoni',NULL,NULL,NULL,NULL,NULL,0,'1','0','2025-11-12 04:41:51'),(439,87,'Amaravati','amaravati',NULL,NULL,NULL,NULL,NULL,0,'1','0','2025-11-12 04:41:51'),(440,87,'Anantapur','anantapur',NULL,NULL,NULL,NULL,NULL,0,'1','0','2025-11-12 04:41:51'),(441,87,'Chandragiri','chandragiri',NULL,NULL,NULL,NULL,NULL,0,'1','0','2025-11-12 04:41:51'),(442,87,'Chittoor','chittoor',NULL,NULL,NULL,NULL,NULL,0,'1','0','2025-11-12 04:41:51'),(443,87,'Dhavaleswaram','dhavaleswaram',NULL,NULL,NULL,NULL,NULL,0,'1','0','2025-11-12 04:41:51'),(444,87,'Eluru','eluru',NULL,NULL,NULL,NULL,NULL,0,'1','0','2025-11-12 04:41:51'),(445,87,'Guntur','guntur',NULL,NULL,NULL,NULL,NULL,0,'1','0','2025-11-12 04:41:51'),(446,87,'Kadapa','kadapa',NULL,NULL,NULL,NULL,NULL,0,'1','0','2025-11-12 04:41:51'),(447,87,'Kakinada','kakinada',NULL,NULL,NULL,NULL,NULL,0,'1','0','2025-11-12 04:41:51'),(448,87,'Kurnool','kurnool',NULL,NULL,NULL,NULL,NULL,0,'1','0','2025-11-12 04:41:51'),(449,87,'Machilipatnam','machilipatnam',NULL,NULL,NULL,NULL,NULL,0,'1','0','2025-11-12 04:41:51'),(450,87,'Nagarjuna Hill','nagarjuna-hill',NULL,NULL,NULL,NULL,NULL,0,'1','0','2025-11-12 04:41:51'),(451,87,'Rajamahendravaram','rajamahendravaram',NULL,NULL,NULL,NULL,NULL,0,'1','0','2025-11-12 04:41:51'),(452,87,'Srikakulam','srikakulam',NULL,NULL,NULL,NULL,NULL,0,'1','0','2025-11-12 04:41:51'),(453,87,'Tirupati','tirupati',NULL,NULL,NULL,NULL,NULL,0,'1','0','2025-11-12 04:41:51'),(454,87,'Vijayawada','vijayawada',NULL,NULL,NULL,NULL,NULL,0,'1','0','2025-11-12 04:41:51'),(455,87,'Visakhapatnam','visakhapatnam',NULL,NULL,NULL,NULL,NULL,0,'1','0','2025-11-12 04:41:51'),(456,87,'Vizianagaram','vizianagaram',NULL,NULL,NULL,NULL,NULL,0,'1','0','2025-11-12 04:41:51'),(457,87,'Yemmiganur','yemmiganur',NULL,NULL,NULL,NULL,NULL,0,'1','0','2025-11-12 04:41:51'),(458,87,'Srikalahasti','srikalahasti',NULL,NULL,NULL,NULL,NULL,0,'1','0','2025-11-12 04:41:51'),(459,87,'Bhadrachalam','bhadrachalam',NULL,NULL,NULL,NULL,NULL,0,'1','0','2025-11-12 04:41:51'),(460,87,'Amalapuram','amalapuram',NULL,NULL,NULL,NULL,NULL,0,'1','0','2025-11-12 04:41:51'),(461,87,'Bapatla','bapatla',NULL,NULL,NULL,NULL,NULL,0,'1','0','2025-11-12 04:41:51'),(462,87,'East Godavari','east-godavari',NULL,NULL,NULL,NULL,NULL,0,'1','0','2025-11-12 04:41:51'),(463,87,'Kovvur','kovvur',NULL,NULL,NULL,NULL,NULL,0,'1','0','2025-11-12 04:41:51'),(464,87,'Tadepalligudem','tadepalligudem',NULL,NULL,NULL,NULL,NULL,0,'1','0','2025-11-12 04:41:51'),(465,87,'Avanigadda','avanigadda',NULL,NULL,NULL,NULL,NULL,0,'1','0','2025-11-12 04:41:51'),(466,87,'Palakollu','palakollu',NULL,NULL,NULL,NULL,NULL,0,'1','0','2025-11-12 04:41:51'),(467,87,'Nellore','nellore',NULL,NULL,NULL,NULL,NULL,0,'1','0','2025-11-12 04:41:51'),(468,87,'West Godavari','west-godavari',NULL,NULL,NULL,NULL,NULL,0,'1','0','2025-11-12 04:41:51'),(469,87,'Prakasam','prakasam',NULL,NULL,NULL,NULL,NULL,0,'1','0','2025-11-12 04:41:51'),(470,87,'Dharmavaram','dharmavaram',NULL,NULL,NULL,NULL,NULL,0,'1','0','2025-11-12 04:41:51'),(471,87,'Hindupur','hindupur',NULL,NULL,NULL,NULL,NULL,0,'1','0','2025-11-12 04:41:51'),(472,87,'Madanapalle','madanapalle',NULL,NULL,NULL,NULL,NULL,0,'1','0','2025-11-12 04:41:51'),(473,88,'Karnataka','karnataka',NULL,NULL,NULL,NULL,NULL,0,'1','0','2025-11-12 04:42:28'),(474,88,'Badami','badami',NULL,NULL,NULL,NULL,NULL,0,'1','0','2025-11-12 04:42:28'),(475,88,'Ballari','ballari',NULL,NULL,NULL,NULL,NULL,0,'1','0','2025-11-12 04:42:28'),(476,88,'Bangalore','bangalore',NULL,NULL,NULL,NULL,NULL,0,'1','0','2025-11-12 04:42:28'),(477,88,'Belagavi','belagavi',NULL,NULL,NULL,NULL,NULL,0,'1','0','2025-11-12 04:42:28'),(478,88,'Bhadravathi','bhadravathi',NULL,NULL,NULL,NULL,NULL,0,'1','0','2025-11-12 04:42:28'),(479,88,'Bidar','bidar',NULL,NULL,NULL,NULL,NULL,0,'1','0','2025-11-12 04:42:28'),(480,88,'Chikkamagaluru','chikkamagaluru',NULL,NULL,NULL,NULL,NULL,0,'1','0','2025-11-12 04:42:28'),(481,88,'Chitradurga','chitradurga',NULL,NULL,NULL,NULL,NULL,0,'1','0','2025-11-12 04:42:28'),(482,88,'Davanagere','davanagere',NULL,NULL,NULL,NULL,NULL,0,'1','0','2025-11-12 04:42:28'),(483,88,'Halebeedu','halebeedu',NULL,NULL,NULL,NULL,NULL,0,'1','0','2025-11-12 04:42:28'),(484,88,'Hassan','hassan',NULL,NULL,NULL,NULL,NULL,0,'1','0','2025-11-12 04:42:28'),(485,88,'Hubballi','hubballi',NULL,NULL,NULL,NULL,NULL,0,'1','0','2025-11-12 04:42:28'),(486,88,'Kalaburagi','kalaburagi',NULL,NULL,NULL,NULL,NULL,0,'1','0','2025-11-12 04:42:28'),(487,88,'Kolar','kolar',NULL,NULL,NULL,NULL,NULL,0,'1','0','2025-11-12 04:42:28'),(488,88,'Madikeri','madikeri',NULL,NULL,NULL,NULL,NULL,0,'1','0','2025-11-12 04:42:28'),(489,88,'Mandya','mandya',NULL,NULL,NULL,NULL,NULL,0,'1','0','2025-11-12 04:42:28'),(490,88,'Mangaluru','mangaluru',NULL,NULL,NULL,NULL,NULL,0,'1','0','2025-11-12 04:42:28'),(491,88,'Mangalore','mangalore',NULL,NULL,NULL,NULL,NULL,0,'1','0','2025-11-12 04:42:28'),(492,88,'Mysuru','mysuru',NULL,NULL,NULL,NULL,NULL,0,'1','0','2025-11-12 04:42:28'),(493,88,'Raichur','raichur',NULL,NULL,NULL,NULL,NULL,0,'1','0','2025-11-12 04:42:28'),(494,88,'Shivamogga','shivamogga',NULL,NULL,NULL,NULL,NULL,0,'1','0','2025-11-12 04:42:28'),(495,88,'Shravanbela Gola','shravanbela-gola',NULL,NULL,NULL,NULL,NULL,0,'1','0','2025-11-12 04:42:28'),(496,88,'Srirangapatna','srirangapatna',NULL,NULL,NULL,NULL,NULL,0,'1','0','2025-11-12 04:42:28'),(497,88,'Tumakuru','tumakuru',NULL,NULL,NULL,NULL,NULL,0,'1','0','2025-11-12 04:42:28'),(498,88,'Vijayapura','vijayapura',NULL,NULL,NULL,NULL,NULL,0,'1','0','2025-11-12 04:42:28'),(499,88,'Koppal','koppal',NULL,NULL,NULL,NULL,NULL,0,'1','0','2025-11-12 04:42:28'),(500,88,'Gadag','gadag',NULL,NULL,NULL,NULL,NULL,0,'1','0','2025-11-12 04:42:28'),(501,88,'Kalaghatagi','kalaghatagi',NULL,NULL,NULL,NULL,NULL,0,'1','0','2025-11-12 04:42:28'),(502,88,'Kundgol','kundgol',NULL,NULL,NULL,NULL,NULL,0,'1','0','2025-11-12 04:42:28'),(503,88,'Dharwad','dharwad',NULL,NULL,NULL,NULL,NULL,0,'1','0','2025-11-12 04:42:28'),(504,88,'Belgaum','belgaum',NULL,NULL,NULL,NULL,NULL,0,'1','0','2025-11-12 04:42:28'),(505,88,'Bagalkot','bagalkot',NULL,NULL,NULL,NULL,NULL,0,'1','0','2025-11-12 04:42:28'),(506,88,'Ramanagara','ramanagara',NULL,NULL,NULL,NULL,NULL,0,'1','0','2025-11-12 04:42:28'),(507,88,'Uttara Kannada','uttara-kannada',NULL,NULL,NULL,NULL,NULL,0,'1','0','2025-11-12 04:42:28'),(508,88,'Gulbarga','gulbarga',NULL,NULL,NULL,NULL,NULL,0,'1','0','2025-11-12 04:42:28'),(509,88,'Yadgir','yadgir',NULL,NULL,NULL,NULL,NULL,0,'1','0','2025-11-12 04:42:28'),(510,88,'Haveri','haveri',NULL,NULL,NULL,NULL,NULL,0,'1','0','2025-11-12 04:42:28'),(511,88,'Kollegal','kollegal',NULL,NULL,NULL,NULL,NULL,0,'1','0','2025-11-12 04:42:28'),(512,88,'Nanjangud','nanjangud',NULL,NULL,NULL,NULL,NULL,0,'1','0','2025-11-12 04:42:28'),(513,88,'Bailhongal','bailhongal',NULL,NULL,NULL,NULL,NULL,0,'1','0','2025-11-12 04:42:28'),(514,88,'Chamarajanagar','chamarajanagar',NULL,NULL,NULL,NULL,NULL,0,'1','0','2025-11-12 04:42:28'),(515,88,'Hunsur','hunsur',NULL,NULL,NULL,NULL,NULL,0,'1','0','2025-11-12 04:42:28'),(516,88,'Hanagodu','hanagodu',NULL,NULL,NULL,NULL,NULL,0,'1','0','2025-11-12 04:42:28'),(517,88,'Siddapura','siddapura',NULL,NULL,NULL,NULL,NULL,0,'1','0','2025-11-12 04:42:28'),(518,88,'Joida','joida',NULL,NULL,NULL,NULL,NULL,0,'1','0','2025-11-12 04:42:28'),(519,88,'Bijapur','bijapur',NULL,NULL,NULL,NULL,NULL,0,'1','0','2025-11-12 04:42:28'),(520,88,'Chikmagalur','chikmagalur',NULL,NULL,NULL,NULL,NULL,0,'1','0','2025-11-12 04:42:28'),(521,88,'Kodagu','kodagu',NULL,NULL,NULL,NULL,NULL,0,'1','0','2025-11-12 04:42:28'),(522,88,'Athani','athani',NULL,NULL,NULL,NULL,NULL,0,'1','0','2025-11-12 04:42:28'),(523,88,'Jamakhandi','jamakhandi',NULL,NULL,NULL,NULL,NULL,0,'1','0','2025-11-12 04:42:28'),(524,88,'Ramdurg','ramdurg',NULL,NULL,NULL,NULL,NULL,0,'1','0','2025-11-12 04:42:28'),(525,88,'Arsikere','arsikere',NULL,NULL,NULL,NULL,NULL,0,'1','0','2025-11-12 04:42:28'),(526,88,'Chikkaballapur','chikkaballapur',NULL,NULL,NULL,NULL,NULL,0,'1','0','2025-11-12 04:42:28'),(527,88,'Dakshina Kannada','dakshina-kannada',NULL,NULL,NULL,NULL,NULL,0,'1','0','2025-11-12 04:42:28'),(528,88,'Udupi','udupi',NULL,NULL,NULL,NULL,NULL,0,'1','0','2025-11-12 04:42:28'),(529,88,'Saraswathipuram','saraswathipuram',NULL,NULL,NULL,NULL,NULL,0,'1','0','2025-11-12 04:42:28'),(530,88,'Bangalore Rural','bangalore-rural',NULL,NULL,NULL,NULL,NULL,0,'1','0','2025-11-12 04:42:28'),(531,88,'Kalaghatgi','kalaghatgi',NULL,NULL,NULL,NULL,NULL,0,'1','0','2025-11-12 04:42:28'),(532,89,'Kerala','kerala',NULL,NULL,NULL,NULL,NULL,0,'1','0','2025-11-12 04:43:20'),(533,89,'Alappuzha','alappuzha',NULL,NULL,NULL,NULL,NULL,0,'1','0','2025-11-12 04:43:20'),(534,89,'Idukki','idukki',NULL,NULL,NULL,NULL,NULL,0,'1','0','2025-11-12 04:43:20'),(535,89,'Kannur','kannur',NULL,NULL,NULL,NULL,NULL,0,'1','0','2025-11-12 04:43:20'),(536,89,'Kochi','kochi',NULL,NULL,NULL,NULL,NULL,0,'1','0','2025-11-12 04:43:20'),(537,89,'Kollam','kollam',NULL,NULL,NULL,NULL,NULL,0,'1','0','2025-11-12 04:43:20'),(538,89,'Kottayam','kottayam',NULL,NULL,NULL,NULL,NULL,0,'1','0','2025-11-12 04:43:20'),(539,89,'Kozhikode','kozhikode',NULL,NULL,NULL,NULL,NULL,0,'1','0','2025-11-12 04:43:20'),(540,89,'Mattancherry','mattancherry',NULL,NULL,NULL,NULL,NULL,0,'1','0','2025-11-12 04:43:20'),(541,89,'Palakkad','palakkad',NULL,NULL,NULL,NULL,NULL,0,'1','0','2025-11-12 04:43:20'),(542,89,'Thalassery','thalassery',NULL,NULL,NULL,NULL,NULL,0,'1','0','2025-11-12 04:43:20'),(543,89,'Thiruvananthapuram','thiruvananthapuram',NULL,NULL,NULL,NULL,NULL,0,'1','0','2025-11-12 04:43:20'),(544,89,'Thrissur','thrissur',NULL,NULL,NULL,NULL,NULL,0,'1','0','2025-11-12 04:43:20'),(545,89,'Vatakara','vatakara',NULL,NULL,NULL,NULL,NULL,0,'1','0','2025-11-12 04:43:20'),(546,89,'Ernakulam','ernakulam',NULL,NULL,NULL,NULL,NULL,0,'1','0','2025-11-12 04:43:20'),(547,89,'Kasaragod','kasaragod',NULL,NULL,NULL,NULL,NULL,0,'1','0','2025-11-12 04:43:20'),(548,89,'Malappuram','malappuram',NULL,NULL,NULL,NULL,NULL,0,'1','0','2025-11-12 04:43:20'),(549,89,'Wayanad','wayanad',NULL,NULL,NULL,NULL,NULL,0,'1','0','2025-11-12 04:43:20'),(550,89,'Pathanamthitta','pathanamthitta',NULL,NULL,NULL,NULL,NULL,0,'1','0','2025-11-12 04:43:20'),(551,90,'Tamil Nadu','tamil-nadu',NULL,NULL,NULL,NULL,NULL,0,'1','0','2025-11-12 04:43:53'),(552,90,'Arcot','arcot',NULL,NULL,NULL,NULL,NULL,0,'1','0','2025-11-12 04:43:53'),(553,90,'Chengalpattu','chengalpattu',NULL,NULL,NULL,NULL,NULL,0,'1','0','2025-11-12 04:43:53'),(554,90,'Chennai','chennai',NULL,NULL,NULL,NULL,NULL,0,'1','1','2025-11-12 04:43:53'),(555,90,'Chidambaram','chidambaram',NULL,NULL,NULL,NULL,NULL,0,'1','0','2025-11-12 04:43:53'),(556,90,'Coimbatore','coimbatore',NULL,NULL,NULL,NULL,NULL,0,'1','0','2025-11-12 04:43:53'),(557,90,'Cuddalore','cuddalore',NULL,NULL,NULL,NULL,NULL,0,'1','0','2025-11-12 04:43:53'),(558,90,'Dharmapuri','dharmapuri',NULL,NULL,NULL,NULL,NULL,0,'1','0','2025-11-12 04:43:53'),(559,90,'Dindigul','dindigul',NULL,NULL,NULL,NULL,NULL,0,'1','0','2025-11-12 04:43:53'),(560,90,'Erode','erode',NULL,NULL,NULL,NULL,NULL,0,'1','0','2025-11-12 04:43:53'),(561,90,'Kanchipuram','kanchipuram',NULL,NULL,NULL,NULL,NULL,0,'1','0','2025-11-12 04:43:53'),(562,90,'Kanniyakumari','kanniyakumari',NULL,NULL,NULL,NULL,NULL,0,'1','0','2025-11-12 04:43:53'),(563,90,'Kodaikanal','kodaikanal',NULL,NULL,NULL,NULL,NULL,0,'1','0','2025-11-12 04:43:53'),(564,90,'Kumbakonam','kumbakonam',NULL,NULL,NULL,NULL,NULL,0,'1','0','2025-11-12 04:43:53'),(565,90,'Madurai','madurai',NULL,NULL,NULL,NULL,NULL,0,'1','0','2025-11-12 04:43:53'),(566,90,'Mahabalipuram','mahabalipuram',NULL,NULL,NULL,NULL,NULL,0,'1','0','2025-11-12 04:43:53'),(567,90,'Nagapattinam','nagapattinam',NULL,NULL,NULL,NULL,NULL,0,'1','0','2025-11-12 04:43:53'),(568,90,'Nagercoil','nagercoil',NULL,NULL,NULL,NULL,NULL,0,'1','0','2025-11-12 04:43:53'),(569,90,'Ooty','ooty',NULL,NULL,NULL,NULL,NULL,0,'1','0','2025-11-12 04:43:53'),(570,90,'Palayamkottai','palayamkottai',NULL,NULL,NULL,NULL,NULL,0,'1','0','2025-11-12 04:43:53'),(571,90,'Pudukkottai','pudukkottai',NULL,NULL,NULL,NULL,NULL,0,'1','0','2025-11-12 04:43:53'),(572,90,'Rajapalayam','rajapalayam',NULL,NULL,NULL,NULL,NULL,0,'1','0','2025-11-12 04:43:53'),(573,90,'Ramanathapuram','ramanathapuram',NULL,NULL,NULL,NULL,NULL,0,'1','0','2025-11-12 04:43:53'),(574,90,'Salem','salem',NULL,NULL,NULL,NULL,NULL,0,'1','0','2025-11-12 04:43:53'),(575,90,'Thanjavur','thanjavur',NULL,NULL,NULL,NULL,NULL,0,'1','0','2025-11-12 04:43:53'),(576,90,'Thoothukudi','thoothukudi',NULL,NULL,NULL,NULL,NULL,0,'1','0','2025-11-12 04:43:53'),(577,90,'Tiruchirappalli','tiruchirappalli',NULL,NULL,NULL,NULL,NULL,0,'1','0','2025-11-12 04:43:53'),(578,90,'Tiruppur','tiruppur',NULL,NULL,NULL,NULL,NULL,0,'1','0','2025-11-12 04:43:53'),(579,90,'Vellore','vellore',NULL,NULL,NULL,NULL,NULL,0,'1','0','2025-11-12 04:43:53'),(580,90,'Thiruvarur','thiruvarur',NULL,NULL,NULL,NULL,NULL,0,'1','0','2025-11-12 04:43:53'),(581,90,'Viluppuram','viluppuram',NULL,NULL,NULL,NULL,NULL,0,'1','0','2025-11-12 04:43:53'),(582,90,'Tiruvallur','tiruvallur',NULL,NULL,NULL,NULL,NULL,0,'1','0','2025-11-12 04:43:53'),(583,91,'Telangana','telangana',NULL,NULL,NULL,NULL,NULL,0,'1','0','2025-11-12 04:44:26'),(584,91,'Hyderabad','hyderabad',NULL,NULL,NULL,NULL,NULL,0,'1','0','2025-11-12 04:44:26'),(585,91,'Karimnagar','karimnagar',NULL,NULL,NULL,NULL,NULL,0,'1','0','2025-11-12 04:44:26'),(586,91,'Khammam','khammam',NULL,NULL,NULL,NULL,NULL,0,'1','0','2025-11-12 04:44:26'),(587,91,'Mahbubnagar','mahbubnagar',NULL,NULL,NULL,NULL,NULL,0,'1','0','2025-11-12 04:44:26'),(588,91,'Nizamabad','nizamabad',NULL,NULL,NULL,NULL,NULL,0,'1','0','2025-11-12 04:44:26'),(589,91,'Sangareddy','sangareddy',NULL,NULL,NULL,NULL,NULL,0,'1','0','2025-11-12 04:44:26'),(590,91,'Warangal','warangal',NULL,NULL,NULL,NULL,NULL,0,'1','0','2025-11-12 04:44:26'),(591,91,'Jagtial','jagtial',NULL,NULL,NULL,NULL,NULL,0,'1','0','2025-11-12 04:44:26'),(592,91,'Bhongir','bhongir',NULL,NULL,NULL,NULL,NULL,0,'1','0','2025-11-12 04:44:26'),(593,91,'Kamareddy','kamareddy',NULL,NULL,NULL,NULL,NULL,0,'1','0','2025-11-12 04:44:26'),(594,91,'Peddapalli','peddapalli',NULL,NULL,NULL,NULL,NULL,0,'1','0','2025-11-12 04:44:26'),(595,91,'Siddipet','siddipet',NULL,NULL,NULL,NULL,NULL,0,'1','0','2025-11-12 04:44:26'),(596,91,'Nalgonda','nalgonda',NULL,NULL,NULL,NULL,NULL,0,'1','0','2025-11-12 04:44:26'),(597,91,'Suryapet','suryapet',NULL,NULL,NULL,NULL,NULL,0,'1','0','2025-11-12 04:44:26'),(598,91,'Jangaon','jangaon',NULL,NULL,NULL,NULL,NULL,0,'1','0','2025-11-12 04:44:26'),(599,91,'Nagarkurnool','nagarkurnool',NULL,NULL,NULL,NULL,NULL,0,'1','0','2025-11-12 04:44:26'),(600,91,'Rangareddy','rangareddy',NULL,NULL,NULL,NULL,NULL,0,'1','0','2025-11-12 04:44:26'),(601,91,'Wanaparthy','wanaparthy',NULL,NULL,NULL,NULL,NULL,0,'1','0','2025-11-12 04:44:26'),(602,91,'Jadcherla','jadcherla',NULL,NULL,NULL,NULL,NULL,0,'1','0','2025-11-12 04:44:26'),(603,91,'Mahabubabad','mahabubabad',NULL,NULL,NULL,NULL,NULL,0,'1','0','2025-11-12 04:44:26'),(604,91,'Secunderabad','secunderabad',NULL,NULL,NULL,NULL,NULL,0,'1','0','2025-11-12 04:44:26'),(605,91,'Vikarabad','vikarabad',NULL,NULL,NULL,NULL,NULL,0,'1','0','2025-11-12 04:44:26'),(606,91,'Hanamkonda','hanamkonda',NULL,NULL,NULL,NULL,NULL,0,'1','0','2025-11-12 04:44:26'),(607,91,'Adilabad','adilabad',NULL,NULL,NULL,NULL,NULL,0,'1','0','2025-11-12 04:44:26'),(608,91,'Nirmal','nirmal',NULL,NULL,NULL,NULL,NULL,0,'1','0','2025-11-12 04:44:27'),(609,91,'Parkal','parkal',NULL,NULL,NULL,NULL,NULL,0,'1','0','2025-11-12 04:44:27'),(610,91,'Jayashankar Bhupalpally','jayashankar-bhupalpally',NULL,NULL,NULL,NULL,NULL,0,'1','0','2025-11-12 04:44:27'),(611,91,'Sircilla','sircilla',NULL,NULL,NULL,NULL,NULL,0,'1','0','2025-11-12 04:44:27'),(612,91,'Kothagudem','kothagudem',NULL,NULL,NULL,NULL,NULL,0,'1','0','2025-11-12 04:44:27'),(613,91,'Gadwal','gadwal',NULL,NULL,NULL,NULL,NULL,0,'1','0','2025-11-12 04:44:27'),(614,92,'Jharkhand','jharkhand',NULL,NULL,NULL,NULL,NULL,0,'1','0','2025-11-12 04:45:06'),(615,92,'Ranchi','ranchi',NULL,NULL,NULL,NULL,NULL,0,'1','0','2025-11-12 04:45:06'),(616,92,'Bokaro','bokaro',NULL,NULL,NULL,NULL,NULL,0,'1','0','2025-11-12 04:45:06'),(617,92,'Chaibasa','chaibasa',NULL,NULL,NULL,NULL,NULL,0,'1','0','2025-11-12 04:45:06'),(618,92,'Deoghar','deoghar',NULL,NULL,NULL,NULL,NULL,0,'1','0','2025-11-12 04:45:06'),(619,92,'Dhanbad','dhanbad',NULL,NULL,NULL,NULL,NULL,0,'1','0','2025-11-12 04:45:06'),(620,92,'Dumka','dumka',NULL,NULL,NULL,NULL,NULL,0,'1','0','2025-11-12 04:45:06'),(621,92,'Giridih','giridih',NULL,NULL,NULL,NULL,NULL,0,'1','0','2025-11-12 04:45:06'),(622,92,'Hazaribagh','hazaribagh',NULL,NULL,NULL,NULL,NULL,0,'1','0','2025-11-12 04:45:06'),(623,92,'Jamshedpur','jamshedpur',NULL,NULL,NULL,NULL,NULL,0,'1','0','2025-11-12 04:45:06'),(624,92,'Jharia','jharia',NULL,NULL,NULL,NULL,NULL,0,'1','0','2025-11-12 04:45:06'),(625,92,'Rajmahal','rajmahal',NULL,NULL,NULL,NULL,NULL,0,'1','0','2025-11-12 04:45:06'),(626,92,'Saraikela','saraikela',NULL,NULL,NULL,NULL,NULL,0,'1','0','2025-11-12 04:45:06'),(627,92,'Chatra','chatra',NULL,NULL,NULL,NULL,NULL,0,'1','0','2025-11-12 04:45:06'),(628,92,'East Singhbhum','east-singhbhum',NULL,NULL,NULL,NULL,NULL,0,'1','0','2025-11-12 04:45:06'),(629,92,'Garhwa','garhwa',NULL,NULL,NULL,NULL,NULL,0,'1','0','2025-11-12 04:45:06'),(630,92,'Godda','godda',NULL,NULL,NULL,NULL,NULL,0,'1','0','2025-11-12 04:45:06'),(631,92,'Gumla','gumla',NULL,NULL,NULL,NULL,NULL,0,'1','0','2025-11-12 04:45:06'),(632,92,'Jamtara','jamtara',NULL,NULL,NULL,NULL,NULL,0,'1','0','2025-11-12 04:45:06'),(633,92,'Khunti','khunti',NULL,NULL,NULL,NULL,NULL,0,'1','0','2025-11-12 04:45:06'),(634,92,'Koderma','koderma',NULL,NULL,NULL,NULL,NULL,0,'1','0','2025-11-12 04:45:06'),(635,92,'Latehar','latehar',NULL,NULL,NULL,NULL,NULL,0,'1','0','2025-11-12 04:45:06'),(636,92,'Lohardaga','lohardaga',NULL,NULL,NULL,NULL,NULL,0,'1','0','2025-11-12 04:45:06'),(637,92,'Pakur','pakur',NULL,NULL,NULL,NULL,NULL,0,'1','0','2025-11-12 04:45:06'),(638,92,'Palamu','palamu',NULL,NULL,NULL,NULL,NULL,0,'1','0','2025-11-12 04:45:06'),(639,92,'Ramgarh','ramgarh',NULL,NULL,NULL,NULL,NULL,0,'1','0','2025-11-12 04:45:06'),(640,92,'Sahibganj','sahibganj',NULL,NULL,NULL,NULL,NULL,0,'1','0','2025-11-12 04:45:06'),(641,92,'Seraikela Kharsawan','seraikela-kharsawan',NULL,NULL,NULL,NULL,NULL,0,'1','0','2025-11-12 04:45:06'),(642,92,'Simdega','simdega',NULL,NULL,NULL,NULL,NULL,0,'1','0','2025-11-12 04:45:06'),(643,92,'West Singhbhum','west-singhbhum',NULL,NULL,NULL,NULL,NULL,0,'1','0','2025-11-12 04:45:06'),(644,92,'Medininagar','medininagar',NULL,NULL,NULL,NULL,NULL,0,'1','0','2025-11-12 04:45:06'),(645,92,'Govindpur khurd','govindpur-khurd',NULL,NULL,NULL,NULL,NULL,0,'0','0','2025-11-12 04:45:06'),(646,92,'Bishnugarh','bishnugarh',NULL,NULL,NULL,NULL,NULL,0,'1','0','2025-11-12 04:45:06'),(647,93,'Bihar','bihar',NULL,NULL,NULL,NULL,NULL,0,'1','0','2025-11-12 04:45:22'),(648,93,'Arrah','arrah',NULL,NULL,NULL,NULL,NULL,0,'1','0','2025-11-12 04:45:22'),(649,93,'Barauni','barauni',NULL,NULL,NULL,NULL,NULL,0,'1','0','2025-11-12 04:45:22'),(650,93,'Begusarai','begusarai',NULL,NULL,NULL,NULL,NULL,0,'1','0','2025-11-12 04:45:22'),(651,93,'Bettiah','bettiah',NULL,NULL,NULL,NULL,NULL,0,'1','0','2025-11-12 04:45:22'),(652,93,'Bhagalpur','bhagalpur',NULL,NULL,NULL,NULL,NULL,0,'1','0','2025-11-12 04:45:22'),(653,93,'Bihar Sharif','bihar-sharif',NULL,NULL,NULL,NULL,NULL,0,'1','0','2025-11-12 04:45:22'),(654,93,'Bodh Gaya','bodh-gaya',NULL,NULL,NULL,NULL,NULL,0,'1','0','2025-11-12 04:45:22'),(655,93,'Buxar','buxar',NULL,NULL,NULL,NULL,NULL,0,'1','0','2025-11-12 04:45:22'),(656,93,'Chapra','chapra',NULL,NULL,NULL,NULL,NULL,0,'1','0','2025-11-12 04:45:22'),(657,93,'Darbhanga','darbhanga',NULL,NULL,NULL,NULL,NULL,0,'1','0','2025-11-12 04:45:22'),(658,93,'Dehri','dehri',NULL,NULL,NULL,NULL,NULL,0,'1','0','2025-11-12 04:45:22'),(659,93,'Dinapur Nizamat','dinapur-nizamat',NULL,NULL,NULL,NULL,NULL,0,'1','0','2025-11-12 04:45:22'),(660,93,'Gaya','gaya',NULL,NULL,NULL,NULL,NULL,0,'1','0','2025-11-12 04:45:22'),(661,93,'Hajipur','hajipur',NULL,NULL,NULL,NULL,NULL,0,'1','0','2025-11-12 04:45:22'),(662,93,'Jamalpur','jamalpur',NULL,NULL,NULL,NULL,NULL,0,'1','0','2025-11-12 04:45:22'),(663,93,'Katihar','katihar',NULL,NULL,NULL,NULL,NULL,0,'1','0','2025-11-12 04:45:22'),(664,93,'Madhubani','madhubani',NULL,NULL,NULL,NULL,NULL,0,'1','0','2025-11-12 04:45:22'),(665,93,'Motihari','motihari',NULL,NULL,NULL,NULL,NULL,0,'1','0','2025-11-12 04:45:22'),(666,93,'Munger','munger',NULL,NULL,NULL,NULL,NULL,0,'1','0','2025-11-12 04:45:22'),(667,93,'Muzaffarpur','muzaffarpur',NULL,NULL,NULL,NULL,NULL,0,'1','0','2025-11-12 04:45:22'),(668,93,'Patna','patna',NULL,NULL,NULL,NULL,NULL,0,'1','0','2025-11-12 04:45:22'),(669,93,'Purnia','purnia',NULL,NULL,NULL,NULL,NULL,0,'1','0','2025-11-12 04:45:22'),(670,93,'Pusa','pusa',NULL,NULL,NULL,NULL,NULL,0,'1','0','2025-11-12 04:45:22'),(671,93,'Saharsa','saharsa',NULL,NULL,NULL,NULL,NULL,0,'1','0','2025-11-12 04:45:22'),(672,93,'Samastipur','samastipur',NULL,NULL,NULL,NULL,NULL,0,'1','0','2025-11-12 04:45:22'),(673,93,'Sasaram','sasaram',NULL,NULL,NULL,NULL,NULL,0,'1','0','2025-11-12 04:45:22'),(674,93,'Sitamarhi','sitamarhi',NULL,NULL,NULL,NULL,NULL,0,'1','0','2025-11-12 04:45:22'),(675,93,'Siwan','siwan',NULL,NULL,NULL,NULL,NULL,0,'1','0','2025-11-12 04:45:22'),(676,93,'Araria','araria',NULL,NULL,NULL,NULL,NULL,0,'1','0','2025-11-12 04:45:22'),(677,93,'Arwal','arwal',NULL,NULL,NULL,NULL,NULL,0,'1','0','2025-11-12 04:45:22'),(678,93,'Aurangabad','aurangabad',NULL,NULL,NULL,NULL,NULL,0,'1','0','2025-11-12 04:45:22'),(679,93,'Banka','banka',NULL,NULL,NULL,NULL,NULL,0,'1','0','2025-11-12 04:45:22'),(680,93,'Bhabua','bhabua',NULL,NULL,NULL,NULL,NULL,0,'1','0','2025-11-12 04:45:22'),(681,93,'Bhojpur','bhojpur',NULL,NULL,NULL,NULL,NULL,0,'1','0','2025-11-12 04:45:22'),(682,93,'East Champaran','east-champaran',NULL,NULL,NULL,NULL,NULL,0,'1','0','2025-11-12 04:45:22'),(683,93,'Gopalganj','gopalganj',NULL,NULL,NULL,NULL,NULL,0,'1','0','2025-11-12 04:45:22'),(684,93,'Jamui','jamui',NULL,NULL,NULL,NULL,NULL,0,'1','0','2025-11-12 04:45:22'),(685,93,'Jehanabad','jehanabad',NULL,NULL,NULL,NULL,NULL,0,'1','0','2025-11-12 04:45:22'),(686,93,'Kaimur','kaimur',NULL,NULL,NULL,NULL,NULL,0,'1','0','2025-11-12 04:45:22'),(687,93,'Khagaria','khagaria',NULL,NULL,NULL,NULL,NULL,0,'1','0','2025-11-12 04:45:22'),(688,93,'Kishanganj','kishanganj',NULL,NULL,NULL,NULL,NULL,0,'1','0','2025-11-12 04:45:22'),(689,93,'Lakhisarai','lakhisarai',NULL,NULL,NULL,NULL,NULL,0,'1','0','2025-11-12 04:45:22'),(690,93,'Madhepura','madhepura',NULL,NULL,NULL,NULL,NULL,0,'1','0','2025-11-12 04:45:22'),(691,93,'Nalanda','nalanda',NULL,NULL,NULL,NULL,NULL,0,'1','0','2025-11-12 04:45:22'),(692,93,'Nawada','nawada',NULL,NULL,NULL,NULL,NULL,0,'1','0','2025-11-12 04:45:22'),(693,93,'Rohtas','rohtas',NULL,NULL,NULL,NULL,NULL,0,'1','0','2025-11-12 04:45:22'),(694,93,'Saran','saran',NULL,NULL,NULL,NULL,NULL,0,'1','0','2025-11-12 04:45:22'),(695,93,'Sheikhpura','sheikhpura',NULL,NULL,NULL,NULL,NULL,0,'1','0','2025-11-12 04:45:22'),(696,93,'Sheohar','sheohar',NULL,NULL,NULL,NULL,NULL,0,'1','0','2025-11-12 04:45:22'),(697,93,'Supaul','supaul',NULL,NULL,NULL,NULL,NULL,0,'1','0','2025-11-12 04:45:22'),(698,93,'Vaishali','vaishali',NULL,NULL,NULL,NULL,NULL,0,'1','0','2025-11-12 04:45:22'),(699,93,'West Champaran','west-champaran',NULL,NULL,NULL,NULL,NULL,0,'1','0','2025-11-12 04:45:22'),(700,94,'Odisha','odisha',NULL,NULL,NULL,NULL,NULL,0,'1','0','2025-11-12 04:45:38'),(701,94,'Balangir','balangir',NULL,NULL,NULL,NULL,NULL,0,'1','0','2025-11-12 04:45:38'),(702,94,'Balasore','balasore',NULL,NULL,NULL,NULL,NULL,0,'1','0','2025-11-12 04:45:38'),(703,94,'Baripada','baripada',NULL,NULL,NULL,NULL,NULL,0,'1','0','2025-11-12 04:45:38'),(704,94,'Bhubaneswar','bhubaneswar',NULL,NULL,NULL,NULL,NULL,0,'1','0','2025-11-12 04:45:38'),(705,94,'Brahmapur','brahmapur',NULL,NULL,NULL,NULL,NULL,0,'1','0','2025-11-12 04:45:38'),(706,94,'Cuttack','cuttack',NULL,NULL,NULL,NULL,NULL,0,'1','0','2025-11-12 04:45:38'),(707,94,'Dhenkanal','dhenkanal',NULL,NULL,NULL,NULL,NULL,0,'1','0','2025-11-12 04:45:38'),(708,94,'Keonjhar','keonjhar',NULL,NULL,NULL,NULL,NULL,0,'1','0','2025-11-12 04:45:38'),(709,94,'Konark','konark',NULL,NULL,NULL,NULL,NULL,0,'1','0','2025-11-12 04:45:38'),(710,94,'Koraput','koraput',NULL,NULL,NULL,NULL,NULL,0,'1','0','2025-11-12 04:45:38'),(711,94,'Paradeep','paradeep',NULL,NULL,NULL,NULL,NULL,0,'1','0','2025-11-12 04:45:38'),(712,94,'Phulbani','phulbani',NULL,NULL,NULL,NULL,NULL,0,'1','0','2025-11-12 04:45:38'),(713,94,'Puri','puri',NULL,NULL,NULL,NULL,NULL,0,'1','0','2025-11-12 04:45:38'),(714,94,'Rourkela','rourkela',NULL,NULL,NULL,NULL,NULL,0,'1','0','2025-11-12 04:45:38'),(715,94,'Sambalpur','sambalpur',NULL,NULL,NULL,NULL,NULL,0,'1','0','2025-11-12 04:45:38'),(716,94,'Udayagiri','udayagiri',NULL,NULL,NULL,NULL,NULL,0,'1','0','2025-11-12 04:45:38'),(717,94,'Sundargarh','sundargarh',NULL,NULL,NULL,NULL,NULL,0,'1','0','2025-11-12 04:45:38'),(718,94,'Debagarh','debagarh',NULL,NULL,NULL,NULL,NULL,0,'1','0','2025-11-12 04:45:38'),(719,94,'Jharsuguda','jharsuguda',NULL,NULL,NULL,NULL,NULL,0,'1','0','2025-11-12 04:45:38'),(720,94,'Bargarh','bargarh',NULL,NULL,NULL,NULL,NULL,0,'1','0','2025-11-12 04:45:38'),(721,94,'Angul','angul',NULL,NULL,NULL,NULL,NULL,0,'1','0','2025-11-12 04:45:38'),(722,94,'Boudh','boudh',NULL,NULL,NULL,NULL,NULL,0,'1','0','2025-11-12 04:45:38'),(723,94,'Rayagada','rayagada',NULL,NULL,NULL,NULL,NULL,0,'1','0','2025-11-12 04:45:38'),(724,94,'Malkangiri','malkangiri',NULL,NULL,NULL,NULL,NULL,0,'1','0','2025-11-12 04:45:38'),(725,94,'Nuapada','nuapada',NULL,NULL,NULL,NULL,NULL,0,'1','0','2025-11-12 04:45:38'),(726,94,'Kalahandi','kalahandi',NULL,NULL,NULL,NULL,NULL,0,'1','0','2025-11-12 04:45:38'),(727,94,'Gajapati','gajapati',NULL,NULL,NULL,NULL,NULL,0,'1','0','2025-11-12 04:45:38'),(728,94,'Kandhamal','kandhamal',NULL,NULL,NULL,NULL,NULL,0,'1','0','2025-11-12 04:45:38'),(729,94,'Ganjam','ganjam',NULL,NULL,NULL,NULL,NULL,0,'1','0','2025-11-12 04:45:38'),(730,94,'Nayagarh','nayagarh',NULL,NULL,NULL,NULL,NULL,0,'1','0','2025-11-12 04:45:38'),(731,94,'Khordha','khordha',NULL,NULL,NULL,NULL,NULL,0,'1','0','2025-11-12 04:45:38'),(732,94,'Bhadrak','bhadrak',NULL,NULL,NULL,NULL,NULL,0,'1','0','2025-11-12 04:45:38'),(733,94,'Jajpur','jajpur',NULL,NULL,NULL,NULL,NULL,0,'1','0','2025-11-12 04:45:38'),(734,94,'Kendrapara','kendrapara',NULL,NULL,NULL,NULL,NULL,0,'1','0','2025-11-12 04:45:38'),(735,94,'Jagatsinghpur','jagatsinghpur',NULL,NULL,NULL,NULL,NULL,0,'1','0','2025-11-12 04:45:38'),(736,94,'Mayurbhanj','mayurbhanj',NULL,NULL,NULL,NULL,NULL,0,'1','0','2025-11-12 04:45:38'),(737,95,'West Bengal','west-bengal',NULL,NULL,NULL,NULL,NULL,0,'1','0','2025-11-12 04:46:16'),(738,95,'Alipore','alipore',NULL,NULL,NULL,NULL,NULL,0,'1','0','2025-11-12 04:46:16'),(739,95,'Alipurduar','alipurduar',NULL,NULL,NULL,NULL,NULL,0,'1','0','2025-11-12 04:46:16'),(740,95,'Asansol','asansol',NULL,NULL,NULL,NULL,NULL,0,'1','0','2025-11-12 04:46:16'),(741,95,'Bally','bally',NULL,NULL,NULL,NULL,NULL,0,'1','0','2025-11-12 04:46:16'),(742,95,'Balurghat','balurghat',NULL,NULL,NULL,NULL,NULL,0,'1','0','2025-11-12 04:46:16'),(743,95,'Bankura','bankura',NULL,NULL,NULL,NULL,NULL,0,'1','0','2025-11-12 04:46:16'),(744,95,'Baranagar','baranagar',NULL,NULL,NULL,NULL,NULL,0,'1','0','2025-11-12 04:46:16'),(745,95,'Barasat','barasat',NULL,NULL,NULL,NULL,NULL,0,'1','0','2025-11-12 04:46:16'),(746,95,'Bardhaman','bardhaman',NULL,NULL,NULL,NULL,NULL,0,'1','0','2025-11-12 04:46:16'),(747,95,'Barrackpore Cantonment','barrackpore-cantonment',NULL,NULL,NULL,NULL,NULL,0,'1','0','2025-11-12 04:46:16'),(748,95,'Basirhat','basirhat',NULL,NULL,NULL,NULL,NULL,0,'1','0','2025-11-12 04:46:16'),(749,95,'Berhampore','berhampore',NULL,NULL,NULL,NULL,NULL,0,'1','0','2025-11-12 04:46:16'),(750,95,'Bhatpara','bhatpara',NULL,NULL,NULL,NULL,NULL,0,'1','0','2025-11-12 04:46:16'),(751,95,'Bishnupur','bishnupur',NULL,NULL,NULL,NULL,NULL,0,'1','0','2025-11-12 04:46:16'),(752,95,'Budge Budge','budge-budge',NULL,NULL,NULL,NULL,NULL,0,'1','0','2025-11-12 04:46:16'),(753,95,'Chandannagar','chandannagar',NULL,NULL,NULL,NULL,NULL,0,'1','0','2025-11-12 04:46:16'),(754,95,'Chinsurah','chinsurah',NULL,NULL,NULL,NULL,NULL,0,'1','0','2025-11-12 04:46:16'),(755,95,'Cooch Behar','cooch-behar',NULL,NULL,NULL,NULL,NULL,0,'1','0','2025-11-12 04:46:16'),(756,95,'Darjeeling','darjeeling',NULL,NULL,NULL,NULL,NULL,0,'1','0','2025-11-12 04:46:16'),(757,95,'Diamond Harbour','diamond-harbour',NULL,NULL,NULL,NULL,NULL,0,'1','0','2025-11-12 04:46:16'),(758,95,'Dum Dum','dum-dum',NULL,NULL,NULL,NULL,NULL,0,'1','0','2025-11-12 04:46:16'),(759,95,'Durgapur','durgapur',NULL,NULL,NULL,NULL,NULL,0,'1','0','2025-11-12 04:46:16'),(760,95,'English Bazar','english-bazar',NULL,NULL,NULL,NULL,NULL,0,'1','0','2025-11-12 04:46:16'),(761,95,'Halisahar','halisahar',NULL,NULL,NULL,NULL,NULL,0,'1','0','2025-11-12 04:46:16'),(762,95,'Howrah','howrah',NULL,NULL,NULL,NULL,NULL,0,'1','0','2025-11-12 04:46:16'),(763,95,'Hooghly','hooghly',NULL,NULL,NULL,NULL,NULL,0,'1','0','2025-11-12 04:46:16'),(764,95,'Jalpaiguri','jalpaiguri',NULL,NULL,NULL,NULL,NULL,0,'1','0','2025-11-12 04:46:16'),(765,95,'Kalimpong','kalimpong',NULL,NULL,NULL,NULL,NULL,0,'1','0','2025-11-12 04:46:16'),(766,95,'Kamarhati','kamarhati',NULL,NULL,NULL,NULL,NULL,0,'1','0','2025-11-12 04:46:16'),(767,95,'Kanchrapara','kanchrapara',NULL,NULL,NULL,NULL,NULL,0,'1','0','2025-11-12 04:46:16'),(768,95,'Kharagpur','kharagpur',NULL,NULL,NULL,NULL,NULL,0,'1','0','2025-11-12 04:46:16'),(769,95,'Kolkata','kolkata',NULL,NULL,NULL,NULL,NULL,0,'1','1','2025-11-12 04:46:16'),(770,95,'Krishnanagar','krishnanagar',NULL,NULL,NULL,NULL,NULL,0,'1','0','2025-11-12 04:46:16'),(771,95,'Malda','malda',NULL,NULL,NULL,NULL,NULL,0,'1','0','2025-11-12 04:46:16'),(772,95,'Midnapore','midnapore',NULL,NULL,NULL,NULL,NULL,0,'1','0','2025-11-12 04:46:16'),(773,95,'Murshidabad','murshidabad',NULL,NULL,NULL,NULL,NULL,0,'1','0','2025-11-12 04:46:16'),(774,95,'Nabadwip','nabadwip',NULL,NULL,NULL,NULL,NULL,0,'1','0','2025-11-12 04:46:16'),(775,95,'Palasi','palasi',NULL,NULL,NULL,NULL,NULL,0,'1','0','2025-11-12 04:46:16'),(776,95,'Panihati','panihati',NULL,NULL,NULL,NULL,NULL,0,'1','0','2025-11-12 04:46:16'),(777,95,'Purulia','purulia',NULL,NULL,NULL,NULL,NULL,0,'1','0','2025-11-12 04:46:16'),(778,95,'Raiganj','raiganj',NULL,NULL,NULL,NULL,NULL,0,'1','0','2025-11-12 04:46:16'),(779,95,'Santipur','santipur',NULL,NULL,NULL,NULL,NULL,0,'1','0','2025-11-12 04:46:16'),(780,95,'Siliguri','siliguri',NULL,NULL,NULL,NULL,NULL,0,'1','0','2025-11-12 04:46:16'),(781,95,'Birbhum','birbhum',NULL,NULL,NULL,NULL,NULL,0,'1','0','2025-11-12 04:46:16'),(782,95,'North 24 Parganas','north-24-parganas',NULL,NULL,NULL,NULL,NULL,0,'1','0','2025-11-12 04:46:16'),(783,95,'South 24 Parganas','south-24-parganas',NULL,NULL,NULL,NULL,NULL,0,'1','0','2025-11-12 04:46:16'),(784,95,'Nadia','nadia',NULL,NULL,NULL,NULL,NULL,0,'1','0','2025-11-12 04:46:16'),(785,95,'Purba Medinipur','purba-medinipur',NULL,NULL,NULL,NULL,NULL,0,'1','0','2025-11-12 04:46:16'),(786,95,'Paschim Medinipur','paschim-medinipur',NULL,NULL,NULL,NULL,NULL,0,'1','0','2025-11-12 04:46:16'),(787,95,'Dakshin Dinajpur','dakshin-dinajpur',NULL,NULL,NULL,NULL,NULL,0,'1','0','2025-11-12 04:46:16'),(788,95,'Uttar Dinajpur','uttar-dinajpur',NULL,NULL,NULL,NULL,NULL,0,'1','0','2025-11-12 04:46:16'),(789,95,'Paschim Bardhaman','paschim-bardhaman',NULL,NULL,NULL,NULL,NULL,0,'1','0','2025-11-12 04:46:16'),(790,96,'Goa','goa',NULL,NULL,NULL,NULL,NULL,0,'1','0','2025-11-12 04:46:40'),(791,96,'Madgaon','madgaon',NULL,NULL,NULL,NULL,NULL,0,'1','0','2025-11-12 04:46:40'),(792,96,'North Goa','north-goa',NULL,NULL,NULL,NULL,NULL,0,'1','0','2025-11-12 04:46:40'),(793,96,'Panaji','panaji',NULL,NULL,NULL,NULL,NULL,0,'1','0','2025-11-12 04:46:40'),(794,96,'South Goa','south-goa',NULL,NULL,NULL,NULL,NULL,0,'1','0','2025-11-12 04:46:40'),(795,97,'Gujarat','gujarat',NULL,NULL,NULL,NULL,NULL,0,'1','0','2025-11-12 04:46:57'),(796,97,'Ahmedabad','ahmedabad',NULL,NULL,NULL,NULL,NULL,0,'1','1','2025-11-12 04:46:57'),(797,97,'Amreli','amreli',NULL,NULL,NULL,NULL,NULL,0,'1','0','2025-11-12 04:46:57'),(798,97,'Bharuch','bharuch',NULL,NULL,NULL,NULL,NULL,0,'1','0','2025-11-12 04:46:57'),(799,97,'Bhavnagar','bhavnagar',NULL,NULL,NULL,NULL,NULL,0,'1','0','2025-11-12 04:46:57'),(800,97,'Bhuj','bhuj',NULL,NULL,NULL,NULL,NULL,0,'1','0','2025-11-12 04:46:57'),(801,97,'Dwarka','dwarka',NULL,NULL,NULL,NULL,NULL,0,'1','0','2025-11-12 04:46:57'),(802,97,'Gandhinagar','gandhinagar',NULL,NULL,NULL,NULL,NULL,0,'1','0','2025-11-12 04:46:57'),(803,97,'Jamnagar','jamnagar',NULL,NULL,NULL,NULL,NULL,0,'1','0','2025-11-12 04:46:57'),(804,97,'Junagadh','junagadh',NULL,NULL,NULL,NULL,NULL,0,'1','0','2025-11-12 04:46:57'),(805,97,'Kandla','kandla',NULL,NULL,NULL,NULL,NULL,0,'1','0','2025-11-12 04:46:57'),(806,97,'Khambhat','khambhat',NULL,NULL,NULL,NULL,NULL,0,'1','0','2025-11-12 04:46:57'),(807,97,'Kheda','kheda',NULL,NULL,NULL,NULL,NULL,0,'1','0','2025-11-12 04:46:57'),(808,97,'Mehsana','mehsana',NULL,NULL,NULL,NULL,NULL,0,'1','0','2025-11-12 04:46:57'),(809,97,'Morbi','morbi',NULL,NULL,NULL,NULL,NULL,0,'1','0','2025-11-12 04:46:57'),(810,97,'Nadiad','nadiad',NULL,NULL,NULL,NULL,NULL,0,'1','0','2025-11-12 04:46:57'),(811,97,'Navsari','navsari',NULL,NULL,NULL,NULL,NULL,0,'1','0','2025-11-12 04:46:57'),(812,97,'Okha','okha',NULL,NULL,NULL,NULL,NULL,0,'1','0','2025-11-12 04:46:57'),(813,97,'Palanpur','palanpur',NULL,NULL,NULL,NULL,NULL,0,'1','0','2025-11-12 04:46:57'),(814,97,'Patan','patan',NULL,NULL,NULL,NULL,NULL,0,'1','0','2025-11-12 04:46:57'),(815,97,'Porbandar','porbandar',NULL,NULL,NULL,NULL,NULL,0,'1','0','2025-11-12 04:46:57'),(816,97,'Rajkot','rajkot',NULL,NULL,NULL,NULL,NULL,0,'1','0','2025-11-12 04:46:57'),(817,97,'Surendranagar','surendranagar',NULL,NULL,NULL,NULL,NULL,0,'1','0','2025-11-12 04:46:57'),(818,97,'Vadodara','vadodara',NULL,NULL,NULL,NULL,NULL,0,'1','0','2025-11-12 04:46:57'),(819,97,'Valsad','valsad',NULL,NULL,NULL,NULL,NULL,0,'1','0','2025-11-12 04:46:57'),(820,97,'Veraval','veraval',NULL,NULL,NULL,NULL,NULL,0,'1','0','2025-11-12 04:46:57'),(821,97,'Chhota Udaipur','chhota-udaipur',NULL,NULL,NULL,NULL,NULL,0,'1','0','2025-11-12 04:46:57'),(822,97,'Panchmahal','panchmahal',NULL,NULL,NULL,NULL,NULL,0,'1','0','2025-11-12 04:46:57'),(823,97,'Dahod','dahod',NULL,NULL,NULL,NULL,NULL,0,'1','0','2025-11-12 04:46:57'),(824,97,'Narmada','narmada',NULL,NULL,NULL,NULL,NULL,0,'1','0','2025-11-12 04:46:57'),(825,97,'Dang','dang',NULL,NULL,NULL,NULL,NULL,0,'1','0','2025-11-12 04:46:57'),(826,97,'Tapi','tapi',NULL,NULL,NULL,NULL,NULL,0,'1','0','2025-11-12 04:46:57'),(827,97,'Banaskantha','banaskantha',NULL,NULL,NULL,NULL,NULL,0,'1','0','2025-11-12 04:46:57'),(828,97,'Surat','surat',NULL,NULL,NULL,NULL,NULL,0,'1','0','2025-11-12 04:46:57'),(829,97,'Mahisagar','mahisagar',NULL,NULL,NULL,NULL,NULL,0,'1','0','2025-11-12 04:46:57'),(830,97,'Kutch','kutch',NULL,NULL,NULL,NULL,NULL,0,'1','0','2025-11-12 04:46:57'),(831,97,'Botad','botad',NULL,NULL,NULL,NULL,NULL,0,'1','0','2025-11-12 04:46:57'),(832,97,'Devbhumi Dwarka','devbhumi-dwarka',NULL,NULL,NULL,NULL,NULL,0,'1','0','2025-11-12 04:46:57'),(833,97,'Anand','anand',NULL,NULL,NULL,NULL,NULL,0,'1','0','2025-11-12 04:46:57'),(834,97,'Aravalli','aravalli',NULL,NULL,NULL,NULL,NULL,0,'1','0','2025-11-12 04:46:57'),(835,97,'Sabarkantha','sabarkantha',NULL,NULL,NULL,NULL,NULL,0,'1','0','2025-11-12 04:46:57'),(836,97,'krishna','krishna',NULL,NULL,NULL,NULL,NULL,0,'1','0','2025-11-12 04:46:57'),(837,98,'Maharashtra','maharashtra',NULL,NULL,NULL,NULL,NULL,0,'1','0','2025-11-12 04:47:27'),(838,98,'Ahmednagar','ahmednagar',NULL,NULL,NULL,NULL,NULL,0,'1','0','2025-11-12 04:47:27'),(839,98,'Akola','akola',NULL,NULL,NULL,NULL,NULL,0,'1','0','2025-11-12 04:47:27'),(840,98,'Amravati','amravati',NULL,NULL,NULL,NULL,NULL,0,'1','0','2025-11-12 04:47:27'),(841,98,'Beed','beed',NULL,NULL,NULL,NULL,NULL,0,'1','0','2025-11-12 04:47:27'),(842,98,'Bhandara','bhandara',NULL,NULL,NULL,NULL,NULL,0,'1','0','2025-11-12 04:47:27'),(843,98,'Bhiwandi','bhiwandi',NULL,NULL,NULL,NULL,NULL,0,'1','0','2025-11-12 04:47:27'),(844,98,'Bhusawal','bhusawal',NULL,NULL,NULL,NULL,NULL,0,'1','0','2025-11-12 04:47:27'),(845,98,'Chandrapur','chandrapur',NULL,NULL,NULL,NULL,NULL,0,'1','0','2025-11-12 04:47:27'),(846,98,'Daulatabad','daulatabad',NULL,NULL,NULL,NULL,NULL,0,'1','0','2025-11-12 04:47:27'),(847,98,'Dhule','dhule',NULL,NULL,NULL,NULL,NULL,0,'1','0','2025-11-12 04:47:27'),(848,98,'Jalgaon','jalgaon',NULL,NULL,NULL,NULL,NULL,0,'1','0','2025-11-12 04:47:27'),(849,98,'Kalyan','kalyan',NULL,NULL,NULL,NULL,NULL,0,'1','0','2025-11-12 04:47:27'),(850,98,'Karli','karli',NULL,NULL,NULL,NULL,NULL,0,'1','0','2025-11-12 04:47:27'),(851,98,'Kolhapur','kolhapur',NULL,NULL,NULL,NULL,NULL,0,'1','0','2025-11-12 04:47:27'),(852,98,'Mahabaleshwar','mahabaleshwar',NULL,NULL,NULL,NULL,NULL,0,'1','0','2025-11-12 04:47:27'),(853,98,'Malegaon','malegaon',NULL,NULL,NULL,NULL,NULL,0,'1','0','2025-11-12 04:47:27'),(854,98,'Matheran','matheran',NULL,NULL,NULL,NULL,NULL,0,'1','0','2025-11-12 04:47:27'),(855,98,'Mumbai','mumbai',NULL,NULL,NULL,NULL,NULL,0,'1','1','2025-11-12 04:47:27'),(856,98,'Nagpur','nagpur',NULL,NULL,NULL,NULL,NULL,0,'1','0','2025-11-12 04:47:27'),(857,98,'Nanded','nanded',NULL,NULL,NULL,NULL,NULL,0,'1','0','2025-11-12 04:47:27'),(858,98,'Nashik','nashik',NULL,NULL,NULL,NULL,NULL,0,'1','0','2025-11-12 04:47:27'),(859,98,'Pandharpur','pandharpur',NULL,NULL,NULL,NULL,NULL,0,'1','0','2025-11-12 04:47:27'),(860,98,'Parbhani','parbhani',NULL,NULL,NULL,NULL,NULL,0,'1','0','2025-11-12 04:47:27'),(861,98,'Pune','pune',NULL,NULL,NULL,NULL,NULL,0,'1','0','2025-11-12 04:47:27'),(862,98,'Ratnagiri','ratnagiri',NULL,NULL,NULL,NULL,NULL,0,'1','0','2025-11-12 04:47:27'),(863,98,'Sangli','sangli',NULL,NULL,NULL,NULL,NULL,0,'1','0','2025-11-12 04:47:27'),(864,98,'Satara','satara',NULL,NULL,NULL,NULL,NULL,0,'1','0','2025-11-12 04:47:27'),(865,98,'Sevagram','sevagram',NULL,NULL,NULL,NULL,NULL,0,'1','0','2025-11-12 04:47:27'),(866,98,'Solapur','solapur',NULL,NULL,NULL,NULL,NULL,0,'1','0','2025-11-12 04:47:27'),(867,98,'Thane','thane',NULL,NULL,NULL,NULL,NULL,0,'1','0','2025-11-12 04:47:27'),(868,98,'Ulhasnagar','ulhasnagar',NULL,NULL,NULL,NULL,NULL,0,'1','0','2025-11-12 04:47:27'),(869,98,'Vasai Virar','vasai-virar',NULL,NULL,NULL,NULL,NULL,0,'1','0','2025-11-12 04:47:27'),(870,98,'Wardha','wardha',NULL,NULL,NULL,NULL,NULL,0,'1','0','2025-11-12 04:47:27'),(871,98,'Yavatmal','yavatmal',NULL,NULL,NULL,NULL,NULL,0,'1','0','2025-11-12 04:47:27'),(872,98,'Shrirampur','shrirampur',NULL,NULL,NULL,NULL,NULL,0,'1','0','2025-11-12 04:47:27'),(873,98,'Palghar','palghar',NULL,NULL,NULL,NULL,NULL,0,'1','0','2025-11-12 04:47:27'),(874,98,'Gondia','gondia',NULL,NULL,NULL,NULL,NULL,0,'1','0','2025-11-12 04:47:27'),(875,98,'Gadchiroli','gadchiroli',NULL,NULL,NULL,NULL,NULL,0,'1','0','2025-11-12 04:47:27'),(876,98,'Buldhana','buldhana',NULL,NULL,NULL,NULL,NULL,0,'1','0','2025-11-12 04:47:27'),(877,98,'Washim','washim',NULL,NULL,NULL,NULL,NULL,0,'1','0','2025-11-12 04:47:27'),(878,98,'Miraj','miraj',NULL,NULL,NULL,NULL,NULL,0,'1','0','2025-11-12 04:47:27'),(879,98,'Sindhudurg','sindhudurg',NULL,NULL,NULL,NULL,NULL,0,'1','0','2025-11-12 04:47:27'),(880,98,'Hingoli','hingoli',NULL,NULL,NULL,NULL,NULL,0,'1','0','2025-11-12 04:47:27'),(881,98,'Osmanabad','osmanabad',NULL,NULL,NULL,NULL,NULL,0,'1','0','2025-11-12 04:47:27'),(882,98,'Latur','latur',NULL,NULL,NULL,NULL,NULL,0,'1','0','2025-11-12 04:47:27'),(883,98,'Nandurbar','nandurbar',NULL,NULL,NULL,NULL,NULL,0,'1','0','2025-11-12 04:47:27'),(884,98,'Jalna','jalna',NULL,NULL,NULL,NULL,NULL,0,'1','0','2025-11-12 04:47:27'),(885,98,'Mumbai Suburban','mumbai-suburban',NULL,NULL,NULL,NULL,NULL,0,'1','0','2025-11-12 04:47:27'),(886,99,'Arunachal Pradesh','arunachal-pradesh',NULL,NULL,NULL,NULL,NULL,0,'1','0','2025-11-12 04:48:12'),(887,99,'Bordumsa','bordumsa',NULL,NULL,NULL,NULL,NULL,0,'1','0','2025-11-12 04:48:12'),(888,99,'Changlang','changlang',NULL,NULL,NULL,NULL,NULL,0,'1','0','2025-11-12 04:48:12'),(889,99,'Itanagar','itanagar',NULL,NULL,NULL,NULL,NULL,0,'1','0','2025-11-12 04:48:12'),(890,99,'Dibang Valley','dibang-valley',NULL,NULL,NULL,NULL,NULL,0,'1','0','2025-11-12 04:48:12'),(891,99,'Papum Pare','papum-pare',NULL,NULL,NULL,NULL,NULL,0,'1','0','2025-11-12 04:48:12'),(892,99,'Tirap','tirap',NULL,NULL,NULL,NULL,NULL,0,'1','0','2025-11-12 04:48:12'),(893,99,'West Kameng','west-kameng',NULL,NULL,NULL,NULL,NULL,0,'1','0','2025-11-12 04:48:12'),(894,99,'East Kameng','east-kameng',NULL,NULL,NULL,NULL,NULL,0,'1','0','2025-11-12 04:48:12'),(895,99,'Lohit','lohit',NULL,NULL,NULL,NULL,NULL,0,'1','0','2025-11-12 04:48:12'),(896,99,'Tawang','tawang',NULL,NULL,NULL,NULL,NULL,0,'1','0','2025-11-12 04:48:12'),(897,99,'Kurung Kumey','kurung-kumey',NULL,NULL,NULL,NULL,NULL,0,'1','0','2025-11-12 04:48:12'),(898,99,'West Siang','west-siang',NULL,NULL,NULL,NULL,NULL,0,'1','0','2025-11-12 04:48:12'),(899,99,'East Siang','east-siang',NULL,NULL,NULL,NULL,NULL,0,'1','0','2025-11-12 04:48:12'),(900,99,'Upper Subansiri','upper-subansiri',NULL,NULL,NULL,NULL,NULL,0,'1','0','2025-11-12 04:48:12'),(901,99,'Upper Siang','upper-siang',NULL,NULL,NULL,NULL,NULL,0,'1','0','2025-11-12 04:48:12'),(902,99,'Lower Subansiri','lower-subansiri',NULL,NULL,NULL,NULL,NULL,0,'1','0','2025-11-12 04:48:12'),(903,100,'Assam','assam',NULL,NULL,NULL,NULL,NULL,0,'1','0','2025-11-12 04:48:29'),(904,100,'Dhubri','dhubri',NULL,NULL,NULL,NULL,NULL,0,'1','0','2025-11-12 04:48:29'),(905,100,'Dibrugarh','dibrugarh',NULL,NULL,NULL,NULL,NULL,0,'1','0','2025-11-12 04:48:29'),(906,100,'Dispur','dispur',NULL,NULL,NULL,NULL,NULL,0,'1','0','2025-11-12 04:48:29'),(907,100,'Guwahati','guwahati',NULL,NULL,NULL,NULL,NULL,0,'1','0','2025-11-12 04:48:29'),(908,100,'Jorhat','jorhat',NULL,NULL,NULL,NULL,NULL,0,'1','0','2025-11-12 04:48:29'),(909,100,'Nagaon','nagaon',NULL,NULL,NULL,NULL,NULL,0,'1','0','2025-11-12 04:48:29'),(910,100,'Silchar','silchar',NULL,NULL,NULL,NULL,NULL,0,'1','0','2025-11-12 04:48:29'),(911,100,'Sivasagar','sivasagar',NULL,NULL,NULL,NULL,NULL,0,'1','0','2025-11-12 04:48:29'),(912,100,'Tezpur','tezpur',NULL,NULL,NULL,NULL,NULL,0,'1','0','2025-11-12 04:48:29'),(913,100,'Tinsukia','tinsukia',NULL,NULL,NULL,NULL,NULL,0,'1','0','2025-11-12 04:48:29'),(914,100,'Darrang','darrang',NULL,NULL,NULL,NULL,NULL,0,'1','0','2025-11-12 04:48:29'),(915,100,'Sonitpur','sonitpur',NULL,NULL,NULL,NULL,NULL,0,'1','0','2025-11-12 04:48:29'),(916,100,'Udalguri','udalguri',NULL,NULL,NULL,NULL,NULL,0,'1','0','2025-11-12 04:48:29'),(917,100,'Karimganj','karimganj',NULL,NULL,NULL,NULL,NULL,0,'1','0','2025-11-12 04:48:29'),(918,100,'Hailakandi','hailakandi',NULL,NULL,NULL,NULL,NULL,0,'1','0','2025-11-12 04:48:29'),(919,100,'Cachar','cachar',NULL,NULL,NULL,NULL,NULL,0,'1','0','2025-11-12 04:48:29'),(920,100,'Karbi Anglong','karbi-anglong',NULL,NULL,NULL,NULL,NULL,0,'1','0','2025-11-12 04:48:29'),(921,100,'Dima Hasao','dima-hasao',NULL,NULL,NULL,NULL,NULL,0,'1','0','2025-11-12 04:48:29'),(922,100,'Sonapur','sonapur',NULL,NULL,NULL,NULL,NULL,0,'1','0','2025-11-12 04:48:29'),(923,100,'Bongaigaon','bongaigaon',NULL,NULL,NULL,NULL,NULL,0,'1','0','2025-11-12 04:48:29'),(924,100,'Kokrajhar','kokrajhar',NULL,NULL,NULL,NULL,NULL,0,'1','0','2025-11-12 04:48:29'),(925,100,'Goalpara','goalpara',NULL,NULL,NULL,NULL,NULL,0,'1','0','2025-11-12 04:48:29'),(926,100,'Kamrup','kamrup',NULL,NULL,NULL,NULL,NULL,0,'1','0','2025-11-12 04:48:29'),(927,100,'Baksa','baksa',NULL,NULL,NULL,NULL,NULL,0,'1','0','2025-11-12 04:48:29'),(928,100,'Nalbari','nalbari',NULL,NULL,NULL,NULL,NULL,0,'1','0','2025-11-12 04:48:29'),(929,100,'Barpeta','barpeta',NULL,NULL,NULL,NULL,NULL,0,'1','0','2025-11-12 04:48:29'),(930,100,'Dhemaji','dhemaji',NULL,NULL,NULL,NULL,NULL,0,'1','0','2025-11-12 04:48:29'),(931,100,'Morigaon','morigaon',NULL,NULL,NULL,NULL,NULL,0,'1','0','2025-11-12 04:48:29'),(932,100,'Golaghat','golaghat',NULL,NULL,NULL,NULL,NULL,0,'1','0','2025-11-12 04:48:29'),(933,101,'Manipur','manipur',NULL,NULL,NULL,NULL,NULL,0,'1','0','2025-11-12 04:48:44'),(934,101,'Churachandpur','churachandpur',NULL,NULL,NULL,NULL,NULL,0,'1','0','2025-11-12 04:48:44'),(935,101,'Imphal','imphal',NULL,NULL,NULL,NULL,NULL,0,'1','0','2025-11-12 04:48:44'),(936,101,'Thoubal','thoubal',NULL,NULL,NULL,NULL,NULL,0,'1','0','2025-11-12 04:48:44'),(937,101,'Thanlon','thanlon',NULL,NULL,NULL,NULL,NULL,0,'1','0','2025-11-12 04:48:44'),(938,101,'Jiribam','jiribam',NULL,NULL,NULL,NULL,NULL,0,'1','0','2025-11-12 04:48:44'),(939,101,'Tengnoupal','tengnoupal',NULL,NULL,NULL,NULL,NULL,0,'1','0','2025-11-12 04:48:44'),(940,101,'Senapati','senapati',NULL,NULL,NULL,NULL,NULL,0,'1','0','2025-11-12 04:48:44'),(941,101,'Chandel','chandel',NULL,NULL,NULL,NULL,NULL,0,'1','0','2025-11-12 04:48:44'),(942,101,'Tamenglong','tamenglong',NULL,NULL,NULL,NULL,NULL,0,'1','0','2025-11-12 04:48:44'),(943,101,'Ukhrul','ukhrul',NULL,NULL,NULL,NULL,NULL,0,'1','0','2025-11-12 04:48:44'),(944,101,'Imphal West','imphal-west',NULL,NULL,NULL,NULL,NULL,0,'1','0','2025-11-12 04:48:44'),(945,101,'Imphal East','imphal-east',NULL,NULL,NULL,NULL,NULL,0,'1','0','2025-11-12 04:48:44'),(946,102,'Meghalaya','meghalaya',NULL,NULL,NULL,NULL,NULL,0,'1','0','2025-11-12 04:49:27'),(947,102,'Cherrapunji','cherrapunji',NULL,NULL,NULL,NULL,NULL,0,'1','0','2025-11-12 04:49:27'),(948,102,'Shillong','shillong',NULL,NULL,NULL,NULL,NULL,0,'1','0','2025-11-12 04:49:27'),(949,102,'West Garo Hills','west-garo-hills',NULL,NULL,NULL,NULL,NULL,0,'1','0','2025-11-12 04:49:27'),(950,102,'West Jaintia Hills','west-jaintia-hills',NULL,NULL,NULL,NULL,NULL,0,'1','0','2025-11-12 04:49:27'),(951,102,'East Khasi Hills','east-khasi-hills',NULL,NULL,NULL,NULL,NULL,0,'1','0','2025-11-12 04:49:27'),(952,102,'South Garo Hills','south-garo-hills',NULL,NULL,NULL,NULL,NULL,0,'1','0','2025-11-12 04:49:27'),(953,102,'East Garo Hills','east-garo-hills',NULL,NULL,NULL,NULL,NULL,0,'1','0','2025-11-12 04:49:27'),(954,102,'Ri Bhoi','ri-bhoi',NULL,NULL,NULL,NULL,NULL,0,'1','0','2025-11-12 04:49:27'),(955,102,'West Khasi Hills','west-khasi-hills',NULL,NULL,NULL,NULL,NULL,0,'1','0','2025-11-12 04:49:27'),(956,102,'Tura','tura',NULL,NULL,NULL,NULL,NULL,0,'1','0','2025-11-12 04:49:27'),(957,102,'South West Khasi Hills','south-west-khasi-hills',NULL,NULL,NULL,NULL,NULL,0,'1','0','2025-11-12 04:49:27'),(958,102,'East Jaintia Hills','east-jaintia-hills',NULL,NULL,NULL,NULL,NULL,0,'1','0','2025-11-12 04:49:27'),(959,103,'Mizoram','mizoram',NULL,NULL,NULL,NULL,NULL,0,'1','0','2025-11-12 04:50:19'),(960,103,'Aizawl','aizawl',NULL,NULL,NULL,NULL,NULL,0,'1','0','2025-11-12 04:50:19'),(961,103,'Champhai','champhai',NULL,NULL,NULL,NULL,NULL,0,'1','0','2025-11-12 04:50:19'),(962,103,'Lunglei','lunglei',NULL,NULL,NULL,NULL,NULL,0,'1','0','2025-11-12 04:50:19'),(963,103,'Mamit','mamit',NULL,NULL,NULL,NULL,NULL,0,'1','0','2025-11-12 04:50:19'),(964,103,'Serchhip','serchhip',NULL,NULL,NULL,NULL,NULL,0,'1','0','2025-11-12 04:50:19'),(965,103,'Siaha','siaha',NULL,NULL,NULL,NULL,NULL,0,'1','0','2025-11-12 04:50:19'),(966,103,'Lawngtlai','lawngtlai',NULL,NULL,NULL,NULL,NULL,0,'1','0','2025-11-12 04:50:19'),(967,103,'Kolasib','kolasib',NULL,NULL,NULL,NULL,NULL,0,'1','0','2025-11-12 04:50:19'),(968,104,'Nagaland','nagaland',NULL,NULL,NULL,NULL,NULL,0,'1','0','2025-11-12 04:50:38'),(969,104,'Dimapur','dimapur',NULL,NULL,NULL,NULL,NULL,0,'1','0','2025-11-12 04:50:38'),(970,104,'Kiphire','kiphire',NULL,NULL,NULL,NULL,NULL,0,'1','0','2025-11-12 04:50:38'),(971,104,'Kohima','kohima',NULL,NULL,NULL,NULL,NULL,0,'1','0','2025-11-12 04:50:38'),(972,104,'Mon Village','mon-village',NULL,NULL,NULL,NULL,NULL,0,'1','0','2025-11-12 04:50:38'),(973,104,'Phek','phek',NULL,NULL,NULL,NULL,NULL,0,'1','0','2025-11-12 04:50:38'),(974,104,'Wokha','wokha',NULL,NULL,NULL,NULL,NULL,0,'1','0','2025-11-12 04:50:38'),(975,104,'Zunheboto','zunheboto',NULL,NULL,NULL,NULL,NULL,0,'1','0','2025-11-12 04:50:38'),(976,104,'Longleng','longleng',NULL,NULL,NULL,NULL,NULL,0,'1','0','2025-11-12 04:50:38'),(977,104,'Mon','mon',NULL,NULL,NULL,NULL,NULL,0,'1','0','2025-11-12 04:50:38'),(978,104,'Mokokchung','mokokchung',NULL,NULL,NULL,NULL,NULL,0,'1','0','2025-11-12 04:50:38'),(979,104,'Tuensang','tuensang',NULL,NULL,NULL,NULL,NULL,0,'1','0','2025-11-12 04:50:38'),(980,104,'Peren','peren',NULL,NULL,NULL,NULL,NULL,0,'1','0','2025-11-12 04:50:38'),(981,105,'Sikkim','sikkim',NULL,NULL,NULL,NULL,NULL,0,'1','0','2025-11-12 04:51:33'),(982,105,'Gangtok','gangtok',NULL,NULL,NULL,NULL,NULL,0,'1','0','2025-11-12 04:51:33'),(983,105,'Geyzing','geyzing',NULL,NULL,NULL,NULL,NULL,0,'1','0','2025-11-12 04:51:33'),(984,105,'Lachung','lachung',NULL,NULL,NULL,NULL,NULL,0,'1','0','2025-11-12 04:51:33'),(985,105,'Mangan','mangan',NULL,NULL,NULL,NULL,NULL,0,'1','0','2025-11-12 04:51:33'),(986,105,'Singtam','singtam',NULL,NULL,NULL,NULL,NULL,0,'1','0','2025-11-12 04:51:33'),(987,105,'East Sikkim','east-sikkim',NULL,NULL,NULL,NULL,NULL,0,'1','0','2025-11-12 04:51:33'),(988,105,'South Sikkim','south-sikkim',NULL,NULL,NULL,NULL,NULL,0,'1','0','2025-11-12 04:51:33'),(989,105,'North Sikkim','north-sikkim',NULL,NULL,NULL,NULL,NULL,0,'1','0','2025-11-12 04:51:33'),(990,105,'West Sikkim','west-sikkim',NULL,NULL,NULL,NULL,NULL,0,'1','0','2025-11-12 04:51:33'),(991,106,'Tripura','tripura',NULL,NULL,NULL,NULL,NULL,0,'1','0','2025-11-12 04:51:51'),(992,106,'Agartala','agartala',NULL,NULL,NULL,NULL,NULL,0,'1','0','2025-11-12 04:51:51'),(993,106,'Ambassa','ambassa',NULL,NULL,NULL,NULL,NULL,0,'1','0','2025-11-12 04:51:51'),(994,106,'Belonia','belonia',NULL,NULL,NULL,NULL,NULL,0,'1','0','2025-11-12 04:51:51'),(995,106,'Bishramganj','bishramganj',NULL,NULL,NULL,NULL,NULL,0,'1','0','2025-11-12 04:51:51'),(996,106,'Dhalai','dhalai',NULL,NULL,NULL,NULL,NULL,0,'1','0','2025-11-12 04:51:51'),(997,106,'Dharmanagar','dharmanagar',NULL,NULL,NULL,NULL,NULL,0,'1','0','2025-11-12 04:51:51'),(998,106,'Gomati','gomati',NULL,NULL,NULL,NULL,NULL,0,'1','0','2025-11-12 04:51:51'),(999,106,'Kailashahar','kailashahar',NULL,NULL,NULL,NULL,NULL,0,'1','0','2025-11-12 04:51:51'),(1000,106,'Khowai','khowai',NULL,NULL,NULL,NULL,NULL,0,'1','0','2025-11-12 04:51:51'),(1001,106,'Sepahijala','sepahijala',NULL,NULL,NULL,NULL,NULL,0,'1','0','2025-11-12 04:51:51'),(1002,106,'West Tripura','west-tripura',NULL,NULL,NULL,NULL,NULL,0,'1','0','2025-11-12 04:51:51'),(1003,106,'South Tripura','south-tripura',NULL,NULL,NULL,NULL,NULL,0,'1','0','2025-11-12 04:51:51'),(1004,106,'North Tripura','north-tripura',NULL,NULL,NULL,NULL,NULL,0,'1','0','2025-11-12 04:51:51'),(1005,107,'Chhattisgarh','chhattisgarh',NULL,NULL,NULL,NULL,NULL,0,'1','0','2025-11-12 04:52:14'),(1006,107,'Ambikapur','ambikapur',NULL,NULL,NULL,NULL,NULL,0,'1','0','2025-11-12 04:52:14'),(1007,107,'Bhilai','bhilai',NULL,NULL,NULL,NULL,NULL,0,'1','0','2025-11-12 04:52:14'),(1008,107,'Bilaspur','bilaspur',NULL,NULL,NULL,NULL,NULL,0,'1','0','2025-11-12 04:52:14'),(1009,107,'Dhamtari','dhamtari',NULL,NULL,NULL,NULL,NULL,0,'1','0','2025-11-12 04:52:14'),(1010,107,'Durg','durg',NULL,NULL,NULL,NULL,NULL,0,'1','0','2025-11-12 04:52:14'),(1011,107,'Jagdalpur','jagdalpur',NULL,NULL,NULL,NULL,NULL,0,'1','0','2025-11-12 04:52:14'),(1012,107,'Korba','korba',NULL,NULL,NULL,NULL,NULL,0,'1','0','2025-11-12 04:52:14'),(1013,107,'Raigarh','raigarh',NULL,NULL,NULL,NULL,NULL,0,'1','0','2025-11-12 04:52:14'),(1014,107,'Raipur','raipur',NULL,NULL,NULL,NULL,NULL,0,'1','0','2025-11-12 04:52:14'),(1015,107,'Rajnandgaon','rajnandgaon',NULL,NULL,NULL,NULL,NULL,0,'1','0','2025-11-12 04:52:14'),(1016,107,'Makadi','makadi',NULL,NULL,NULL,NULL,NULL,0,'1','0','2025-11-12 04:52:14'),(1017,107,'Balod','balod',NULL,NULL,NULL,NULL,NULL,0,'1','0','2025-11-12 04:52:14'),(1018,107,'Baloda Bazar','baloda-bazar',NULL,NULL,NULL,NULL,NULL,0,'1','0','2025-11-12 04:52:14'),(1019,107,'Balrampur','balrampur',NULL,NULL,NULL,NULL,NULL,0,'1','0','2025-11-12 04:52:14'),(1020,107,'Bastar','bastar',NULL,NULL,NULL,NULL,NULL,0,'1','0','2025-11-12 04:52:14'),(1021,107,'Bemetara','bemetara',NULL,NULL,NULL,NULL,NULL,0,'1','0','2025-11-12 04:52:14'),(1022,107,'Bijapur','bijapur',NULL,NULL,NULL,NULL,NULL,0,'1','0','2025-11-12 04:52:14'),(1023,107,'Dantewada','dantewada',NULL,NULL,NULL,NULL,NULL,0,'1','0','2025-11-12 04:52:14'),(1024,107,'Gariaband','gariaband',NULL,NULL,NULL,NULL,NULL,0,'1','0','2025-11-12 04:52:14'),(1025,107,'Gaurella Pendra Marwahi','gaurella-pendra-marwahi',NULL,NULL,NULL,NULL,NULL,0,'1','0','2025-11-12 04:52:14'),(1026,107,'Janjgir Champa','janjgir-champa',NULL,NULL,NULL,NULL,NULL,0,'1','0','2025-11-12 04:52:14'),(1027,107,'Jashpur','jashpur',NULL,NULL,NULL,NULL,NULL,0,'1','0','2025-11-12 04:52:14'),(1028,107,'Kabirdham','kabirdham',NULL,NULL,NULL,NULL,NULL,0,'1','0','2025-11-12 04:52:14'),(1029,107,'Kanker','kanker',NULL,NULL,NULL,NULL,NULL,0,'1','0','2025-11-12 04:52:14'),(1030,107,'Kawardha','kawardha',NULL,NULL,NULL,NULL,NULL,0,'1','0','2025-11-12 04:52:14'),(1031,107,'Kondagaon','kondagaon',NULL,NULL,NULL,NULL,NULL,0,'1','0','2025-11-12 04:52:14'),(1032,107,'Koriya','koriya',NULL,NULL,NULL,NULL,NULL,0,'1','0','2025-11-12 04:52:14'),(1033,107,'Mahasamund','mahasamund',NULL,NULL,NULL,NULL,NULL,0,'1','0','2025-11-12 04:52:14'),(1034,107,'Mungeli','mungeli',NULL,NULL,NULL,NULL,NULL,0,'1','0','2025-11-12 04:52:14'),(1035,107,'Naila Janjgir','naila-janjgir',NULL,NULL,NULL,NULL,NULL,0,'1','0','2025-11-12 04:52:14'),(1036,107,'Narayanpur','narayanpur',NULL,NULL,NULL,NULL,NULL,0,'1','0','2025-11-12 04:52:14'),(1037,107,'Sukma','sukma',NULL,NULL,NULL,NULL,NULL,0,'1','0','2025-11-12 04:52:14'),(1038,107,'Surajpur','surajpur',NULL,NULL,NULL,NULL,NULL,0,'1','0','2025-11-12 04:52:14'),(1039,107,'Surguja','surguja',NULL,NULL,NULL,NULL,NULL,0,'1','0','2025-11-12 04:52:14'),(1040,108,'Madhya Pradesh','madhya-pradesh',NULL,NULL,NULL,NULL,NULL,0,'1','0','2025-11-12 04:52:26'),(1041,108,'Balaghat','balaghat',NULL,NULL,NULL,NULL,NULL,0,'1','0','2025-11-12 04:52:26'),(1042,108,'Barwani','barwani',NULL,NULL,NULL,NULL,NULL,0,'1','0','2025-11-12 04:52:26'),(1043,108,'Betul','betul',NULL,NULL,NULL,NULL,NULL,0,'1','0','2025-11-12 04:52:26'),(1044,108,'Bharhut','bharhut',NULL,NULL,NULL,NULL,NULL,0,'1','0','2025-11-12 04:52:26'),(1045,108,'Bhind','bhind',NULL,NULL,NULL,NULL,NULL,0,'1','0','2025-11-12 04:52:26'),(1046,108,'Bhojpur','bhojpur',NULL,NULL,NULL,NULL,NULL,0,'1','0','2025-11-12 04:52:26'),(1047,108,'Bhopal','bhopal',NULL,NULL,NULL,NULL,NULL,0,'1','0','2025-11-12 04:52:26'),(1048,108,'Burhanpur','burhanpur',NULL,NULL,NULL,NULL,NULL,0,'1','0','2025-11-12 04:52:26'),(1049,108,'Chhatarpur','chhatarpur',NULL,NULL,NULL,NULL,NULL,0,'1','0','2025-11-12 04:52:26'),(1050,108,'Chhindwara','chhindwara',NULL,NULL,NULL,NULL,NULL,0,'1','0','2025-11-12 04:52:26'),(1051,108,'Damoh','damoh',NULL,NULL,NULL,NULL,NULL,0,'1','0','2025-11-12 04:52:26'),(1052,108,'Datia','datia',NULL,NULL,NULL,NULL,NULL,0,'1','0','2025-11-12 04:52:26'),(1053,108,'Dewas','dewas',NULL,NULL,NULL,NULL,NULL,0,'1','0','2025-11-12 04:52:26'),(1054,108,'Dhar','dhar',NULL,NULL,NULL,NULL,NULL,0,'1','0','2025-11-12 04:52:26'),(1055,108,'Dr Ambedkar Nagar','dr-ambedkar-nagar',NULL,NULL,NULL,NULL,NULL,0,'1','0','2025-11-12 04:52:26'),(1056,108,'Guna','guna',NULL,NULL,NULL,NULL,NULL,0,'1','0','2025-11-12 04:52:26'),(1057,108,'Gwalior','gwalior',NULL,NULL,NULL,NULL,NULL,0,'1','0','2025-11-12 04:52:26'),(1058,108,'Indore','indore',NULL,NULL,NULL,NULL,NULL,0,'1','0','2025-11-12 04:52:26'),(1059,108,'Itarsi','itarsi',NULL,NULL,NULL,NULL,NULL,0,'1','0','2025-11-12 04:52:26'),(1060,108,'Jabalpur','jabalpur',NULL,NULL,NULL,NULL,NULL,0,'1','0','2025-11-12 04:52:26'),(1061,108,'Jhabua','jhabua',NULL,NULL,NULL,NULL,NULL,0,'1','0','2025-11-12 04:52:26'),(1062,108,'Katni','katni',NULL,NULL,NULL,NULL,NULL,0,'1','0','2025-11-12 04:52:26'),(1063,108,'Khajuraho','khajuraho',NULL,NULL,NULL,NULL,NULL,0,'1','0','2025-11-12 04:52:26'),(1064,108,'Khandwa','khandwa',NULL,NULL,NULL,NULL,NULL,0,'1','0','2025-11-12 04:52:26'),(1065,108,'Khargone','khargone',NULL,NULL,NULL,NULL,NULL,0,'1','0','2025-11-12 04:52:26'),(1066,108,'Maheshwar','maheshwar',NULL,NULL,NULL,NULL,NULL,0,'1','0','2025-11-12 04:52:26'),(1067,108,'Mandla','mandla',NULL,NULL,NULL,NULL,NULL,0,'1','0','2025-11-12 04:52:26'),(1068,108,'Mandsaur','mandsaur',NULL,NULL,NULL,NULL,NULL,0,'1','0','2025-11-12 04:52:26'),(1069,108,'Morena','morena',NULL,NULL,NULL,NULL,NULL,0,'1','0','2025-11-12 04:52:26'),(1070,108,'Narmadapuram','narmadapuram',NULL,NULL,NULL,NULL,NULL,0,'1','0','2025-11-12 04:52:26'),(1071,108,'Narsinghgarh','narsinghgarh',NULL,NULL,NULL,NULL,NULL,0,'1','0','2025-11-12 04:52:26'),(1072,108,'Narsinghpur','narsinghpur',NULL,NULL,NULL,NULL,NULL,0,'1','0','2025-11-12 04:52:26'),(1073,108,'Narwar','narwar',NULL,NULL,NULL,NULL,NULL,0,'1','0','2025-11-12 04:52:26'),(1074,108,'Neemuch','neemuch',NULL,NULL,NULL,NULL,NULL,0,'1','0','2025-11-12 04:52:26'),(1075,108,'Nowgong','nowgong',NULL,NULL,NULL,NULL,NULL,0,'1','0','2025-11-12 04:52:26'),(1076,108,'Orchha','orchha',NULL,NULL,NULL,NULL,NULL,0,'1','0','2025-11-12 04:52:26'),(1077,108,'Panna','panna',NULL,NULL,NULL,NULL,NULL,0,'1','0','2025-11-12 04:52:26'),(1078,108,'Raisen','raisen',NULL,NULL,NULL,NULL,NULL,0,'1','0','2025-11-12 04:52:26'),(1079,108,'Rajgarh','rajgarh',NULL,NULL,NULL,NULL,NULL,0,'1','0','2025-11-12 04:52:26'),(1080,108,'Ratlam','ratlam',NULL,NULL,NULL,NULL,NULL,0,'1','0','2025-11-12 04:52:26'),(1081,108,'Sagar','sagar',NULL,NULL,NULL,NULL,NULL,0,'1','0','2025-11-12 04:52:26'),(1082,108,'Salangpur','salangpur',NULL,NULL,NULL,NULL,NULL,0,'1','0','2025-11-12 04:52:26'),(1083,108,' Satna','satna',NULL,NULL,NULL,NULL,NULL,0,'1','0','2025-11-12 04:52:26'),(1084,108,'Sehore','sehore',NULL,NULL,NULL,NULL,NULL,0,'1','0','2025-11-12 04:52:26'),(1085,108,'Seoni','seoni',NULL,NULL,NULL,NULL,NULL,0,'1','0','2025-11-12 04:52:26'),(1086,108,'Shahdol','shahdol',NULL,NULL,NULL,NULL,NULL,0,'1','0','2025-11-12 04:52:26'),(1087,108,'Shajapur','shajapur',NULL,NULL,NULL,NULL,NULL,0,'1','0','2025-11-12 04:52:26'),(1088,108,'Sheopur','sheopur',NULL,NULL,NULL,NULL,NULL,0,'1','0','2025-11-12 04:52:26'),(1089,108,'Shivpuri','shivpuri',NULL,NULL,NULL,NULL,NULL,0,'1','0','2025-11-12 04:52:26'),(1090,108,'Ujjain','ujjain',NULL,NULL,NULL,NULL,NULL,0,'1','0','2025-11-12 04:52:26'),(1091,108,'Vidisha','vidisha',NULL,NULL,NULL,NULL,NULL,0,'1','0','2025-11-12 04:52:26'),(1092,108,'Dindori','dindori',NULL,NULL,NULL,NULL,NULL,0,'1','0','2025-11-12 04:52:26'),(1093,108,'Alirajpur','alirajpur',NULL,NULL,NULL,NULL,NULL,0,'1','0','2025-11-12 04:52:26'),(1094,108,'Agar Malwa','agar-malwa',NULL,NULL,NULL,NULL,NULL,0,'1','0','2025-11-12 04:52:26'),(1095,108,'Singrauli','singrauli',NULL,NULL,NULL,NULL,NULL,0,'1','0','2025-11-12 04:52:26'),(1096,108,'Sidhi','sidhi',NULL,NULL,NULL,NULL,NULL,0,'1','0','2025-11-12 04:52:26'),(1097,108,'Umaria','umaria',NULL,NULL,NULL,NULL,NULL,0,'1','0','2025-11-12 04:52:26'),(1098,108,'Anuppur','anuppur',NULL,NULL,NULL,NULL,NULL,0,'1','0','2025-11-12 04:52:26'),(1099,108,'Rewa','rewa',NULL,NULL,NULL,NULL,NULL,0,'1','0','2025-11-12 04:52:26'),(1100,108,'Harda','harda',NULL,NULL,NULL,NULL,NULL,0,'1','0','2025-11-12 04:52:26'),(1101,108,'Hoshangabad','hoshangabad',NULL,NULL,NULL,NULL,NULL,0,'1','0','2025-11-12 04:52:26'),(1102,108,'Tikamgarh','tikamgarh',NULL,NULL,NULL,NULL,NULL,0,'1','0','2025-11-12 04:52:26'),(1103,108,'Chitrakoot','chitrakoot',NULL,NULL,NULL,NULL,NULL,0,'1','0','2025-11-12 04:52:26'),(1104,109,'Andaman and Nicobar Islands','andaman-and-nicobar-islands',NULL,NULL,NULL,NULL,NULL,0,'1','0','2025-11-12 04:52:46'),(1105,109,'Nicobar','nicobar',NULL,NULL,NULL,NULL,NULL,0,'1','0','2025-11-12 04:52:46'),(1106,109,'Port Blair','port-blair',NULL,NULL,NULL,NULL,NULL,0,'1','0','2025-11-12 04:52:46'),(1107,109,'North and Middle Andaman','north-and-middle-andaman',NULL,NULL,NULL,NULL,NULL,0,'1','0','2025-11-12 04:52:46'),(1108,109,'South Andaman','south-andaman',NULL,NULL,NULL,NULL,NULL,0,'1','0','2025-11-12 04:52:46'),(1109,110,'Daman and Diu','daman-and-diu',NULL,NULL,NULL,NULL,NULL,0,'1','0','2025-11-12 04:53:05'),(1110,110,'Daman','daman',NULL,NULL,NULL,NULL,NULL,0,'1','0','2025-11-12 04:53:05'),(1111,110,'Diu','diu',NULL,NULL,NULL,NULL,NULL,0,'1','0','2025-11-12 04:53:05'),(1112,111,'Ladakh','ladakh',NULL,NULL,NULL,NULL,NULL,0,'1','0','2025-11-12 04:53:17'),(1113,111,'Kargil','kargil',NULL,NULL,NULL,NULL,NULL,0,'1','0','2025-11-12 04:53:17'),(1114,111,'Leh','leh',NULL,NULL,NULL,NULL,NULL,0,'1','0','2025-11-12 04:53:17'),(1115,112,'Pondicherry','pondicherry',NULL,NULL,NULL,NULL,NULL,0,'1','0','2025-11-12 04:53:30'),(1116,112,'Karaikal','karaikal',NULL,NULL,NULL,NULL,NULL,0,'1','0','2025-11-12 04:53:30'),(1117,112,'Mahe','mahe',NULL,NULL,NULL,NULL,NULL,0,'1','0','2025-11-12 04:53:30'),(1118,112,'Yanam','yanam',NULL,NULL,NULL,NULL,NULL,0,'1','0','2025-11-12 04:53:30'),(1119,31,'Melbourne (Victoria)','melbourne-victoria',NULL,NULL,NULL,NULL,NULL,0,'1','0','2025-11-12 10:41:15'),(1120,31,'Canberra (Australian Capital Territory)','canberra-australian-capital-territory',NULL,NULL,NULL,NULL,NULL,0,'1','0','2025-11-12 10:41:15'),(1121,31,'Sydney (New South Wales)','sydney-new-south-wales',NULL,NULL,NULL,NULL,NULL,0,'1','0','2025-11-12 10:41:15'),(1122,31,'Perth (Western Australia)','perth-western-australia',NULL,NULL,NULL,NULL,NULL,0,'1','0','2025-11-12 10:41:15'),(1123,31,'Brisbane (Queensland)','brisbane-queensland',NULL,NULL,NULL,NULL,NULL,0,'1','0','2025-11-12 10:41:15'),(1124,31,'Adelaide (South Australia)','adelaide-south-australia',NULL,NULL,NULL,NULL,NULL,0,'1','0','2025-11-12 10:41:15'),(1125,31,'Hobart (Tasmania)','hobart-tasmania',NULL,NULL,NULL,NULL,NULL,0,'1','0','2025-11-12 10:41:15'),(1126,31,'Gold Coast (Queensland)','gold-coast-queensland',NULL,NULL,NULL,NULL,NULL,0,'1','0','2025-11-12 10:41:15'),(1127,31,'Cairns (Queensland)','cairns-queensland',NULL,NULL,NULL,NULL,NULL,0,'1','0','2025-11-12 10:41:15'),(1128,31,'Wollongong (New South Wales)','wollongong-new-south-wales',NULL,NULL,NULL,NULL,NULL,0,'1','0','2025-11-12 10:41:15'),(1129,31,'Newcastle (New South Wales)','newcastle-new-south-wales',NULL,NULL,NULL,NULL,NULL,0,'1','0','2025-11-12 10:41:15'),(1130,31,'Geelong (Victoria)','geelong-victoria',NULL,NULL,NULL,NULL,NULL,0,'1','0','2025-11-12 10:41:15'),(1131,31,'Townsville (Queensland)','townsville-queensland',NULL,NULL,NULL,NULL,NULL,0,'1','0','2025-11-12 10:41:15'),(1132,31,'Toowoomba (Queensland)','toowoomba-queensland',NULL,NULL,NULL,NULL,NULL,0,'1','0','2025-11-12 10:41:15'),(1133,31,'Darwin (Northern Territory)','darwin-northern-territory',NULL,NULL,NULL,NULL,NULL,0,'1','0','2025-11-12 10:41:15'),(1134,31,'Ballarat (Victoria)','ballarat-victoria',NULL,NULL,NULL,NULL,NULL,0,'1','0','2025-11-12 10:41:15'),(1135,31,'Bendigo (Victoria)','bendigo-victoria',NULL,NULL,NULL,NULL,NULL,0,'1','0','2025-11-12 10:41:15'),(1136,31,'Albury Wodonga (New South Wales Victoria)','albury-wodonga-new-south-wales-victoria',NULL,NULL,NULL,NULL,NULL,0,'1','0','2025-11-12 10:41:15'),(1137,31,'Launceston (Tasmania)','launceston-tasmania',NULL,NULL,NULL,NULL,NULL,0,'1','0','2025-11-12 10:41:15'),(1138,31,'Mackay (Queensland)','mackay-queensland',NULL,NULL,NULL,NULL,NULL,0,'1','0','2025-11-12 10:41:15'),(1139,31,'Rockhampton (Queensland)','rockhampton-queensland',NULL,NULL,NULL,NULL,NULL,0,'1','0','2025-11-12 10:41:15'),(1140,31,'Bunbury (Western Australia)','bunbury-western-australia',NULL,NULL,NULL,NULL,NULL,0,'1','0','2025-11-12 10:41:15'),(1141,31,'Bundaberg (Queensland)','bundaberg-queensland',NULL,NULL,NULL,NULL,NULL,0,'1','0','2025-11-12 10:41:15'),(1142,31,'Coffs Harbour (New South Wales)','coffs-harbour-new-south-wales',NULL,NULL,NULL,NULL,NULL,0,'1','0','2025-11-12 10:41:15'),(1143,31,'Wagga Wagga (New South Wales)','wagga-wagga-new-south-wales',NULL,NULL,NULL,NULL,NULL,0,'1','0','2025-11-12 10:41:15'),(1144,31,'Hervey Bay (Queensland)','hervey-bay-queensland',NULL,NULL,NULL,NULL,NULL,0,'1','0','2025-11-12 10:41:15'),(1145,31,'Mildura (Victoria)','mildura-victoria',NULL,NULL,NULL,NULL,NULL,0,'1','0','2025-11-12 10:41:15'),(1146,31,'Port Macquarie (New South Wales)','port-macquarie-new-south-wales',NULL,NULL,NULL,NULL,NULL,0,'1','0','2025-11-12 10:41:15'),(1147,31,'Shepparton (Victoria)','shepparton-victoria',NULL,NULL,NULL,NULL,NULL,0,'1','0','2025-11-12 10:41:15'),(1148,31,'Gladstone (Queensland)','gladstone-queensland',NULL,NULL,NULL,NULL,NULL,0,'1','0','2025-11-12 10:41:15'),(1149,31,'Tamworth (New South Wales)','tamworth-new-south-wales',NULL,NULL,NULL,NULL,NULL,0,'1','0','2025-11-12 10:41:15'),(1150,31,'Traralgon (Victoria)','traralgon-victoria',NULL,NULL,NULL,NULL,NULL,0,'1','0','2025-11-12 10:41:15'),(1151,31,'Kalgoorlie Boulder (Western Australia)','kalgoorlie-boulder-western-australia',NULL,NULL,NULL,NULL,NULL,0,'1','0','2025-11-12 10:41:15'),(1152,31,'Alice Springs (Northern Territory)','alice-springs-northern-territory',NULL,NULL,NULL,NULL,NULL,0,'1','0','2025-11-12 10:41:15'),(1153,31,'Devonport (Tasmania)','devonport-tasmania',NULL,NULL,NULL,NULL,NULL,0,'1','0','2025-11-12 10:41:15'),(1154,31,'Mount Gambier (South Australia)','mount-gambier-south-australia',NULL,NULL,NULL,NULL,NULL,0,'1','0','2025-11-12 10:41:15'),(1155,31,'Whyalla (South Australia)','whyalla-south-australia',NULL,NULL,NULL,NULL,NULL,0,'1','0','2025-11-12 10:41:15'),(1156,31,'Armidale (New South Wales)','armidale-new-south-wales',NULL,NULL,NULL,NULL,NULL,0,'1','0','2025-11-12 10:41:15'),(1157,31,'Bathurst (New South Wales)','bathurst-new-south-wales',NULL,NULL,NULL,NULL,NULL,0,'1','0','2025-11-12 10:41:15'),(1158,31,'Orange (New South Wales)','orange-new-south-wales',NULL,NULL,NULL,NULL,NULL,0,'1','0','2025-11-12 10:41:15'),(1159,31,'Dubbo (New South Wales)','dubbo-new-south-wales',NULL,NULL,NULL,NULL,NULL,0,'1','0','2025-11-12 10:41:15'),(1160,31,'Geraldton (Western Australia)','geraldton-western-australia',NULL,NULL,NULL,NULL,NULL,0,'1','0','2025-11-12 10:41:15'),(1161,31,'Lismore (New South Wales)','lismore-new-south-wales',NULL,NULL,NULL,NULL,NULL,0,'1','0','2025-11-12 10:41:15'),(1162,31,'Emerald (Queensland)','emerald-queensland',NULL,NULL,NULL,NULL,NULL,0,'1','0','2025-11-12 10:41:15'),(1163,31,'Warrnambool (Victoria)','warrnambool-victoria',NULL,NULL,NULL,NULL,NULL,0,'1','0','2025-11-12 10:41:15'),(1164,31,'Yeppoon (Queensland)','yeppoon-queensland',NULL,NULL,NULL,NULL,NULL,0,'1','0','2025-11-12 10:41:15'),(1165,31,'Broome (Western Australia)','broome-western-australia',NULL,NULL,NULL,NULL,NULL,0,'1','0','2025-11-12 10:41:15'),(1166,31,'Victor Harbor (South Australia)','victor-harbor-south-australia',NULL,NULL,NULL,NULL,NULL,0,'1','0','2025-11-12 10:41:15'),(1167,31,'Goulburn (New South Wales)','goulburn-new-south-wales',NULL,NULL,NULL,NULL,NULL,0,'1','0','2025-11-12 10:41:15'),(1168,31,'Katherine (Northern Territory)','katherine-northern-territory',NULL,NULL,NULL,NULL,NULL,0,'1','0','2025-11-12 10:41:15'),(1169,8,'Dhaka','dhaka',NULL,NULL,NULL,NULL,NULL,0,'1','0','2025-11-12 10:44:47'),(1170,8,'Chattogram','chattogram',NULL,NULL,NULL,NULL,NULL,0,'1','0','2025-11-12 10:44:47'),(1171,8,'Khulna','khulna',NULL,NULL,NULL,NULL,NULL,0,'1','0','2025-11-12 10:44:47'),(1172,8,'Rajshahi','rajshahi',NULL,NULL,NULL,NULL,NULL,0,'1','0','2025-11-12 10:44:47'),(1173,8,'Rangpur','rangpur',NULL,NULL,NULL,NULL,NULL,0,'1','0','2025-11-12 10:44:47'),(1174,8,'Sylhet','sylhet',NULL,NULL,NULL,NULL,NULL,0,'1','0','2025-11-12 10:44:47'),(1175,8,'Cumilla','cumilla',NULL,NULL,NULL,NULL,NULL,0,'1','0','2025-11-12 10:44:47'),(1176,8,'Madhupur','madhupur',NULL,NULL,NULL,NULL,NULL,0,'1','0','2025-11-12 10:44:47'),(1177,8,'Hathazari','hathazari',NULL,NULL,NULL,NULL,NULL,0,'1','0','2025-11-12 10:44:47'),(1178,8,'Shibganj','shibganj',NULL,NULL,NULL,NULL,NULL,0,'1','0','2025-11-12 10:44:47'),(1179,8,'Chittagong','chittagong',NULL,NULL,NULL,NULL,NULL,0,'1','0','2025-11-12 10:44:47'),(1180,8,'Barisal','barisal',NULL,NULL,NULL,NULL,NULL,0,'1','0','2025-11-12 10:44:47'),(1181,8,'Comilla','comilla',NULL,NULL,NULL,NULL,NULL,0,'1','0','2025-11-12 10:44:47'),(1182,8,'Narayanganj','narayanganj',NULL,NULL,NULL,NULL,NULL,0,'1','0','2025-11-12 10:44:47'),(1183,8,'Gazipur','gazipur',NULL,NULL,NULL,NULL,NULL,0,'1','0','2025-11-12 10:44:47'),(1184,8,'Mymensingh','mymensingh',NULL,NULL,NULL,NULL,NULL,0,'1','0','2025-11-12 10:44:47'),(1185,8,'Jessore','jessore',NULL,NULL,NULL,NULL,NULL,0,'1','0','2025-11-12 10:44:47'),(1186,8,'Bogra','bogra',NULL,NULL,NULL,NULL,NULL,0,'1','0','2025-11-12 10:44:47'),(1187,8,'Dinajpur','dinajpur',NULL,NULL,NULL,NULL,NULL,0,'1','0','2025-11-12 10:44:47'),(1188,8,'Coxs Bazar','coxs-bazar',NULL,NULL,NULL,NULL,NULL,0,'1','0','2025-11-12 10:44:47'),(1189,8,'Pabna','pabna',NULL,NULL,NULL,NULL,NULL,0,'1','0','2025-11-12 10:44:47'),(1190,8,'Tangail','tangail',NULL,NULL,NULL,NULL,NULL,0,'1','0','2025-11-12 10:44:47'),(1191,8,'Noakhali','noakhali',NULL,NULL,NULL,NULL,NULL,0,'1','0','2025-11-12 10:44:47'),(1192,8,'Savar','savar',NULL,NULL,NULL,NULL,NULL,0,'1','0','2025-11-12 10:44:47'),(1193,8,'Feni','feni',NULL,NULL,NULL,NULL,NULL,0,'1','0','2025-11-12 10:44:47'),(1194,8,'Faridpur','faridpur',NULL,NULL,NULL,NULL,NULL,0,'1','0','2025-11-12 10:44:47'),(1195,8,'Sirajganj','sirajganj',NULL,NULL,NULL,NULL,NULL,0,'1','0','2025-11-12 10:44:47'),(1196,8,'Narsingdi','narsingdi',NULL,NULL,NULL,NULL,NULL,0,'1','0','2025-11-12 10:44:47'),(1197,8,'Kushtia','kushtia',NULL,NULL,NULL,NULL,NULL,0,'1','0','2025-11-12 10:44:47'),(1198,8,'Gopalganj','gopalganj',NULL,NULL,NULL,NULL,NULL,0,'1','0','2025-11-12 10:44:47'),(1199,60,'Toronto (Ontario)','toronto-ontario',NULL,NULL,NULL,NULL,NULL,0,'1','0','2025-11-12 10:47:16'),(1200,60,'Vancouver (British Columbia)','vancouver-british-columbia',NULL,NULL,NULL,NULL,NULL,0,'1','0','2025-11-12 10:47:16'),(1201,60,'Montreal (Quebec)','montreal-quebec',NULL,NULL,NULL,NULL,NULL,0,'1','0','2025-11-12 10:47:16'),(1202,60,'Ottawa (Ontario)','ottawa-ontario',NULL,NULL,NULL,NULL,NULL,0,'1','0','2025-11-12 10:47:16'),(1203,60,'Calgary (Alberta)','calgary-alberta',NULL,NULL,NULL,NULL,NULL,0,'1','0','2025-11-12 10:47:16'),(1204,60,'Winnipeg (Manitoba)','winnipeg-manitoba',NULL,NULL,NULL,NULL,NULL,0,'1','0','2025-11-12 10:47:16'),(1205,60,'Edmonton (Alberta)','edmonton-alberta',NULL,NULL,NULL,NULL,NULL,0,'1','0','2025-11-12 10:47:16'),(1206,60,'Hamilton (Ontario)','hamilton-ontario',NULL,NULL,NULL,NULL,NULL,0,'1','0','2025-11-12 10:47:16'),(1207,60,'Mississauga','mississauga',NULL,NULL,NULL,NULL,NULL,0,'1','0','2025-11-12 10:47:16'),(1208,60,'Brampton','brampton',NULL,NULL,NULL,NULL,NULL,0,'1','0','2025-11-12 10:47:16'),(1209,60,'Quebec City (Quebec)','quebec-city-quebec',NULL,NULL,NULL,NULL,NULL,0,'1','0','2025-11-12 10:47:16'),(1210,60,'Kitchener Waterloo (Ontario)','kitchener-waterloo-ontario',NULL,NULL,NULL,NULL,NULL,0,'1','0','2025-11-12 10:47:16'),(1211,60,'Halifax (Nova Scotia)','halifax-nova-scotia',NULL,NULL,NULL,NULL,NULL,0,'1','0','2025-11-12 10:47:16'),(1212,60,'Victoria (British Columbia)','victoria-british-columbia',NULL,NULL,NULL,NULL,NULL,0,'1','0','2025-11-12 10:47:16'),(1213,60,'London (Ontario)','london-ontario',NULL,NULL,NULL,NULL,NULL,0,'1','0','2025-11-12 10:47:16'),(1214,60,'Saskatoon (Saskatchewan)','saskatoon-saskatchewan',NULL,NULL,NULL,NULL,NULL,0,'1','0','2025-11-12 10:47:16'),(1215,60,'Regina (Saskatchewan)','regina-saskatchewan',NULL,NULL,NULL,NULL,NULL,0,'1','0','2025-11-12 10:47:16'),(1216,60,'St Johns (Newfoundland and Labrador)','st-johns-newfoundland-and-labrador',NULL,NULL,NULL,NULL,NULL,0,'1','0','2025-11-12 10:47:16'),(1217,60,'Sudbury (Ontario)','sudbury-ontario',NULL,NULL,NULL,NULL,NULL,0,'1','0','2025-11-12 10:47:16'),(1218,60,'Windsor (Ontario)','windsor-ontario',NULL,NULL,NULL,NULL,NULL,0,'1','0','2025-11-12 10:47:16'),(1219,60,'Sherbrooke (Quebec)','sherbrooke-quebec',NULL,NULL,NULL,NULL,NULL,0,'1','0','2025-11-12 10:47:16'),(1220,60,'Barrie (Ontario)','barrie-ontario',NULL,NULL,NULL,NULL,NULL,0,'1','0','2025-11-12 10:47:16'),(1221,60,'Kelowna (British Columbia)','kelowna-british-columbia',NULL,NULL,NULL,NULL,NULL,0,'1','0','2025-11-12 10:47:16'),(1222,60,'Abbotsford (British Columbia)','abbotsford-british-columbia',NULL,NULL,NULL,NULL,NULL,0,'1','0','2025-11-12 10:47:16'),(1223,60,'Kingston (Ontario)','kingston-ontario',NULL,NULL,NULL,NULL,NULL,0,'1','0','2025-11-12 10:47:16'),(1224,60,'Trois Rivieres (Quebec)','trois-rivieres-quebec',NULL,NULL,NULL,NULL,NULL,0,'1','0','2025-11-12 10:47:16'),(1225,60,'Guelph (Ontario)','guelph-ontario',NULL,NULL,NULL,NULL,NULL,0,'1','0','2025-11-12 10:47:16'),(1226,60,'Moncton (New Brunswick)','moncton-new-brunswick',NULL,NULL,NULL,NULL,NULL,0,'1','0','2025-11-12 10:47:16'),(1227,60,'Saint John (New Brunswick)','saint-john-new-brunswick',NULL,NULL,NULL,NULL,NULL,0,'1','0','2025-11-12 10:47:16'),(1228,60,'Thunder Bay (Ontario)','thunder-bay-ontario',NULL,NULL,NULL,NULL,NULL,0,'1','0','2025-11-12 10:47:16'),(1229,60,'Lethbridge (Alberta)','lethbridge-alberta',NULL,NULL,NULL,NULL,NULL,0,'1','0','2025-11-12 10:47:16'),(1230,60,'Kamloops (British Columbia)','kamloops-british-columbia',NULL,NULL,NULL,NULL,NULL,0,'1','0','2025-11-12 10:47:16'),(1231,42,'Aarhus','aarhus',NULL,NULL,NULL,NULL,NULL,0,'1','0','2025-11-12 10:55:08'),(1232,42,'Odense','odense',NULL,NULL,NULL,NULL,NULL,0,'1','0','2025-11-12 10:55:08'),(1233,42,'Horsens','horsens',NULL,NULL,NULL,NULL,NULL,0,'1','0','2025-11-12 10:55:08'),(1234,42,'Vejle','vejle',NULL,NULL,NULL,NULL,NULL,0,'1','0','2025-11-12 10:55:08'),(1235,42,'Roskilde','roskilde',NULL,NULL,NULL,NULL,NULL,0,'1','0','2025-11-12 10:55:08'),(1236,42,'Ringsted','ringsted',NULL,NULL,NULL,NULL,NULL,0,'1','0','2025-11-12 10:55:08'),(1237,42,'Frederiksberg','frederiksberg',NULL,NULL,NULL,NULL,NULL,0,'1','0','2025-11-12 10:55:08'),(1238,42,'Nyborg','nyborg',NULL,NULL,NULL,NULL,NULL,0,'1','0','2025-11-12 10:55:08'),(1239,42,'Kalundborg','kalundborg',NULL,NULL,NULL,NULL,NULL,0,'1','0','2025-11-12 10:55:08'),(1240,42,'Copenhagen','copenhagen',NULL,NULL,NULL,NULL,NULL,0,'1','0','2025-11-12 10:55:08'),(1241,42,'Aalborg','aalborg',NULL,NULL,NULL,NULL,NULL,0,'1','0','2025-11-12 10:55:08'),(1242,42,'Esbjerg','esbjerg',NULL,NULL,NULL,NULL,NULL,0,'1','0','2025-11-12 10:55:08'),(1243,42,'Randers','randers',NULL,NULL,NULL,NULL,NULL,0,'1','0','2025-11-12 10:55:08'),(1244,42,'Kolding','kolding',NULL,NULL,NULL,NULL,NULL,0,'1','0','2025-11-12 10:55:08'),(1245,42,'Herning','herning',NULL,NULL,NULL,NULL,NULL,0,'1','0','2025-11-12 10:55:08'),(1246,42,'Horsholm','horsholm',NULL,NULL,NULL,NULL,NULL,0,'1','0','2025-11-12 10:55:08'),(1247,42,'Silkeborg','silkeborg',NULL,NULL,NULL,NULL,NULL,0,'1','0','2025-11-12 10:55:08'),(1248,42,'Naestved','naestved',NULL,NULL,NULL,NULL,NULL,0,'1','0','2025-11-12 10:55:08'),(1249,42,'Fredericia','fredericia',NULL,NULL,NULL,NULL,NULL,0,'1','0','2025-11-12 10:55:08'),(1250,42,'Hjorring','hjorring',NULL,NULL,NULL,NULL,NULL,0,'1','0','2025-11-12 10:55:08'),(1251,42,'Sonderborg','sonderborg',NULL,NULL,NULL,NULL,NULL,0,'1','0','2025-11-12 10:55:08'),(1252,42,'Tonder','tonder',NULL,NULL,NULL,NULL,NULL,0,'1','0','2025-11-12 10:55:08'),(1253,42,'Holstebro','holstebro',NULL,NULL,NULL,NULL,NULL,0,'1','0','2025-11-12 10:55:08'),(1254,42,'Slagelse','slagelse',NULL,NULL,NULL,NULL,NULL,0,'1','0','2025-11-12 10:55:08'),(1255,42,'Viborg','viborg',NULL,NULL,NULL,NULL,NULL,0,'1','0','2025-11-12 10:55:08'),(1256,42,'Skive','skive',NULL,NULL,NULL,NULL,NULL,0,'1','0','2025-11-12 10:55:08'),(1257,42,'Frederikshavn','frederikshavn',NULL,NULL,NULL,NULL,NULL,0,'1','0','2025-11-12 10:55:08'),(1258,70,'Lautoka','lautoka',NULL,NULL,NULL,NULL,NULL,0,'1','0','2025-11-12 11:02:05'),(1259,70,'Nadi','nadi',NULL,NULL,NULL,NULL,NULL,0,'1','0','2025-11-12 11:02:05'),(1260,70,'Labasa','labasa',NULL,NULL,NULL,NULL,NULL,0,'1','0','2025-11-12 11:02:05'),(1261,70,'Levuka','levuka',NULL,NULL,NULL,NULL,NULL,0,'1','0','2025-11-12 11:02:05'),(1262,70,'Savusavu','savusavu',NULL,NULL,NULL,NULL,NULL,0,'1','0','2025-11-12 11:02:05'),(1263,70,'Sigatoka','sigatoka',NULL,NULL,NULL,NULL,NULL,0,'1','0','2025-11-12 11:02:05'),(1264,70,'Vaileka','vaileka',NULL,NULL,NULL,NULL,NULL,0,'1','0','2025-11-12 11:02:05'),(1265,70,'Tavua','tavua',NULL,NULL,NULL,NULL,NULL,0,'1','0','2025-11-12 11:02:05'),(1266,70,'Nasinu','nasinu',NULL,NULL,NULL,NULL,NULL,0,'1','0','2025-11-12 11:02:05'),(1267,70,'Vatukoula','vatukoula',NULL,NULL,NULL,NULL,NULL,0,'1','0','2025-11-12 11:02:05'),(1268,43,'Lyon','lyon',NULL,NULL,NULL,NULL,NULL,0,'1','0','2025-11-12 11:04:19'),(1269,43,'Strasbourg','strasbourg',NULL,NULL,NULL,NULL,NULL,0,'1','0','2025-11-12 11:04:19'),(1270,43,'Nantes','nantes',NULL,NULL,NULL,NULL,NULL,0,'1','0','2025-11-12 11:04:19'),(1271,43,'Marseille','marseille',NULL,NULL,NULL,NULL,NULL,0,'1','0','2025-11-12 11:04:19'),(1272,43,'Bordeaux','bordeaux',NULL,NULL,NULL,NULL,NULL,0,'1','0','2025-11-12 11:04:19'),(1273,43,'Toulouse','toulouse',NULL,NULL,NULL,NULL,NULL,0,'1','0','2025-11-12 11:04:19'),(1274,43,'Montpellier','montpellier',NULL,NULL,NULL,NULL,NULL,0,'1','0','2025-11-12 11:04:19'),(1275,43,'Lille','lille',NULL,NULL,NULL,NULL,NULL,0,'1','0','2025-11-12 11:04:19'),(1276,43,'Dijon','dijon',NULL,NULL,NULL,NULL,NULL,0,'1','0','2025-11-12 11:04:19'),(1277,43,'Reims','reims',NULL,NULL,NULL,NULL,NULL,0,'1','0','2025-11-12 11:04:19'),(1278,43,'Paris','paris',NULL,NULL,NULL,NULL,NULL,0,'1','0','2025-11-12 11:04:19'),(1279,43,'Nice','nice',NULL,NULL,NULL,NULL,NULL,0,'1','0','2025-11-12 11:04:19'),(1280,43,'Rennes','rennes',NULL,NULL,NULL,NULL,NULL,0,'1','0','2025-11-12 11:04:19'),(1281,43,'Le Havre','le-havre',NULL,NULL,NULL,NULL,NULL,0,'1','0','2025-11-12 11:04:19'),(1282,43,'Saint Etienne','saint-etienne',NULL,NULL,NULL,NULL,NULL,0,'1','0','2025-11-12 11:04:19'),(1283,43,'Toulon','toulon',NULL,NULL,NULL,NULL,NULL,0,'1','0','2025-11-12 11:04:19'),(1284,43,'Grenoble','grenoble',NULL,NULL,NULL,NULL,NULL,0,'1','0','2025-11-12 11:04:19'),(1285,43,'Angers','angers',NULL,NULL,NULL,NULL,NULL,0,'1','0','2025-11-12 11:04:19'),(1286,43,'Nimes','nimes',NULL,NULL,NULL,NULL,NULL,0,'1','0','2025-11-12 11:04:19'),(1287,43,'Villeurbanne','villeurbanne',NULL,NULL,NULL,NULL,NULL,0,'1','0','2025-11-12 11:04:19'),(1288,43,'Clermont Ferrand','clermont-ferrand',NULL,NULL,NULL,NULL,NULL,0,'1','0','2025-11-12 11:04:19'),(1289,43,'Le Mans','le-mans',NULL,NULL,NULL,NULL,NULL,0,'1','0','2025-11-12 11:04:19'),(1290,43,'Aix en Provence','aix-en-provence',NULL,NULL,NULL,NULL,NULL,0,'1','0','2025-11-12 11:04:19'),(1291,43,'Brest','brest',NULL,NULL,NULL,NULL,NULL,0,'1','0','2025-11-12 11:04:19'),(1292,43,'Tours','tours',NULL,NULL,NULL,NULL,NULL,0,'1','0','2025-11-12 11:04:19'),(1293,43,'Amiens','amiens',NULL,NULL,NULL,NULL,NULL,0,'1','0','2025-11-12 11:04:19'),(1294,43,'Limoges','limoges',NULL,NULL,NULL,NULL,NULL,0,'1','0','2025-11-12 11:04:19'),(1295,43,'Annecy','annecy',NULL,NULL,NULL,NULL,NULL,0,'1','0','2025-11-12 11:04:19'),(1296,43,'Perpignan','perpignan',NULL,NULL,NULL,NULL,NULL,0,'1','0','2025-11-12 11:04:19'),(1297,43,'Boulogne Billancourt','boulogne-billancourt',NULL,NULL,NULL,NULL,NULL,0,'1','0','2025-11-12 11:04:19'),(1298,43,'Metz','metz',NULL,NULL,NULL,NULL,NULL,0,'1','0','2025-11-12 11:04:19'),(1299,43,'Besancon','besancon',NULL,NULL,NULL,NULL,NULL,0,'1','0','2025-11-12 11:04:19'),(1300,43,'Orleans','orleans',NULL,NULL,NULL,NULL,NULL,0,'1','0','2025-11-12 11:04:19'),(1301,43,'Saint Denis','saint-denis',NULL,NULL,NULL,NULL,NULL,0,'1','0','2025-11-12 11:04:19'),(1302,43,'Rouen','rouen',NULL,NULL,NULL,NULL,NULL,0,'1','0','2025-11-12 11:04:19'),(1303,43,'Argenteuil','argenteuil',NULL,NULL,NULL,NULL,NULL,0,'1','0','2025-11-12 11:04:19'),(1304,43,'Mulhouse','mulhouse',NULL,NULL,NULL,NULL,NULL,0,'1','0','2025-11-12 11:04:19'),(1305,43,'Montreuil','montreuil',NULL,NULL,NULL,NULL,NULL,0,'1','0','2025-11-12 11:04:19'),(1306,43,'Caen','caen',NULL,NULL,NULL,NULL,NULL,0,'1','0','2025-11-12 11:04:19'),(1307,43,'Nancy','nancy',NULL,NULL,NULL,NULL,NULL,0,'1','0','2025-11-12 11:04:19'),(1308,43,'Saint Paul de Vence','saint-paul-de-vence',NULL,NULL,NULL,NULL,NULL,0,'1','0','2025-11-12 11:04:19'),(1309,43,'Roubaix','roubaix',NULL,NULL,NULL,NULL,NULL,0,'1','0','2025-11-12 11:04:19'),(1310,43,'Tourcoing','tourcoing',NULL,NULL,NULL,NULL,NULL,0,'1','0','2025-11-12 11:04:19'),(1311,43,'Nanterre','nanterre',NULL,NULL,NULL,NULL,NULL,0,'1','0','2025-11-12 11:04:19'),(1312,43,'Avignon','avignon',NULL,NULL,NULL,NULL,NULL,0,'1','0','2025-11-12 11:04:19'),(1313,43,'Vitry sur Seine','vitry-sur-seine',NULL,NULL,NULL,NULL,NULL,0,'1','0','2025-11-12 11:04:19'),(1314,43,'Creteil','creteil',NULL,NULL,NULL,NULL,NULL,0,'1','0','2025-11-12 11:04:19'),(1315,43,'Poitiers','poitiers',NULL,NULL,NULL,NULL,NULL,0,'1','0','2025-11-12 11:04:19'),(1316,43,'Dunkirk','dunkirk',NULL,NULL,NULL,NULL,NULL,0,'1','0','2025-11-12 11:04:19'),(1317,43,'Aubervilliers','aubervilliers',NULL,NULL,NULL,NULL,NULL,0,'1','0','2025-11-12 11:04:19'),(1318,44,'Hamburg','hamburg',NULL,NULL,NULL,NULL,NULL,0,'1','0','2025-11-12 11:06:20'),(1319,44,'Munich','munich',NULL,NULL,NULL,NULL,NULL,0,'1','0','2025-11-12 11:06:20'),(1320,44,'Cologne','cologne',NULL,NULL,NULL,NULL,NULL,0,'1','0','2025-11-12 11:06:20'),(1321,44,'Stuttgart','stuttgart',NULL,NULL,NULL,NULL,NULL,0,'1','0','2025-11-12 11:06:20'),(1322,44,'Leipzig','leipzig',NULL,NULL,NULL,NULL,NULL,0,'1','0','2025-11-12 11:06:20'),(1323,44,'Essen','essen',NULL,NULL,NULL,NULL,NULL,0,'1','0','2025-11-12 11:06:20'),(1324,44,'Bremen','bremen',NULL,NULL,NULL,NULL,NULL,0,'1','0','2025-11-12 11:06:20'),(1325,44,'Dresden','dresden',NULL,NULL,NULL,NULL,NULL,0,'1','0','2025-11-12 11:06:20'),(1326,44,'Nuremberg','nuremberg',NULL,NULL,NULL,NULL,NULL,0,'1','0','2025-11-12 11:06:20'),(1327,44,'Duisburg','duisburg',NULL,NULL,NULL,NULL,NULL,0,'1','0','2025-11-12 11:06:20'),(1328,44,'Berlin','berlin',NULL,NULL,NULL,NULL,NULL,0,'1','0','2025-11-12 11:06:20'),(1329,44,'Frankfurt am Main','frankfurt-am-main',NULL,NULL,NULL,NULL,NULL,0,'1','0','2025-11-12 11:06:20'),(1330,44,'Dusseldorf','dusseldorf',NULL,NULL,NULL,NULL,NULL,0,'1','0','2025-11-12 11:06:20'),(1331,44,'Dortmund','dortmund',NULL,NULL,NULL,NULL,NULL,0,'1','0','2025-11-12 11:06:20'),(1332,44,'Hanover','hanover',NULL,NULL,NULL,NULL,NULL,0,'1','0','2025-11-12 11:06:20'),(1333,44,'Bochum','bochum',NULL,NULL,NULL,NULL,NULL,0,'1','0','2025-11-12 11:06:20'),(1334,44,'Wuppertal','wuppertal',NULL,NULL,NULL,NULL,NULL,0,'1','0','2025-11-12 11:06:20'),(1335,44,'Bielefeld','bielefeld',NULL,NULL,NULL,NULL,NULL,0,'1','0','2025-11-12 11:06:20'),(1336,44,'Bonn','bonn',NULL,NULL,NULL,NULL,NULL,0,'1','0','2025-11-12 11:06:20'),(1337,44,'Munster','munster',NULL,NULL,NULL,NULL,NULL,0,'1','0','2025-11-12 11:06:20'),(1338,44,'Karlsruhe','karlsruhe',NULL,NULL,NULL,NULL,NULL,0,'1','0','2025-11-12 11:06:20'),(1339,44,'Mannheim','mannheim',NULL,NULL,NULL,NULL,NULL,0,'1','0','2025-11-12 11:06:20'),(1340,44,'Augsburg','augsburg',NULL,NULL,NULL,NULL,NULL,0,'1','0','2025-11-12 11:06:20'),(1341,44,'Wiesbaden','wiesbaden',NULL,NULL,NULL,NULL,NULL,0,'1','0','2025-11-12 11:06:20'),(1342,44,'Gelsenkirchen','gelsenkirchen',NULL,NULL,NULL,NULL,NULL,0,'1','0','2025-11-12 11:06:20'),(1343,44,'Monchengladbach','monchengladbach',NULL,NULL,NULL,NULL,NULL,0,'1','0','2025-11-12 11:06:20'),(1344,44,'Braunschweig','braunschweig',NULL,NULL,NULL,NULL,NULL,0,'1','0','2025-11-12 11:06:20'),(1345,44,'Chemnitz','chemnitz',NULL,NULL,NULL,NULL,NULL,0,'1','0','2025-11-12 11:06:20'),(1346,44,'Kiel','kiel',NULL,NULL,NULL,NULL,NULL,0,'1','0','2025-11-12 11:06:20'),(1347,44,'Aachen','aachen',NULL,NULL,NULL,NULL,NULL,0,'1','0','2025-11-12 11:06:20'),(1348,44,'Halle (Saale)','halle-saale',NULL,NULL,NULL,NULL,NULL,0,'1','0','2025-11-12 11:06:20'),(1349,44,'Magdeburg','magdeburg',NULL,NULL,NULL,NULL,NULL,0,'1','0','2025-11-12 11:06:20'),(1350,44,'Freiburg im Breisgau','freiburg-im-breisgau',NULL,NULL,NULL,NULL,NULL,0,'1','0','2025-11-12 11:06:20'),(1351,44,'Krefeld','krefeld',NULL,NULL,NULL,NULL,NULL,0,'1','0','2025-11-12 11:06:20'),(1352,44,'Lubeck','lubeck',NULL,NULL,NULL,NULL,NULL,0,'1','0','2025-11-12 11:06:20'),(1353,44,'Oberhausen','oberhausen',NULL,NULL,NULL,NULL,NULL,0,'1','0','2025-11-12 11:06:20'),(1354,44,'Erfurt','erfurt',NULL,NULL,NULL,NULL,NULL,0,'1','0','2025-11-12 11:06:20'),(1355,44,'Mainz','mainz',NULL,NULL,NULL,NULL,NULL,0,'1','0','2025-11-12 11:06:20'),(1356,44,'Rostock','rostock',NULL,NULL,NULL,NULL,NULL,0,'1','0','2025-11-12 11:06:20'),(1357,44,'Kassel','kassel',NULL,NULL,NULL,NULL,NULL,0,'1','0','2025-11-12 11:06:20'),(1358,44,'Hagen','hagen',NULL,NULL,NULL,NULL,NULL,0,'1','0','2025-11-12 11:06:20'),(1359,44,'Saarbrucken','saarbrucken',NULL,NULL,NULL,NULL,NULL,0,'1','0','2025-11-12 11:06:20'),(1360,44,'Hamm','hamm',NULL,NULL,NULL,NULL,NULL,0,'1','0','2025-11-12 11:06:20'),(1361,44,'Mulheim an der Ruhr','mulheim-an-der-ruhr',NULL,NULL,NULL,NULL,NULL,0,'1','0','2025-11-12 11:06:20'),(1362,44,'Potsdam','potsdam',NULL,NULL,NULL,NULL,NULL,0,'1','0','2025-11-12 11:06:20'),(1363,44,'Ludwigshafen am Rhein','ludwigshafen-am-rhein',NULL,NULL,NULL,NULL,NULL,0,'1','0','2025-11-12 11:06:20'),(1364,44,'Oldenburg','oldenburg',NULL,NULL,NULL,NULL,NULL,0,'1','0','2025-11-12 11:06:20'),(1365,44,'Leverkusen','leverkusen',NULL,NULL,NULL,NULL,NULL,0,'1','0','2025-11-12 11:06:20'),(1366,44,'Osnabruck','osnabruck',NULL,NULL,NULL,NULL,NULL,0,'1','0','2025-11-12 11:06:20'),(1367,44,'Solingen','solingen',NULL,NULL,NULL,NULL,NULL,0,'1','0','2025-11-12 11:06:20'),(1368,32,'Coyah','coyah',NULL,NULL,NULL,NULL,NULL,0,'1','0','2025-11-12 11:09:48'),(1369,32,'Dabola','dabola',NULL,NULL,NULL,NULL,NULL,0,'1','0','2025-11-12 11:09:48'),(1370,32,'Dalaba','dalaba',NULL,NULL,NULL,NULL,NULL,0,'1','0','2025-11-12 11:09:48'),(1371,32,'Dinguiraye','dinguiraye',NULL,NULL,NULL,NULL,NULL,0,'1','0','2025-11-12 11:09:48'),(1372,32,'Faranah','faranah',NULL,NULL,NULL,NULL,NULL,0,'1','0','2025-11-12 11:09:48'),(1373,32,'Gaoual','gaoual',NULL,NULL,NULL,NULL,NULL,0,'1','0','2025-11-12 11:09:48'),(1374,32,'Kindia','kindia',NULL,NULL,NULL,NULL,NULL,0,'1','0','2025-11-12 11:09:48'),(1375,32,'Kissidougou','kissidougou',NULL,NULL,NULL,NULL,NULL,0,'1','0','2025-11-12 11:09:48'),(1376,32,'Koubia','koubia',NULL,NULL,NULL,NULL,NULL,0,'1','0','2025-11-12 11:09:48'),(1377,32,'Koundara','koundara',NULL,NULL,NULL,NULL,NULL,0,'1','0','2025-11-12 11:09:48'),(1378,9,'Surabaya','surabaya',NULL,NULL,NULL,NULL,NULL,0,'1','0','2025-11-12 11:13:03'),(1379,9,'Medan','medan',NULL,NULL,NULL,NULL,NULL,0,'1','0','2025-11-12 11:13:03'),(1380,9,'Bandung','bandung',NULL,NULL,NULL,NULL,NULL,0,'1','0','2025-11-12 11:13:03'),(1381,9,'Bekasi','bekasi',NULL,NULL,NULL,NULL,NULL,0,'1','0','2025-11-12 11:13:03'),(1382,9,'Palembang','palembang',NULL,NULL,NULL,NULL,NULL,0,'1','0','2025-11-12 11:13:03'),(1383,9,'Tangerang','tangerang',NULL,NULL,NULL,NULL,NULL,0,'1','0','2025-11-12 11:13:03'),(1384,9,'Makassar','makassar',NULL,NULL,NULL,NULL,NULL,0,'1','0','2025-11-12 11:13:03'),(1385,9,'South Tangerang','south-tangerang',NULL,NULL,NULL,NULL,NULL,0,'1','0','2025-11-12 11:13:03'),(1386,9,'Semarang','semarang',NULL,NULL,NULL,NULL,NULL,0,'1','0','2025-11-12 11:13:03'),(1387,9,'Batam','batam',NULL,NULL,NULL,NULL,NULL,0,'1','0','2025-11-12 11:13:03'),(1388,9,'Jakarta','jakarta',NULL,NULL,NULL,NULL,NULL,0,'1','0','2025-11-12 11:13:03'),(1389,9,'Depok','depok',NULL,NULL,NULL,NULL,NULL,0,'1','0','2025-11-12 11:13:03'),(1390,9,'Pekanbaru','pekanbaru',NULL,NULL,NULL,NULL,NULL,0,'1','0','2025-11-12 11:13:03'),(1391,9,'Bogor','bogor',NULL,NULL,NULL,NULL,NULL,0,'1','0','2025-11-12 11:13:03'),(1392,9,'Bandar Lampung','bandar-lampung',NULL,NULL,NULL,NULL,NULL,0,'1','0','2025-11-12 11:13:03'),(1393,9,'Malang','malang',NULL,NULL,NULL,NULL,NULL,0,'1','0','2025-11-12 11:13:03'),(1394,9,'Padang','padang',NULL,NULL,NULL,NULL,NULL,0,'1','0','2025-11-12 11:13:03'),(1395,9,'Denpasar','denpasar',NULL,NULL,NULL,NULL,NULL,0,'1','0','2025-11-12 11:13:03'),(1396,9,'Samarinda','samarinda',NULL,NULL,NULL,NULL,NULL,0,'1','0','2025-11-12 11:13:03'),(1397,9,'Banjarmasin','banjarmasin',NULL,NULL,NULL,NULL,NULL,0,'1','0','2025-11-12 11:13:03'),(1398,9,'Tasikmalaya','tasikmalaya',NULL,NULL,NULL,NULL,NULL,0,'1','0','2025-11-12 11:13:03'),(1399,9,'Balikpapan','balikpapan',NULL,NULL,NULL,NULL,NULL,0,'1','0','2025-11-12 11:13:03'),(1400,9,'Jambi','jambi',NULL,NULL,NULL,NULL,NULL,0,'1','0','2025-11-12 11:13:03'),(1401,9,'Pontianak','pontianak',NULL,NULL,NULL,NULL,NULL,0,'1','0','2025-11-12 11:13:03'),(1402,9,'Yogyakarta','yogyakarta',NULL,NULL,NULL,NULL,NULL,0,'1','0','2025-11-12 11:13:03'),(1403,45,'Milan','milan',NULL,NULL,NULL,NULL,NULL,0,'1','0','2025-11-12 11:14:55'),(1404,45,'Naples','naples',NULL,NULL,NULL,NULL,NULL,0,'1','0','2025-11-12 11:14:55'),(1405,45,'Turin','turin',NULL,NULL,NULL,NULL,NULL,0,'1','0','2025-11-12 11:14:55'),(1406,45,'Palermo','palermo',NULL,NULL,NULL,NULL,NULL,0,'1','0','2025-11-12 11:14:55'),(1407,45,'Genoa','genoa',NULL,NULL,NULL,NULL,NULL,0,'1','0','2025-11-12 11:14:55'),(1408,45,'Bologna','bologna',NULL,NULL,NULL,NULL,NULL,0,'1','0','2025-11-12 11:14:55'),(1409,45,'Florence','florence',NULL,NULL,NULL,NULL,NULL,0,'1','0','2025-11-12 11:14:55'),(1410,45,'Bari','bari',NULL,NULL,NULL,NULL,NULL,0,'1','0','2025-11-12 11:14:55'),(1411,45,'Venice','venice',NULL,NULL,NULL,NULL,NULL,0,'1','0','2025-11-12 11:14:55'),(1412,45,'Messina','messina',NULL,NULL,NULL,NULL,NULL,0,'1','0','2025-11-12 11:14:55'),(1413,45,'Rome','rome',NULL,NULL,NULL,NULL,NULL,0,'1','0','2025-11-12 11:14:55'),(1414,45,'Catania','catania',NULL,NULL,NULL,NULL,NULL,0,'1','0','2025-11-12 11:14:55'),(1415,45,'Verona','verona',NULL,NULL,NULL,NULL,NULL,0,'1','0','2025-11-12 11:14:55'),(1416,45,'Padua','padua',NULL,NULL,NULL,NULL,NULL,0,'1','0','2025-11-12 11:14:55'),(1417,45,'Trieste','trieste',NULL,NULL,NULL,NULL,NULL,0,'1','0','2025-11-12 11:14:55'),(1418,45,'Taranto','taranto',NULL,NULL,NULL,NULL,NULL,0,'1','0','2025-11-12 11:14:55'),(1419,45,'Brescia','brescia',NULL,NULL,NULL,NULL,NULL,0,'1','0','2025-11-12 11:14:55'),(1420,45,'Parma','parma',NULL,NULL,NULL,NULL,NULL,0,'1','0','2025-11-12 11:14:55'),(1421,45,'Prato','prato',NULL,NULL,NULL,NULL,NULL,0,'1','0','2025-11-12 11:14:55'),(1422,45,'Modena','modena',NULL,NULL,NULL,NULL,NULL,0,'1','0','2025-11-12 11:14:55'),(1423,45,'Reggio Calabria','reggio-calabria',NULL,NULL,NULL,NULL,NULL,0,'1','0','2025-11-12 11:14:55'),(1424,45,'Reggio Emilia','reggio-emilia',NULL,NULL,NULL,NULL,NULL,0,'1','0','2025-11-12 11:14:55'),(1425,45,'Perugia','perugia',NULL,NULL,NULL,NULL,NULL,0,'1','0','2025-11-12 11:14:55'),(1426,45,'Ravenna','ravenna',NULL,NULL,NULL,NULL,NULL,0,'1','0','2025-11-12 11:14:55'),(1427,45,'Livorno','livorno',NULL,NULL,NULL,NULL,NULL,0,'1','0','2025-11-12 11:14:55'),(1428,45,'Cagliari','cagliari',NULL,NULL,NULL,NULL,NULL,0,'1','0','2025-11-12 11:14:55'),(1429,45,'Foggia','foggia',NULL,NULL,NULL,NULL,NULL,0,'1','0','2025-11-12 11:14:55'),(1430,45,'Rimini','rimini',NULL,NULL,NULL,NULL,NULL,0,'1','0','2025-11-12 11:14:55'),(1431,45,'Salerno','salerno',NULL,NULL,NULL,NULL,NULL,0,'1','0','2025-11-12 11:14:55'),(1432,45,'Ferrara','ferrara',NULL,NULL,NULL,NULL,NULL,0,'1','0','2025-11-12 11:14:55'),(1433,45,'Sassari','sassari',NULL,NULL,NULL,NULL,NULL,0,'1','0','2025-11-12 11:14:55'),(1434,45,'Latina','latina',NULL,NULL,NULL,NULL,NULL,0,'1','0','2025-11-12 11:14:55'),(1435,45,'Giugliano in Campania','giugliano-in-campania',NULL,NULL,NULL,NULL,NULL,0,'1','0','2025-11-12 11:14:55'),(1436,45,'Monza','monza',NULL,NULL,NULL,NULL,NULL,0,'1','0','2025-11-12 11:14:55'),(1437,45,'Siracusa (Syracuse)','siracusa-syracuse',NULL,NULL,NULL,NULL,NULL,0,'1','0','2025-11-12 11:14:55'),(1438,45,'Pescara','pescara',NULL,NULL,NULL,NULL,NULL,0,'1','0','2025-11-12 11:14:55'),(1439,45,'Bergamo','bergamo',NULL,NULL,NULL,NULL,NULL,0,'1','0','2025-11-12 11:14:55'),(1440,45,'Forli','forli',NULL,NULL,NULL,NULL,NULL,0,'1','0','2025-11-12 11:14:55'),(1441,45,'Trento','trento',NULL,NULL,NULL,NULL,NULL,0,'1','0','2025-11-12 11:14:55'),(1442,45,'Vicenza','vicenza',NULL,NULL,NULL,NULL,NULL,0,'1','0','2025-11-12 11:14:55'),(1443,45,'Terni','terni',NULL,NULL,NULL,NULL,NULL,0,'1','0','2025-11-12 11:14:55'),(1444,45,'Bolzano','bolzano',NULL,NULL,NULL,NULL,NULL,0,'1','0','2025-11-12 11:14:55'),(1445,45,'Novara','novara',NULL,NULL,NULL,NULL,NULL,0,'1','0','2025-11-12 11:14:55'),(1446,45,'Piacenza','piacenza',NULL,NULL,NULL,NULL,NULL,0,'1','0','2025-11-12 11:14:55'),(1447,45,'Ancona','ancona',NULL,NULL,NULL,NULL,NULL,0,'1','0','2025-11-12 11:14:55'),(1448,45,'Andria','andria',NULL,NULL,NULL,NULL,NULL,0,'1','0','2025-11-12 11:14:55'),(1449,45,'Udine','udine',NULL,NULL,NULL,NULL,NULL,0,'1','0','2025-11-12 11:14:55'),(1450,45,'Cesena','cesena',NULL,NULL,NULL,NULL,NULL,0,'1','0','2025-11-12 11:14:55'),(1451,45,'Lecce','lecce',NULL,NULL,NULL,NULL,NULL,0,'1','0','2025-11-12 11:14:55'),(1452,45,'Pesaro','pesaro',NULL,NULL,NULL,NULL,NULL,0,'1','0','2025-11-12 11:14:55'),(1453,33,'Mombasa','mombasa',NULL,NULL,NULL,NULL,NULL,0,'1','0','2025-11-12 11:17:43'),(1454,33,'Kisumu','kisumu',NULL,NULL,NULL,NULL,NULL,0,'1','0','2025-11-12 11:17:43'),(1455,33,'Nakuru','nakuru',NULL,NULL,NULL,NULL,NULL,0,'1','0','2025-11-12 11:17:43'),(1456,33,'Eldoret','eldoret',NULL,NULL,NULL,NULL,NULL,0,'1','0','2025-11-12 11:17:43'),(1457,33,'Malindi','malindi',NULL,NULL,NULL,NULL,NULL,0,'1','0','2025-11-12 11:17:43'),(1458,33,'Naivasha','naivasha',NULL,NULL,NULL,NULL,NULL,0,'1','0','2025-11-12 11:17:43'),(1459,33,'Machakos','machakos',NULL,NULL,NULL,NULL,NULL,0,'1','0','2025-11-12 11:17:43'),(1460,33,'Kilifi','kilifi',NULL,NULL,NULL,NULL,NULL,0,'1','0','2025-11-12 11:17:43'),(1461,33,'Garissa','garissa',NULL,NULL,NULL,NULL,NULL,0,'1','0','2025-11-12 11:17:43'),(1462,33,'Lamu','lamu',NULL,NULL,NULL,NULL,NULL,0,'1','0','2025-11-12 11:17:43'),(1463,10,'Hawally','hawally',NULL,NULL,NULL,NULL,NULL,0,'1','0','2025-11-12 11:19:06'),(1464,10,'Sabah Al Salem','sabah-al-salem',NULL,NULL,NULL,NULL,NULL,0,'1','0','2025-11-12 11:19:06'),(1465,10,'Ahmadi','ahmadi',NULL,NULL,NULL,NULL,NULL,0,'1','0','2025-11-12 11:19:06'),(1466,10,'Mangaf','mangaf',NULL,NULL,NULL,NULL,NULL,0,'1','0','2025-11-12 11:19:06'),(1467,10,'Al Jahra','al-jahra',NULL,NULL,NULL,NULL,NULL,0,'1','0','2025-11-12 11:19:06'),(1468,10,'Dasma','dasma',NULL,NULL,NULL,NULL,NULL,0,'1','0','2025-11-12 11:19:06'),(1469,10,'Al Wafrah','al-wafrah',NULL,NULL,NULL,NULL,NULL,0,'1','0','2025-11-12 11:19:06'),(1470,10,'Salmiya','salmiya',NULL,NULL,NULL,NULL,NULL,0,'1','0','2025-11-12 11:19:06'),(1471,10,'Bayan','bayan',NULL,NULL,NULL,NULL,NULL,0,'1','0','2025-11-12 11:19:06'),(1472,10,'Al Farwaniyah','al-farwaniyah',NULL,NULL,NULL,NULL,NULL,0,'1','0','2025-11-12 11:19:06'),(1473,11,'Ipoh','ipoh',NULL,NULL,NULL,NULL,NULL,0,'1','0','2025-11-12 11:20:53'),(1474,11,'Kota Kinabalu','kota-kinabalu',NULL,NULL,NULL,NULL,NULL,0,'1','0','2025-11-12 11:20:53'),(1475,11,'Malacca','malacca',NULL,NULL,NULL,NULL,NULL,0,'1','0','2025-11-12 11:20:53'),(1476,11,'Johor Bahru','johor-bahru',NULL,NULL,NULL,NULL,NULL,0,'1','0','2025-11-12 11:20:53'),(1477,11,'Kuantan','kuantan',NULL,NULL,NULL,NULL,NULL,0,'1','0','2025-11-12 11:20:53'),(1478,11,'Kuching','kuching',NULL,NULL,NULL,NULL,NULL,0,'1','0','2025-11-12 11:20:53'),(1479,11,'Kuala Terengganu','kuala-terengganu',NULL,NULL,NULL,NULL,NULL,0,'1','0','2025-11-12 11:20:53'),(1480,11,'Alor Setar','alor-setar',NULL,NULL,NULL,NULL,NULL,0,'1','0','2025-11-12 11:20:53'),(1481,11,'Miri','miri',NULL,NULL,NULL,NULL,NULL,0,'1','0','2025-11-12 11:20:53'),(1482,11,'Petaling Jaya','petaling-jaya',NULL,NULL,NULL,NULL,NULL,0,'1','0','2025-11-12 11:20:53'),(1483,11,'Kuala Lumpur','kuala-lumpur',NULL,NULL,NULL,NULL,NULL,0,'1','0','2025-11-12 11:20:53'),(1484,11,'George Town (Penang)','george-town-penang',NULL,NULL,NULL,NULL,NULL,0,'1','0','2025-11-12 11:20:53'),(1485,11,'Shah Alam (Malaysia)','shah-alam-malaysia',NULL,NULL,NULL,NULL,NULL,0,'1','0','2025-11-12 11:20:53'),(1486,11,'Seremban','seremban',NULL,NULL,NULL,NULL,NULL,0,'1','0','2025-11-12 11:20:53'),(1487,11,'Melaka (Malacca)','melaka-malacca',NULL,NULL,NULL,NULL,NULL,0,'1','0','2025-11-12 11:20:53'),(1488,11,'Batu Pahat','batu-pahat',NULL,NULL,NULL,NULL,NULL,0,'1','0','2025-11-12 11:20:53'),(1489,11,'Sandakan','sandakan',NULL,NULL,NULL,NULL,NULL,0,'1','0','2025-11-12 11:20:53'),(1490,11,'Taiping (Malaysia)','taiping-malaysia',NULL,NULL,NULL,NULL,NULL,0,'1','0','2025-11-12 11:20:53'),(1491,11,'Sibu','sibu',NULL,NULL,NULL,NULL,NULL,0,'1','0','2025-11-12 11:20:53'),(1492,11,'Kangar','kangar',NULL,NULL,NULL,NULL,NULL,0,'1','0','2025-11-12 11:20:53'),(1493,11,'Putrajaya','putrajaya',NULL,NULL,NULL,NULL,NULL,0,'1','0','2025-11-12 11:20:53'),(1494,11,'Cyberjaya','cyberjaya',NULL,NULL,NULL,NULL,NULL,0,'1','0','2025-11-12 11:20:53'),(1495,11,'Labuan','labuan',NULL,NULL,NULL,NULL,NULL,0,'1','0','2025-11-12 11:20:53'),(1496,11,'Kota Bharu','kota-bharu',NULL,NULL,NULL,NULL,NULL,0,'1','0','2025-11-12 11:20:53'),(1497,11,'Klang','klang',NULL,NULL,NULL,NULL,NULL,0,'1','0','2025-11-12 11:20:53'),(1498,11,'Segamat','segamat',NULL,NULL,NULL,NULL,NULL,0,'1','0','2025-11-12 11:20:53'),(1499,11,'Bintulu','bintulu',NULL,NULL,NULL,NULL,NULL,0,'1','0','2025-11-12 11:20:53'),(1500,12,'Yangon','yangon',NULL,NULL,NULL,NULL,NULL,0,'1','0','2025-11-12 11:24:08'),(1501,12,'Mandalay','mandalay',NULL,NULL,NULL,NULL,NULL,0,'1','0','2025-11-12 11:24:08'),(1502,12,'Mawlamyine','mawlamyine',NULL,NULL,NULL,NULL,NULL,0,'1','0','2025-11-12 11:24:08'),(1503,12,'Taunggyi','taunggyi',NULL,NULL,NULL,NULL,NULL,0,'1','0','2025-11-12 11:24:08'),(1504,12,'Monywa','monywa',NULL,NULL,NULL,NULL,NULL,0,'1','0','2025-11-12 11:24:08'),(1505,12,'Meiktila','meiktila',NULL,NULL,NULL,NULL,NULL,0,'1','0','2025-11-12 11:24:08'),(1506,12,'Bago','bago',NULL,NULL,NULL,NULL,NULL,0,'1','0','2025-11-12 11:24:08'),(1507,12,'Pathein','pathein',NULL,NULL,NULL,NULL,NULL,0,'1','0','2025-11-12 11:24:08'),(1508,12,'Myeik','myeik',NULL,NULL,NULL,NULL,NULL,0,'1','0','2025-11-12 11:24:08'),(1509,12,'Pakokku','pakokku',NULL,NULL,NULL,NULL,NULL,0,'1','0','2025-11-12 11:24:08'),(1510,13,'Pokhara','pokhara',NULL,NULL,NULL,NULL,NULL,0,'1','0','2025-11-12 11:24:45'),(1511,13,'Lalitpur','lalitpur',NULL,NULL,NULL,NULL,NULL,0,'1','0','2025-11-12 11:24:45'),(1512,13,'Birgunj','birgunj',NULL,NULL,NULL,NULL,NULL,0,'1','0','2025-11-12 11:24:45'),(1513,13,'Biratnagar','biratnagar',NULL,NULL,NULL,NULL,NULL,0,'1','0','2025-11-12 11:24:45'),(1514,13,'Ghorahi','ghorahi',NULL,NULL,NULL,NULL,NULL,0,'1','0','2025-11-12 11:24:45'),(1515,13,'Dhangadhi','dhangadhi',NULL,NULL,NULL,NULL,NULL,0,'1','0','2025-11-12 11:24:45'),(1516,13,'Itahari','itahari',NULL,NULL,NULL,NULL,NULL,0,'1','0','2025-11-12 11:24:45'),(1517,13,'Janakpur','janakpur',NULL,NULL,NULL,NULL,NULL,0,'1','0','2025-11-12 11:24:45'),(1518,13,'Butwal','butwal',NULL,NULL,NULL,NULL,NULL,0,'1','0','2025-11-12 11:24:45'),(1519,13,'Hetauda','hetauda',NULL,NULL,NULL,NULL,NULL,0,'1','0','2025-11-12 11:24:45'),(1520,14,'Salalah','salalah',NULL,NULL,NULL,NULL,NULL,0,'1','0','2025-11-12 11:27:32'),(1521,14,'Bahla','bahla',NULL,NULL,NULL,NULL,NULL,0,'1','0','2025-11-12 11:27:32'),(1522,14,'Nizwa','nizwa',NULL,NULL,NULL,NULL,NULL,0,'1','0','2025-11-12 11:27:32'),(1523,14,'Khasab','khasab',NULL,NULL,NULL,NULL,NULL,0,'1','0','2025-11-12 11:27:32'),(1524,14,'Barka','barka',NULL,NULL,NULL,NULL,NULL,0,'1','0','2025-11-12 11:27:32'),(1525,14,' Izki','izki',NULL,NULL,NULL,NULL,NULL,0,'1','0','2025-11-12 11:27:32'),(1526,14,'Rustaq','rustaq',NULL,NULL,NULL,NULL,NULL,0,'1','0','2025-11-12 11:27:32'),(1527,14,'Masirah Island','masirah-island',NULL,NULL,NULL,NULL,NULL,0,'1','0','2025-11-12 11:27:32'),(1528,15,'Antipolo','antipolo',NULL,NULL,NULL,NULL,NULL,0,'1','0','2025-11-12 11:28:17'),(1529,15,'Bacolod','bacolod',NULL,NULL,NULL,NULL,NULL,0,'1','0','2025-11-12 11:28:17'),(1530,15,'Taguig','taguig',NULL,NULL,NULL,NULL,NULL,0,'1','0','2025-11-12 11:28:17'),(1531,15,'Baguio','baguio',NULL,NULL,NULL,NULL,NULL,0,'1','0','2025-11-12 11:28:17'),(1532,15,'Puerto Princesa','puerto-princesa',NULL,NULL,NULL,NULL,NULL,0,'1','0','2025-11-12 11:28:17'),(1533,15,'Angeles','angeles',NULL,NULL,NULL,NULL,NULL,0,'1','0','2025-11-12 11:28:17'),(1534,15,'Pasay','pasay',NULL,NULL,NULL,NULL,NULL,0,'1','0','2025-11-12 11:28:17'),(1535,15,'Bacoor','bacoor',NULL,NULL,NULL,NULL,NULL,0,'1','0','2025-11-12 11:28:17'),(1536,15,'Lucena','lucena',NULL,NULL,NULL,NULL,NULL,0,'1','0','2025-11-12 11:28:17'),(1537,15,'Manila','manila',NULL,NULL,NULL,NULL,NULL,0,'1','0','2025-11-12 11:28:17'),(1538,15,'Quezon City','quezon-city',NULL,NULL,NULL,NULL,NULL,0,'1','0','2025-11-12 11:28:17'),(1539,15,'Davao City','davao-city',NULL,NULL,NULL,NULL,NULL,0,'1','0','2025-11-12 11:28:17'),(1540,15,'Cebu City','cebu-city',NULL,NULL,NULL,NULL,NULL,0,'1','0','2025-11-12 11:28:17'),(1541,15,'Zamboanga City','zamboanga-city',NULL,NULL,NULL,NULL,NULL,0,'1','0','2025-11-12 11:28:17'),(1542,15,'Pasig','pasig',NULL,NULL,NULL,NULL,NULL,0,'1','0','2025-11-12 11:28:17'),(1543,15,'Cagayan de Oro','cagayan-de-oro',NULL,NULL,NULL,NULL,NULL,0,'1','0','2025-11-12 11:28:17'),(1544,15,'Iloilo City','iloilo-city',NULL,NULL,NULL,NULL,NULL,0,'1','0','2025-11-12 11:28:17'),(1545,15,'Makati','makati',NULL,NULL,NULL,NULL,NULL,0,'1','0','2025-11-12 11:28:17'),(1546,15,'General Santos City','general-santos-city',NULL,NULL,NULL,NULL,NULL,0,'1','0','2025-11-12 11:28:17'),(1547,15,'Mandaluyong','mandaluyong',NULL,NULL,NULL,NULL,NULL,0,'1','0','2025-11-12 11:28:17'),(1548,15,'Valenzuela','valenzuela',NULL,NULL,NULL,NULL,NULL,0,'1','0','2025-11-12 11:28:17'),(1549,15,'Las Pinas','las-pinas',NULL,NULL,NULL,NULL,NULL,0,'1','0','2025-11-12 11:28:17'),(1550,15,'Paranaque','paranaque',NULL,NULL,NULL,NULL,NULL,0,'1','0','2025-11-12 11:28:17'),(1551,15,'Marikina','marikina',NULL,NULL,NULL,NULL,NULL,0,'1','0','2025-11-12 11:28:17'),(1552,15,'San Juan','san-juan',NULL,NULL,NULL,NULL,NULL,0,'1','0','2025-11-12 11:28:17'),(1553,15,'Batangas City','batangas-city',NULL,NULL,NULL,NULL,NULL,0,'1','0','2025-11-12 11:28:17'),(1554,15,'Angeles City','angeles-city',NULL,NULL,NULL,NULL,NULL,0,'1','0','2025-11-12 11:28:17'),(1555,15,'Calamba','calamba',NULL,NULL,NULL,NULL,NULL,0,'1','0','2025-11-12 11:28:17'),(1556,15,'Lipa City','lipa-city',NULL,NULL,NULL,NULL,NULL,0,'1','0','2025-11-12 11:28:17'),(1557,17,'Jeddah','jeddah',NULL,NULL,NULL,NULL,NULL,0,'1','0','2025-11-12 11:29:44'),(1558,17,'Madinah','madinah',NULL,NULL,NULL,NULL,NULL,0,'1','0','2025-11-12 11:29:44'),(1559,17,'Dammam','dammam',NULL,NULL,NULL,NULL,NULL,0,'1','0','2025-11-12 11:29:44'),(1560,17,'Badr','badr',NULL,NULL,NULL,NULL,NULL,0,'1','0','2025-11-12 11:29:44'),(1561,17,'Baljurashi','baljurashi',NULL,NULL,NULL,NULL,NULL,0,'1','0','2025-11-12 11:29:44'),(1562,17,'Bisha','bisha',NULL,NULL,NULL,NULL,NULL,0,'1','0','2025-11-12 11:29:44'),(1563,17,'Bariq','bariq',NULL,NULL,NULL,NULL,NULL,0,'1','0','2025-11-12 11:29:44'),(1564,17,'Buraidah','buraidah',NULL,NULL,NULL,NULL,NULL,0,'1','0','2025-11-12 11:29:44'),(1565,17,'Dhahran','dhahran',NULL,NULL,NULL,NULL,NULL,0,'1','0','2025-11-12 11:29:44'),(1566,17,'Riyadh','riyadh',NULL,NULL,NULL,NULL,NULL,0,'1','0','2025-11-12 11:29:44'),(1567,17,'Mecca (Makkah)','mecca-makkah',NULL,NULL,NULL,NULL,NULL,0,'1','0','2025-11-12 11:29:44'),(1568,17,'Medina (Madinah)','medina-madinah',NULL,NULL,NULL,NULL,NULL,0,'1','0','2025-11-12 11:29:44'),(1569,17,'Khobar','khobar',NULL,NULL,NULL,NULL,NULL,0,'1','0','2025-11-12 11:29:44'),(1570,17,'Tabuk','tabuk',NULL,NULL,NULL,NULL,NULL,0,'1','0','2025-11-12 11:29:44'),(1571,17,'Taif','taif',NULL,NULL,NULL,NULL,NULL,0,'1','0','2025-11-12 11:29:44'),(1572,17,'Abha','abha',NULL,NULL,NULL,NULL,NULL,0,'1','0','2025-11-12 11:29:44'),(1573,17,'Al Hofuf','al-hofuf',NULL,NULL,NULL,NULL,NULL,0,'1','0','2025-11-12 11:29:44'),(1574,17,'Khamis Mushait','khamis-mushait',NULL,NULL,NULL,NULL,NULL,0,'1','0','2025-11-12 11:29:44'),(1575,17,'Hail','hail',NULL,NULL,NULL,NULL,NULL,0,'1','0','2025-11-12 11:29:44'),(1576,17,'Najran','najran',NULL,NULL,NULL,NULL,NULL,0,'1','0','2025-11-12 11:29:44'),(1577,17,'Jazan','jazan',NULL,NULL,NULL,NULL,NULL,0,'1','0','2025-11-12 11:29:44'),(1578,17,'Ras al Khafji','ras-al-khafji',NULL,NULL,NULL,NULL,NULL,0,'1','0','2025-11-12 11:29:44'),(1579,17,'Al Jubail','al-jubail',NULL,NULL,NULL,NULL,NULL,0,'1','0','2025-11-12 11:29:44'),(1580,17,'Al Qatif','al-qatif',NULL,NULL,NULL,NULL,NULL,0,'1','0','2025-11-12 11:29:44'),(1581,17,'Yanbu','yanbu',NULL,NULL,NULL,NULL,NULL,0,'1','0','2025-11-12 11:29:44'),(1582,17,'Arar','arar',NULL,NULL,NULL,NULL,NULL,0,'1','0','2025-11-12 11:29:44'),(1583,17,'Sakaka','sakaka',NULL,NULL,NULL,NULL,NULL,0,'1','0','2025-11-12 11:29:44'),(1584,17,'Ras Tanura','ras-tanura',NULL,NULL,NULL,NULL,NULL,0,'1','0','2025-11-12 11:29:44'),(1585,17,'Al Bahah','al-bahah',NULL,NULL,NULL,NULL,NULL,0,'1','0','2025-11-12 11:29:44'),(1586,18,'Holland Village','holland-village',NULL,NULL,NULL,NULL,NULL,0,'1','0','2025-11-12 11:30:40'),(1587,18,'Orchard','orchard',NULL,NULL,NULL,NULL,NULL,0,'1','0','2025-11-12 11:30:40'),(1588,18,'Sentosa','sentosa',NULL,NULL,NULL,NULL,NULL,0,'1','0','2025-11-12 11:30:40'),(1589,18,'Bukit Timah','bukit-timah',NULL,NULL,NULL,NULL,NULL,0,'1','0','2025-11-12 11:30:40'),(1590,18,'Tanjong Pagar','tanjong-pagar',NULL,NULL,NULL,NULL,NULL,0,'1','0','2025-11-12 11:30:40'),(1591,18,'Jurong','jurong',NULL,NULL,NULL,NULL,NULL,0,'1','0','2025-11-12 11:30:40'),(1592,18,'Tiong Bahru','tiong-bahru',NULL,NULL,NULL,NULL,NULL,0,'1','0','2025-11-12 11:30:40'),(1593,18,'Chinatown','chinatown',NULL,NULL,NULL,NULL,NULL,0,'1','0','2025-11-12 11:30:40'),(1594,18,'Little India','little-india',NULL,NULL,NULL,NULL,NULL,0,'1','0','2025-11-12 11:30:40'),(1595,18,'Woodlands','woodlands',NULL,NULL,NULL,NULL,NULL,0,'1','0','2025-11-12 11:30:40'),(1596,18,'Tampines','tampines',NULL,NULL,NULL,NULL,NULL,0,'1','0','2025-11-12 11:30:40'),(1597,18,'Changi','changi',NULL,NULL,NULL,NULL,NULL,0,'1','0','2025-11-12 11:30:40'),(1598,18,'Geylang','geylang',NULL,NULL,NULL,NULL,NULL,0,'1','0','2025-11-12 11:30:40'),(1599,18,'Yishun','yishun',NULL,NULL,NULL,NULL,NULL,0,'1','0','2025-11-12 11:30:40'),(1600,18,'Punggol','punggol',NULL,NULL,NULL,NULL,NULL,0,'1','0','2025-11-12 11:30:40'),(1601,18,'Serangoon','serangoon',NULL,NULL,NULL,NULL,NULL,0,'1','0','2025-11-12 11:30:40'),(1602,18,'Pasir Ris','pasir-ris',NULL,NULL,NULL,NULL,NULL,0,'1','0','2025-11-12 11:30:40'),(1603,18,'Ang Mo Kio','ang-mo-kio',NULL,NULL,NULL,NULL,NULL,0,'1','0','2025-11-12 11:30:40'),(1604,18,'Toa Payoh','toa-payoh',NULL,NULL,NULL,NULL,NULL,0,'1','0','2025-11-12 11:30:40'),(1605,18,'Bukit Batok','bukit-batok',NULL,NULL,NULL,NULL,NULL,0,'1','0','2025-11-12 11:30:41'),(1606,18,'Sembawang','sembawang',NULL,NULL,NULL,NULL,NULL,0,'1','0','2025-11-12 11:30:41'),(1607,18,'Kranji','kranji',NULL,NULL,NULL,NULL,NULL,0,'1','0','2025-11-12 11:30:41'),(1608,18,'Seletar','seletar',NULL,NULL,NULL,NULL,NULL,0,'1','0','2025-11-12 11:30:41'),(1609,18,'East Coast','east-coast',NULL,NULL,NULL,NULL,NULL,0,'1','0','2025-11-12 11:30:41'),(1610,18,'Marina Bay','marina-bay',NULL,NULL,NULL,NULL,NULL,0,'1','0','2025-11-12 11:30:41'),(1611,19,'Anuradhapura','anuradhapura',NULL,NULL,NULL,NULL,NULL,0,'1','0','2025-11-12 11:31:33'),(1612,19,'Batticaloa','batticaloa',NULL,NULL,NULL,NULL,NULL,0,'1','0','2025-11-12 11:31:33'),(1613,19,'Colombo','colombo',NULL,NULL,NULL,NULL,NULL,0,'1','0','2025-11-12 11:31:33'),(1614,19,'Dambulla','dambulla',NULL,NULL,NULL,NULL,NULL,0,'1','0','2025-11-12 11:31:33'),(1615,19,'Galle','galle',NULL,NULL,NULL,NULL,NULL,0,'1','0','2025-11-12 11:31:33'),(1616,19,'Jaffna','jaffna',NULL,NULL,NULL,NULL,NULL,0,'1','0','2025-11-12 11:31:33'),(1617,19,'Kandy','kandy',NULL,NULL,NULL,NULL,NULL,0,'1','0','2025-11-12 11:31:33'),(1618,19,'Negombo','negombo',NULL,NULL,NULL,NULL,NULL,0,'1','0','2025-11-12 11:31:33'),(1619,19,'Ratnapura','ratnapura',NULL,NULL,NULL,NULL,NULL,0,'1','0','2025-11-12 11:31:33'),(1620,19,'Trincomalee','trincomalee',NULL,NULL,NULL,NULL,NULL,0,'1','0','2025-11-12 11:31:33'),(1621,20,'Nonthaburi','nonthaburi',NULL,NULL,NULL,NULL,NULL,0,'1','0','2025-11-12 11:32:51'),(1622,20,'Pakkret','pakkret',NULL,NULL,NULL,NULL,NULL,0,'1','0','2025-11-12 11:32:51'),(1623,20,'Hat Yai','hat-yai',NULL,NULL,NULL,NULL,NULL,0,'1','0','2025-11-12 11:32:51'),(1624,20,'Surat Thani','surat-thani',NULL,NULL,NULL,NULL,NULL,0,'1','0','2025-11-12 11:32:51'),(1625,20,'Chiang Mai','chiang-mai',NULL,NULL,NULL,NULL,NULL,0,'1','0','2025-11-12 11:32:51'),(1626,20,'Udon Thani','udon-thani',NULL,NULL,NULL,NULL,NULL,0,'1','0','2025-11-12 11:32:51'),(1627,20,'Khon Kaen','khon-kaen',NULL,NULL,NULL,NULL,NULL,0,'1','0','2025-11-12 11:32:51'),(1628,20,'Laem Chabang','laem-chabang',NULL,NULL,NULL,NULL,NULL,0,'1','0','2025-11-12 11:32:51'),(1629,20,'Rangsit','rangsit',NULL,NULL,NULL,NULL,NULL,0,'1','0','2025-11-12 11:32:51'),(1630,20,'Bangkok (Krung Thep Maha Nakhon)','bangkok-krung-thep-maha-nakhon',NULL,NULL,NULL,NULL,NULL,0,'1','0','2025-11-12 11:32:51'),(1631,20,'Pattaya','pattaya',NULL,NULL,NULL,NULL,NULL,0,'1','0','2025-11-12 11:32:51'),(1632,20,'Phuket','phuket',NULL,NULL,NULL,NULL,NULL,0,'1','0','2025-11-12 11:32:51'),(1633,20,'Nakhon Ratchasima (Korat)','nakhon-ratchasima-korat',NULL,NULL,NULL,NULL,NULL,0,'1','0','2025-11-12 11:32:51'),(1634,20,'Chiang Rai','chiang-rai',NULL,NULL,NULL,NULL,NULL,0,'1','0','2025-11-12 11:32:51'),(1635,20,'Nakhon Si Thammarat','nakhon-si-thammarat',NULL,NULL,NULL,NULL,NULL,0,'1','0','2025-11-12 11:32:51'),(1636,20,'Songkhla','songkhla',NULL,NULL,NULL,NULL,NULL,0,'1','0','2025-11-12 11:32:51'),(1637,20,'Rayong','rayong',NULL,NULL,NULL,NULL,NULL,0,'1','0','2025-11-12 11:32:51'),(1638,20,'Samut Prakan','samut-prakan',NULL,NULL,NULL,NULL,NULL,0,'1','0','2025-11-12 11:32:51'),(1639,20,'Phra Nakhon Si Ayutthaya','phra-nakhon-si-ayutthaya',NULL,NULL,NULL,NULL,NULL,0,'1','0','2025-11-12 11:32:51'),(1640,20,'Nakhon Pathom','nakhon-pathom',NULL,NULL,NULL,NULL,NULL,0,'1','0','2025-11-12 11:32:51'),(1641,20,'Ratchaburi','ratchaburi',NULL,NULL,NULL,NULL,NULL,0,'1','0','2025-11-12 11:32:51'),(1642,20,'Ubon Ratchathani','ubon-ratchathani',NULL,NULL,NULL,NULL,NULL,0,'1','0','2025-11-12 11:32:51'),(1643,20,'Lampang','lampang',NULL,NULL,NULL,NULL,NULL,0,'1','0','2025-11-12 11:32:51'),(1644,20,'Loei','loei',NULL,NULL,NULL,NULL,NULL,0,'1','0','2025-11-12 11:32:51'),(1645,20,'Phitsanulok','phitsanulok',NULL,NULL,NULL,NULL,NULL,0,'1','0','2025-11-12 11:32:51'),(1646,20,'Trang','trang',NULL,NULL,NULL,NULL,NULL,0,'1','0','2025-11-12 11:32:51'),(1647,20,'Sukhothai Thani','sukhothai-thani',NULL,NULL,NULL,NULL,NULL,0,'1','0','2025-11-12 11:32:51'),(1648,20,'Kanchanaburi','kanchanaburi',NULL,NULL,NULL,NULL,NULL,0,'1','0','2025-11-12 11:32:51'),(1649,20,'Mae Hong Son','mae-hong-son',NULL,NULL,NULL,NULL,NULL,0,'1','0','2025-11-12 11:32:51'),(1650,21,'Dubai','dubai',NULL,NULL,NULL,NULL,NULL,0,'1','0','2025-11-12 11:34:05'),(1651,21,'Sharjah','sharjah',NULL,NULL,NULL,NULL,NULL,0,'1','0','2025-11-12 11:34:05'),(1652,21,'Al Ain','al-ain',NULL,NULL,NULL,NULL,NULL,0,'1','0','2025-11-12 11:34:05'),(1653,21,'Ajman','ajman',NULL,NULL,NULL,NULL,NULL,0,'1','0','2025-11-12 11:34:05'),(1654,21,'Fujairah','fujairah',NULL,NULL,NULL,NULL,NULL,0,'1','0','2025-11-12 11:34:05'),(1655,21,'Umm Al Quwain','umm-al-quwain',NULL,NULL,NULL,NULL,NULL,0,'1','0','2025-11-12 11:34:05'),(1656,21,'Kalba','kalba',NULL,NULL,NULL,NULL,NULL,0,'1','0','2025-11-12 11:34:05'),(1657,21,'Khor Fakkan','khor-fakkan',NULL,NULL,NULL,NULL,NULL,0,'1','0','2025-11-12 11:34:05'),(1658,21,'Dhaid','dhaid',NULL,NULL,NULL,NULL,NULL,0,'1','0','2025-11-12 11:34:05'),(1659,21,'Al Dhaid','al-dhaid',NULL,NULL,NULL,NULL,NULL,0,'1','0','2025-11-12 11:34:05'),(1660,21,'Abu Dhabi','abu-dhabi',NULL,NULL,NULL,NULL,NULL,0,'1','0','2025-11-12 11:34:05'),(1661,21,'Ras Al Khaimah','ras-al-khaimah',NULL,NULL,NULL,NULL,NULL,0,'1','0','2025-11-12 11:34:05'),(1662,21,'Dibba Al Fujairah','dibba-al-fujairah',NULL,NULL,NULL,NULL,NULL,0,'1','0','2025-11-12 11:34:05'),(1663,21,'Hatta','hatta',NULL,NULL,NULL,NULL,NULL,0,'1','0','2025-11-12 11:34:05'),(1664,21,'Masdar City','masdar-city',NULL,NULL,NULL,NULL,NULL,0,'1','0','2025-11-12 11:34:05'),(1665,21,'Madinat Zayed','madinat-zayed',NULL,NULL,NULL,NULL,NULL,0,'1','0','2025-11-12 11:34:05'),(1666,21,'Al Dhannah','al-dhannah',NULL,NULL,NULL,NULL,NULL,0,'1','0','2025-11-12 11:34:05'),(1667,21,'Liwa Oasis','liwa-oasis',NULL,NULL,NULL,NULL,NULL,0,'1','0','2025-11-12 11:34:05'),(1668,21,'Ghayathi','ghayathi',NULL,NULL,NULL,NULL,NULL,0,'1','0','2025-11-12 11:34:05'),(1669,21,'Dibba Al Hisn','dibba-al-hisn',NULL,NULL,NULL,NULL,NULL,0,'1','0','2025-11-12 11:34:05'),(1670,21,'Jebel Ali','jebel-ali',NULL,NULL,NULL,NULL,NULL,0,'1','0','2025-11-12 11:34:05'),(1671,21,'Al Madam','al-madam',NULL,NULL,NULL,NULL,NULL,0,'1','0','2025-11-12 11:34:05'),(1672,21,'Al Hamriyah','al-hamriyah',NULL,NULL,NULL,NULL,NULL,0,'1','0','2025-11-12 11:34:05'),(1673,21,'Al Dhafra','al-dhafra',NULL,NULL,NULL,NULL,NULL,0,'1','0','2025-11-12 11:34:05'),(1674,21,'Al Rafaah','al-rafaah',NULL,NULL,NULL,NULL,NULL,0,'1','0','2025-11-12 11:34:05'),(1675,21,'Dalma Island','dalma-island',NULL,NULL,NULL,NULL,NULL,0,'1','0','2025-11-12 11:34:05'),(1676,22,'Tokyo','tokyo',NULL,NULL,NULL,NULL,NULL,0,'1','0','2025-11-12 11:35:10'),(1677,22,'Yokohama','yokohama',NULL,NULL,NULL,NULL,NULL,0,'1','0','2025-11-12 11:35:10'),(1678,22,'Osaka','osaka',NULL,NULL,NULL,NULL,NULL,0,'1','0','2025-11-12 11:35:10'),(1679,22,'Nagoya','nagoya',NULL,NULL,NULL,NULL,NULL,0,'1','0','2025-11-12 11:35:10'),(1680,22,'Sapporo','sapporo',NULL,NULL,NULL,NULL,NULL,0,'1','0','2025-11-12 11:35:10'),(1681,22,'Kobe','kobe',NULL,NULL,NULL,NULL,NULL,0,'1','0','2025-11-12 11:35:10'),(1682,22,'Kyoto','kyoto',NULL,NULL,NULL,NULL,NULL,0,'1','0','2025-11-12 11:35:10'),(1683,22,'Fukuoka','fukuoka',NULL,NULL,NULL,NULL,NULL,0,'1','0','2025-11-12 11:35:10'),(1684,22,'Kawasaki','kawasaki',NULL,NULL,NULL,NULL,NULL,0,'1','0','2025-11-12 11:35:10'),(1685,22,'Hiroshima','hiroshima',NULL,NULL,NULL,NULL,NULL,0,'1','0','2025-11-12 11:35:10'),(1686,22,'Sendai','sendai',NULL,NULL,NULL,NULL,NULL,0,'1','0','2025-11-12 11:35:10'),(1687,22,'Kitakyushu','kitakyushu',NULL,NULL,NULL,NULL,NULL,0,'1','0','2025-11-12 11:35:10'),(1688,22,'Chiba','chiba',NULL,NULL,NULL,NULL,NULL,0,'1','0','2025-11-12 11:35:10'),(1689,22,'Sakai','sakai',NULL,NULL,NULL,NULL,NULL,0,'1','0','2025-11-12 11:35:10'),(1690,22,'Niigata','niigata',NULL,NULL,NULL,NULL,NULL,0,'1','0','2025-11-12 11:35:10'),(1691,22,'Hamamatsu','hamamatsu',NULL,NULL,NULL,NULL,NULL,0,'1','0','2025-11-12 11:35:10'),(1692,22,'Shizuoka','shizuoka',NULL,NULL,NULL,NULL,NULL,0,'1','0','2025-11-12 11:35:10'),(1693,22,'Sagamihara','sagamihara',NULL,NULL,NULL,NULL,NULL,0,'1','0','2025-11-12 11:35:10'),(1694,22,'Okayama','okayama',NULL,NULL,NULL,NULL,NULL,0,'1','0','2025-11-12 11:35:10'),(1695,22,'Kumamoto','kumamoto',NULL,NULL,NULL,NULL,NULL,0,'1','0','2025-11-12 11:35:10'),(1696,22,'Kagoshima','kagoshima',NULL,NULL,NULL,NULL,NULL,0,'1','0','2025-11-12 11:35:10'),(1697,22,'Funabashi','funabashi',NULL,NULL,NULL,NULL,NULL,0,'1','0','2025-11-12 11:35:10'),(1698,22,'Hachioji','hachioji',NULL,NULL,NULL,NULL,NULL,0,'1','0','2025-11-12 11:35:10'),(1699,22,'Matsuyama','matsuyama',NULL,NULL,NULL,NULL,NULL,0,'1','0','2025-11-12 11:35:10'),(1700,22,'Higashiosaka','higashiosaka',NULL,NULL,NULL,NULL,NULL,0,'1','0','2025-11-12 11:35:10'),(1701,22,'Utsunomiya','utsunomiya',NULL,NULL,NULL,NULL,NULL,0,'1','0','2025-11-12 11:35:10'),(1702,22,'Matsudo','matsudo',NULL,NULL,NULL,NULL,NULL,0,'1','0','2025-11-12 11:35:10'),(1703,22,'Kanazawa','kanazawa',NULL,NULL,NULL,NULL,NULL,0,'1','0','2025-11-12 11:35:10'),(1704,22,'Oita','oita',NULL,NULL,NULL,NULL,NULL,0,'1','0','2025-11-12 11:35:10'),(1705,22,'Amagasaki','amagasaki',NULL,NULL,NULL,NULL,NULL,0,'1','0','2025-11-12 11:35:10'),(1706,22,'Nagasaki','nagasaki',NULL,NULL,NULL,NULL,NULL,0,'1','0','2025-11-12 11:35:10'),(1707,22,'Gifu','gifu',NULL,NULL,NULL,NULL,NULL,0,'1','0','2025-11-12 11:35:10'),(1708,22,'Hirakata','hirakata',NULL,NULL,NULL,NULL,NULL,0,'1','0','2025-11-12 11:35:10'),(1709,22,'Toyonaka','toyonaka',NULL,NULL,NULL,NULL,NULL,0,'1','0','2025-11-12 11:35:10'),(1710,22,'Kashiwa','kashiwa',NULL,NULL,NULL,NULL,NULL,0,'1','0','2025-11-12 11:35:10'),(1711,22,'Ichikawa','ichikawa',NULL,NULL,NULL,NULL,NULL,0,'1','0','2025-11-12 11:35:10'),(1712,22,'Miyazaki','miyazaki',NULL,NULL,NULL,NULL,NULL,0,'1','0','2025-11-12 11:35:10'),(1713,22,'Nara','nara',NULL,NULL,NULL,NULL,NULL,0,'1','0','2025-11-12 11:35:10'),(1714,22,'Takatsuki','takatsuki',NULL,NULL,NULL,NULL,NULL,0,'1','0','2025-11-12 11:35:10'),(1715,22,'Nagano','nagano',NULL,NULL,NULL,NULL,NULL,0,'1','0','2025-11-12 11:35:10'),(1716,22,'Fukuyama','fukuyama',NULL,NULL,NULL,NULL,NULL,0,'1','0','2025-11-12 11:35:10'),(1717,22,'Ichinomiya','ichinomiya',NULL,NULL,NULL,NULL,NULL,0,'1','0','2025-11-12 11:35:10'),(1718,22,'Maebashi','maebashi',NULL,NULL,NULL,NULL,NULL,0,'1','0','2025-11-12 11:35:10'),(1719,22,'Kawaguchi','kawaguchi',NULL,NULL,NULL,NULL,NULL,0,'1','0','2025-11-12 11:35:10'),(1720,22,'Fujisawa','fujisawa',NULL,NULL,NULL,NULL,NULL,0,'1','0','2025-11-12 11:35:10'),(1721,22,'Toyohashi','toyohashi',NULL,NULL,NULL,NULL,NULL,0,'1','0','2025-11-12 11:35:10'),(1722,22,'Nishinomiya','nishinomiya',NULL,NULL,NULL,NULL,NULL,0,'1','0','2025-11-12 11:35:10'),(1723,22,'Toyota','toyota',NULL,NULL,NULL,NULL,NULL,0,'1','0','2025-11-12 11:35:10'),(1724,22,'Kurashiki','kurashiki',NULL,NULL,NULL,NULL,NULL,0,'1','0','2025-11-12 11:35:10'),(1725,22,'Kochi','kochi',NULL,NULL,NULL,NULL,NULL,0,'1','0','2025-11-12 11:35:10'),(1726,22,'Takamatsu','takamatsu',NULL,NULL,NULL,NULL,NULL,0,'1','0','2025-11-12 11:35:10'),(1727,22,'Akita','akita',NULL,NULL,NULL,NULL,NULL,0,'1','0','2025-11-12 11:35:10'),(1728,22,'Asahikawa','asahikawa',NULL,NULL,NULL,NULL,NULL,0,'1','0','2025-11-12 11:35:10'),(1729,22,'Koriyama','koriyama',NULL,NULL,NULL,NULL,NULL,0,'1','0','2025-11-12 11:35:10'),(1730,22,'Morioka','morioka',NULL,NULL,NULL,NULL,NULL,0,'1','0','2025-11-12 11:35:10'),(1731,22,'Naha','naha',NULL,NULL,NULL,NULL,NULL,0,'1','0','2025-11-12 11:35:10'),(1732,22,'Shimonoseki','shimonoseki',NULL,NULL,NULL,NULL,NULL,0,'1','0','2025-11-12 11:35:10'),(1733,22,'Takasaki','takasaki',NULL,NULL,NULL,NULL,NULL,0,'1','0','2025-11-12 11:35:10'),(1734,22,'Okazaki','okazaki',NULL,NULL,NULL,NULL,NULL,0,'1','0','2025-11-12 11:35:10'),(1735,22,'Koshigaya','koshigaya',NULL,NULL,NULL,NULL,NULL,0,'1','0','2025-11-12 11:35:10'),(1736,22,'Fukushima','fukushima',NULL,NULL,NULL,NULL,NULL,0,'1','0','2025-11-12 11:35:10'),(1737,22,'Matsumoto','matsumoto',NULL,NULL,NULL,NULL,NULL,0,'1','0','2025-11-12 11:35:10'),(1738,22,'Kasukabe','kasukabe',NULL,NULL,NULL,NULL,NULL,0,'1','0','2025-11-12 11:35:10'),(1739,22,'Yokosuka','yokosuka',NULL,NULL,NULL,NULL,NULL,0,'1','0','2025-11-12 11:35:10'),(1740,22,'Suita','suita',NULL,NULL,NULL,NULL,NULL,0,'1','0','2025-11-12 11:35:10'),(1741,22,'Kure','kure',NULL,NULL,NULL,NULL,NULL,0,'1','0','2025-11-12 11:35:10'),(1742,22,'Tottori','tottori',NULL,NULL,NULL,NULL,NULL,0,'1','0','2025-11-12 11:35:10'),(1743,22,'Yamagata','yamagata',NULL,NULL,NULL,NULL,NULL,0,'1','0','2025-11-12 11:35:10'),(1744,22,'Fukui','fukui',NULL,NULL,NULL,NULL,NULL,0,'1','0','2025-11-12 11:35:10'),(1745,22,'Tokushima','tokushima',NULL,NULL,NULL,NULL,NULL,0,'1','0','2025-11-12 11:35:10'),(1746,22,'Sasebo','sasebo',NULL,NULL,NULL,NULL,NULL,0,'1','0','2025-11-12 11:35:10'),(1747,22,'Hachinohe','hachinohe',NULL,NULL,NULL,NULL,NULL,0,'1','0','2025-11-12 11:35:10'),(1748,22,'Kisarazu','kisarazu',NULL,NULL,NULL,NULL,NULL,0,'1','0','2025-11-12 11:35:10'),(1749,22,'Ube','ube',NULL,NULL,NULL,NULL,NULL,0,'1','0','2025-11-12 11:35:10'),(1750,22,'Tsu','tsu',NULL,NULL,NULL,NULL,NULL,0,'1','0','2025-11-12 11:35:10'),(1751,22,'Kofu','kofu',NULL,NULL,NULL,NULL,NULL,0,'1','0','2025-11-12 11:35:10'),(1752,22,'Otsu','otsu',NULL,NULL,NULL,NULL,NULL,0,'1','0','2025-11-12 11:35:10'),(1753,22,'Yokkaichi','yokkaichi',NULL,NULL,NULL,NULL,NULL,0,'1','0','2025-11-12 11:35:10'),(1754,22,'Kuwana','kuwana',NULL,NULL,NULL,NULL,NULL,0,'1','0','2025-11-12 11:35:10'),(1755,22,'Kakogawa','kakogawa',NULL,NULL,NULL,NULL,NULL,0,'1','0','2025-11-12 11:35:10'),(1756,22,'Kameoka','kameoka',NULL,NULL,NULL,NULL,NULL,0,'1','0','2025-11-12 11:35:10'),(1757,22,'Kashihara','kashihara',NULL,NULL,NULL,NULL,NULL,0,'1','0','2025-11-12 11:35:10'),(1758,22,'Kariya','kariya',NULL,NULL,NULL,NULL,NULL,0,'1','0','2025-11-12 11:35:10'),(1759,22,'Kasugai','kasugai',NULL,NULL,NULL,NULL,NULL,0,'1','0','2025-11-12 11:35:10'),(1760,22,'Kawagoe','kawagoe',NULL,NULL,NULL,NULL,NULL,0,'1','0','2025-11-12 11:35:10'),(1761,22,'Kawanishi','kawanishi',NULL,NULL,NULL,NULL,NULL,0,'1','0','2025-11-12 11:35:10'),(1762,22,'Kazo','kazo',NULL,NULL,NULL,NULL,NULL,0,'1','0','2025-11-12 11:35:10'),(1763,22,'Kiryu','kiryu',NULL,NULL,NULL,NULL,NULL,0,'1','0','2025-11-12 11:35:10'),(1764,22,'Kitami','kitami',NULL,NULL,NULL,NULL,NULL,0,'1','0','2025-11-12 11:35:10'),(1765,22,'Kodaira','kodaira',NULL,NULL,NULL,NULL,NULL,0,'1','0','2025-11-12 11:35:10'),(1766,22,'Komaki','komaki',NULL,NULL,NULL,NULL,NULL,0,'1','0','2025-11-12 11:35:10'),(1767,22,'Komatsu','komatsu',NULL,NULL,NULL,NULL,NULL,0,'1','0','2025-11-12 11:35:10'),(1768,22,'Konosu','konosu',NULL,NULL,NULL,NULL,NULL,0,'1','0','2025-11-12 11:35:10'),(1769,22,'Kuki','kuki',NULL,NULL,NULL,NULL,NULL,0,'1','0','2025-11-12 11:35:10'),(1770,22,'Kumagaya','kumagaya',NULL,NULL,NULL,NULL,NULL,0,'1','0','2025-11-12 11:35:10'),(1771,22,'Kurume','kurume',NULL,NULL,NULL,NULL,NULL,0,'1','0','2025-11-12 11:35:10'),(1772,22,'Kusatsu','kusatsu',NULL,NULL,NULL,NULL,NULL,0,'1','0','2025-11-12 11:35:10'),(1773,22,'Kushiro','kushiro',NULL,NULL,NULL,NULL,NULL,0,'1','0','2025-11-12 11:35:10'),(1774,22,'Machida','machida',NULL,NULL,NULL,NULL,NULL,0,'1','0','2025-11-12 11:35:10'),(1775,22,'Marugame','marugame',NULL,NULL,NULL,NULL,NULL,0,'1','0','2025-11-12 11:35:10'),(1776,22,'Matsubara','matsubara',NULL,NULL,NULL,NULL,NULL,0,'1','0','2025-11-12 11:35:10'),(1777,22,'Matsue','matsue',NULL,NULL,NULL,NULL,NULL,0,'1','0','2025-11-12 11:35:10'),(1778,22,'Matsusaka','matsusaka',NULL,NULL,NULL,NULL,NULL,0,'1','0','2025-11-12 11:35:10'),(1779,22,'Minoh','minoh',NULL,NULL,NULL,NULL,NULL,0,'1','0','2025-11-12 11:35:10'),(1780,22,'Misato','misato',NULL,NULL,NULL,NULL,NULL,0,'1','0','2025-11-12 11:35:10'),(1781,22,'Mishima','mishima',NULL,NULL,NULL,NULL,NULL,0,'1','0','2025-11-12 11:35:10'),(1782,22,'Mitaka','mitaka',NULL,NULL,NULL,NULL,NULL,0,'1','0','2025-11-12 11:35:10'),(1783,22,'Mito','mito',NULL,NULL,NULL,NULL,NULL,0,'1','0','2025-11-12 11:35:10'),(1784,22,'Miyakonojo','miyakonojo',NULL,NULL,NULL,NULL,NULL,0,'1','0','2025-11-12 11:35:10'),(1785,22,'Moriguchi','moriguchi',NULL,NULL,NULL,NULL,NULL,0,'1','0','2025-11-12 11:35:10'),(1786,22,'Musashino','musashino',NULL,NULL,NULL,NULL,NULL,0,'1','0','2025-11-12 11:35:10'),(1787,22,'Nagahama','nagahama',NULL,NULL,NULL,NULL,NULL,0,'1','0','2025-11-12 11:35:10'),(1788,22,'Nagaoka','nagaoka',NULL,NULL,NULL,NULL,NULL,0,'1','0','2025-11-12 11:35:10'),(1789,22,'Nagareyama','nagareyama',NULL,NULL,NULL,NULL,NULL,0,'1','0','2025-11-12 11:35:10'),(1790,22,'Narashino','narashino',NULL,NULL,NULL,NULL,NULL,0,'1','0','2025-11-12 11:35:10'),(1791,22,'Narita','narita',NULL,NULL,NULL,NULL,NULL,0,'1','0','2025-11-12 11:35:10'),(1792,22,'Nasushiobara','nasushiobara',NULL,NULL,NULL,NULL,NULL,0,'1','0','2025-11-12 11:35:10'),(1793,22,'Neyagawa','neyagawa',NULL,NULL,NULL,NULL,NULL,0,'1','0','2025-11-12 11:35:10'),(1794,22,'Niihama','niihama',NULL,NULL,NULL,NULL,NULL,0,'1','0','2025-11-12 11:35:10'),(1795,22,'Niiza','niiza',NULL,NULL,NULL,NULL,NULL,0,'1','0','2025-11-12 11:35:10'),(1796,22,'Nishio','nishio',NULL,NULL,NULL,NULL,NULL,0,'1','0','2025-11-12 11:35:10'),(1797,22,'Nishitokyo','nishitokyo',NULL,NULL,NULL,NULL,NULL,0,'1','0','2025-11-12 11:35:10'),(1798,22,'Nobeoka','nobeoka',NULL,NULL,NULL,NULL,NULL,0,'1','0','2025-11-12 11:35:10'),(1799,22,'Noda','noda',NULL,NULL,NULL,NULL,NULL,0,'1','0','2025-11-12 11:35:10'),(1800,22,'Numazu','numazu',NULL,NULL,NULL,NULL,NULL,0,'1','0','2025-11-12 11:35:10'),(1801,22,'Obihiro','obihiro',NULL,NULL,NULL,NULL,NULL,0,'1','0','2025-11-12 11:35:10'),(1802,22,'Odawara','odawara',NULL,NULL,NULL,NULL,NULL,0,'1','0','2025-11-12 11:35:10'),(1803,17,'Icheon','icheon',NULL,NULL,NULL,NULL,NULL,0,'1','0','2025-11-12 11:37:00'),(1804,17,'Gunsan','gunsan',NULL,NULL,NULL,NULL,NULL,0,'1','0','2025-11-12 11:37:00'),(1805,17,'Asan','asan',NULL,NULL,NULL,NULL,NULL,0,'1','0','2025-11-12 11:37:00'),(1806,17,'Wonju','wonju',NULL,NULL,NULL,NULL,NULL,0,'1','0','2025-11-12 11:37:00'),(1807,17,'Yangsan','yangsan',NULL,NULL,NULL,NULL,NULL,0,'1','0','2025-11-12 11:37:00'),(1808,17,'Pyeongtaek','pyeongtaek',NULL,NULL,NULL,NULL,NULL,0,'1','0','2025-11-12 11:37:00'),(1809,17,'Jeju City','jeju-city',NULL,NULL,NULL,NULL,NULL,0,'1','0','2025-11-12 11:37:00'),(1810,17,'Gwangyang','gwangyang',NULL,NULL,NULL,NULL,NULL,0,'1','0','2025-11-12 11:37:00'),(1811,17,'Dongducheon','dongducheon',NULL,NULL,NULL,NULL,NULL,0,'1','0','2025-11-12 11:37:00'),(1812,17,'Anseong','anseong',NULL,NULL,NULL,NULL,NULL,0,'1','0','2025-11-12 11:37:00'),(1813,17,'Chuncheon','chuncheon',NULL,NULL,NULL,NULL,NULL,0,'1','0','2025-11-12 11:37:00'),(1814,17,'Seosan','seosan',NULL,NULL,NULL,NULL,NULL,0,'1','0','2025-11-12 11:37:00'),(1815,17,'Tongyeong','tongyeong',NULL,NULL,NULL,NULL,NULL,0,'1','0','2025-11-12 11:37:00'),(1816,17,'Gimpo','gimpo',NULL,NULL,NULL,NULL,NULL,0,'1','0','2025-11-12 11:37:00'),(1817,17,'Yeosu','yeosu',NULL,NULL,NULL,NULL,NULL,0,'1','0','2025-11-12 11:37:00'),(1818,17,'Gyeongsan','gyeongsan',NULL,NULL,NULL,NULL,NULL,0,'1','0','2025-11-12 11:37:00'),(1819,17,'Sacheon','sacheon',NULL,NULL,NULL,NULL,NULL,0,'1','0','2025-11-12 11:37:00'),(1820,17,'Mokpo','mokpo',NULL,NULL,NULL,NULL,NULL,0,'1','0','2025-11-12 11:37:00'),(1821,17,'Suncheon','suncheon',NULL,NULL,NULL,NULL,NULL,0,'1','0','2025-11-12 11:37:00'),(1822,17,'Andong','andong',NULL,NULL,NULL,NULL,NULL,0,'1','0','2025-11-12 11:37:00'),(1823,17,'Gyeongju','gyeongju',NULL,NULL,NULL,NULL,NULL,0,'1','0','2025-11-12 11:37:00'),(1824,17,'Samcheok','samcheok',NULL,NULL,NULL,NULL,NULL,0,'1','0','2025-11-12 11:37:00'),(1825,17,'Yeongju','yeongju',NULL,NULL,NULL,NULL,NULL,0,'1','0','2025-11-12 11:37:00'),(1826,17,'Seoul','seoul',NULL,NULL,NULL,NULL,NULL,0,'1','0','2025-11-12 11:37:00'),(1827,17,'Busan','busan',NULL,NULL,NULL,NULL,NULL,0,'1','0','2025-11-12 11:37:00'),(1828,17,'Incheon','incheon',NULL,NULL,NULL,NULL,NULL,0,'1','0','2025-11-12 11:37:00'),(1829,17,'Daegu','daegu',NULL,NULL,NULL,NULL,NULL,0,'1','0','2025-11-12 11:37:00'),(1830,17,'Daejeon','daejeon',NULL,NULL,NULL,NULL,NULL,0,'1','0','2025-11-12 11:37:00'),(1831,17,'Gwangju','gwangju',NULL,NULL,NULL,NULL,NULL,0,'1','0','2025-11-12 11:37:00'),(1832,17,'Suwon','suwon',NULL,NULL,NULL,NULL,NULL,0,'1','0','2025-11-12 11:37:00'),(1833,17,'Ulsan','ulsan',NULL,NULL,NULL,NULL,NULL,0,'1','0','2025-11-12 11:37:00'),(1834,17,'Changwon','changwon',NULL,NULL,NULL,NULL,NULL,0,'1','0','2025-11-12 11:37:00'),(1835,17,'Seongnam','seongnam',NULL,NULL,NULL,NULL,NULL,0,'1','0','2025-11-12 11:37:00'),(1836,17,'Goyang','goyang',NULL,NULL,NULL,NULL,NULL,0,'1','0','2025-11-12 11:37:00'),(1837,17,'Yongin','yongin',NULL,NULL,NULL,NULL,NULL,0,'1','0','2025-11-12 11:37:00'),(1838,17,'Bucheon','bucheon',NULL,NULL,NULL,NULL,NULL,0,'1','0','2025-11-12 11:37:00'),(1839,17,'Cheongju','cheongju',NULL,NULL,NULL,NULL,NULL,0,'1','0','2025-11-12 11:37:00'),(1840,17,'Jeonju','jeonju',NULL,NULL,NULL,NULL,NULL,0,'1','0','2025-11-12 11:37:00'),(1841,17,'Cheonan','cheonan',NULL,NULL,NULL,NULL,NULL,0,'1','0','2025-11-12 11:37:00'),(1842,17,'Namyangju','namyangju',NULL,NULL,NULL,NULL,NULL,0,'1','0','2025-11-12 11:37:00'),(1843,17,'Hwaseong','hwaseong',NULL,NULL,NULL,NULL,NULL,0,'1','0','2025-11-12 11:37:00'),(1844,17,'Pohang','pohang',NULL,NULL,NULL,NULL,NULL,0,'1','0','2025-11-12 11:37:00'),(1845,17,'Gimhae','gimhae',NULL,NULL,NULL,NULL,NULL,0,'1','0','2025-11-12 11:37:00'),(1846,17,'Gwangmyeong','gwangmyeong',NULL,NULL,NULL,NULL,NULL,0,'1','0','2025-11-12 11:37:00'),(1847,17,'Paju','paju',NULL,NULL,NULL,NULL,NULL,0,'1','0','2025-11-12 11:37:00'),(1848,17,'Jinju','jinju',NULL,NULL,NULL,NULL,NULL,0,'1','0','2025-11-12 11:37:00'),(1849,17,'Uijeongbu','uijeongbu',NULL,NULL,NULL,NULL,NULL,0,'1','0','2025-11-12 11:37:00'),(1850,17,'Siheung','siheung',NULL,NULL,NULL,NULL,NULL,0,'1','0','2025-11-12 11:37:00'),(1851,17,'Gumi','gumi',NULL,NULL,NULL,NULL,NULL,0,'1','0','2025-11-12 11:37:00'),(1852,17,'Ansan','ansan',NULL,NULL,NULL,NULL,NULL,0,'1','0','2025-11-12 11:37:00'),(1853,24,'Istanbul','istanbul',NULL,NULL,NULL,NULL,NULL,0,'1','0','2025-11-12 11:38:14'),(1854,24,'Ankara','ankara',NULL,NULL,NULL,NULL,NULL,0,'1','0','2025-11-12 11:38:14'),(1855,24,'Izmir','izmir',NULL,NULL,NULL,NULL,NULL,0,'1','0','2025-11-12 11:38:14'),(1856,24,'Bursa','bursa',NULL,NULL,NULL,NULL,NULL,0,'1','0','2025-11-12 11:38:14'),(1857,24,'Antalya','antalya',NULL,NULL,NULL,NULL,NULL,0,'1','0','2025-11-12 11:38:14'),(1858,24,'Adana','adana',NULL,NULL,NULL,NULL,NULL,0,'1','0','2025-11-12 11:38:14'),(1859,24,'Gaziantep','gaziantep',NULL,NULL,NULL,NULL,NULL,0,'1','0','2025-11-12 11:38:14'),(1860,24,'Konya','konya',NULL,NULL,NULL,NULL,NULL,0,'1','0','2025-11-12 11:38:14'),(1861,24,'Sanliurfa','sanliurfa',NULL,NULL,NULL,NULL,NULL,0,'1','0','2025-11-12 11:38:14'),(1862,24,'Kocaeli','kocaeli',NULL,NULL,NULL,NULL,NULL,0,'1','0','2025-11-12 11:38:14'),(1863,24,'Mersin','mersin',NULL,NULL,NULL,NULL,NULL,0,'1','0','2025-11-12 11:38:14'),(1864,24,'Diyarbakir','diyarbakir',NULL,NULL,NULL,NULL,NULL,0,'1','0','2025-11-12 11:38:14'),(1865,24,'Kayseri','kayseri',NULL,NULL,NULL,NULL,NULL,0,'1','0','2025-11-12 11:38:14'),(1866,24,'Samsun','samsun',NULL,NULL,NULL,NULL,NULL,0,'1','0','2025-11-12 11:38:14'),(1867,24,'Eskisehir','eskisehir',NULL,NULL,NULL,NULL,NULL,0,'1','0','2025-11-12 11:38:14'),(1868,24,'Denizli','denizli',NULL,NULL,NULL,NULL,NULL,0,'1','0','2025-11-12 11:38:14'),(1869,24,'Trabzon','trabzon',NULL,NULL,NULL,NULL,NULL,0,'1','0','2025-11-12 11:38:14'),(1870,24,'Malatya','malatya',NULL,NULL,NULL,NULL,NULL,0,'1','0','2025-11-12 11:38:14'),(1871,24,'Sakarya','sakarya',NULL,NULL,NULL,NULL,NULL,0,'1','0','2025-11-12 11:38:14'),(1872,24,'Kahramanmaras','kahramanmaras',NULL,NULL,NULL,NULL,NULL,0,'1','0','2025-11-12 11:38:14'),(1873,24,'Van','van',NULL,NULL,NULL,NULL,NULL,0,'1','0','2025-11-12 11:38:14'),(1874,24,'Batman','batman',NULL,NULL,NULL,NULL,NULL,0,'1','0','2025-11-12 11:38:14'),(1875,24,'Manisa','manisa',NULL,NULL,NULL,NULL,NULL,0,'1','0','2025-11-12 11:38:14'),(1876,24,'Elazig','elazig',NULL,NULL,NULL,NULL,NULL,0,'1','0','2025-11-12 11:38:14'),(1877,24,'Aydin','aydin',NULL,NULL,NULL,NULL,NULL,0,'1','0','2025-11-12 11:38:14'),(1878,26,'Faisalabad','faisalabad',NULL,NULL,NULL,NULL,NULL,0,'1','0','2025-11-12 11:39:09'),(1879,26,'Rawalpindi','rawalpindi',NULL,NULL,NULL,NULL,NULL,0,'1','0','2025-11-12 11:39:09'),(1880,26,'Peshawar','peshawar',NULL,NULL,NULL,NULL,NULL,0,'1','0','2025-11-12 11:39:09'),(1881,26,'Quetta','quetta',NULL,NULL,NULL,NULL,NULL,0,'1','0','2025-11-12 11:39:09'),(1882,26,'Multan','multan',NULL,NULL,NULL,NULL,NULL,0,'1','0','2025-11-12 11:39:09'),(1883,26,'Gujranwala','gujranwala',NULL,NULL,NULL,NULL,NULL,0,'1','0','2025-11-12 11:39:09'),(1884,26,'Sialkot','sialkot',NULL,NULL,NULL,NULL,NULL,0,'1','0','2025-11-12 11:39:09'),(1885,26,'Bahawalpur','bahawalpur',NULL,NULL,NULL,NULL,NULL,0,'1','0','2025-11-12 11:39:09'),(1886,26,'Hyderabad','hyderabad',NULL,NULL,NULL,NULL,NULL,0,'1','0','2025-11-12 11:39:09'),(1887,26,'Sukkur','sukkur',NULL,NULL,NULL,NULL,NULL,0,'1','0','2025-11-12 11:39:09'),(1888,26,'Larkana','larkana',NULL,NULL,NULL,NULL,NULL,0,'1','0','2025-11-12 11:39:09'),(1889,26,'Mardan','mardan',NULL,NULL,NULL,NULL,NULL,0,'1','0','2025-11-12 11:39:09'),(1890,26,'Gujrat','gujrat',NULL,NULL,NULL,NULL,NULL,0,'1','0','2025-11-12 11:39:09'),(1891,26,'Sargodha','sargodha',NULL,NULL,NULL,NULL,NULL,0,'1','0','2025-11-12 11:39:09'),(1892,26,'Mingora','mingora',NULL,NULL,NULL,NULL,NULL,0,'1','0','2025-11-12 11:39:09'),(1893,26,'Sheikhupura','sheikhupura',NULL,NULL,NULL,NULL,NULL,0,'1','0','2025-11-12 11:39:09'),(1894,26,'Okara','okara',NULL,NULL,NULL,NULL,NULL,0,'1','0','2025-11-12 11:39:09'),(1895,26,'Rahim Yar Khan','rahim-yar-khan',NULL,NULL,NULL,NULL,NULL,0,'1','0','2025-11-12 11:39:09'),(1896,26,'Kasur','kasur',NULL,NULL,NULL,NULL,NULL,0,'1','0','2025-11-12 11:39:09'),(1897,26,'Abbottabad','abbottabad',NULL,NULL,NULL,NULL,NULL,0,'1','0','2025-11-12 11:39:09'),(1898,26,'Dera Ghazi Khan','dera-ghazi-khan',NULL,NULL,NULL,NULL,NULL,0,'1','0','2025-11-12 11:39:09'),(1899,26,'Chiniot','chiniot',NULL,NULL,NULL,NULL,NULL,0,'1','0','2025-11-12 11:39:09'),(1900,26,'Karachi','karachi',NULL,NULL,NULL,NULL,NULL,0,'1','0','2025-11-12 11:39:09'),(1901,26,'Lahore','lahore',NULL,NULL,NULL,NULL,NULL,0,'1','0','2025-11-12 11:39:09'),(1902,26,'Islamabad','islamabad',NULL,NULL,NULL,NULL,NULL,0,'1','0','2025-11-12 11:39:09'),(1903,27,'Jerusalem','jerusalem',NULL,NULL,NULL,NULL,NULL,0,'1','0','2025-11-12 11:40:58'),(1904,27,'Tel Aviv','tel-aviv',NULL,NULL,NULL,NULL,NULL,0,'1','0','2025-11-12 11:40:58'),(1905,27,'Haifa','haifa',NULL,NULL,NULL,NULL,NULL,0,'1','0','2025-11-12 11:40:58'),(1906,27,'Rishon LeZion','rishon-lezion',NULL,NULL,NULL,NULL,NULL,0,'1','0','2025-11-12 11:40:58'),(1907,27,'Petah Tikva','petah-tikva',NULL,NULL,NULL,NULL,NULL,0,'1','0','2025-11-12 11:40:58'),(1908,27,'Ashdod','ashdod',NULL,NULL,NULL,NULL,NULL,0,'1','0','2025-11-12 11:40:58'),(1909,27,'Netanya','netanya',NULL,NULL,NULL,NULL,NULL,0,'1','0','2025-11-12 11:40:58'),(1910,27,'Beer Sheva','beer-sheva',NULL,NULL,NULL,NULL,NULL,0,'1','0','2025-11-12 11:40:58'),(1911,27,'Holon','holon',NULL,NULL,NULL,NULL,NULL,0,'1','0','2025-11-12 11:40:58'),(1912,27,'Bnei Brak','bnei-brak',NULL,NULL,NULL,NULL,NULL,0,'1','0','2025-11-12 11:40:58'),(1913,27,'Rehovot','rehovot',NULL,NULL,NULL,NULL,NULL,0,'1','0','2025-11-12 11:40:58'),(1914,27,'Bat Yam','bat-yam',NULL,NULL,NULL,NULL,NULL,0,'1','0','2025-11-12 11:40:58'),(1915,27,'Kfar Saba','kfar-saba',NULL,NULL,NULL,NULL,NULL,0,'1','0','2025-11-12 11:40:58'),(1916,27,'Herzliya','herzliya',NULL,NULL,NULL,NULL,NULL,0,'1','0','2025-11-12 11:40:58'),(1917,27,'Ramat Gan','ramat-gan',NULL,NULL,NULL,NULL,NULL,0,'1','0','2025-11-12 11:40:58'),(1918,27,'Ashkelon','ashkelon',NULL,NULL,NULL,NULL,NULL,0,'1','0','2025-11-12 11:40:58'),(1919,27,'Modiin Maccabim Reut','modiin-maccabim-reut',NULL,NULL,NULL,NULL,NULL,0,'1','0','2025-11-12 11:40:58'),(1920,27,'Hadera','hadera',NULL,NULL,NULL,NULL,NULL,0,'1','0','2025-11-12 11:40:58'),(1921,27,'Nazareth','nazareth',NULL,NULL,NULL,NULL,NULL,0,'1','0','2025-11-12 11:40:58'),(1922,27,'Raanana','raanana',NULL,NULL,NULL,NULL,NULL,0,'1','0','2025-11-12 11:40:58'),(1923,27,'Acre (Akko)','acre-akko',NULL,NULL,NULL,NULL,NULL,0,'1','0','2025-11-12 11:40:58'),(1924,27,'Tiberias','tiberias',NULL,NULL,NULL,NULL,NULL,0,'1','0','2025-11-12 11:40:58'),(1925,27,'Eilat','eilat',NULL,NULL,NULL,NULL,NULL,0,'1','0','2025-11-12 11:40:58'),(1926,27,'Lod','lod',NULL,NULL,NULL,NULL,NULL,0,'1','0','2025-11-12 11:40:58'),(1927,27,'Safed (Tzfat)','safed-tzfat',NULL,NULL,NULL,NULL,NULL,0,'1','0','2025-11-12 11:40:58'),(1928,28,'Hanoi','hanoi',NULL,NULL,NULL,NULL,NULL,0,'1','0','2025-11-12 11:42:33'),(1929,28,'Ho Chi Minh City (Saigon)','ho-chi-minh-city-saigon',NULL,NULL,NULL,NULL,NULL,0,'1','0','2025-11-12 11:42:33'),(1930,28,'Haiphong','haiphong',NULL,NULL,NULL,NULL,NULL,0,'1','0','2025-11-12 11:42:33'),(1931,28,'Da Nang','da-nang',NULL,NULL,NULL,NULL,NULL,0,'1','0','2025-11-12 11:42:33'),(1932,28,'Can Tho','can-tho',NULL,NULL,NULL,NULL,NULL,0,'1','0','2025-11-12 11:42:33'),(1933,28,'Bien Hoa','bien-hoa',NULL,NULL,NULL,NULL,NULL,0,'1','0','2025-11-12 11:42:33'),(1934,28,'Nha Trang','nha-trang',NULL,NULL,NULL,NULL,NULL,0,'1','0','2025-11-12 11:42:33'),(1935,28,'Hue','hue',NULL,NULL,NULL,NULL,NULL,0,'1','0','2025-11-12 11:42:33'),(1936,28,'Vinh','vinh',NULL,NULL,NULL,NULL,NULL,0,'1','0','2025-11-12 11:42:33'),(1937,28,'Qui Nhon','qui-nhon',NULL,NULL,NULL,NULL,NULL,0,'1','0','2025-11-12 11:42:33'),(1938,28,'Buon Ma Thuot','buon-ma-thuot',NULL,NULL,NULL,NULL,NULL,0,'1','0','2025-11-12 11:42:33'),(1939,28,'Thai Nguyen','thai-nguyen',NULL,NULL,NULL,NULL,NULL,0,'1','0','2025-11-12 11:42:33'),(1940,28,'Thanh Hoa','thanh-hoa',NULL,NULL,NULL,NULL,NULL,0,'1','0','2025-11-12 11:42:33'),(1941,28,'Hai Duong','hai-duong',NULL,NULL,NULL,NULL,NULL,0,'1','0','2025-11-12 11:42:33'),(1942,28,'Nam Dinh','nam-dinh',NULL,NULL,NULL,NULL,NULL,0,'1','0','2025-11-12 11:42:33'),(1943,28,'Vung Tau','vung-tau',NULL,NULL,NULL,NULL,NULL,0,'1','0','2025-11-12 11:42:33'),(1944,28,'Bac Ninh','bac-ninh',NULL,NULL,NULL,NULL,NULL,0,'1','0','2025-11-12 11:42:33'),(1945,28,'Ha Long','ha-long',NULL,NULL,NULL,NULL,NULL,0,'1','0','2025-11-12 11:42:33'),(1946,28,'Phan Thiet','phan-thiet',NULL,NULL,NULL,NULL,NULL,0,'1','0','2025-11-12 11:42:33'),(1947,28,'Cam Ranh','cam-ranh',NULL,NULL,NULL,NULL,NULL,0,'1','0','2025-11-12 11:42:33'),(1948,28,'Rach Gia','rach-gia',NULL,NULL,NULL,NULL,NULL,0,'1','0','2025-11-12 11:42:33'),(1949,28,'My Tho','my-tho',NULL,NULL,NULL,NULL,NULL,0,'1','0','2025-11-12 11:42:33'),(1950,28,'Long Xuyen','long-xuyen',NULL,NULL,NULL,NULL,NULL,0,'1','0','2025-11-12 11:42:33'),(1951,28,'Phu Quoc','phu-quoc',NULL,NULL,NULL,NULL,NULL,0,'1','0','2025-11-12 11:42:33'),(1952,28,'Tam Ky','tam-ky',NULL,NULL,NULL,NULL,NULL,0,'1','0','2025-11-12 11:42:33'),(1953,29,'Wan Chai','wan-chai',NULL,NULL,NULL,NULL,NULL,0,'1','0','2025-11-12 11:43:39'),(1954,29,'Central and Western Hong Kong','central-and-western-hong-kong',NULL,NULL,NULL,NULL,NULL,0,'1','0','2025-11-12 11:43:39'),(1955,29,'Kowloon City','kowloon-city',NULL,NULL,NULL,NULL,NULL,0,'1','0','2025-11-12 11:43:39'),(1956,29,'Yau Tsim Mong','yau-tsim-mong',NULL,NULL,NULL,NULL,NULL,0,'1','0','2025-11-12 11:43:39'),(1957,29,'Sha Tin','sha-tin',NULL,NULL,NULL,NULL,NULL,0,'1','0','2025-11-12 11:43:39'),(1958,29,'Tsuen Wan','tsuen-wan',NULL,NULL,NULL,NULL,NULL,0,'1','0','2025-11-12 11:43:39'),(1959,29,'Tuen Mun','tuen-mun',NULL,NULL,NULL,NULL,NULL,0,'1','0','2025-11-12 11:43:39'),(1960,29,'Sai Kung','sai-kung',NULL,NULL,NULL,NULL,NULL,0,'1','0','2025-11-12 11:43:39'),(1961,29,'Kwun Tong','kwun-tong',NULL,NULL,NULL,NULL,NULL,0,'1','0','2025-11-12 11:43:39'),(1962,29,'Yuen Long','yuen-long',NULL,NULL,NULL,NULL,NULL,0,'1','0','2025-11-12 11:43:39'),(1963,29,'North District, Hong Kong','north-district-hong-kong',NULL,NULL,NULL,NULL,NULL,0,'1','0','2025-11-12 11:43:39'),(1964,29,'Islands District, Hong Kong','islands-district-hong-kong',NULL,NULL,NULL,NULL,NULL,0,'1','0','2025-11-12 11:43:39'),(1965,29,'Eastern District, Hong Kong','eastern-district-hong-kong',NULL,NULL,NULL,NULL,NULL,0,'1','0','2025-11-12 11:43:39'),(1966,29,'Southern District, Hong Kong','southern-district-hong-kong',NULL,NULL,NULL,NULL,NULL,0,'1','0','2025-11-12 11:43:39'),(1967,29,'Tai Po','tai-po',NULL,NULL,NULL,NULL,NULL,0,'1','0','2025-11-12 11:43:39'),(1968,29,'Hung Hom','hung-hom',NULL,NULL,NULL,NULL,NULL,0,'1','0','2025-11-12 11:43:39'),(1969,29,'Causeway Bay','causeway-bay',NULL,NULL,NULL,NULL,NULL,0,'1','0','2025-11-12 11:43:39'),(1970,29,'Sham Shui Po','sham-shui-po',NULL,NULL,NULL,NULL,NULL,0,'1','0','2025-11-12 11:43:39'),(1971,29,'Tin Shui Wai','tin-shui-wai',NULL,NULL,NULL,NULL,NULL,0,'1','0','2025-11-12 11:43:39'),(1972,29,'Tseung Kwan O','tseung-kwan-o',NULL,NULL,NULL,NULL,NULL,0,'1','0','2025-11-12 11:43:39'),(1973,29,'Jordan','jordan',NULL,NULL,NULL,NULL,NULL,0,'1','0','2025-11-12 11:43:39'),(1974,29,'Mong Kok','mong-kok',NULL,NULL,NULL,NULL,NULL,0,'1','0','2025-11-12 11:43:39'),(1975,29,'Admiralty','admiralty',NULL,NULL,NULL,NULL,NULL,0,'1','0','2025-11-12 11:43:39'),(1976,29,'Sheung Wan','sheung-wan',NULL,NULL,NULL,NULL,NULL,0,'1','0','2025-11-12 11:43:39'),(1977,29,'Tsim Sha Tsui','tsim-sha-tsui',NULL,NULL,NULL,NULL,NULL,0,'1','0','2025-11-12 11:43:39'),(1978,25,'Tainan','tainan',NULL,NULL,NULL,NULL,NULL,0,'1','0','2025-11-12 11:46:51'),(1979,25,'New Taipei City','new-taipei-city',NULL,NULL,NULL,NULL,NULL,0,'1','0','2025-11-12 11:46:51'),(1980,25,'Hsinchu','hsinchu',NULL,NULL,NULL,NULL,NULL,0,'1','0','2025-11-12 11:46:51'),(1981,25,'Keelung','keelung',NULL,NULL,NULL,NULL,NULL,0,'1','0','2025-11-12 11:46:51'),(1982,25,'Chiayi','chiayi',NULL,NULL,NULL,NULL,NULL,0,'1','0','2025-11-12 11:46:51'),(1983,25,'Changhua','changhua',NULL,NULL,NULL,NULL,NULL,0,'1','0','2025-11-12 11:46:51'),(1984,25,'Pingtung','pingtung',NULL,NULL,NULL,NULL,NULL,0,'1','0','2025-11-12 11:46:51'),(1985,25,'Yilan','yilan',NULL,NULL,NULL,NULL,NULL,0,'1','0','2025-11-12 11:46:51'),(1986,25,'Nantou','nantou',NULL,NULL,NULL,NULL,NULL,0,'1','0','2025-11-12 11:46:51'),(1987,25,'Hualien','hualien',NULL,NULL,NULL,NULL,NULL,0,'1','0','2025-11-12 11:46:51'),(1988,25,'Miaoli','miaoli',NULL,NULL,NULL,NULL,NULL,0,'1','0','2025-11-12 11:46:51'),(1989,25,'Taitung','taitung',NULL,NULL,NULL,NULL,NULL,0,'1','0','2025-11-12 11:46:51'),(1990,25,'Taoyuan','taoyuan',NULL,NULL,NULL,NULL,NULL,0,'1','0','2025-11-12 11:46:51'),(1991,25,'Zhubei','zhubei',NULL,NULL,NULL,NULL,NULL,0,'1','0','2025-11-12 11:46:51'),(1992,25,'Douliu','douliu',NULL,NULL,NULL,NULL,NULL,0,'1','0','2025-11-12 11:46:51'),(1993,25,'Magong (Penghu Islands)','magong-penghu-islands',NULL,NULL,NULL,NULL,NULL,0,'1','0','2025-11-12 11:46:51'),(1994,25,'Yongkang District','yongkang-district',NULL,NULL,NULL,NULL,NULL,0,'1','0','2025-11-12 11:46:51'),(1995,25,'Lukang','lukang',NULL,NULL,NULL,NULL,NULL,0,'1','0','2025-11-12 11:46:51'),(1996,25,'Xinying District','xinying-district',NULL,NULL,NULL,NULL,NULL,0,'1','0','2025-11-12 11:46:51'),(1997,25,'Toufen','toufen',NULL,NULL,NULL,NULL,NULL,0,'1','0','2025-11-12 11:46:51'),(1998,25,'Jiali District','jiali-district',NULL,NULL,NULL,NULL,NULL,0,'1','0','2025-11-12 11:46:51'),(1999,25,'Daxi District','daxi-district',NULL,NULL,NULL,NULL,NULL,0,'1','0','2025-11-12 11:46:51'),(2000,25,'Taipei','taipei',NULL,NULL,NULL,NULL,NULL,0,'1','0','2025-11-12 11:46:51'),(2001,25,'Kaohsiung','kaohsiung',NULL,NULL,NULL,NULL,NULL,0,'1','0','2025-11-12 11:46:51'),(2002,25,'Taichung','taichung',NULL,NULL,NULL,NULL,NULL,0,'1','0','2025-11-12 11:46:51'),(2003,39,'Shanghai','shanghai',NULL,NULL,NULL,NULL,NULL,0,'1','0','2025-11-12 12:01:18'),(2004,39,'Beijing','beijing',NULL,NULL,NULL,NULL,NULL,0,'1','0','2025-11-12 12:01:18'),(2005,39,'Guangzhou','guangzhou',NULL,NULL,NULL,NULL,NULL,0,'1','0','2025-11-12 12:01:18'),(2006,39,'Chengdu','chengdu',NULL,NULL,NULL,NULL,NULL,0,'1','0','2025-11-12 12:01:18'),(2007,39,'Chongqing','chongqing',NULL,NULL,NULL,NULL,NULL,0,'1','0','2025-11-12 12:01:18'),(2008,39,'Shenzhen','shenzhen',NULL,NULL,NULL,NULL,NULL,0,'1','0','2025-11-12 12:01:18'),(2009,39,'Tianjin','tianjin',NULL,NULL,NULL,NULL,NULL,0,'1','0','2025-11-12 12:01:18'),(2010,39,'Wuhan','wuhan',NULL,NULL,NULL,NULL,NULL,0,'1','0','2025-11-12 12:01:18'),(2011,39,'Xi An','xi-an',NULL,NULL,NULL,NULL,NULL,0,'1','0','2025-11-12 12:01:18'),(2012,39,'Hangzhou','hangzhou',NULL,NULL,NULL,NULL,NULL,0,'1','0','2025-11-12 12:01:18'),(2013,39,'Dongguan','dongguan',NULL,NULL,NULL,NULL,NULL,0,'1','0','2025-11-12 12:01:18'),(2014,39,'Foshan','foshan',NULL,NULL,NULL,NULL,NULL,0,'1','0','2025-11-12 12:01:18'),(2015,39,'Nanjing','nanjing',NULL,NULL,NULL,NULL,NULL,0,'1','0','2025-11-12 12:01:18'),(2016,39,'Jinan','jinan',NULL,NULL,NULL,NULL,NULL,0,'1','0','2025-11-12 12:01:18'),(2017,39,'Shenyang','shenyang',NULL,NULL,NULL,NULL,NULL,0,'1','0','2025-11-12 12:01:18'),(2018,39,'Qingdao','qingdao',NULL,NULL,NULL,NULL,NULL,0,'1','0','2025-11-12 12:01:18'),(2019,39,'Harbin','harbin',NULL,NULL,NULL,NULL,NULL,0,'1','0','2025-11-12 12:01:18'),(2020,39,'Zhengzhou','zhengzhou',NULL,NULL,NULL,NULL,NULL,0,'1','0','2025-11-12 12:01:18'),(2021,39,'Changsha','changsha',NULL,NULL,NULL,NULL,NULL,0,'1','0','2025-11-12 12:01:18'),(2022,39,'Kunming','kunming',NULL,NULL,NULL,NULL,NULL,0,'1','0','2025-11-12 12:01:18'),(2023,39,'Dalian','dalian',NULL,NULL,NULL,NULL,NULL,0,'1','0','2025-11-12 12:01:18'),(2024,39,'Changchun','changchun',NULL,NULL,NULL,NULL,NULL,0,'1','0','2025-11-12 12:01:18'),(2025,39,'Xiamen','xiamen',NULL,NULL,NULL,NULL,NULL,0,'1','0','2025-11-12 12:01:18'),(2026,39,'Ningbo','ningbo',NULL,NULL,NULL,NULL,NULL,0,'1','0','2025-11-12 12:01:18'),(2027,39,'Taiyuan','taiyuan',NULL,NULL,NULL,NULL,NULL,0,'1','0','2025-11-12 12:01:18'),(2028,39,'Zhongshan','zhongshan',NULL,NULL,NULL,NULL,NULL,0,'1','0','2025-11-12 12:01:18'),(2029,39,'Urumqi','urumqi',NULL,NULL,NULL,NULL,NULL,0,'1','0','2025-11-12 12:01:18'),(2030,39,'Suzhou','suzhou',NULL,NULL,NULL,NULL,NULL,0,'1','0','2025-11-12 12:01:18'),(2031,39,'Shantou','shantou',NULL,NULL,NULL,NULL,NULL,0,'1','0','2025-11-12 12:01:18'),(2032,39,'Hefei','hefei',NULL,NULL,NULL,NULL,NULL,0,'1','0','2025-11-12 12:01:18'),(2033,39,'Shijiazhuang','shijiazhuang',NULL,NULL,NULL,NULL,NULL,0,'1','0','2025-11-12 12:01:18'),(2034,39,'Fuzhou','fuzhou',NULL,NULL,NULL,NULL,NULL,0,'1','0','2025-11-12 12:01:18'),(2035,39,'Nanning','nanning',NULL,NULL,NULL,NULL,NULL,0,'1','0','2025-11-12 12:01:18'),(2036,39,'Wenzhou','wenzhou',NULL,NULL,NULL,NULL,NULL,0,'1','0','2025-11-12 12:01:18'),(2037,39,'Changzhou','changzhou',NULL,NULL,NULL,NULL,NULL,0,'1','0','2025-11-12 12:01:18'),(2038,39,'Nanchang','nanchang',NULL,NULL,NULL,NULL,NULL,0,'1','0','2025-11-12 12:01:18'),(2039,39,'Guiyang','guiyang',NULL,NULL,NULL,NULL,NULL,0,'1','0','2025-11-12 12:01:18'),(2040,39,'Tangshan','tangshan',NULL,NULL,NULL,NULL,NULL,0,'1','0','2025-11-12 12:01:19'),(2041,39,'Wuxi','wuxi',NULL,NULL,NULL,NULL,NULL,0,'1','0','2025-11-12 12:01:19'),(2042,39,'Lanzhou','lanzhou',NULL,NULL,NULL,NULL,NULL,0,'1','0','2025-11-12 12:01:19'),(2043,39,'Handan','handan',NULL,NULL,NULL,NULL,NULL,0,'1','0','2025-11-12 12:01:19'),(2044,39,'Hohhot','hohhot',NULL,NULL,NULL,NULL,NULL,0,'1','0','2025-11-12 12:01:19'),(2045,39,'Weifang','weifang',NULL,NULL,NULL,NULL,NULL,0,'1','0','2025-11-12 12:01:19'),(2046,39,'Jiangmen','jiangmen',NULL,NULL,NULL,NULL,NULL,0,'1','0','2025-11-12 12:01:19'),(2047,39,'Zibo','zibo',NULL,NULL,NULL,NULL,NULL,0,'1','0','2025-11-12 12:01:19'),(2048,39,'Huaian','huaian',NULL,NULL,NULL,NULL,NULL,0,'1','0','2025-11-12 12:01:19'),(2049,39,'Xuzhou','xuzhou',NULL,NULL,NULL,NULL,NULL,0,'1','0','2025-11-12 12:01:19'),(2050,39,'Maoming','maoming',NULL,NULL,NULL,NULL,NULL,0,'1','0','2025-11-12 12:01:19'),(2051,39,'Shaoxing','shaoxing',NULL,NULL,NULL,NULL,NULL,0,'1','0','2025-11-12 12:01:19'),(2052,39,'Yantai','yantai',NULL,NULL,NULL,NULL,NULL,0,'1','0','2025-11-12 12:01:19'),(2053,39,'Huizhou','huizhou',NULL,NULL,NULL,NULL,NULL,0,'1','0','2025-11-12 12:01:19'),(2054,39,'Zhuhai','zhuhai',NULL,NULL,NULL,NULL,NULL,0,'1','0','2025-11-12 12:01:19'),(2055,39,'Luoyang','luoyang',NULL,NULL,NULL,NULL,NULL,0,'1','0','2025-11-12 12:01:19'),(2056,39,'Linyi','linyi',NULL,NULL,NULL,NULL,NULL,0,'1','0','2025-11-12 12:01:19'),(2057,39,'Nantong','nantong',NULL,NULL,NULL,NULL,NULL,0,'1','0','2025-11-12 12:01:19'),(2058,39,'Haikou','haikou',NULL,NULL,NULL,NULL,NULL,0,'1','0','2025-11-12 12:01:19'),(2059,39,'Baotou','baotou',NULL,NULL,NULL,NULL,NULL,0,'1','0','2025-11-12 12:01:19'),(2060,39,'Liuzhou','liuzhou',NULL,NULL,NULL,NULL,NULL,0,'1','0','2025-11-12 12:01:19'),(2061,39,'Datong','datong',NULL,NULL,NULL,NULL,NULL,0,'1','0','2025-11-12 12:01:19'),(2062,39,'Putian','putian',NULL,NULL,NULL,NULL,NULL,0,'1','0','2025-11-12 12:01:19'),(2063,39,'Lianyungang','lianyungang',NULL,NULL,NULL,NULL,NULL,0,'1','0','2025-11-12 12:01:19'),(2064,39,'Baoding','baoding',NULL,NULL,NULL,NULL,NULL,0,'1','0','2025-11-12 12:01:19'),(2065,39,'Xining','xining',NULL,NULL,NULL,NULL,NULL,0,'1','0','2025-11-12 12:01:19'),(2066,39,'Zhanjiang','zhanjiang',NULL,NULL,NULL,NULL,NULL,0,'1','0','2025-11-12 12:01:19'),(2067,39,'Wuhu','wuhu',NULL,NULL,NULL,NULL,NULL,0,'1','0','2025-11-12 12:01:19'),(2068,39,'Chaozhou','chaozhou',NULL,NULL,NULL,NULL,NULL,0,'1','0','2025-11-12 12:01:19'),(2069,39,'Qingyuan','qingyuan',NULL,NULL,NULL,NULL,NULL,0,'1','0','2025-11-12 12:01:19'),(2070,39,'Taian','taian',NULL,NULL,NULL,NULL,NULL,0,'1','0','2025-11-12 12:01:19'),(2071,39,'Yichang','yichang',NULL,NULL,NULL,NULL,NULL,0,'1','0','2025-11-12 12:01:19'),(2072,39,'Yangzhou','yangzhou',NULL,NULL,NULL,NULL,NULL,0,'1','0','2025-11-12 12:01:19'),(2073,39,'Yinchuan','yinchuan',NULL,NULL,NULL,NULL,NULL,0,'1','0','2025-11-12 12:01:19'),(2074,39,'Xiangyang','xiangyang',NULL,NULL,NULL,NULL,NULL,0,'1','0','2025-11-12 12:01:19'),(2075,39,'Anshan','anshan',NULL,NULL,NULL,NULL,NULL,0,'1','0','2025-11-12 12:01:19'),(2076,39,'Jilin City','jilin-city',NULL,NULL,NULL,NULL,NULL,0,'1','0','2025-11-12 12:01:19'),(2077,39,'Yancheng','yancheng',NULL,NULL,NULL,NULL,NULL,0,'1','0','2025-11-12 12:01:19'),(2078,39,'Taizhou','taizhou',NULL,NULL,NULL,NULL,NULL,0,'1','0','2025-11-12 12:01:19'),(2079,39,'Qinhuangdao','qinhuangdao',NULL,NULL,NULL,NULL,NULL,0,'1','0','2025-11-12 12:01:19'),(2080,39,'Ganzhou','ganzhou',NULL,NULL,NULL,NULL,NULL,0,'1','0','2025-11-12 12:01:19'),(2081,39,'Daqing','daqing',NULL,NULL,NULL,NULL,NULL,0,'1','0','2025-11-12 12:01:19'),(2082,39,'Guilin','guilin',NULL,NULL,NULL,NULL,NULL,0,'1','0','2025-11-12 12:01:19'),(2083,39,'Huzhou','huzhou',NULL,NULL,NULL,NULL,NULL,0,'1','0','2025-11-12 12:01:19'),(2084,39,'Zhaoqing','zhaoqing',NULL,NULL,NULL,NULL,NULL,0,'1','0','2025-11-12 12:01:19'),(2085,39,'Jiaxing','jiaxing',NULL,NULL,NULL,NULL,NULL,0,'1','0','2025-11-12 12:01:19'),(2086,39,'Jining','jining',NULL,NULL,NULL,NULL,NULL,0,'1','0','2025-11-12 12:01:19'),(2087,39,'Jinhua','jinhua',NULL,NULL,NULL,NULL,NULL,0,'1','0','2025-11-12 12:01:19'),(2088,39,'Changde','changde',NULL,NULL,NULL,NULL,NULL,0,'1','0','2025-11-12 12:01:19'),(2089,39,'Hengyang','hengyang',NULL,NULL,NULL,NULL,NULL,0,'1','0','2025-11-12 12:01:19'),(2090,39,'Suqian','suqian',NULL,NULL,NULL,NULL,NULL,0,'1','0','2025-11-12 12:01:19'),(2091,39,'Baoji','baoji',NULL,NULL,NULL,NULL,NULL,0,'1','0','2025-11-12 12:01:19'),(2092,39,'Zhangjiakou','zhangjiakou',NULL,NULL,NULL,NULL,NULL,0,'1','0','2025-11-12 12:01:19'),(2093,39,'Mianyang','mianyang',NULL,NULL,NULL,NULL,NULL,0,'1','0','2025-11-12 12:01:19'),(2094,39,'Qiqihar','qiqihar',NULL,NULL,NULL,NULL,NULL,0,'1','0','2025-11-12 12:01:19'),(2095,39,'Heze','heze',NULL,NULL,NULL,NULL,NULL,0,'1','0','2025-11-12 12:01:19'),(2096,39,'Fushun','fushun',NULL,NULL,NULL,NULL,NULL,0,'1','0','2025-11-12 12:01:19'),(2097,39,'Yangjiang','yangjiang',NULL,NULL,NULL,NULL,NULL,0,'1','0','2025-11-12 12:01:19'),(2098,39,'Liaocheng','liaocheng',NULL,NULL,NULL,NULL,NULL,0,'1','0','2025-11-12 12:01:19'),(2099,39,'Tianshui','tianshui',NULL,NULL,NULL,NULL,NULL,0,'1','0','2025-11-12 12:01:19'),(2100,39,'Benxi','benxi',NULL,NULL,NULL,NULL,NULL,0,'1','0','2025-11-12 12:01:19'),(2101,39,'Chifeng','chifeng',NULL,NULL,NULL,NULL,NULL,0,'1','0','2025-11-12 12:01:19'),(2102,39,'Jiujiang','jiujiang',NULL,NULL,NULL,NULL,NULL,0,'1','0','2025-11-12 12:01:19'),(2103,41,'Cairo','cairo',NULL,NULL,NULL,NULL,NULL,0,'1','0','2025-11-12 12:05:52'),(2104,41,'Alexandria','alexandria',NULL,NULL,NULL,NULL,NULL,0,'1','0','2025-11-12 12:05:52'),(2105,41,'Giza','giza',NULL,NULL,NULL,NULL,NULL,0,'1','0','2025-11-12 12:05:52'),(2106,41,'Shubra El Kheima','shubra-el-kheima',NULL,NULL,NULL,NULL,NULL,0,'1','0','2025-11-12 12:05:52'),(2107,41,'Port Said','port-said',NULL,NULL,NULL,NULL,NULL,0,'1','0','2025-11-12 12:05:52'),(2108,41,'Suez','suez',NULL,NULL,NULL,NULL,NULL,0,'1','0','2025-11-12 12:05:52'),(2109,41,'Luxor','luxor',NULL,NULL,NULL,NULL,NULL,0,'1','0','2025-11-12 12:05:52'),(2110,41,'Mansoura','mansoura',NULL,NULL,NULL,NULL,NULL,0,'1','0','2025-11-12 12:05:52'),(2111,41,'Tanta','tanta',NULL,NULL,NULL,NULL,NULL,0,'1','0','2025-11-12 12:05:52'),(2112,41,'Ismailia','ismailia',NULL,NULL,NULL,NULL,NULL,0,'1','0','2025-11-12 12:05:52'),(2113,41,'Fayoum','fayoum',NULL,NULL,NULL,NULL,NULL,0,'1','0','2025-11-12 12:05:52'),(2114,41,'Asyut','asyut',NULL,NULL,NULL,NULL,NULL,0,'1','0','2025-11-12 12:05:52'),(2115,41,'Zagazig','zagazig',NULL,NULL,NULL,NULL,NULL,0,'1','0','2025-11-12 12:05:52'),(2116,41,'Damietta','damietta',NULL,NULL,NULL,NULL,NULL,0,'1','0','2025-11-12 12:05:52'),(2117,41,'Damanhur','damanhur',NULL,NULL,NULL,NULL,NULL,0,'1','0','2025-11-12 12:05:52'),(2118,41,'Aswan','aswan',NULL,NULL,NULL,NULL,NULL,0,'1','0','2025-11-12 12:05:52'),(2119,41,'Minya','minya',NULL,NULL,NULL,NULL,NULL,0,'1','0','2025-11-12 12:05:52'),(2120,41,'Qena','qena',NULL,NULL,NULL,NULL,NULL,0,'1','0','2025-11-12 12:05:52'),(2121,41,'Beni Suef','beni-suef',NULL,NULL,NULL,NULL,NULL,0,'1','0','2025-11-12 12:05:52'),(2122,41,'Hurghada','hurghada',NULL,NULL,NULL,NULL,NULL,0,'1','0','2025-11-12 12:05:52'),(2123,41,'Sohag','sohag',NULL,NULL,NULL,NULL,NULL,0,'1','0','2025-11-12 12:05:52'),(2124,41,'Arish','arish',NULL,NULL,NULL,NULL,NULL,0,'1','0','2025-11-12 12:05:52'),(2125,41,'Banha','banha',NULL,NULL,NULL,NULL,NULL,0,'1','0','2025-11-12 12:05:52'),(2126,41,'6th of October City','6th-of-october-city',NULL,NULL,NULL,NULL,NULL,0,'1','0','2025-11-12 12:05:52'),(2127,41,'New Cairo','new-cairo',NULL,NULL,NULL,NULL,NULL,0,'1','0','2025-11-12 12:05:52'),(2128,40,'Baghdad','baghdad',NULL,NULL,NULL,NULL,NULL,0,'1','0','2025-11-12 12:06:54'),(2129,40,'Basra','basra',NULL,NULL,NULL,NULL,NULL,0,'1','0','2025-11-12 12:06:54'),(2130,40,'Mosul','mosul',NULL,NULL,NULL,NULL,NULL,0,'1','0','2025-11-12 12:06:54'),(2131,40,'Erbil','erbil',NULL,NULL,NULL,NULL,NULL,0,'1','0','2025-11-12 12:06:54'),(2132,40,'Kirkuk','kirkuk',NULL,NULL,NULL,NULL,NULL,0,'1','0','2025-11-12 12:06:54'),(2133,40,'Sulaymaniyah','sulaymaniyah',NULL,NULL,NULL,NULL,NULL,0,'1','0','2025-11-12 12:06:54'),(2134,40,'Najaf','najaf',NULL,NULL,NULL,NULL,NULL,0,'1','0','2025-11-12 12:06:54'),(2135,40,'Karbala','karbala',NULL,NULL,NULL,NULL,NULL,0,'1','0','2025-11-12 12:06:54'),(2136,40,'Nasiriyah','nasiriyah',NULL,NULL,NULL,NULL,NULL,0,'1','0','2025-11-12 12:06:54'),(2137,40,'Amara','amara',NULL,NULL,NULL,NULL,NULL,0,'1','0','2025-11-12 12:06:54'),(2138,40,'Diwaniyah','diwaniyah',NULL,NULL,NULL,NULL,NULL,0,'1','0','2025-11-12 12:06:54'),(2139,40,'Ramadi','ramadi',NULL,NULL,NULL,NULL,NULL,0,'1','0','2025-11-12 12:06:54'),(2140,40,'Samawah','samawah',NULL,NULL,NULL,NULL,NULL,0,'1','0','2025-11-12 12:06:54'),(2141,40,'Tikrit','tikrit',NULL,NULL,NULL,NULL,NULL,0,'1','0','2025-11-12 12:06:54'),(2142,40,'Fallujah','fallujah',NULL,NULL,NULL,NULL,NULL,0,'1','0','2025-11-12 12:06:54'),(2143,40,'Duhok','duhok',NULL,NULL,NULL,NULL,NULL,0,'1','0','2025-11-12 12:06:54'),(2144,40,'Kut','kut',NULL,NULL,NULL,NULL,NULL,0,'1','0','2025-11-12 12:06:54'),(2145,40,'Baqubah','baqubah',NULL,NULL,NULL,NULL,NULL,0,'1','0','2025-11-12 12:06:54'),(2146,40,'Zakho','zakho',NULL,NULL,NULL,NULL,NULL,0,'1','0','2025-11-12 12:06:54'),(2147,40,'Sinjar','sinjar',NULL,NULL,NULL,NULL,NULL,0,'1','0','2025-11-12 12:06:54'),(2148,40,'Hillah','hillah',NULL,NULL,NULL,NULL,NULL,0,'1','0','2025-11-12 12:06:54'),(2149,40,'Tal Afar','tal-afar',NULL,NULL,NULL,NULL,NULL,0,'1','0','2025-11-12 12:06:54'),(2150,40,'Samarra','samarra',NULL,NULL,NULL,NULL,NULL,0,'1','0','2025-11-12 12:06:54'),(2151,40,'Shatrah','shatrah',NULL,NULL,NULL,NULL,NULL,0,'1','0','2025-11-12 12:06:54'),(2152,40,'Halabja','halabja',NULL,NULL,NULL,NULL,NULL,0,'1','0','2025-11-12 12:06:54'),(2153,34,'Vacoas Phoenix','vacoas-phoenix',NULL,NULL,NULL,NULL,NULL,0,'1','0','2025-11-12 12:08:06'),(2154,34,'Curepipe','curepipe',NULL,NULL,NULL,NULL,NULL,0,'1','0','2025-11-12 12:08:06'),(2155,34,'Quatre Bornes','quatre-bornes',NULL,NULL,NULL,NULL,NULL,0,'1','0','2025-11-12 12:08:06'),(2156,34,'Goodlands','goodlands',NULL,NULL,NULL,NULL,NULL,0,'1','0','2025-11-12 12:08:06'),(2157,34,'Bambous','bambous',NULL,NULL,NULL,NULL,NULL,0,'1','0','2025-11-12 12:08:06'),(2158,34,'Mahebourg','mahebourg',NULL,NULL,NULL,NULL,NULL,0,'1','0','2025-11-12 12:08:06'),(2159,34,'Grand Gaube','grand-gaube',NULL,NULL,NULL,NULL,NULL,0,'1','0','2025-11-12 12:08:06'),(2160,36,'Ibadan','ibadan',NULL,NULL,NULL,NULL,NULL,0,'1','0','2025-11-12 12:08:50'),(2161,36,'Kaduna','kaduna',NULL,NULL,NULL,NULL,NULL,0,'1','0','2025-11-12 12:08:50'),(2162,36,'Zaria','zaria',NULL,NULL,NULL,NULL,NULL,0,'1','0','2025-11-12 12:08:50'),(2163,36,'Ogbomosho','ogbomosho',NULL,NULL,NULL,NULL,NULL,0,'1','0','2025-11-12 12:08:50'),(2164,36,'Warri','warri',NULL,NULL,NULL,NULL,NULL,0,'1','0','2025-11-12 12:08:50'),(2165,36,'Ikorodu','ikorodu',NULL,NULL,NULL,NULL,NULL,0,'1','0','2025-11-12 12:08:50'),(2166,36,'Maiduguri','maiduguri',NULL,NULL,NULL,NULL,NULL,0,'1','0','2025-11-12 12:08:50'),(2167,36,'Bauchi','bauchi',NULL,NULL,NULL,NULL,NULL,0,'1','0','2025-11-12 12:08:50'),(2168,36,'Akure','akure',NULL,NULL,NULL,NULL,NULL,0,'1','0','2025-11-12 12:08:50'),(2169,36,'Abeokuta','abeokuta',NULL,NULL,NULL,NULL,NULL,0,'1','0','2025-11-12 12:08:50'),(2170,36,'Lagos','lagos',NULL,NULL,NULL,NULL,NULL,0,'1','0','2025-11-12 12:08:50'),(2171,36,'Abuja','abuja',NULL,NULL,NULL,NULL,NULL,0,'1','0','2025-11-12 12:08:50'),(2172,36,'Kano','kano',NULL,NULL,NULL,NULL,NULL,0,'1','0','2025-11-12 12:08:50'),(2173,36,'Port Harcourt','port-harcourt',NULL,NULL,NULL,NULL,NULL,0,'1','0','2025-11-12 12:08:50'),(2174,36,'Benin City','benin-city',NULL,NULL,NULL,NULL,NULL,0,'1','0','2025-11-12 12:08:50'),(2175,36,'Jos','jos',NULL,NULL,NULL,NULL,NULL,0,'1','0','2025-11-12 12:08:50'),(2176,36,'Ilorin','ilorin',NULL,NULL,NULL,NULL,NULL,0,'1','0','2025-11-12 12:08:50'),(2177,36,'Enugu','enugu',NULL,NULL,NULL,NULL,NULL,0,'1','0','2025-11-12 12:08:50'),(2178,36,'Aba','aba',NULL,NULL,NULL,NULL,NULL,0,'1','0','2025-11-12 12:08:50'),(2179,36,'Onitsha','onitsha',NULL,NULL,NULL,NULL,NULL,0,'1','0','2025-11-12 12:08:50'),(2180,36,'Uyo','uyo',NULL,NULL,NULL,NULL,NULL,0,'1','0','2025-11-12 12:08:50'),(2181,36,'Owerri','owerri',NULL,NULL,NULL,NULL,NULL,0,'1','0','2025-11-12 12:08:50'),(2182,36,'Calabar','calabar',NULL,NULL,NULL,NULL,NULL,0,'1','0','2025-11-12 12:08:50'),(2183,36,'Makurdi','makurdi',NULL,NULL,NULL,NULL,NULL,0,'1','0','2025-11-12 12:08:50'),(2184,36,'Minna','minna',NULL,NULL,NULL,NULL,NULL,0,'1','0','2025-11-12 12:08:50'),(2185,36,'Sokoto','sokoto',NULL,NULL,NULL,NULL,NULL,0,'1','0','2025-11-12 12:08:50'),(2186,36,'Osogbo','osogbo',NULL,NULL,NULL,NULL,NULL,0,'1','0','2025-11-12 12:08:50'),(2187,36,'Ado Ekiti (Ekiti)','ado-ekiti-ekiti',NULL,NULL,NULL,NULL,NULL,0,'1','0','2025-11-12 12:08:50'),(2188,35,'Johannesburg','johannesburg',NULL,NULL,NULL,NULL,NULL,0,'1','0','2025-11-12 12:09:31'),(2189,35,'Cape Town','cape-town',NULL,NULL,NULL,NULL,NULL,0,'1','0','2025-11-12 12:09:31'),(2190,35,'Durban','durban',NULL,NULL,NULL,NULL,NULL,0,'1','0','2025-11-12 12:09:31'),(2191,35,'Pretoria','pretoria',NULL,NULL,NULL,NULL,NULL,0,'1','0','2025-11-12 12:09:31'),(2192,35,'Gqeberha','gqeberha',NULL,NULL,NULL,NULL,NULL,0,'1','0','2025-11-12 12:09:31'),(2193,35,'Bloemfontein','bloemfontein',NULL,NULL,NULL,NULL,NULL,0,'1','0','2025-11-12 12:09:31'),(2194,35,'East London','east-london',NULL,NULL,NULL,NULL,NULL,0,'1','0','2025-11-12 12:09:31'),(2195,35,'Polokwane','polokwane',NULL,NULL,NULL,NULL,NULL,0,'1','0','2025-11-12 12:09:31'),(2196,35,'Kimberley','kimberley',NULL,NULL,NULL,NULL,NULL,0,'1','0','2025-11-12 12:09:31'),(2197,35,'Mbombela','mbombela',NULL,NULL,NULL,NULL,NULL,0,'1','0','2025-11-12 12:09:31'),(2198,35,'Pietermaritzburg','pietermaritzburg',NULL,NULL,NULL,NULL,NULL,0,'1','0','2025-11-12 12:09:31'),(2199,35,'George','george',NULL,NULL,NULL,NULL,NULL,0,'1','0','2025-11-12 12:09:31'),(2200,35,'Rustenburg','rustenburg',NULL,NULL,NULL,NULL,NULL,0,'1','0','2025-11-12 12:09:31'),(2201,35,'Welkom','welkom',NULL,NULL,NULL,NULL,NULL,0,'1','0','2025-11-12 12:09:31'),(2202,35,'Klerksdorp','klerksdorp',NULL,NULL,NULL,NULL,NULL,0,'1','0','2025-11-12 12:09:31'),(2203,35,'Vanderbijlpark','vanderbijlpark',NULL,NULL,NULL,NULL,NULL,0,'1','0','2025-11-12 12:09:31'),(2204,35,'Tzaneen','tzaneen',NULL,NULL,NULL,NULL,NULL,0,'1','0','2025-11-12 12:09:31'),(2205,35,'Middelburg','middelburg',NULL,NULL,NULL,NULL,NULL,0,'1','0','2025-11-12 12:09:31'),(2206,35,'Potchefstroom','potchefstroom',NULL,NULL,NULL,NULL,NULL,0,'1','0','2025-11-12 12:09:31'),(2207,35,'Ladismith','ladismith',NULL,NULL,NULL,NULL,NULL,0,'1','0','2025-11-12 12:09:31'),(2208,35,'Mthatha','mthatha',NULL,NULL,NULL,NULL,NULL,0,'1','0','2025-11-12 12:09:31'),(2209,35,'Upington','upington',NULL,NULL,NULL,NULL,NULL,0,'1','0','2025-11-12 12:09:31'),(2210,35,'Richards Bay','richards-bay',NULL,NULL,NULL,NULL,NULL,0,'1','0','2025-11-12 12:09:31'),(2211,35,'Sasolburg','sasolburg',NULL,NULL,NULL,NULL,NULL,0,'1','0','2025-11-12 12:09:31'),(2212,35,'Stellenbosch','stellenbosch',NULL,NULL,NULL,NULL,NULL,0,'1','0','2025-11-12 12:09:31'),(2213,71,'Auckland','auckland',NULL,NULL,NULL,NULL,NULL,0,'1','0','2025-11-12 12:11:52'),(2214,71,'Christchurch','christchurch',NULL,NULL,NULL,NULL,NULL,0,'1','0','2025-11-12 12:11:52'),(2215,71,'Wellington','wellington',NULL,NULL,NULL,NULL,NULL,0,'1','0','2025-11-12 12:11:52'),(2216,71,'Dunedin','dunedin',NULL,NULL,NULL,NULL,NULL,0,'1','0','2025-11-12 12:11:52'),(2217,71,'Napier','napier',NULL,NULL,NULL,NULL,NULL,0,'1','0','2025-11-12 12:11:52'),(2218,71,'Palmerston North','palmerston-north',NULL,NULL,NULL,NULL,NULL,0,'1','0','2025-11-12 12:11:52'),(2219,71,'Rotorua','rotorua',NULL,NULL,NULL,NULL,NULL,0,'1','0','2025-11-12 12:11:52'),(2220,71,'Tauranga','tauranga',NULL,NULL,NULL,NULL,NULL,0,'1','0','2025-11-12 12:11:52'),(2221,71,'New Plymouth','new-plymouth',NULL,NULL,NULL,NULL,NULL,0,'1','0','2025-11-12 12:11:52'),(2222,71,'Invercargill','invercargill',NULL,NULL,NULL,NULL,NULL,0,'1','0','2025-11-12 12:11:52'),(2223,71,'Hamilton','hamilton',NULL,NULL,NULL,NULL,NULL,0,'1','0','2025-11-12 12:11:52'),(2224,71,'Hastings','hastings',NULL,NULL,NULL,NULL,NULL,0,'1','0','2025-11-12 12:11:52'),(2225,71,'Nelson','nelson',NULL,NULL,NULL,NULL,NULL,0,'1','0','2025-11-12 12:11:52'),(2226,71,'Whangarei','whangarei',NULL,NULL,NULL,NULL,NULL,0,'1','0','2025-11-12 12:11:52'),(2227,71,'Gisborne','gisborne',NULL,NULL,NULL,NULL,NULL,0,'1','0','2025-11-12 12:11:52'),(2228,71,'Taupo','taupo',NULL,NULL,NULL,NULL,NULL,0,'1','0','2025-11-12 12:11:52'),(2229,71,'Blenheim','blenheim',NULL,NULL,NULL,NULL,NULL,0,'1','0','2025-11-12 12:11:52'),(2230,71,'Timaru','timaru',NULL,NULL,NULL,NULL,NULL,0,'1','0','2025-11-12 12:11:52'),(2231,71,'Whakatane','whakatane',NULL,NULL,NULL,NULL,NULL,0,'1','0','2025-11-12 12:11:52'),(2232,71,'Queenstown','queenstown',NULL,NULL,NULL,NULL,NULL,0,'1','0','2025-11-12 12:11:52'),(2233,71,'Kerikeri','kerikeri',NULL,NULL,NULL,NULL,NULL,0,'1','0','2025-11-12 12:11:52'),(2234,71,'Levin','levin',NULL,NULL,NULL,NULL,NULL,0,'1','0','2025-11-12 12:11:52'),(2235,71,'Ashburton','ashburton',NULL,NULL,NULL,NULL,NULL,0,'1','0','2025-11-12 12:11:52'),(2236,71,'Cambridge','cambridge',NULL,NULL,NULL,NULL,NULL,0,'1','0','2025-11-12 12:11:52'),(2237,71,'Wanaka','wanaka',NULL,NULL,NULL,NULL,NULL,0,'1','0','2025-11-12 12:11:52'),(2238,57,'Vienna','vienna',NULL,NULL,NULL,NULL,NULL,0,'1','0','2025-11-12 12:14:45'),(2239,57,'Graz','graz',NULL,NULL,NULL,NULL,NULL,0,'1','0','2025-11-12 12:14:45'),(2240,57,'Linz','linz',NULL,NULL,NULL,NULL,NULL,0,'1','0','2025-11-12 12:14:45'),(2241,57,'Salzburg','salzburg',NULL,NULL,NULL,NULL,NULL,0,'1','0','2025-11-12 12:14:45'),(2242,57,'Innsbruck','innsbruck',NULL,NULL,NULL,NULL,NULL,0,'1','0','2025-11-12 12:14:45'),(2243,57,'Klagenfurt am Worthersee','klagenfurt-am-worthersee',NULL,NULL,NULL,NULL,NULL,0,'1','0','2025-11-12 12:14:45'),(2244,57,'Villach','villach',NULL,NULL,NULL,NULL,NULL,0,'1','0','2025-11-12 12:14:45'),(2245,57,'Wels','wels',NULL,NULL,NULL,NULL,NULL,0,'1','0','2025-11-12 12:14:45'),(2246,57,'Sankt Polten','sankt-polten',NULL,NULL,NULL,NULL,NULL,0,'1','0','2025-11-12 12:14:45'),(2247,57,'Dornbirn','dornbirn',NULL,NULL,NULL,NULL,NULL,0,'1','0','2025-11-12 12:14:45'),(2248,57,'Wiener Neustadt','wiener-neustadt',NULL,NULL,NULL,NULL,NULL,0,'1','0','2025-11-12 12:14:45'),(2249,57,'Steyr','steyr',NULL,NULL,NULL,NULL,NULL,0,'1','0','2025-11-12 12:14:45'),(2250,57,'Feldkirch','feldkirch',NULL,NULL,NULL,NULL,NULL,0,'1','0','2025-11-12 12:14:45'),(2251,57,'Bregenz','bregenz',NULL,NULL,NULL,NULL,NULL,0,'1','0','2025-11-12 12:14:45'),(2252,57,'Leoben','leoben',NULL,NULL,NULL,NULL,NULL,0,'1','0','2025-11-12 12:14:45'),(2253,57,'Krems an der Donau','krems-an-der-donau',NULL,NULL,NULL,NULL,NULL,0,'1','0','2025-11-12 12:14:45'),(2254,57,'Traun','traun',NULL,NULL,NULL,NULL,NULL,0,'1','0','2025-11-12 12:14:45'),(2255,57,'Amstetten','amstetten',NULL,NULL,NULL,NULL,NULL,0,'1','0','2025-11-12 12:14:45'),(2256,57,'Kapfenberg','kapfenberg',NULL,NULL,NULL,NULL,NULL,0,'1','0','2025-11-12 12:14:45'),(2257,57,'Modling','modling',NULL,NULL,NULL,NULL,NULL,0,'1','0','2025-11-12 12:14:45'),(2258,57,'Hallein','hallein',NULL,NULL,NULL,NULL,NULL,0,'1','0','2025-11-12 12:14:45'),(2259,57,'Lustenau','lustenau',NULL,NULL,NULL,NULL,NULL,0,'1','0','2025-11-12 12:14:45'),(2260,57,'Tulln an der Donau','tulln-an-der-donau',NULL,NULL,NULL,NULL,NULL,0,'1','0','2025-11-12 12:14:45'),(2261,57,'Knittelfeld','knittelfeld',NULL,NULL,NULL,NULL,NULL,0,'1','0','2025-11-12 12:14:45'),(2262,57,'Spittal an der Drau','spittal-an-der-drau',NULL,NULL,NULL,NULL,NULL,0,'1','0','2025-11-12 12:14:45'),(2263,53,'Brussels (Bruxelles Brussel)','brussels-bruxelles-brussel',NULL,NULL,NULL,NULL,NULL,0,'1','0','2025-11-12 12:17:15'),(2264,53,'Antwerp (Antwerpen)','antwerp-antwerpen',NULL,NULL,NULL,NULL,NULL,0,'1','0','2025-11-12 12:17:15'),(2265,53,'Ghent (Gent)','ghent-gent',NULL,NULL,NULL,NULL,NULL,0,'1','0','2025-11-12 12:17:15'),(2266,53,'Charleroi','charleroi',NULL,NULL,NULL,NULL,NULL,0,'1','0','2025-11-12 12:17:15'),(2267,53,'Liege','liege',NULL,NULL,NULL,NULL,NULL,0,'1','0','2025-11-12 12:17:15'),(2268,53,'Bruges (Brugge)','bruges-brugge',NULL,NULL,NULL,NULL,NULL,0,'1','0','2025-11-12 12:17:15'),(2269,53,'Namur','namur',NULL,NULL,NULL,NULL,NULL,0,'1','0','2025-11-12 12:17:15'),(2270,53,'Leuven','leuven',NULL,NULL,NULL,NULL,NULL,0,'1','0','2025-11-12 12:17:15'),(2271,53,'Mons','mons',NULL,NULL,NULL,NULL,NULL,0,'1','0','2025-11-12 12:17:15'),(2272,53,'Aalst','aalst',NULL,NULL,NULL,NULL,NULL,0,'1','0','2025-11-12 12:17:15'),(2273,53,'Mechelen','mechelen',NULL,NULL,NULL,NULL,NULL,0,'1','0','2025-11-12 12:17:15'),(2274,53,'La Louviere','la-louviere',NULL,NULL,NULL,NULL,NULL,0,'1','0','2025-11-12 12:17:15'),(2275,53,'Kortrijk','kortrijk',NULL,NULL,NULL,NULL,NULL,0,'1','0','2025-11-12 12:17:15'),(2276,53,'Hasselt','hasselt',NULL,NULL,NULL,NULL,NULL,0,'1','0','2025-11-12 12:17:15'),(2277,53,'Oostende','oostende',NULL,NULL,NULL,NULL,NULL,0,'1','0','2025-11-12 12:17:15'),(2278,53,'Sint Niklaas','sint-niklaas',NULL,NULL,NULL,NULL,NULL,0,'1','0','2025-11-12 12:17:15'),(2279,53,'Tournai','tournai',NULL,NULL,NULL,NULL,NULL,0,'1','0','2025-11-12 12:17:15'),(2280,53,'Genk','genk',NULL,NULL,NULL,NULL,NULL,0,'1','0','2025-11-12 12:17:15'),(2281,53,'Seraing','seraing',NULL,NULL,NULL,NULL,NULL,0,'1','0','2025-11-12 12:17:15'),(2282,53,'Roeselare','roeselare',NULL,NULL,NULL,NULL,NULL,0,'1','0','2025-11-12 12:17:15'),(2283,53,'Verviers','verviers',NULL,NULL,NULL,NULL,NULL,0,'1','0','2025-11-12 12:17:15'),(2284,53,'Beringen','beringen',NULL,NULL,NULL,NULL,NULL,0,'1','0','2025-11-12 12:17:15'),(2285,53,'Louvain la Neuve','louvain-la-neuve',NULL,NULL,NULL,NULL,NULL,0,'1','0','2025-11-12 12:17:15'),(2286,53,'Turnhout','turnhout',NULL,NULL,NULL,NULL,NULL,0,'1','0','2025-11-12 12:17:15'),(2287,53,'Herstal','herstal',NULL,NULL,NULL,NULL,NULL,0,'1','0','2025-11-12 12:17:15'),(2288,54,'Plzen','plzen',NULL,NULL,NULL,NULL,NULL,0,'1','0','2025-11-12 12:20:40'),(2289,54,'Liberec','liberec',NULL,NULL,NULL,NULL,NULL,0,'1','0','2025-11-12 12:20:40'),(2290,54,'Olomouc','olomouc',NULL,NULL,NULL,NULL,NULL,0,'1','0','2025-11-12 12:20:40'),(2291,54,'Ceske Budejovice','ceske-budejovice',NULL,NULL,NULL,NULL,NULL,0,'1','0','2025-11-12 12:20:40'),(2292,54,'Hradec Kralove','hradec-kralove',NULL,NULL,NULL,NULL,NULL,0,'1','0','2025-11-12 12:20:40'),(2293,54,'Usti Nad Labem','usti-nad-labem',NULL,NULL,NULL,NULL,NULL,0,'1','0','2025-11-12 12:20:40'),(2294,54,'Pardubice','pardubice',NULL,NULL,NULL,NULL,NULL,0,'1','0','2025-11-12 12:20:40'),(2295,54,'Zlin','zlin',NULL,NULL,NULL,NULL,NULL,0,'1','0','2025-11-12 12:20:40'),(2296,54,'Jihlava','jihlava',NULL,NULL,NULL,NULL,NULL,0,'1','0','2025-11-12 12:20:40'),(2297,54,'Teplice','teplice',NULL,NULL,NULL,NULL,NULL,0,'1','0','2025-11-12 12:20:40'),(2298,54,'Opava','opava',NULL,NULL,NULL,NULL,NULL,0,'1','0','2025-11-12 12:20:40'),(2299,54,'Karlovy Vary','karlovy-vary',NULL,NULL,NULL,NULL,NULL,0,'1','0','2025-11-12 12:20:40'),(2300,54,'Mlada Boleslav','mlada-boleslav',NULL,NULL,NULL,NULL,NULL,0,'1','0','2025-11-12 12:20:40'),(2301,54,'Decin','decin',NULL,NULL,NULL,NULL,NULL,0,'1','0','2025-11-12 12:20:40'),(2302,54,'Chomutov','chomutov',NULL,NULL,NULL,NULL,NULL,0,'1','0','2025-11-12 12:20:40'),(2303,54,'Prostejov','prostejov',NULL,NULL,NULL,NULL,NULL,0,'1','0','2025-11-12 12:20:40'),(2304,54,'Pribram','pribram',NULL,NULL,NULL,NULL,NULL,0,'1','0','2025-11-12 12:20:40'),(2305,54,'Tabor','tabor',NULL,NULL,NULL,NULL,NULL,0,'1','0','2025-11-12 12:20:40'),(2306,54,'Cheb','cheb',NULL,NULL,NULL,NULL,NULL,0,'1','0','2025-11-12 12:20:40'),(2307,54,'Havirov','havirov',NULL,NULL,NULL,NULL,NULL,0,'1','0','2025-11-12 12:20:40'),(2308,54,'Jablonec Nad Nisou','jablonec-nad-nisou',NULL,NULL,NULL,NULL,NULL,0,'1','0','2025-11-12 12:20:40'),(2309,54,'Kladno','kladno',NULL,NULL,NULL,NULL,NULL,0,'1','0','2025-11-12 12:20:40'),(2310,54,'Prague (Praha)','prague-praha',NULL,NULL,NULL,NULL,NULL,0,'1','0','2025-11-12 12:20:40'),(2311,54,'Brno','brno',NULL,NULL,NULL,NULL,NULL,0,'1','0','2025-11-12 12:20:40'),(2312,54,'Ostrava','ostrava',NULL,NULL,NULL,NULL,NULL,0,'1','0','2025-11-12 12:20:40'),(2313,56,'Vantaa','vantaa',NULL,NULL,NULL,NULL,NULL,0,'1','0','2025-11-12 12:23:16'),(2314,56,'Helsinki','helsinki',NULL,NULL,NULL,NULL,NULL,0,'1','0','2025-11-12 12:23:16'),(2315,56,'Espoo','espoo',NULL,NULL,NULL,NULL,NULL,0,'1','0','2025-11-12 12:23:16'),(2316,56,'Tampere','tampere',NULL,NULL,NULL,NULL,NULL,0,'1','0','2025-11-12 12:23:16'),(2317,56,'Oulu','oulu',NULL,NULL,NULL,NULL,NULL,0,'1','0','2025-11-12 12:23:16'),(2318,56,'Turku','turku',NULL,NULL,NULL,NULL,NULL,0,'1','0','2025-11-12 12:23:16'),(2319,56,'Jyvaskyla','jyvaskyla',NULL,NULL,NULL,NULL,NULL,0,'1','0','2025-11-12 12:23:16'),(2320,56,'Lahti','lahti',NULL,NULL,NULL,NULL,NULL,0,'1','0','2025-11-12 12:23:16'),(2321,56,'Kuopio','kuopio',NULL,NULL,NULL,NULL,NULL,0,'1','0','2025-11-12 12:23:16'),(2322,56,'Pori','pori',NULL,NULL,NULL,NULL,NULL,0,'1','0','2025-11-12 12:23:16'),(2323,56,'Lappeenranta','lappeenranta',NULL,NULL,NULL,NULL,NULL,0,'1','0','2025-11-12 12:23:16'),(2324,56,'Vaasa','vaasa',NULL,NULL,NULL,NULL,NULL,0,'1','0','2025-11-12 12:23:16'),(2325,56,'Kokkola','kokkola',NULL,NULL,NULL,NULL,NULL,0,'1','0','2025-11-12 12:23:16'),(2326,56,'Rovaniemi','rovaniemi',NULL,NULL,NULL,NULL,NULL,0,'1','0','2025-11-12 12:23:16'),(2327,56,'Seinajoki','seinajoki',NULL,NULL,NULL,NULL,NULL,0,'1','0','2025-11-12 12:23:16'),(2328,56,'Kajaani','kajaani',NULL,NULL,NULL,NULL,NULL,0,'1','0','2025-11-12 12:23:16'),(2329,56,'Savonlinna','savonlinna',NULL,NULL,NULL,NULL,NULL,0,'1','0','2025-11-12 12:23:16'),(2330,56,'Joensuu','joensuu',NULL,NULL,NULL,NULL,NULL,0,'1','0','2025-11-12 12:23:16'),(2331,56,'Hameenlinna','hameenlinna',NULL,NULL,NULL,NULL,NULL,0,'1','0','2025-11-12 12:23:16'),(2332,56,'Kotka','kotka',NULL,NULL,NULL,NULL,NULL,0,'1','0','2025-11-12 12:23:16'),(2333,56,'Porvoo','porvoo',NULL,NULL,NULL,NULL,NULL,0,'1','0','2025-11-12 12:23:16'),(2334,56,'Kouvola','kouvola',NULL,NULL,NULL,NULL,NULL,0,'1','0','2025-11-12 12:23:16'),(2335,56,'Salo','salo',NULL,NULL,NULL,NULL,NULL,0,'1','0','2025-11-12 12:23:16'),(2336,56,'Hyvinkaa','hyvinkaa',NULL,NULL,NULL,NULL,NULL,0,'1','0','2025-11-12 12:23:16'),(2337,56,'Rauma','rauma',NULL,NULL,NULL,NULL,NULL,0,'1','0','2025-11-12 12:23:16'),(2338,52,'Heraklion','heraklion',NULL,NULL,NULL,NULL,NULL,0,'1','0','2025-11-12 12:25:36'),(2339,52,'Larissa','larissa',NULL,NULL,NULL,NULL,NULL,0,'1','0','2025-11-12 12:25:36'),(2340,52,'Volos','volos',NULL,NULL,NULL,NULL,NULL,0,'1','0','2025-11-12 12:25:36'),(2341,52,'Rhodes','rhodes',NULL,NULL,NULL,NULL,NULL,0,'1','0','2025-11-12 12:25:36'),(2342,52,'Chania','chania',NULL,NULL,NULL,NULL,NULL,0,'1','0','2025-11-12 12:25:36'),(2343,52,'Ioannina','ioannina',NULL,NULL,NULL,NULL,NULL,0,'1','0','2025-11-12 12:25:36'),(2344,52,'Kalamata','kalamata',NULL,NULL,NULL,NULL,NULL,0,'1','0','2025-11-12 12:25:36'),(2345,52,'Kavala','kavala',NULL,NULL,NULL,NULL,NULL,0,'1','0','2025-11-12 12:25:36'),(2346,52,'Corfu (Kerkyra)','corfu-kerkyra',NULL,NULL,NULL,NULL,NULL,0,'1','0','2025-11-12 12:25:36'),(2347,52,'Trikala','trikala',NULL,NULL,NULL,NULL,NULL,0,'1','0','2025-11-12 12:25:36'),(2348,52,'Agrinio','agrinio',NULL,NULL,NULL,NULL,NULL,0,'1','0','2025-11-12 12:25:36'),(2349,52,'Veria','veria',NULL,NULL,NULL,NULL,NULL,0,'1','0','2025-11-12 12:25:36'),(2350,52,'Chalcis (Halkida)','chalcis-halkida',NULL,NULL,NULL,NULL,NULL,0,'1','0','2025-11-12 12:25:36'),(2351,52,'Rethymno','rethymno',NULL,NULL,NULL,NULL,NULL,0,'1','0','2025-11-12 12:25:36'),(2352,52,'Katerini','katerini',NULL,NULL,NULL,NULL,NULL,0,'1','0','2025-11-12 12:25:36'),(2353,52,'Serres','serres',NULL,NULL,NULL,NULL,NULL,0,'1','0','2025-11-12 12:25:36'),(2354,52,'Kos','kos',NULL,NULL,NULL,NULL,NULL,0,'1','0','2025-11-12 12:25:36'),(2355,52,'Sparta','sparta',NULL,NULL,NULL,NULL,NULL,0,'1','0','2025-11-12 12:25:36'),(2356,52,'Alexandroupoli','alexandroupoli',NULL,NULL,NULL,NULL,NULL,0,'1','0','2025-11-12 12:25:36'),(2357,52,'Drama','drama',NULL,NULL,NULL,NULL,NULL,0,'1','0','2025-11-12 12:25:36'),(2358,52,'Piraeus','piraeus',NULL,NULL,NULL,NULL,NULL,0,'1','0','2025-11-12 12:25:36'),(2359,52,'Komotini','komotini',NULL,NULL,NULL,NULL,NULL,0,'1','0','2025-11-12 12:25:36'),(2360,52,'Athens','athens',NULL,NULL,NULL,NULL,NULL,0,'1','0','2025-11-12 12:25:36'),(2361,52,'Thessaloniki','thessaloniki',NULL,NULL,NULL,NULL,NULL,0,'1','0','2025-11-12 12:25:36'),(2362,52,'Patras','patras',NULL,NULL,NULL,NULL,NULL,0,'1','0','2025-11-12 12:25:36'),(2363,59,'Sligo','sligo',NULL,NULL,NULL,NULL,NULL,0,'1','0','2025-11-12 12:26:47'),(2364,59,'Athlone','athlone',NULL,NULL,NULL,NULL,NULL,0,'1','0','2025-11-12 12:26:47'),(2365,59,'Dublin','dublin',NULL,NULL,NULL,NULL,NULL,0,'1','0','2025-11-12 12:26:47'),(2366,59,'Cork','cork',NULL,NULL,NULL,NULL,NULL,0,'1','0','2025-11-12 12:26:47'),(2367,59,'Limerick','limerick',NULL,NULL,NULL,NULL,NULL,0,'1','0','2025-11-12 12:26:47'),(2368,59,'Galway','galway',NULL,NULL,NULL,NULL,NULL,0,'1','0','2025-11-12 12:26:47'),(2369,59,'Waterford','waterford',NULL,NULL,NULL,NULL,NULL,0,'1','0','2025-11-12 12:26:47'),(2370,59,'Drogheda','drogheda',NULL,NULL,NULL,NULL,NULL,0,'1','0','2025-11-12 12:26:47'),(2371,59,'Swords','swords',NULL,NULL,NULL,NULL,NULL,0,'1','0','2025-11-12 12:26:47'),(2372,59,'Dundalk','dundalk',NULL,NULL,NULL,NULL,NULL,0,'1','0','2025-11-12 12:26:47'),(2373,59,'Bray','bray',NULL,NULL,NULL,NULL,NULL,0,'1','0','2025-11-12 12:26:47'),(2374,59,'Navan','navan',NULL,NULL,NULL,NULL,NULL,0,'1','0','2025-11-12 12:26:47'),(2375,59,'Ennis','ennis',NULL,NULL,NULL,NULL,NULL,0,'1','0','2025-11-12 12:26:47'),(2376,59,'Kilkenny','kilkenny',NULL,NULL,NULL,NULL,NULL,0,'1','0','2025-11-12 12:26:47'),(2377,59,'Tralee','tralee',NULL,NULL,NULL,NULL,NULL,0,'1','0','2025-11-12 12:26:47'),(2378,59,'Carlow','carlow',NULL,NULL,NULL,NULL,NULL,0,'1','0','2025-11-12 12:26:47'),(2379,59,'Newbridge','newbridge',NULL,NULL,NULL,NULL,NULL,0,'1','0','2025-11-12 12:26:47'),(2380,59,'Clonmel','clonmel',NULL,NULL,NULL,NULL,NULL,0,'1','0','2025-11-12 12:26:47'),(2381,59,'Wexford','wexford',NULL,NULL,NULL,NULL,NULL,0,'1','0','2025-11-12 12:26:47'),(2382,59,'Letterkenny','letterkenny',NULL,NULL,NULL,NULL,NULL,0,'1','0','2025-11-12 12:26:47'),(2383,59,'Mullingar','mullingar',NULL,NULL,NULL,NULL,NULL,0,'1','0','2025-11-12 12:26:47'),(2384,59,'Tullamore','tullamore',NULL,NULL,NULL,NULL,NULL,0,'1','0','2025-11-12 12:26:47'),(2385,59,'Killarney','killarney',NULL,NULL,NULL,NULL,NULL,0,'1','0','2025-11-12 12:26:47'),(2386,59,'Ballina','ballina',NULL,NULL,NULL,NULL,NULL,0,'1','0','2025-11-12 12:26:47'),(2387,59,'Castlebar','castlebar',NULL,NULL,NULL,NULL,NULL,0,'1','0','2025-11-12 12:26:47'),(2388,46,'Rotterdam','rotterdam',NULL,NULL,NULL,NULL,NULL,0,'1','0','2025-11-12 12:34:09'),(2389,46,'Groningen','groningen',NULL,NULL,NULL,NULL,NULL,0,'1','0','2025-11-12 12:34:09'),(2390,46,'Eindhoven','eindhoven',NULL,NULL,NULL,NULL,NULL,0,'1','0','2025-11-12 12:34:09'),(2391,46,'Utrecht','utrecht',NULL,NULL,NULL,NULL,NULL,0,'1','0','2025-11-12 12:34:09'),(2392,46,'Haarlem','haarlem',NULL,NULL,NULL,NULL,NULL,0,'1','0','2025-11-12 12:34:09'),(2393,46,'Leiden','leiden',NULL,NULL,NULL,NULL,NULL,0,'1','0','2025-11-12 12:34:09'),(2394,46,'Maastricht','maastricht',NULL,NULL,NULL,NULL,NULL,0,'1','0','2025-11-12 12:34:09'),(2395,46,'Delft','delft',NULL,NULL,NULL,NULL,NULL,0,'1','0','2025-11-12 12:34:09'),(2396,46,'Tilburg','tilburg',NULL,NULL,NULL,NULL,NULL,0,'1','0','2025-11-12 12:34:09'),(2397,46,'Almere','almere',NULL,NULL,NULL,NULL,NULL,0,'1','0','2025-11-12 12:34:09'),(2398,46,'Amsterdam','amsterdam',NULL,NULL,NULL,NULL,NULL,0,'1','0','2025-11-12 12:34:09'),(2399,46,'The Hague','the-hague',NULL,NULL,NULL,NULL,NULL,0,'1','0','2025-11-12 12:34:09'),(2400,46,'Breda','breda',NULL,NULL,NULL,NULL,NULL,0,'1','0','2025-11-12 12:34:09'),(2401,46,'Nijmegen','nijmegen',NULL,NULL,NULL,NULL,NULL,0,'1','0','2025-11-12 12:34:09'),(2402,46,'Enschede','enschede',NULL,NULL,NULL,NULL,NULL,0,'1','0','2025-11-12 12:34:09'),(2403,46,'Arnhem','arnhem',NULL,NULL,NULL,NULL,NULL,0,'1','0','2025-11-12 12:34:09'),(2404,46,'Amersfoort','amersfoort',NULL,NULL,NULL,NULL,NULL,0,'1','0','2025-11-12 12:34:09'),(2405,46,'Zaanstad','zaanstad',NULL,NULL,NULL,NULL,NULL,0,'1','0','2025-11-12 12:34:09'),(2406,46,'Den Bosch (s Hertogenbosch)','den-bosch-s-hertogenbosch',NULL,NULL,NULL,NULL,NULL,0,'1','0','2025-11-12 12:34:09'),(2407,46,'Zwolle','zwolle',NULL,NULL,NULL,NULL,NULL,0,'1','0','2025-11-12 12:34:09'),(2408,46,'Dordrecht','dordrecht',NULL,NULL,NULL,NULL,NULL,0,'1','0','2025-11-12 12:34:09'),(2409,46,'Haarlemmermeer','haarlemmermeer',NULL,NULL,NULL,NULL,NULL,0,'1','0','2025-11-12 12:34:09'),(2410,46,'Apeldoorn','apeldoorn',NULL,NULL,NULL,NULL,NULL,0,'1','0','2025-11-12 12:34:09'),(2411,46,'Leeuwarden','leeuwarden',NULL,NULL,NULL,NULL,NULL,0,'1','0','2025-11-12 12:34:09'),(2412,46,'Deventer','deventer',NULL,NULL,NULL,NULL,NULL,0,'1','0','2025-11-12 12:34:09'),(2413,46,'Alkmaar','alkmaar',NULL,NULL,NULL,NULL,NULL,0,'1','0','2025-11-12 12:34:09'),(2414,58,'Trondheim','trondheim',NULL,NULL,NULL,NULL,NULL,0,'1','0','2025-11-12 12:36:40'),(2415,58,'Drammen','drammen',NULL,NULL,NULL,NULL,NULL,0,'1','0','2025-11-12 12:36:40'),(2416,58,'Fredrikstad','fredrikstad',NULL,NULL,NULL,NULL,NULL,0,'1','0','2025-11-12 12:36:40'),(2417,58,'Kristiansand','kristiansand',NULL,NULL,NULL,NULL,NULL,0,'1','0','2025-11-12 12:36:40'),(2418,58,'Sandnes','sandnes',NULL,NULL,NULL,NULL,NULL,0,'1','0','2025-11-12 12:36:40'),(2419,58,'Tromso','tromso',NULL,NULL,NULL,NULL,NULL,0,'1','0','2025-11-12 12:36:40'),(2420,58,'Skien','skien',NULL,NULL,NULL,NULL,NULL,0,'1','0','2025-11-12 12:36:40'),(2421,58,'Alesund','alesund',NULL,NULL,NULL,NULL,NULL,0,'1','0','2025-11-12 12:36:40'),(2422,58,'Haugesund','haugesund',NULL,NULL,NULL,NULL,NULL,0,'1','0','2025-11-12 12:36:40'),(2423,58,'Tonsberg','tonsberg',NULL,NULL,NULL,NULL,NULL,0,'1','0','2025-11-12 12:36:40'),(2424,58,'Moss','moss',NULL,NULL,NULL,NULL,NULL,0,'1','0','2025-11-12 12:36:40'),(2425,58,'Bodo','bodo',NULL,NULL,NULL,NULL,NULL,0,'1','0','2025-11-12 12:36:40'),(2426,58,'Arendal','arendal',NULL,NULL,NULL,NULL,NULL,0,'1','0','2025-11-12 12:36:40'),(2427,58,'Hamar','hamar',NULL,NULL,NULL,NULL,NULL,0,'1','0','2025-11-12 12:36:40'),(2428,58,'Halden','halden',NULL,NULL,NULL,NULL,NULL,0,'1','0','2025-11-12 12:36:40'),(2429,58,'Lillehammer','lillehammer',NULL,NULL,NULL,NULL,NULL,0,'1','0','2025-11-12 12:36:40'),(2430,58,'Gjovik','gjovik',NULL,NULL,NULL,NULL,NULL,0,'1','0','2025-11-12 12:36:40'),(2431,58,'Molde','molde',NULL,NULL,NULL,NULL,NULL,0,'1','0','2025-11-12 12:36:40'),(2432,58,'Harstad','harstad',NULL,NULL,NULL,NULL,NULL,0,'1','0','2025-11-12 12:36:40'),(2433,58,'Kristiansund','kristiansund',NULL,NULL,NULL,NULL,NULL,0,'1','0','2025-11-12 12:36:40'),(2434,58,'Narvik','narvik',NULL,NULL,NULL,NULL,NULL,0,'1','0','2025-11-12 12:36:40'),(2435,58,'Alta','alta',NULL,NULL,NULL,NULL,NULL,0,'1','0','2025-11-12 12:36:40'),(2436,58,'Oslo','oslo',NULL,NULL,NULL,NULL,NULL,0,'1','0','2025-11-12 12:36:40'),(2437,58,'Bergen','bergen',NULL,NULL,NULL,NULL,NULL,0,'1','0','2025-11-12 12:36:40'),(2438,58,'Stavanger','stavanger',NULL,NULL,NULL,NULL,NULL,0,'1','0','2025-11-12 12:36:40'),(2439,47,'Katowice','katowice',NULL,NULL,NULL,NULL,NULL,0,'1','0','2025-11-12 12:37:52'),(2440,47,'Gdynia','gdynia',NULL,NULL,NULL,NULL,NULL,0,'1','0','2025-11-12 12:37:52'),(2441,47,'Szczecin','szczecin',NULL,NULL,NULL,NULL,NULL,0,'1','0','2025-11-12 12:37:52'),(2442,47,'Lublin','lublin',NULL,NULL,NULL,NULL,NULL,0,'1','0','2025-11-12 12:37:52'),(2443,47,'Warsaw','warsaw',NULL,NULL,NULL,NULL,NULL,0,'1','0','2025-11-12 12:37:52'),(2444,47,'Krakow','krakow',NULL,NULL,NULL,NULL,NULL,0,'1','0','2025-11-12 12:37:52'),(2445,47,'Lodz','lodz',NULL,NULL,NULL,NULL,NULL,0,'1','0','2025-11-12 12:37:52'),(2446,47,'Wroclaw','wroclaw',NULL,NULL,NULL,NULL,NULL,0,'1','0','2025-11-12 12:37:52'),(2447,47,'Poznan','poznan',NULL,NULL,NULL,NULL,NULL,0,'1','0','2025-11-12 12:37:52'),(2448,47,'Gdansk','gdansk',NULL,NULL,NULL,NULL,NULL,0,'1','0','2025-11-12 12:37:52'),(2449,47,'Bydgoszcz','bydgoszcz',NULL,NULL,NULL,NULL,NULL,0,'1','0','2025-11-12 12:37:52'),(2450,47,'Bialystok','bialystok',NULL,NULL,NULL,NULL,NULL,0,'1','0','2025-11-12 12:37:52'),(2451,47,'Czestochowa','czestochowa',NULL,NULL,NULL,NULL,NULL,0,'1','0','2025-11-12 12:37:52'),(2452,47,'Radom','radom',NULL,NULL,NULL,NULL,NULL,0,'1','0','2025-11-12 12:37:52'),(2453,47,'Torun','torun',NULL,NULL,NULL,NULL,NULL,0,'1','0','2025-11-12 12:37:52'),(2454,47,'Sosnowiec','sosnowiec',NULL,NULL,NULL,NULL,NULL,0,'1','0','2025-11-12 12:37:52'),(2455,47,'Rzeszow','rzeszow',NULL,NULL,NULL,NULL,NULL,0,'1','0','2025-11-12 12:37:52'),(2456,47,'Kielce','kielce',NULL,NULL,NULL,NULL,NULL,0,'1','0','2025-11-12 12:37:52'),(2457,47,'Gliwice','gliwice',NULL,NULL,NULL,NULL,NULL,0,'1','0','2025-11-12 12:37:52'),(2458,47,'Zabrze','zabrze',NULL,NULL,NULL,NULL,NULL,0,'1','0','2025-11-12 12:37:52'),(2459,47,'Olsztyn','olsztyn',NULL,NULL,NULL,NULL,NULL,0,'1','0','2025-11-12 12:37:52'),(2460,47,'Bielsko Biala','bielsko-biala',NULL,NULL,NULL,NULL,NULL,0,'1','0','2025-11-12 12:37:52'),(2461,47,'Rybnik','rybnik',NULL,NULL,NULL,NULL,NULL,0,'1','0','2025-11-12 12:37:52'),(2462,47,'Tychy','tychy',NULL,NULL,NULL,NULL,NULL,0,'1','0','2025-11-12 12:37:52'),(2463,47,'Opole','opole',NULL,NULL,NULL,NULL,NULL,0,'1','0','2025-11-12 12:37:52'),(2464,55,'Braga','braga',NULL,NULL,NULL,NULL,NULL,0,'1','0','2025-11-12 12:38:37'),(2465,55,'Coimbra','coimbra',NULL,NULL,NULL,NULL,NULL,0,'1','0','2025-11-12 12:38:37'),(2466,55,'Funchal','funchal',NULL,NULL,NULL,NULL,NULL,0,'1','0','2025-11-12 12:38:37'),(2467,55,'Vila Nova De Gaia','vila-nova-de-gaia',NULL,NULL,NULL,NULL,NULL,0,'1','0','2025-11-12 12:38:37'),(2468,55,'Setubal','setubal',NULL,NULL,NULL,NULL,NULL,0,'1','0','2025-11-12 12:38:37'),(2469,55,'Cascais','cascais',NULL,NULL,NULL,NULL,NULL,0,'1','0','2025-11-12 12:38:37'),(2470,55,'Aveiro','aveiro',NULL,NULL,NULL,NULL,NULL,0,'1','0','2025-11-12 12:38:37'),(2471,55,'Evora','evora',NULL,NULL,NULL,NULL,NULL,0,'1','0','2025-11-12 12:38:37'),(2472,55,'Leiria','leiria',NULL,NULL,NULL,NULL,NULL,0,'1','0','2025-11-12 12:38:37'),(2473,55,'Viseu','viseu',NULL,NULL,NULL,NULL,NULL,0,'1','0','2025-11-12 12:38:37'),(2474,55,'Faro','faro',NULL,NULL,NULL,NULL,NULL,0,'1','0','2025-11-12 12:38:37'),(2475,55,'Guimaraes','guimaraes',NULL,NULL,NULL,NULL,NULL,0,'1','0','2025-11-12 12:38:37'),(2476,55,'Covilha','covilha',NULL,NULL,NULL,NULL,NULL,0,'1','0','2025-11-12 12:38:37'),(2477,55,'Barreiro','barreiro',NULL,NULL,NULL,NULL,NULL,0,'1','0','2025-11-12 12:38:37'),(2478,55,'Matosinhos','matosinhos',NULL,NULL,NULL,NULL,NULL,0,'1','0','2025-11-12 12:38:37'),(2479,55,'Odivelas','odivelas',NULL,NULL,NULL,NULL,NULL,0,'1','0','2025-11-12 12:38:37'),(2480,55,'Torres Vedras','torres-vedras',NULL,NULL,NULL,NULL,NULL,0,'1','0','2025-11-12 12:38:37'),(2481,55,'Loule','loule',NULL,NULL,NULL,NULL,NULL,0,'1','0','2025-11-12 12:38:37'),(2482,55,'Sintra','sintra',NULL,NULL,NULL,NULL,NULL,0,'1','0','2025-11-12 12:38:37'),(2483,55,'Ponta Delgada','ponta-delgada',NULL,NULL,NULL,NULL,NULL,0,'1','0','2025-11-12 12:38:37'),(2484,55,'Viana Do Castelo','viana-do-castelo',NULL,NULL,NULL,NULL,NULL,0,'1','0','2025-11-12 12:38:37'),(2485,55,'Beja','beja',NULL,NULL,NULL,NULL,NULL,0,'1','0','2025-11-12 12:38:37'),(2486,55,'Lisbon (Lisboa)','lisbon-lisboa',NULL,NULL,NULL,NULL,NULL,0,'1','0','2025-11-12 12:38:37'),(2487,55,'Porto','porto',NULL,NULL,NULL,NULL,NULL,0,'1','0','2025-11-12 12:38:37'),(2488,55,'Amadora','amadora',NULL,NULL,NULL,NULL,NULL,0,'1','0','2025-11-12 12:38:37'),(2489,48,'Seville','seville',NULL,NULL,NULL,NULL,NULL,0,'1','0','2025-11-12 12:39:22'),(2490,48,'Valencia','valencia',NULL,NULL,NULL,NULL,NULL,0,'1','0','2025-11-12 12:39:22'),(2491,48,'Bilbao','bilbao',NULL,NULL,NULL,NULL,NULL,0,'1','0','2025-11-12 12:39:22'),(2492,48,'Zaragoza','zaragoza',NULL,NULL,NULL,NULL,NULL,0,'1','0','2025-11-12 12:39:22'),(2493,48,'Granada','granada',NULL,NULL,NULL,NULL,NULL,0,'1','0','2025-11-12 12:39:22'),(2494,48,'Alicante','alicante',NULL,NULL,NULL,NULL,NULL,0,'1','0','2025-11-12 12:39:22'),(2495,48,'Pamplona','pamplona',NULL,NULL,NULL,NULL,NULL,0,'1','0','2025-11-12 12:39:22'),(2496,48,'Palma (Mallorca)','palma-mallorca',NULL,NULL,NULL,NULL,NULL,0,'1','0','2025-11-12 12:39:22'),(2497,48,'Murcia','murcia',NULL,NULL,NULL,NULL,NULL,0,'1','0','2025-11-12 12:39:22'),(2498,48,'Madrid','madrid',NULL,NULL,NULL,NULL,NULL,0,'1','0','2025-11-12 12:39:22'),(2499,48,'Barcelona','barcelona',NULL,NULL,NULL,NULL,NULL,0,'1','0','2025-11-12 12:39:22'),(2500,48,'Malaga','malaga',NULL,NULL,NULL,NULL,NULL,0,'1','0','2025-11-12 12:39:22'),(2501,48,'Las Palmas de Gran Canaria','las-palmas-de-gran-canaria',NULL,NULL,NULL,NULL,NULL,0,'1','0','2025-11-12 12:39:22'),(2502,48,'Cordoba','cordoba',NULL,NULL,NULL,NULL,NULL,0,'1','0','2025-11-12 12:39:22'),(2503,48,'Valladolid','valladolid',NULL,NULL,NULL,NULL,NULL,0,'1','0','2025-11-12 12:39:22'),(2504,48,'Vigo','vigo',NULL,NULL,NULL,NULL,NULL,0,'1','0','2025-11-12 12:39:22'),(2505,48,'Gijon','gijon',NULL,NULL,NULL,NULL,NULL,0,'1','0','2025-11-12 12:39:22'),(2506,48,'L Hospitalet de Llobregat','l-hospitalet-de-llobregat',NULL,NULL,NULL,NULL,NULL,0,'1','0','2025-11-12 12:39:22'),(2507,48,'Vitoria Gasteiz','vitoria-gasteiz',NULL,NULL,NULL,NULL,NULL,0,'1','0','2025-11-12 12:39:22'),(2508,48,'A Coruna','a-coruna',NULL,NULL,NULL,NULL,NULL,0,'1','0','2025-11-12 12:39:22'),(2509,48,'Elche','elche',NULL,NULL,NULL,NULL,NULL,0,'1','0','2025-11-12 12:39:22'),(2510,48,'Tarragona','tarragona',NULL,NULL,NULL,NULL,NULL,0,'1','0','2025-11-12 12:39:22'),(2511,48,'Oviedo','oviedo',NULL,NULL,NULL,NULL,NULL,0,'1','0','2025-11-12 12:39:22'),(2512,48,'Santa Cruz de Tenerife','santa-cruz-de-tenerife',NULL,NULL,NULL,NULL,NULL,0,'1','0','2025-11-12 12:39:22'),(2513,48,'Badalona','badalona',NULL,NULL,NULL,NULL,NULL,0,'1','0','2025-11-12 12:39:22'),(2514,48,'Cartagena','cartagena',NULL,NULL,NULL,NULL,NULL,0,'1','0','2025-11-12 12:39:22'),(2515,48,'Terrassa','terrassa',NULL,NULL,NULL,NULL,NULL,0,'1','0','2025-11-12 12:39:22'),(2516,48,'Jerez de la Frontera','jerez-de-la-frontera',NULL,NULL,NULL,NULL,NULL,0,'1','0','2025-11-12 12:39:22'),(2517,48,'Sabadell','sabadell',NULL,NULL,NULL,NULL,NULL,0,'1','0','2025-11-12 12:39:22'),(2518,48,'Mostoles','mostoles',NULL,NULL,NULL,NULL,NULL,0,'1','0','2025-11-12 12:39:22'),(2519,48,'Alcala de Henares','alcala-de-henares',NULL,NULL,NULL,NULL,NULL,0,'1','0','2025-11-12 12:39:22'),(2520,48,'Fuenlabrada','fuenlabrada',NULL,NULL,NULL,NULL,NULL,0,'1','0','2025-11-12 12:39:22'),(2521,48,'Almeria','almeria',NULL,NULL,NULL,NULL,NULL,0,'1','0','2025-11-12 12:39:22'),(2522,48,'San Sebastian (Donostia)','san-sebastian-donostia',NULL,NULL,NULL,NULL,NULL,0,'1','0','2025-11-12 12:39:22'),(2523,48,'Santander','santander',NULL,NULL,NULL,NULL,NULL,0,'1','0','2025-11-12 12:39:22'),(2524,48,'Burgos','burgos',NULL,NULL,NULL,NULL,NULL,0,'1','0','2025-11-12 12:39:22'),(2525,48,'Castellon de la Plana','castellon-de-la-plana',NULL,NULL,NULL,NULL,NULL,0,'1','0','2025-11-12 12:39:22'),(2526,48,'Albacete','albacete',NULL,NULL,NULL,NULL,NULL,0,'1','0','2025-11-12 12:39:22'),(2527,48,'Logrono','logrono',NULL,NULL,NULL,NULL,NULL,0,'1','0','2025-11-12 12:39:22'),(2528,48,'Badajoz','badajoz',NULL,NULL,NULL,NULL,NULL,0,'1','0','2025-11-12 12:39:22'),(2529,48,'Salamanca','salamanca',NULL,NULL,NULL,NULL,NULL,0,'1','0','2025-11-12 12:39:22'),(2530,48,'Huelva','huelva',NULL,NULL,NULL,NULL,NULL,0,'1','0','2025-11-12 12:39:22'),(2531,48,'Lleida','lleida',NULL,NULL,NULL,NULL,NULL,0,'1','0','2025-11-12 12:39:22'),(2532,48,'Marbella','marbella',NULL,NULL,NULL,NULL,NULL,0,'1','0','2025-11-12 12:39:22'),(2533,48,'Torrejon de Ardoz','torrejon-de-ardoz',NULL,NULL,NULL,NULL,NULL,0,'1','0','2025-11-12 12:39:22'),(2534,48,'Mataro','mataro',NULL,NULL,NULL,NULL,NULL,0,'1','0','2025-11-12 12:39:22'),(2535,48,'Dos Hermanas','dos-hermanas',NULL,NULL,NULL,NULL,NULL,0,'1','0','2025-11-12 12:39:22'),(2536,48,'Parla','parla',NULL,NULL,NULL,NULL,NULL,0,'1','0','2025-11-12 12:39:22'),(2537,48,'Ourense','ourense',NULL,NULL,NULL,NULL,NULL,0,'1','0','2025-11-12 12:39:22'),(2538,48,'Reus','reus',NULL,NULL,NULL,NULL,NULL,0,'1','0','2025-11-12 12:39:22'),(2539,49,'Stockholm','stockholm',NULL,NULL,NULL,NULL,NULL,0,'1','0','2025-11-12 12:40:40'),(2540,49,'Gothenburg (Goteborg)','gothenburg-goteborg',NULL,NULL,NULL,NULL,NULL,0,'1','0','2025-11-12 12:40:40'),(2541,49,'Malmo','malmo',NULL,NULL,NULL,NULL,NULL,0,'1','0','2025-11-12 12:40:40'),(2542,49,'Uppsala','uppsala',NULL,NULL,NULL,NULL,NULL,0,'1','0','2025-11-12 12:40:40'),(2543,49,'Vasteras','vasteras',NULL,NULL,NULL,NULL,NULL,0,'1','0','2025-11-12 12:40:40'),(2544,49,'Orebro','orebro',NULL,NULL,NULL,NULL,NULL,0,'1','0','2025-11-12 12:40:40'),(2545,49,'Linkoping','linkoping',NULL,NULL,NULL,NULL,NULL,0,'1','0','2025-11-12 12:40:40'),(2546,49,'Helsingborg','helsingborg',NULL,NULL,NULL,NULL,NULL,0,'1','0','2025-11-12 12:40:40'),(2547,49,'Jonkoping','jonkoping',NULL,NULL,NULL,NULL,NULL,0,'1','0','2025-11-12 12:40:40'),(2548,49,'Norrkoping','norrkoping',NULL,NULL,NULL,NULL,NULL,0,'1','0','2025-11-12 12:40:40'),(2549,49,'Lund','lund',NULL,NULL,NULL,NULL,NULL,0,'1','0','2025-11-12 12:40:40'),(2550,49,'Umea','umea',NULL,NULL,NULL,NULL,NULL,0,'1','0','2025-11-12 12:40:40'),(2551,49,'Gavle','gavle',NULL,NULL,NULL,NULL,NULL,0,'1','0','2025-11-12 12:40:40'),(2552,49,'Boras','boras',NULL,NULL,NULL,NULL,NULL,0,'1','0','2025-11-12 12:40:40'),(2553,49,'Sodertalje','sodertalje',NULL,NULL,NULL,NULL,NULL,0,'1','0','2025-11-12 12:40:40'),(2554,49,'Eskilstuna','eskilstuna',NULL,NULL,NULL,NULL,NULL,0,'1','0','2025-11-12 12:40:40'),(2555,49,'Karlstad','karlstad',NULL,NULL,NULL,NULL,NULL,0,'1','0','2025-11-12 12:40:40'),(2556,49,'Trollhattan','trollhattan',NULL,NULL,NULL,NULL,NULL,0,'1','0','2025-11-12 12:40:40'),(2557,49,'Halmstad','halmstad',NULL,NULL,NULL,NULL,NULL,0,'1','0','2025-11-12 12:40:40'),(2558,49,'Kalmar','kalmar',NULL,NULL,NULL,NULL,NULL,0,'1','0','2025-11-12 12:40:40'),(2559,49,'Skelleftea','skelleftea',NULL,NULL,NULL,NULL,NULL,0,'1','0','2025-11-12 12:40:40'),(2560,49,'Kristianstad','kristianstad',NULL,NULL,NULL,NULL,NULL,0,'1','0','2025-11-12 12:40:40'),(2561,49,'Sundsvall','sundsvall',NULL,NULL,NULL,NULL,NULL,0,'1','0','2025-11-12 12:40:40'),(2562,49,'Lulea','lulea',NULL,NULL,NULL,NULL,NULL,0,'1','0','2025-11-12 12:40:40'),(2563,49,'Vaxjo','vaxjo',NULL,NULL,NULL,NULL,NULL,0,'1','0','2025-11-12 12:40:40'),(2564,50,'Geneva','geneva',NULL,NULL,NULL,NULL,NULL,0,'1','0','2025-11-12 12:41:12'),(2565,50,'Bern','bern',NULL,NULL,NULL,NULL,NULL,0,'1','0','2025-11-12 12:41:12'),(2566,50,'Lucerne','lucerne',NULL,NULL,NULL,NULL,NULL,0,'1','0','2025-11-12 12:41:12'),(2567,50,'Basel','basel',NULL,NULL,NULL,NULL,NULL,0,'1','0','2025-11-12 12:41:12'),(2568,50,'Lausanne','lausanne',NULL,NULL,NULL,NULL,NULL,0,'1','0','2025-11-12 12:41:12'),(2569,50,'Lugano','lugano',NULL,NULL,NULL,NULL,NULL,0,'1','0','2025-11-12 12:41:12'),(2570,50,'Winterthur','winterthur',NULL,NULL,NULL,NULL,NULL,0,'1','0','2025-11-12 12:41:12'),(2571,50,'Interlaken','interlaken',NULL,NULL,NULL,NULL,NULL,0,'1','0','2025-11-12 12:41:12'),(2572,50,'Saint Moritz','saint-moritz',NULL,NULL,NULL,NULL,NULL,0,'1','0','2025-11-12 12:41:12'),(2573,50,'Thun','thun',NULL,NULL,NULL,NULL,NULL,0,'1','0','2025-11-12 12:41:12'),(2574,50,'Zurich','zurich',NULL,NULL,NULL,NULL,NULL,0,'1','0','2025-11-12 12:41:12'),(2575,50,'St Gallen','st-gallen',NULL,NULL,NULL,NULL,NULL,0,'1','0','2025-11-12 12:41:12'),(2576,50,'Biel Bienne','biel-bienne',NULL,NULL,NULL,NULL,NULL,0,'1','0','2025-11-12 12:41:12'),(2577,50,'Schaffhausen','schaffhausen',NULL,NULL,NULL,NULL,NULL,0,'1','0','2025-11-12 12:41:12'),(2578,50,'Fribourg','fribourg',NULL,NULL,NULL,NULL,NULL,0,'1','0','2025-11-12 12:41:12'),(2579,50,'Chur','chur',NULL,NULL,NULL,NULL,NULL,0,'1','0','2025-11-12 12:41:12'),(2580,50,'Neuchatel','neuchatel',NULL,NULL,NULL,NULL,NULL,0,'1','0','2025-11-12 12:41:12'),(2581,50,'Zug','zug',NULL,NULL,NULL,NULL,NULL,0,'1','0','2025-11-12 12:41:12'),(2582,50,'Yverdon les Bains','yverdon-les-bains',NULL,NULL,NULL,NULL,NULL,0,'1','0','2025-11-12 12:41:12'),(2583,50,'Sion','sion',NULL,NULL,NULL,NULL,NULL,0,'1','0','2025-11-12 12:41:12'),(2584,50,'Uster','uster',NULL,NULL,NULL,NULL,NULL,0,'1','0','2025-11-12 12:41:12'),(2585,50,'Koniz','koniz',NULL,NULL,NULL,NULL,NULL,0,'1','0','2025-11-12 12:41:12'),(2586,50,'Rapperswil Jona','rapperswil-jona',NULL,NULL,NULL,NULL,NULL,0,'1','0','2025-11-12 12:41:12'),(2587,50,'Montreux','montreux',NULL,NULL,NULL,NULL,NULL,0,'1','0','2025-11-12 12:41:12'),(2588,50,'Aarau','aarau',NULL,NULL,NULL,NULL,NULL,0,'1','0','2025-11-12 12:41:12'),(2589,50,'Baden','baden',NULL,NULL,NULL,NULL,NULL,0,'1','0','2025-11-12 12:41:12'),(2590,50,'Liestal','liestal',NULL,NULL,NULL,NULL,NULL,0,'1','0','2025-11-12 12:41:12'),(2591,51,'London','london',NULL,NULL,NULL,NULL,NULL,0,'1','0','2025-11-12 12:41:53'),(2592,51,'Birmingham','birmingham',NULL,NULL,NULL,NULL,NULL,0,'1','0','2025-11-12 12:41:53'),(2593,51,'Bristol','bristol',NULL,NULL,NULL,NULL,NULL,0,'1','0','2025-11-12 12:41:53'),(2594,51,'Manchester','manchester',NULL,NULL,NULL,NULL,NULL,0,'1','0','2025-11-12 12:41:53'),(2595,51,'Sheffield','sheffield',NULL,NULL,NULL,NULL,NULL,0,'1','0','2025-11-12 12:41:53'),(2596,51,'Leeds','leeds',NULL,NULL,NULL,NULL,NULL,0,'1','0','2025-11-12 12:41:53'),(2597,51,'Edinburgh','edinburgh',NULL,NULL,NULL,NULL,NULL,0,'1','0','2025-11-12 12:41:53'),(2598,51,'Bradford','bradford',NULL,NULL,NULL,NULL,NULL,0,'1','0','2025-11-12 12:41:53'),(2599,51,'Coventry','coventry',NULL,NULL,NULL,NULL,NULL,0,'1','0','2025-11-12 12:41:53'),(2600,51,'Wakefield','wakefield',NULL,NULL,NULL,NULL,NULL,0,'1','0','2025-11-12 12:41:53'),(2601,51,'Glasgow','glasgow',NULL,NULL,NULL,NULL,NULL,0,'1','0','2025-11-12 12:41:53'),(2602,51,'Liverpool','liverpool',NULL,NULL,NULL,NULL,NULL,0,'1','0','2025-11-12 12:41:53'),(2603,51,'Cardiff','cardiff',NULL,NULL,NULL,NULL,NULL,0,'1','0','2025-11-12 12:41:53'),(2604,51,'Leicester','leicester',NULL,NULL,NULL,NULL,NULL,0,'1','0','2025-11-12 12:41:53'),(2605,51,'Nottingham','nottingham',NULL,NULL,NULL,NULL,NULL,0,'1','0','2025-11-12 12:41:53'),(2606,51,'Kingston upon Hull','kingston-upon-hull',NULL,NULL,NULL,NULL,NULL,0,'1','0','2025-11-12 12:41:53'),(2607,51,'Newcastle upon Tyne','newcastle-upon-tyne',NULL,NULL,NULL,NULL,NULL,0,'1','0','2025-11-12 12:41:53'),(2608,51,'Sunderland','sunderland',NULL,NULL,NULL,NULL,NULL,0,'1','0','2025-11-12 12:41:53'),(2609,51,'Brighton and Hove','brighton-and-hove',NULL,NULL,NULL,NULL,NULL,0,'1','0','2025-11-12 12:41:53'),(2610,51,'Plymouth','plymouth',NULL,NULL,NULL,NULL,NULL,0,'1','0','2025-11-12 12:41:53'),(2611,51,'Stoke on Trent','stoke-on-trent',NULL,NULL,NULL,NULL,NULL,0,'1','0','2025-11-12 12:41:53'),(2612,51,'Wolverhampton','wolverhampton',NULL,NULL,NULL,NULL,NULL,0,'1','0','2025-11-12 12:41:53'),(2613,51,'Derby','derby',NULL,NULL,NULL,NULL,NULL,0,'1','0','2025-11-12 12:41:53'),(2614,51,'Swansea','swansea',NULL,NULL,NULL,NULL,NULL,0,'1','0','2025-11-12 12:41:53'),(2615,51,'Southampton','southampton',NULL,NULL,NULL,NULL,NULL,0,'1','0','2025-11-12 12:41:53'),(2616,51,'Salford','salford',NULL,NULL,NULL,NULL,NULL,0,'1','0','2025-11-12 12:41:53'),(2617,51,'Aberdeen','aberdeen',NULL,NULL,NULL,NULL,NULL,0,'1','0','2025-11-12 12:41:53'),(2618,51,'Westminster','westminster',NULL,NULL,NULL,NULL,NULL,0,'1','0','2025-11-12 12:41:53'),(2619,51,'Portsmouth','portsmouth',NULL,NULL,NULL,NULL,NULL,0,'1','0','2025-11-12 12:41:53'),(2620,51,'York','york',NULL,NULL,NULL,NULL,NULL,0,'1','0','2025-11-12 12:41:53'),(2621,51,'Peterborough','peterborough',NULL,NULL,NULL,NULL,NULL,0,'1','0','2025-11-12 12:41:53'),(2622,51,'Dundee','dundee',NULL,NULL,NULL,NULL,NULL,0,'1','0','2025-11-12 12:41:53'),(2623,51,'Lancaster','lancaster',NULL,NULL,NULL,NULL,NULL,0,'1','0','2025-11-12 12:41:53'),(2624,51,'Oxford','oxford',NULL,NULL,NULL,NULL,NULL,0,'1','0','2025-11-12 12:41:53'),(2625,51,'Newport','newport',NULL,NULL,NULL,NULL,NULL,0,'1','0','2025-11-12 12:41:53'),(2626,51,'Preston','preston',NULL,NULL,NULL,NULL,NULL,0,'1','0','2025-11-12 12:41:53'),(2627,51,'St Albans','st-albans',NULL,NULL,NULL,NULL,NULL,0,'1','0','2025-11-12 12:41:53'),(2628,51,'Norwich','norwich',NULL,NULL,NULL,NULL,NULL,0,'1','0','2025-11-12 12:41:53'),(2629,51,'Chester','chester',NULL,NULL,NULL,NULL,NULL,0,'1','0','2025-11-12 12:41:53'),(2630,51,'Cambridge','cambridge',NULL,NULL,NULL,NULL,NULL,0,'1','0','2025-11-12 12:41:53'),(2631,51,'Salisbury','salisbury',NULL,NULL,NULL,NULL,NULL,0,'1','0','2025-11-12 12:41:53'),(2632,51,'Exeter','exeter',NULL,NULL,NULL,NULL,NULL,0,'1','0','2025-11-12 12:41:53'),(2633,51,'Gloucester','gloucester',NULL,NULL,NULL,NULL,NULL,0,'1','0','2025-11-12 12:41:53'),(2634,51,'Lisburn','lisburn',NULL,NULL,NULL,NULL,NULL,0,'1','0','2025-11-12 12:41:53'),(2635,51,'Chichester','chichester',NULL,NULL,NULL,NULL,NULL,0,'1','0','2025-11-12 12:41:53'),(2636,51,'Winchester','winchester',NULL,NULL,NULL,NULL,NULL,0,'1','0','2025-11-12 12:41:53'),(2637,51,'Londonderry','londonderry',NULL,NULL,NULL,NULL,NULL,0,'1','0','2025-11-12 12:41:53'),(2638,51,'Carlisle','carlisle',NULL,NULL,NULL,NULL,NULL,0,'1','0','2025-11-12 12:41:53'),(2639,51,'Worcester','worcester',NULL,NULL,NULL,NULL,NULL,0,'1','0','2025-11-12 12:41:53'),(2640,51,'Bath','bath',NULL,NULL,NULL,NULL,NULL,0,'1','0','2025-11-12 12:41:53'),(2641,51,'Durham','durham',NULL,NULL,NULL,NULL,NULL,0,'1','0','2025-11-12 12:41:53'),(2642,51,'Lincoln','lincoln',NULL,NULL,NULL,NULL,NULL,0,'1','0','2025-11-12 12:41:53'),(2643,51,'Hereford','hereford',NULL,NULL,NULL,NULL,NULL,0,'1','0','2025-11-12 12:41:53'),(2644,51,'Armagh','armagh',NULL,NULL,NULL,NULL,NULL,0,'1','0','2025-11-12 12:41:53'),(2645,51,'Inverness','inverness',NULL,NULL,NULL,NULL,NULL,0,'1','0','2025-11-12 12:41:53'),(2646,51,'Stirling','stirling',NULL,NULL,NULL,NULL,NULL,0,'1','0','2025-11-12 12:41:53'),(2647,51,'Canterbury','canterbury',NULL,NULL,NULL,NULL,NULL,0,'1','0','2025-11-12 12:41:53'),(2648,51,'Lichfield','lichfield',NULL,NULL,NULL,NULL,NULL,0,'1','0','2025-11-12 12:41:53'),(2649,51,'Newry','newry',NULL,NULL,NULL,NULL,NULL,0,'1','0','2025-11-12 12:41:53'),(2650,51,'Ripon','ripon',NULL,NULL,NULL,NULL,NULL,0,'1','0','2025-11-12 12:41:53'),(2651,51,'Bangor','bangor',NULL,NULL,NULL,NULL,NULL,0,'1','0','2025-11-12 12:41:53'),(2652,51,'Truro','truro',NULL,NULL,NULL,NULL,NULL,0,'1','0','2025-11-12 12:41:53'),(2653,51,'Ely','ely',NULL,NULL,NULL,NULL,NULL,0,'1','0','2025-11-12 12:41:53'),(2654,51,'Wells','wells',NULL,NULL,NULL,NULL,NULL,0,'1','0','2025-11-12 12:41:53'),(2655,51,'St Davids','st-davids',NULL,NULL,NULL,NULL,NULL,0,'1','0','2025-11-12 12:41:53'),(2656,51,'Belfast','belfast',NULL,NULL,NULL,NULL,NULL,0,'1','0','2025-11-12 12:41:53'),(2657,51,'Luton','luton',NULL,NULL,NULL,NULL,NULL,0,'1','0','2025-11-12 12:41:53'),(2658,51,'Milton Keynes','milton-keynes',NULL,NULL,NULL,NULL,NULL,0,'1','0','2025-11-12 12:41:53'),(2659,51,'Northampton','northampton',NULL,NULL,NULL,NULL,NULL,0,'1','0','2025-11-12 12:41:53'),(2660,51,'Reading','reading',NULL,NULL,NULL,NULL,NULL,0,'1','0','2025-11-12 12:41:53'),(2661,51,'Dudley','dudley',NULL,NULL,NULL,NULL,NULL,0,'1','0','2025-11-12 12:41:53'),(2662,51,'Walsall','walsall',NULL,NULL,NULL,NULL,NULL,0,'1','0','2025-11-12 12:41:53'),(2663,51,'Bournemouth','bournemouth',NULL,NULL,NULL,NULL,NULL,0,'1','0','2025-11-12 12:41:53'),(2664,51,'Swindon','swindon',NULL,NULL,NULL,NULL,NULL,0,'1','0','2025-11-12 12:41:53'),(2665,51,'Huddersfield','huddersfield',NULL,NULL,NULL,NULL,NULL,0,'1','0','2025-11-12 12:41:53'),(2666,51,'Poole','poole',NULL,NULL,NULL,NULL,NULL,0,'1','0','2025-11-12 12:41:53'),(2667,51,'Blackpool','blackpool',NULL,NULL,NULL,NULL,NULL,0,'1','0','2025-11-12 12:41:53'),(2668,51,'Middlesbrough','middlesbrough',NULL,NULL,NULL,NULL,NULL,0,'1','0','2025-11-12 12:41:53'),(2669,51,'Bolton','bolton',NULL,NULL,NULL,NULL,NULL,0,'1','0','2025-11-12 12:41:53'),(2670,51,'Ipswich','ipswich',NULL,NULL,NULL,NULL,NULL,0,'1','0','2025-11-12 12:41:53'),(2671,51,'Telford','telford',NULL,NULL,NULL,NULL,NULL,0,'1','0','2025-11-12 12:41:53'),(2672,51,'West Bromwich','west-bromwich',NULL,NULL,NULL,NULL,NULL,0,'1','0','2025-11-12 12:41:53'),(2673,51,'Stockport','stockport',NULL,NULL,NULL,NULL,NULL,0,'1','0','2025-11-12 12:41:53'),(2674,51,'Brighton','brighton',NULL,NULL,NULL,NULL,NULL,0,'1','0','2025-11-12 12:41:53'),(2675,51,'Slough','slough',NULL,NULL,NULL,NULL,NULL,0,'1','0','2025-11-12 12:41:53'),(2676,51,'Watford','watford',NULL,NULL,NULL,NULL,NULL,0,'1','0','2025-11-12 12:41:53'),(2677,51,'Rotherham','rotherham',NULL,NULL,NULL,NULL,NULL,0,'1','0','2025-11-12 12:41:53'),(2678,51,'Southend on Sea','southend-on-sea',NULL,NULL,NULL,NULL,NULL,0,'1','0','2025-11-12 12:41:53'),(2679,37,'Saint Petersburg','saint-petersburg',NULL,NULL,NULL,NULL,NULL,0,'1','0','2025-11-12 12:43:40'),(2680,37,'Novosibirsk','novosibirsk',NULL,NULL,NULL,NULL,NULL,0,'1','0','2025-11-12 12:43:40'),(2681,37,'Yekaterinburg','yekaterinburg',NULL,NULL,NULL,NULL,NULL,0,'1','0','2025-11-12 12:43:40'),(2682,37,'Kazan','kazan',NULL,NULL,NULL,NULL,NULL,0,'1','0','2025-11-12 12:43:40'),(2683,37,'Nizhny Novgorod','nizhny-novgorod',NULL,NULL,NULL,NULL,NULL,0,'1','0','2025-11-12 12:43:40'),(2684,37,'Chelyabinsk','chelyabinsk',NULL,NULL,NULL,NULL,NULL,0,'1','0','2025-11-12 12:43:40'),(2685,37,'Omsk','omsk',NULL,NULL,NULL,NULL,NULL,0,'1','0','2025-11-12 12:43:40'),(2686,37,'Samara','samara',NULL,NULL,NULL,NULL,NULL,0,'1','0','2025-11-12 12:43:40'),(2687,37,'Krasnoyarsk','krasnoyarsk',NULL,NULL,NULL,NULL,NULL,0,'1','0','2025-11-12 12:43:40'),(2688,37,'Voronezh','voronezh',NULL,NULL,NULL,NULL,NULL,0,'1','0','2025-11-12 12:43:40'),(2689,37,'Tomsk','tomsk',NULL,NULL,NULL,NULL,NULL,0,'1','0','2025-11-12 12:43:40'),(2690,37,'Orenburg','orenburg',NULL,NULL,NULL,NULL,NULL,0,'1','0','2025-11-12 12:43:40'),(2691,37,'Kemerovo','kemerovo',NULL,NULL,NULL,NULL,NULL,0,'1','0','2025-11-12 12:43:40'),(2692,37,'Ryazan','ryazan',NULL,NULL,NULL,NULL,NULL,0,'1','0','2025-11-12 12:43:40'),(2693,37,'Astrakhan','astrakhan',NULL,NULL,NULL,NULL,NULL,0,'1','0','2025-11-12 12:43:40'),(2694,37,'Penza','penza',NULL,NULL,NULL,NULL,NULL,0,'1','0','2025-11-12 12:43:40'),(2695,37,'Lipetsk','lipetsk',NULL,NULL,NULL,NULL,NULL,0,'1','0','2025-11-12 12:43:40'),(2696,37,'Tula','tula',NULL,NULL,NULL,NULL,NULL,0,'1','0','2025-11-12 12:43:40'),(2697,37,'Kirov','kirov',NULL,NULL,NULL,NULL,NULL,0,'1','0','2025-11-12 12:43:40'),(2698,37,'Cheboksary','cheboksary',NULL,NULL,NULL,NULL,NULL,0,'1','0','2025-11-12 12:43:40'),(2699,37,'Kaliningrad','kaliningrad',NULL,NULL,NULL,NULL,NULL,0,'1','0','2025-11-12 12:43:40'),(2700,37,'Kursk','kursk',NULL,NULL,NULL,NULL,NULL,0,'1','0','2025-11-12 12:43:40'),(2701,37,'Moscow','moscow',NULL,NULL,NULL,NULL,NULL,0,'1','0','2025-11-12 12:43:40'),(2702,37,'Rostov on Don','rostov-on-don',NULL,NULL,NULL,NULL,NULL,0,'1','0','2025-11-12 12:43:40'),(2703,37,'Ufa','ufa',NULL,NULL,NULL,NULL,NULL,0,'1','0','2025-11-12 12:43:40'),(2704,37,'Perm','perm',NULL,NULL,NULL,NULL,NULL,0,'1','0','2025-11-12 12:43:40'),(2705,37,'Volgograd','volgograd',NULL,NULL,NULL,NULL,NULL,0,'1','0','2025-11-12 12:43:40'),(2706,37,'Krasnodar','krasnodar',NULL,NULL,NULL,NULL,NULL,0,'1','0','2025-11-12 12:43:40'),(2707,37,'Saratov','saratov',NULL,NULL,NULL,NULL,NULL,0,'1','0','2025-11-12 12:43:40'),(2708,37,'Tyumen','tyumen',NULL,NULL,NULL,NULL,NULL,0,'1','0','2025-11-12 12:43:40'),(2709,37,'Tolyatti','tolyatti',NULL,NULL,NULL,NULL,NULL,0,'1','0','2025-11-12 12:43:40'),(2710,37,'Izhevsk','izhevsk',NULL,NULL,NULL,NULL,NULL,0,'1','0','2025-11-12 12:43:40'),(2711,37,'Barnaul','barnaul',NULL,NULL,NULL,NULL,NULL,0,'1','0','2025-11-12 12:43:40'),(2712,37,'Ulyanovsk','ulyanovsk',NULL,NULL,NULL,NULL,NULL,0,'1','0','2025-11-12 12:43:40'),(2713,37,'Irkutsk','irkutsk',NULL,NULL,NULL,NULL,NULL,0,'1','0','2025-11-12 12:43:40'),(2714,37,'Khabarovsk','khabarovsk',NULL,NULL,NULL,NULL,NULL,0,'1','0','2025-11-12 12:43:40'),(2715,37,'Yaroslavl','yaroslavl',NULL,NULL,NULL,NULL,NULL,0,'1','0','2025-11-12 12:43:40'),(2716,37,'Vladivostok','vladivostok',NULL,NULL,NULL,NULL,NULL,0,'1','0','2025-11-12 12:43:40'),(2717,37,'Makhachkala','makhachkala',NULL,NULL,NULL,NULL,NULL,0,'1','0','2025-11-12 12:43:40'),(2718,37,'Naberezhnye Chelny','naberezhnye-chelny',NULL,NULL,NULL,NULL,NULL,0,'1','0','2025-11-12 12:43:40'),(2719,37,'Stavropol','stavropol',NULL,NULL,NULL,NULL,NULL,0,'1','0','2025-11-12 12:43:40'),(2720,37,'Ulan Ude','ulan-ude',NULL,NULL,NULL,NULL,NULL,0,'1','0','2025-11-12 12:43:40'),(2721,37,'Bryansk','bryansk',NULL,NULL,NULL,NULL,NULL,0,'1','0','2025-11-12 12:43:40'),(2722,37,'Ivanovo','ivanovo',NULL,NULL,NULL,NULL,NULL,0,'1','0','2025-11-12 12:43:40'),(2723,37,'Belgorod','belgorod',NULL,NULL,NULL,NULL,NULL,0,'1','0','2025-11-12 12:43:40'),(2724,37,'Vladimir','vladimir',NULL,NULL,NULL,NULL,NULL,0,'1','0','2025-11-12 12:43:40'),(2725,37,'Arkhangelsk','arkhangelsk',NULL,NULL,NULL,NULL,NULL,0,'1','0','2025-11-12 12:43:40'),(2726,37,'Chita','chita',NULL,NULL,NULL,NULL,NULL,0,'1','0','2025-11-12 12:43:40'),(2727,37,'Smolensk','smolensk',NULL,NULL,NULL,NULL,NULL,0,'1','0','2025-11-12 12:43:40'),(2728,37,'Murmansk','murmansk',NULL,NULL,NULL,NULL,NULL,0,'1','0','2025-11-12 12:43:40'),(2729,62,'Morelia','morelia',NULL,NULL,NULL,NULL,NULL,0,'1','0','2025-11-12 12:46:56'),(2730,62,'Saltillo','saltillo',NULL,NULL,NULL,NULL,NULL,0,'1','0','2025-11-12 12:46:56'),(2731,62,'Hermosillo','hermosillo',NULL,NULL,NULL,NULL,NULL,0,'1','0','2025-11-12 12:46:56'),(2732,62,'San Luis Potosi','san-luis-potosi',NULL,NULL,NULL,NULL,NULL,0,'1','0','2025-11-12 12:46:57'),(2733,62,'Villahermosa','villahermosa',NULL,NULL,NULL,NULL,NULL,0,'1','0','2025-11-12 12:46:57'),(2734,62,'Torreon','torreon',NULL,NULL,NULL,NULL,NULL,0,'1','0','2025-11-12 12:46:57'),(2735,62,'Veracruz','veracruz',NULL,NULL,NULL,NULL,NULL,0,'1','0','2025-11-12 12:46:57'),(2736,62,'Mexicali','mexicali',NULL,NULL,NULL,NULL,NULL,0,'1','0','2025-11-12 12:46:57'),(2737,62,'Tepic','tepic',NULL,NULL,NULL,NULL,NULL,0,'1','0','2025-11-12 12:46:57'),(2738,62,'Guadalajara','guadalajara',NULL,NULL,NULL,NULL,NULL,0,'1','0','2025-11-12 12:46:57'),(2739,62,'Monterrey','monterrey',NULL,NULL,NULL,NULL,NULL,0,'1','0','2025-11-12 12:46:57'),(2740,62,'Puebla','puebla',NULL,NULL,NULL,NULL,NULL,0,'1','0','2025-11-12 12:46:57'),(2741,62,'Tijuana','tijuana',NULL,NULL,NULL,NULL,NULL,0,'1','0','2025-11-12 12:46:57'),(2742,62,'Leon','leon',NULL,NULL,NULL,NULL,NULL,0,'1','0','2025-11-12 12:46:57'),(2743,62,'Juarez (Ciudad Juarez)','juarez-ciudad-juarez',NULL,NULL,NULL,NULL,NULL,0,'1','0','2025-11-12 12:46:57'),(2744,62,'Zapopan','zapopan',NULL,NULL,NULL,NULL,NULL,0,'1','0','2025-11-12 12:46:57'),(2745,62,'Ecatepec','ecatepec',NULL,NULL,NULL,NULL,NULL,0,'1','0','2025-11-12 12:46:57'),(2746,62,'Merida','merida',NULL,NULL,NULL,NULL,NULL,0,'1','0','2025-11-12 12:46:57'),(2747,62,'Cancun','cancun',NULL,NULL,NULL,NULL,NULL,0,'1','0','2025-11-12 12:46:57'),(2748,62,'Aguascalientes','aguascalientes',NULL,NULL,NULL,NULL,NULL,0,'1','0','2025-11-12 12:46:57'),(2749,62,'Toluca','toluca',NULL,NULL,NULL,NULL,NULL,0,'1','0','2025-11-12 12:46:57'),(2750,62,'Culiacan','culiacan',NULL,NULL,NULL,NULL,NULL,0,'1','0','2025-11-12 12:46:57'),(2751,62,'Chihuahua','chihuahua',NULL,NULL,NULL,NULL,NULL,0,'1','0','2025-11-12 12:46:57'),(2752,62,'Queretaro','queretaro',NULL,NULL,NULL,NULL,NULL,0,'1','0','2025-11-12 12:46:57'),(2753,61,'California','california',NULL,NULL,NULL,NULL,NULL,0,'1','0','2025-11-12 12:47:47'),(2754,61,'New York City, New York','new-york-city-new-york',NULL,NULL,NULL,NULL,NULL,0,'1','0','2025-11-12 12:47:47'),(2755,61,'Chicago, Illinois','chicago-illinois',NULL,NULL,NULL,NULL,NULL,0,'1','0','2025-11-12 12:47:47'),(2756,61,'Houston, Texas','houston-texas',NULL,NULL,NULL,NULL,NULL,0,'1','0','2025-11-12 12:47:47'),(2757,61,'Phoenix, Arizona','phoenix-arizona',NULL,NULL,NULL,NULL,NULL,0,'1','0','2025-11-12 12:47:47'),(2758,61,'Philadelphia, Pennsylvania','philadelphia-pennsylvania',NULL,NULL,NULL,NULL,NULL,0,'1','0','2025-11-12 12:47:47'),(2759,61,'San Antonio, Texas','san-antonio-texas',NULL,NULL,NULL,NULL,NULL,0,'1','0','2025-11-12 12:47:47'),(2760,61,'San Diego, California','san-diego-california',NULL,NULL,NULL,NULL,NULL,0,'1','0','2025-11-12 12:47:47'),(2761,61,'Dallas, Texas','dallas-texas',NULL,NULL,NULL,NULL,NULL,0,'1','0','2025-11-12 12:47:47'),(2762,61,'San Jose, California','san-jose-california',NULL,NULL,NULL,NULL,NULL,0,'1','0','2025-11-12 12:47:47'),(2763,61,'Austin, Texas','austin-texas',NULL,NULL,NULL,NULL,NULL,0,'1','0','2025-11-12 12:47:47'),(2764,61,'Jacksonville, Florida','jacksonville-florida',NULL,NULL,NULL,NULL,NULL,0,'1','0','2025-11-12 12:47:47'),(2765,61,'San Francisco, California','san-francisco-california',NULL,NULL,NULL,NULL,NULL,0,'1','0','2025-11-12 12:47:47'),(2766,61,'Columbus, Ohio','columbus-ohio',NULL,NULL,NULL,NULL,NULL,0,'1','0','2025-11-12 12:47:47'),(2767,61,'Fort Worth, Texas','fort-worth-texas',NULL,NULL,NULL,NULL,NULL,0,'1','0','2025-11-12 12:47:47'),(2768,61,'Indianapolis, Indiana','indianapolis-indiana',NULL,NULL,NULL,NULL,NULL,0,'1','0','2025-11-12 12:47:47'),(2769,61,'Charlotte, North Carolina','charlotte-north-carolina',NULL,NULL,NULL,NULL,NULL,0,'1','0','2025-11-12 12:47:47'),(2770,61,'Seattle, Washington','seattle-washington',NULL,NULL,NULL,NULL,NULL,0,'1','0','2025-11-12 12:47:47'),(2771,61,'Denver, Colorado','denver-colorado',NULL,NULL,NULL,NULL,NULL,0,'1','0','2025-11-12 12:47:47'),(2772,61,'Washington Dc, District Of Columbia','washington-dc-district-of-columbia',NULL,NULL,NULL,NULL,NULL,0,'1','0','2025-11-12 12:47:47'),(2773,61,'Boston, Massachusetts','boston-massachusetts',NULL,NULL,NULL,NULL,NULL,0,'1','0','2025-11-12 12:47:47'),(2774,61,'El Paso, Texas','el-paso-texas',NULL,NULL,NULL,NULL,NULL,0,'1','0','2025-11-12 12:47:47'),(2775,61,'Detroit, Michigan','detroit-michigan',NULL,NULL,NULL,NULL,NULL,0,'1','0','2025-11-12 12:47:47'),(2776,61,'Nashville, Tennessee','nashville-tennessee',NULL,NULL,NULL,NULL,NULL,0,'1','0','2025-11-12 12:47:47'),(2777,61,'Memphis, Tennessee','memphis-tennessee',NULL,NULL,NULL,NULL,NULL,0,'1','0','2025-11-12 12:47:47'),(2778,61,'Portland, Oregon','portland-oregon',NULL,NULL,NULL,NULL,NULL,0,'1','0','2025-11-12 12:47:47'),(2779,61,'Oklahoma City, Oklahoma','oklahoma-city-oklahoma',NULL,NULL,NULL,NULL,NULL,0,'1','0','2025-11-12 12:47:47'),(2780,61,'Las Vegas, Nevada','las-vegas-nevada',NULL,NULL,NULL,NULL,NULL,0,'1','0','2025-11-12 12:47:47'),(2781,61,'Louisville, Kentucky','louisville-kentucky',NULL,NULL,NULL,NULL,NULL,0,'1','0','2025-11-12 12:47:47'),(2782,61,'Baltimore, Maryland','baltimore-maryland',NULL,NULL,NULL,NULL,NULL,0,'1','0','2025-11-12 12:47:47'),(2783,61,'Milwaukee, Wisconsin','milwaukee-wisconsin',NULL,NULL,NULL,NULL,NULL,0,'1','0','2025-11-12 12:47:47'),(2784,61,'Albuquerque, New Mexico','albuquerque-new-mexico',NULL,NULL,NULL,NULL,NULL,0,'1','0','2025-11-12 12:47:47'),(2785,61,'Tucson, Arizona','tucson-arizona',NULL,NULL,NULL,NULL,NULL,0,'1','0','2025-11-12 12:47:47'),(2786,61,'Fresno, California','fresno-california',NULL,NULL,NULL,NULL,NULL,0,'1','0','2025-11-12 12:47:47'),(2787,61,'Sacramento, California','sacramento-california',NULL,NULL,NULL,NULL,NULL,0,'1','0','2025-11-12 12:47:47'),(2788,61,'Mesa, Arizona','mesa-arizona',NULL,NULL,NULL,NULL,NULL,0,'1','0','2025-11-12 12:47:47'),(2789,61,'Kansas City, Missouri','kansas-city-missouri',NULL,NULL,NULL,NULL,NULL,0,'1','0','2025-11-12 12:47:47'),(2790,61,'Atlanta, Georgia','atlanta-georgia',NULL,NULL,NULL,NULL,NULL,0,'1','0','2025-11-12 12:47:47'),(2791,61,'Long Beach, California','long-beach-california',NULL,NULL,NULL,NULL,NULL,0,'1','0','2025-11-12 12:47:47'),(2792,61,'Omaha, Nebraska','omaha-nebraska',NULL,NULL,NULL,NULL,NULL,0,'1','0','2025-11-12 12:47:47'),(2793,61,'Raleigh, North Carolina','raleigh-north-carolina',NULL,NULL,NULL,NULL,NULL,0,'1','0','2025-11-12 12:47:47'),(2794,61,'Colorado Springs, Colorado','colorado-springs-colorado',NULL,NULL,NULL,NULL,NULL,0,'1','0','2025-11-12 12:47:47'),(2795,61,'Miami, Florida','miami-florida',NULL,NULL,NULL,NULL,NULL,0,'1','0','2025-11-12 12:47:47'),(2796,61,'Virginia Beach, Virginia','virginia-beach-virginia',NULL,NULL,NULL,NULL,NULL,0,'1','0','2025-11-12 12:47:47'),(2797,61,'Oakland, California','oakland-california',NULL,NULL,NULL,NULL,NULL,0,'1','0','2025-11-12 12:47:47'),(2798,61,'Minneapolis, Minnesota','minneapolis-minnesota',NULL,NULL,NULL,NULL,NULL,0,'1','0','2025-11-12 12:47:47'),(2799,61,'Tulsa, Oklahoma','tulsa-oklahoma',NULL,NULL,NULL,NULL,NULL,0,'1','0','2025-11-12 12:47:47'),(2800,61,'Arlington, Texas','arlington-texas',NULL,NULL,NULL,NULL,NULL,0,'1','0','2025-11-12 12:47:47'),(2801,61,'New Orleans, Louisiana','new-orleans-louisiana',NULL,NULL,NULL,NULL,NULL,0,'1','0','2025-11-12 12:47:47'),(2802,61,'Wichita, Kansas','wichita-kansas',NULL,NULL,NULL,NULL,NULL,0,'1','0','2025-11-12 12:47:47'),(2803,61,'Cleveland, Ohio','cleveland-ohio',NULL,NULL,NULL,NULL,NULL,0,'1','0','2025-11-12 12:47:47'),(2804,61,'Tampa, Florida','tampa-florida',NULL,NULL,NULL,NULL,NULL,0,'1','0','2025-11-12 12:47:47'),(2805,61,'Bakersfield, California','bakersfield-california',NULL,NULL,NULL,NULL,NULL,0,'1','0','2025-11-12 12:47:47'),(2806,61,'Aurora, Colorado','aurora-colorado',NULL,NULL,NULL,NULL,NULL,0,'1','0','2025-11-12 12:47:47'),(2807,61,'Anaheim, California','anaheim-california',NULL,NULL,NULL,NULL,NULL,0,'1','0','2025-11-12 12:47:47'),(2808,61,'Honolulu, Hawaii','honolulu-hawaii',NULL,NULL,NULL,NULL,NULL,0,'1','0','2025-11-12 12:47:47'),(2809,61,'Santa Ana, California','santa-ana-california',NULL,NULL,NULL,NULL,NULL,0,'1','0','2025-11-12 12:47:47'),(2810,61,'Riverside, California','riverside-california',NULL,NULL,NULL,NULL,NULL,0,'1','0','2025-11-12 12:47:47'),(2811,61,'Corpus Christi, Texas','corpus-christi-texas',NULL,NULL,NULL,NULL,NULL,0,'1','0','2025-11-12 12:47:47'),(2812,61,'Lexington, Kentucky','lexington-kentucky',NULL,NULL,NULL,NULL,NULL,0,'1','0','2025-11-12 12:47:47'),(2813,61,'Stockton, California','stockton-california',NULL,NULL,NULL,NULL,NULL,0,'1','0','2025-11-12 12:47:47'),(2814,61,'St. Louis Missouri','st-louis-missouri',NULL,NULL,NULL,NULL,NULL,0,'1','0','2025-11-12 12:47:47'),(2815,61,'Saint Paul, Minnesota','saint-paul-minnesota',NULL,NULL,NULL,NULL,NULL,0,'1','0','2025-11-12 12:47:47'),(2816,61,'Henderson, Nevada','henderson-nevada',NULL,NULL,NULL,NULL,NULL,0,'1','0','2025-11-12 12:47:47'),(2817,61,'Pittsburgh, Pennsylvania','pittsburgh-pennsylvania',NULL,NULL,NULL,NULL,NULL,0,'1','0','2025-11-12 12:47:47'),(2818,61,'Cincinnati, Ohio','cincinnati-ohio',NULL,NULL,NULL,NULL,NULL,0,'1','0','2025-11-12 12:47:47'),(2819,61,'Anchorage, Alaska','anchorage-alaska',NULL,NULL,NULL,NULL,NULL,0,'1','0','2025-11-12 12:47:47'),(2820,61,'Greensboro, North Carolina','greensboro-north-carolina',NULL,NULL,NULL,NULL,NULL,0,'1','0','2025-11-12 12:47:47'),(2821,61,'Plano, Texas','plano-texas',NULL,NULL,NULL,NULL,NULL,0,'1','0','2025-11-12 12:47:47'),(2822,61,'Newark, New Jersey','newark-new-jersey',NULL,NULL,NULL,NULL,NULL,0,'1','0','2025-11-12 12:47:47'),(2823,61,'Lincoln, Nebraska','lincoln-nebraska',NULL,NULL,NULL,NULL,NULL,0,'1','0','2025-11-12 12:47:47'),(2824,61,'Orlando, Florida','orlando-florida',NULL,NULL,NULL,NULL,NULL,0,'1','0','2025-11-12 12:47:47'),(2825,61,'Irvine, California','irvine-california',NULL,NULL,NULL,NULL,NULL,0,'1','0','2025-11-12 12:47:47'),(2826,61,'Toledo, Ohio','toledo-ohio',NULL,NULL,NULL,NULL,NULL,0,'1','0','2025-11-12 12:47:47'),(2827,61,'Jersey City, New Jersey','jersey-city-new-jersey',NULL,NULL,NULL,NULL,NULL,0,'1','0','2025-11-12 12:47:47'),(2828,61,'Chula Vista, California','chula-vista-california',NULL,NULL,NULL,NULL,NULL,0,'1','0','2025-11-12 12:47:47'),(2829,61,'Durham, North Carolina','durham-north-carolina',NULL,NULL,NULL,NULL,NULL,0,'1','0','2025-11-12 12:47:47'),(2830,61,'Fort Wayne, Indiana','fort-wayne-indiana',NULL,NULL,NULL,NULL,NULL,0,'1','0','2025-11-12 12:47:47'),(2831,61,'St. Petersburg Florida','st-petersburg-florida',NULL,NULL,NULL,NULL,NULL,0,'1','0','2025-11-12 12:47:47'),(2832,61,'Laredo, Texas','laredo-texas',NULL,NULL,NULL,NULL,NULL,0,'1','0','2025-11-12 12:47:47'),(2833,61,'Buffalo, New York','buffalo-new-york',NULL,NULL,NULL,NULL,NULL,0,'1','0','2025-11-12 12:47:47'),(2834,61,'Madison, Wisconsin','madison-wisconsin',NULL,NULL,NULL,NULL,NULL,0,'1','0','2025-11-12 12:47:47'),(2835,61,'Lubbock, Texas','lubbock-texas',NULL,NULL,NULL,NULL,NULL,0,'1','0','2025-11-12 12:47:47'),(2836,61,'Chandler, Arizona','chandler-arizona',NULL,NULL,NULL,NULL,NULL,0,'1','0','2025-11-12 12:47:47'),(2837,61,'Scottsdale, Arizona','scottsdale-arizona',NULL,NULL,NULL,NULL,NULL,0,'1','0','2025-11-12 12:47:47'),(2838,61,'Reno, Nevada','reno-nevada',NULL,NULL,NULL,NULL,NULL,0,'1','0','2025-11-12 12:47:47'),(2839,61,'Glendale, Arizona','glendale-arizona',NULL,NULL,NULL,NULL,NULL,0,'1','0','2025-11-12 12:47:47'),(2840,61,'Norfolk, Virginia','norfolk-virginia',NULL,NULL,NULL,NULL,NULL,0,'1','0','2025-11-12 12:47:47'),(2841,61,'Winston Salem, North Carolina','winston-salem-north-carolina',NULL,NULL,NULL,NULL,NULL,0,'1','0','2025-11-12 12:47:47'),(2842,61,'North Las Vegas, Nevada','north-las-vegas-nevada',NULL,NULL,NULL,NULL,NULL,0,'1','0','2025-11-12 12:47:47'),(2843,61,'Gilbert, Arizona','gilbert-arizona',NULL,NULL,NULL,NULL,NULL,0,'1','0','2025-11-12 12:47:47'),(2844,61,'Chesapeake, Virginia','chesapeake-virginia',NULL,NULL,NULL,NULL,NULL,0,'1','0','2025-11-12 12:47:47'),(2845,61,'Irving, Texas','irving-texas',NULL,NULL,NULL,NULL,NULL,0,'1','0','2025-11-12 12:47:47'),(2846,61,'Hialeah, Florida','hialeah-florida',NULL,NULL,NULL,NULL,NULL,0,'1','0','2025-11-12 12:47:47'),(2847,61,'Garland, Texas','garland-texas',NULL,NULL,NULL,NULL,NULL,0,'1','0','2025-11-12 12:47:47'),(2848,61,'Fremont, California','fremont-california',NULL,NULL,NULL,NULL,NULL,0,'1','0','2025-11-12 12:47:47'),(2849,61,'Richmond, Virginia','richmond-virginia',NULL,NULL,NULL,NULL,NULL,0,'1','0','2025-11-12 12:47:47'),(2850,61,'Boise, Idaho','boise-idaho',NULL,NULL,NULL,NULL,NULL,0,'1','0','2025-11-12 12:47:47'),(2851,61,'Baton Rouge, Louisiana','baton-rouge-louisiana',NULL,NULL,NULL,NULL,NULL,0,'1','0','2025-11-12 12:47:47'),(2852,61,'Des Moines, Iowa','des-moines-iowa',NULL,NULL,NULL,NULL,NULL,0,'1','0','2025-11-12 12:47:47'),(2853,61,'Spokane, Washington','spokane-washington',NULL,NULL,NULL,NULL,NULL,0,'1','0','2025-11-12 12:47:47'),(2854,61,'San Bernardino, California','san-bernardino-california',NULL,NULL,NULL,NULL,NULL,0,'1','0','2025-11-12 12:47:47'),(2855,61,'Modesto, California','modesto-california',NULL,NULL,NULL,NULL,NULL,0,'1','0','2025-11-12 12:47:47'),(2856,61,'Tacoma, Washington','tacoma-washington',NULL,NULL,NULL,NULL,NULL,0,'1','0','2025-11-12 12:47:47'),(2857,61,'Fontana, California','fontana-california',NULL,NULL,NULL,NULL,NULL,0,'1','0','2025-11-12 12:47:47'),(2858,61,'Santa Clarita, California','santa-clarita-california',NULL,NULL,NULL,NULL,NULL,0,'1','0','2025-11-12 12:47:47'),(2859,61,'Birmingham, Alabama','birmingham-alabama',NULL,NULL,NULL,NULL,NULL,0,'1','0','2025-11-12 12:47:47'),(2860,61,'Oxnard, California','oxnard-california',NULL,NULL,NULL,NULL,NULL,0,'1','0','2025-11-12 12:47:47'),(2861,61,'Fayetteville, North Carolina','fayetteville-north-carolina',NULL,NULL,NULL,NULL,NULL,0,'1','0','2025-11-12 12:47:47'),(2862,61,'Rochester, New York','rochester-new-york',NULL,NULL,NULL,NULL,NULL,0,'1','0','2025-11-12 12:47:47'),(2863,61,'Moreno Valley, California','moreno-valley-california',NULL,NULL,NULL,NULL,NULL,0,'1','0','2025-11-12 12:47:47'),(2864,61,'Glendale, California','glendale-california',NULL,NULL,NULL,NULL,NULL,0,'1','0','2025-11-12 12:47:47'),(2865,61,'Yonkers, New York','yonkers-new-york',NULL,NULL,NULL,NULL,NULL,0,'1','0','2025-11-12 12:47:47'),(2866,61,'Huntington Beach, California','huntington-beach-california',NULL,NULL,NULL,NULL,NULL,0,'1','0','2025-11-12 12:47:47'),(2867,61,'Aurora, Illinois','aurora-illinois',NULL,NULL,NULL,NULL,NULL,0,'1','0','2025-11-12 12:47:47'),(2868,61,'Salt Lake City, Utah','salt-lake-city-utah',NULL,NULL,NULL,NULL,NULL,0,'1','0','2025-11-12 12:47:47'),(2869,61,'Amarillo, Texas','amarillo-texas',NULL,NULL,NULL,NULL,NULL,0,'1','0','2025-11-12 12:47:47'),(2870,61,'Montgomery, Alabama','montgomery-alabama',NULL,NULL,NULL,NULL,NULL,0,'1','0','2025-11-12 12:47:47'),(2871,61,'Grand Rapids, Michigan','grand-rapids-michigan',NULL,NULL,NULL,NULL,NULL,0,'1','0','2025-11-12 12:47:47'),(2872,61,'Little Rock, Arkansas','little-rock-arkansas',NULL,NULL,NULL,NULL,NULL,0,'1','0','2025-11-12 12:47:47'),(2873,61,'Akron, Ohio','akron-ohio',NULL,NULL,NULL,NULL,NULL,0,'1','0','2025-11-12 12:47:47'),(2874,61,'Augusta, Georgia','augusta-georgia',NULL,NULL,NULL,NULL,NULL,0,'1','0','2025-11-12 12:47:47'),(2875,61,'Huntsville, Alabama','huntsville-alabama',NULL,NULL,NULL,NULL,NULL,0,'1','0','2025-11-12 12:47:47'),(2876,61,'Columbus, Georgia','columbus-georgia',NULL,NULL,NULL,NULL,NULL,0,'1','0','2025-11-12 12:47:47'),(2877,61,'Grand Prairie, Texas','grand-prairie-texas',NULL,NULL,NULL,NULL,NULL,0,'1','0','2025-11-12 12:47:47'),(2878,61,'Shreveport, Louisiana','shreveport-louisiana',NULL,NULL,NULL,NULL,NULL,0,'1','0','2025-11-12 12:47:47'),(2879,61,'Overland Park, Kansas','overland-park-kansas',NULL,NULL,NULL,NULL,NULL,0,'1','0','2025-11-12 12:47:47'),(2880,61,'Tallahassee, Florida','tallahassee-florida',NULL,NULL,NULL,NULL,NULL,0,'1','0','2025-11-12 12:47:47'),(2881,61,'Mobile, Alabama','mobile-alabama',NULL,NULL,NULL,NULL,NULL,0,'1','0','2025-11-12 12:47:47'),(2882,61,'Port St. Lucie, Florida','port-st-lucie-florida',NULL,NULL,NULL,NULL,NULL,0,'1','0','2025-11-12 12:47:47'),(2883,61,'Knoxville, Tennessee','knoxville-tennessee',NULL,NULL,NULL,NULL,NULL,0,'1','0','2025-11-12 12:47:47'),(2884,61,'Worcester, Massachusetts','worcester-massachusetts',NULL,NULL,NULL,NULL,NULL,0,'1','0','2025-11-12 12:47:47'),(2885,61,'Tempe, Arizona','tempe-arizona',NULL,NULL,NULL,NULL,NULL,0,'1','0','2025-11-12 12:47:47'),(2886,61,'Cape Coral, Florida','cape-coral-florida',NULL,NULL,NULL,NULL,NULL,0,'1','0','2025-11-12 12:47:47'),(2887,61,'Brownsville, Texas','brownsville-texas',NULL,NULL,NULL,NULL,NULL,0,'1','0','2025-11-12 12:47:47'),(2888,61,'McKinney, Texas','mckinney-texas',NULL,NULL,NULL,NULL,NULL,0,'1','0','2025-11-12 12:47:47'),(2889,61,'Providence, Rhode Island','providence-rhode-island',NULL,NULL,NULL,NULL,NULL,0,'1','0','2025-11-12 12:47:47'),(2890,61,'Fort Lauderdale, Florida','fort-lauderdale-florida',NULL,NULL,NULL,NULL,NULL,0,'1','0','2025-11-12 12:47:47'),(2891,61,'Newport News, Virginia','newport-news-virginia',NULL,NULL,NULL,NULL,NULL,0,'1','0','2025-11-12 12:47:47'),(2892,61,'Chattanooga, Tennessee','chattanooga-tennessee',NULL,NULL,NULL,NULL,NULL,0,'1','0','2025-11-12 12:47:47'),(2893,61,'Rancho Cucamonga, California','rancho-cucamonga-california',NULL,NULL,NULL,NULL,NULL,0,'1','0','2025-11-12 12:47:47'),(2894,61,'Frisco, Texas','frisco-texas',NULL,NULL,NULL,NULL,NULL,0,'1','0','2025-11-12 12:47:47'),(2895,61,'Sioux Falls, South Dakota','sioux-falls-south-dakota',NULL,NULL,NULL,NULL,NULL,0,'1','0','2025-11-12 12:47:47'),(2896,61,'Oceanside, California','oceanside-california',NULL,NULL,NULL,NULL,NULL,0,'1','0','2025-11-12 12:47:47'),(2897,61,'Ontario, California','ontario-california',NULL,NULL,NULL,NULL,NULL,0,'1','0','2025-11-12 12:47:47'),(2898,61,'Vancouver, Washington','vancouver-washington',NULL,NULL,NULL,NULL,NULL,0,'1','0','2025-11-12 12:47:47'),(2899,61,'Santa Rosa, California','santa-rosa-california',NULL,NULL,NULL,NULL,NULL,0,'1','0','2025-11-12 12:47:47'),(2900,61,'Garden Grove, California','garden-grove-california',NULL,NULL,NULL,NULL,NULL,0,'1','0','2025-11-12 12:47:47'),(2901,61,'Elk Grove, California','elk-grove-california',NULL,NULL,NULL,NULL,NULL,0,'1','0','2025-11-12 12:47:47'),(2902,61,'Pembroke Pines, Florida','pembroke-pines-florida',NULL,NULL,NULL,NULL,NULL,0,'1','0','2025-11-12 12:47:47'),(2903,61,'Salem, Oregon','salem-oregon',NULL,NULL,NULL,NULL,NULL,0,'1','0','2025-11-12 12:47:47'),(2904,61,'Eugene, Oregon','eugene-oregon',NULL,NULL,NULL,NULL,NULL,0,'1','0','2025-11-12 12:47:47'),(2905,61,'Peoria, Arizona','peoria-arizona',NULL,NULL,NULL,NULL,NULL,0,'1','0','2025-11-12 12:47:47'),(2906,61,'Corona, California','corona-california',NULL,NULL,NULL,NULL,NULL,0,'1','0','2025-11-12 12:47:47'),(2907,61,'Springfield, Missouri','springfield-missouri',NULL,NULL,NULL,NULL,NULL,0,'1','0','2025-11-12 12:47:47'),(2908,61,'Jackson, Mississippi','jackson-mississippi',NULL,NULL,NULL,NULL,NULL,0,'1','0','2025-11-12 12:47:47'),(2909,61,'Cary, North Carolina','cary-north-carolina',NULL,NULL,NULL,NULL,NULL,0,'1','0','2025-11-12 12:47:47'),(2910,61,'Fort Collins, Colorado','fort-collins-colorado',NULL,NULL,NULL,NULL,NULL,0,'1','0','2025-11-12 12:47:47'),(2911,61,'Hayward, California','hayward-california',NULL,NULL,NULL,NULL,NULL,0,'1','0','2025-11-12 12:47:47'),(2912,61,'Lancaster, California','lancaster-california',NULL,NULL,NULL,NULL,NULL,0,'1','0','2025-11-12 12:47:47'),(2913,61,'Alexandria, Virginia','alexandria-virginia',NULL,NULL,NULL,NULL,NULL,0,'1','0','2025-11-12 12:47:47'),(2914,61,'Salinas, California','salinas-california',NULL,NULL,NULL,NULL,NULL,0,'1','0','2025-11-12 12:47:47'),(2915,61,'Palmdale, California','palmdale-california',NULL,NULL,NULL,NULL,NULL,0,'1','0','2025-11-12 12:47:47'),(2916,61,'Lakewood, Colorado','lakewood-colorado',NULL,NULL,NULL,NULL,NULL,0,'1','0','2025-11-12 12:47:47'),(2917,61,'Springfield, Massachusetts','springfield-massachusetts',NULL,NULL,NULL,NULL,NULL,0,'1','0','2025-11-12 12:47:47'),(2918,61,'Sunnyvale, California','sunnyvale-california',NULL,NULL,NULL,NULL,NULL,0,'1','0','2025-11-12 12:47:47'),(2919,61,'Hollywood, Florida','hollywood-florida',NULL,NULL,NULL,NULL,NULL,0,'1','0','2025-11-12 12:47:47'),(2920,61,'Pasadena, Texas','pasadena-texas',NULL,NULL,NULL,NULL,NULL,0,'1','0','2025-11-12 12:47:47'),(2921,61,'Clarksville, Tennessee','clarksville-tennessee',NULL,NULL,NULL,NULL,NULL,0,'1','0','2025-11-12 12:47:47'),(2922,61,'Pomona, California','pomona-california',NULL,NULL,NULL,NULL,NULL,0,'1','0','2025-11-12 12:47:47'),(2923,61,'Kansas City, Kansas','kansas-city-kansas',NULL,NULL,NULL,NULL,NULL,0,'1','0','2025-11-12 12:47:47'),(2924,61,'Macon, Georgia','macon-georgia',NULL,NULL,NULL,NULL,NULL,0,'1','0','2025-11-12 12:47:47'),(2925,61,'Escondido, California','escondido-california',NULL,NULL,NULL,NULL,NULL,0,'1','0','2025-11-12 12:47:47'),(2926,61,'Paterson, New Jersey','paterson-new-jersey',NULL,NULL,NULL,NULL,NULL,0,'1','0','2025-11-12 12:47:47'),(2927,61,'Joliet, Illinois','joliet-illinois',NULL,NULL,NULL,NULL,NULL,0,'1','0','2025-11-12 12:47:47'),(2928,61,'Naperville, Illinois','naperville-illinois',NULL,NULL,NULL,NULL,NULL,0,'1','0','2025-11-12 12:47:47'),(2929,61,'Rockford, Illinois','rockford-illinois',NULL,NULL,NULL,NULL,NULL,0,'1','0','2025-11-12 12:47:47'),(2930,61,'Torrance, California','torrance-california',NULL,NULL,NULL,NULL,NULL,0,'1','0','2025-11-12 12:47:47'),(2931,61,'Bridgeport, Connecticut','bridgeport-connecticut',NULL,NULL,NULL,NULL,NULL,0,'1','0','2025-11-12 12:47:47'),(2932,61,'Savannah, Georgia','savannah-georgia',NULL,NULL,NULL,NULL,NULL,0,'1','0','2025-11-12 12:47:47'),(2933,61,'Killeen, Texas','killeen-texas',NULL,NULL,NULL,NULL,NULL,0,'1','0','2025-11-12 12:47:47'),(2934,61,'Bellevue, Washington','bellevue-washington',NULL,NULL,NULL,NULL,NULL,0,'1','0','2025-11-12 12:47:47'),(2935,61,'Mesquite, Texas','mesquite-texas',NULL,NULL,NULL,NULL,NULL,0,'1','0','2025-11-12 12:47:47'),(2936,61,'Syracuse, New York','syracuse-new-york',NULL,NULL,NULL,NULL,NULL,0,'1','0','2025-11-12 12:47:47'),(2937,61,'McAllen, Texas','mcallen-texas',NULL,NULL,NULL,NULL,NULL,0,'1','0','2025-11-12 12:47:47'),(2938,61,'Pasadena, California','pasadena-california',NULL,NULL,NULL,NULL,NULL,0,'1','0','2025-11-12 12:47:47'),(2939,61,'Orange, California','orange-california',NULL,NULL,NULL,NULL,NULL,0,'1','0','2025-11-12 12:47:47'),(2940,61,'Fullerton, California','fullerton-california',NULL,NULL,NULL,NULL,NULL,0,'1','0','2025-11-12 12:47:47'),(2941,61,'Dayton, Ohio','dayton-ohio',NULL,NULL,NULL,NULL,NULL,0,'1','0','2025-11-12 12:47:47'),(2942,61,'Miramar, Florida','miramar-florida',NULL,NULL,NULL,NULL,NULL,0,'1','0','2025-11-12 12:47:47'),(2943,61,'Olathe, Kansas','olathe-kansas',NULL,NULL,NULL,NULL,NULL,0,'1','0','2025-11-12 12:47:47'),(2944,61,'Thornton, Colorado','thornton-colorado',NULL,NULL,NULL,NULL,NULL,0,'1','0','2025-11-12 12:47:47'),(2945,61,'Waco, Texas','waco-texas',NULL,NULL,NULL,NULL,NULL,0,'1','0','2025-11-12 12:47:47'),(2946,61,'Murfreesboro, Tennessee','murfreesboro-tennessee',NULL,NULL,NULL,NULL,NULL,0,'1','0','2025-11-12 12:47:47'),(2947,61,'Denton, Texas','denton-texas',NULL,NULL,NULL,NULL,NULL,0,'1','0','2025-11-12 12:47:47'),(2948,61,'West Valley City, Utah','west-valley-city-utah',NULL,NULL,NULL,NULL,NULL,0,'1','0','2025-11-12 12:47:47'),(2949,61,'Midland, Texas','midland-texas',NULL,NULL,NULL,NULL,NULL,0,'1','0','2025-11-12 12:47:47'),(2950,61,'Carrollton, Texas','carrollton-texas',NULL,NULL,NULL,NULL,NULL,0,'1','0','2025-11-12 12:47:47'),(2951,61,'Roseville, California','roseville-california',NULL,NULL,NULL,NULL,NULL,0,'1','0','2025-11-12 12:47:47'),(2952,61,'Warren, Michigan','warren-michigan',NULL,NULL,NULL,NULL,NULL,0,'1','0','2025-11-12 12:47:47'),(2953,61,'Charleston, South Carolina','charleston-south-carolina',NULL,NULL,NULL,NULL,NULL,0,'1','0','2025-11-12 12:47:47'),(2954,61,'Hampton, Virginia','hampton-virginia',NULL,NULL,NULL,NULL,NULL,0,'1','0','2025-11-12 12:47:47'),(2955,61,'Surprise, Arizona','surprise-arizona',NULL,NULL,NULL,NULL,NULL,0,'1','0','2025-11-12 12:47:47'),(2956,61,'Columbia, South Carolina','columbia-south-carolina',NULL,NULL,NULL,NULL,NULL,0,'1','0','2025-11-12 12:47:47'),(2957,61,'Coral Springs, Florida','coral-springs-florida',NULL,NULL,NULL,NULL,NULL,0,'1','0','2025-11-12 12:47:47'),(2958,61,'Visalia, California','visalia-california',NULL,NULL,NULL,NULL,NULL,0,'1','0','2025-11-12 12:47:47'),(2959,61,'Sterling Heights, Michigan','sterling-heights-michigan',NULL,NULL,NULL,NULL,NULL,0,'1','0','2025-11-12 12:47:47'),(2960,61,'Gainesville, Florida','gainesville-florida',NULL,NULL,NULL,NULL,NULL,0,'1','0','2025-11-12 12:47:47'),(2961,61,'Cedar Rapids, Iowa','cedar-rapids-iowa',NULL,NULL,NULL,NULL,NULL,0,'1','0','2025-11-12 12:47:47'),(2962,61,'New Haven, Connecticut','new-haven-connecticut',NULL,NULL,NULL,NULL,NULL,0,'1','0','2025-11-12 12:47:47'),(2963,61,'Stamford, Connecticut','stamford-connecticut',NULL,NULL,NULL,NULL,NULL,0,'1','0','2025-11-12 12:47:47'),(2964,61,'Elizabeth, New Jersey','elizabeth-new-jersey',NULL,NULL,NULL,NULL,NULL,0,'1','0','2025-11-12 12:47:47'),(2965,61,'Concord, California','concord-california',NULL,NULL,NULL,NULL,NULL,0,'1','0','2025-11-12 12:47:47'),(2966,61,'Thousand Oaks, California','thousand-oaks-california',NULL,NULL,NULL,NULL,NULL,0,'1','0','2025-11-12 12:47:47'),(2967,61,'Kent, Washington','kent-washington',NULL,NULL,NULL,NULL,NULL,0,'1','0','2025-11-12 12:47:47'),(2968,61,'Santa Clara, California','santa-clara-california',NULL,NULL,NULL,NULL,NULL,0,'1','0','2025-11-12 12:47:47'),(2969,61,'Simi Valley, California','simi-valley-california',NULL,NULL,NULL,NULL,NULL,0,'1','0','2025-11-12 12:47:47'),(2970,61,'Lafayette, Louisiana','lafayette-louisiana',NULL,NULL,NULL,NULL,NULL,0,'1','0','2025-11-12 12:47:47'),(2971,61,'Topeka, Kansas','topeka-kansas',NULL,NULL,NULL,NULL,NULL,0,'1','0','2025-11-12 12:47:47'),(2972,61,'Athens, Georgia','athens-georgia',NULL,NULL,NULL,NULL,NULL,0,'1','0','2025-11-12 12:47:47'),(2973,61,'Round Rock, Texas','round-rock-texas',NULL,NULL,NULL,NULL,NULL,0,'1','0','2025-11-12 12:47:47'),(2974,61,'Hartford, Connecticut','hartford-connecticut',NULL,NULL,NULL,NULL,NULL,0,'1','0','2025-11-12 12:47:47'),(2975,61,'Norman, Oklahoma','norman-oklahoma',NULL,NULL,NULL,NULL,NULL,0,'1','0','2025-11-12 12:47:47'),(2976,61,'Victorville, California','victorville-california',NULL,NULL,NULL,NULL,NULL,0,'1','0','2025-11-12 12:47:47'),(2977,61,'Fargo, North Dakota','fargo-north-dakota',NULL,NULL,NULL,NULL,NULL,0,'1','0','2025-11-12 12:47:47'),(2978,61,'Berkeley, California','berkeley-california',NULL,NULL,NULL,NULL,NULL,0,'1','0','2025-11-12 12:47:47'),(2979,61,'Vallejo, California','vallejo-california',NULL,NULL,NULL,NULL,NULL,0,'1','0','2025-11-12 12:47:47'),(2980,61,'Abilene, Texas','abilene-texas',NULL,NULL,NULL,NULL,NULL,0,'1','0','2025-11-12 12:47:47'),(2981,61,'Columbia, Missouri','columbia-missouri',NULL,NULL,NULL,NULL,NULL,0,'1','0','2025-11-12 12:47:47'),(2982,61,'Ann Arbor, Michigan','ann-arbor-michigan',NULL,NULL,NULL,NULL,NULL,0,'1','0','2025-11-12 12:47:47'),(2983,61,'Allentown, Pennsylvania','allentown-pennsylvania',NULL,NULL,NULL,NULL,NULL,0,'1','0','2025-11-12 12:47:47'),(2984,61,'Pearland, Texas','pearland-texas',NULL,NULL,NULL,NULL,NULL,0,'1','0','2025-11-12 12:47:47'),(2985,61,'Beaumont, Texas','beaumont-texas',NULL,NULL,NULL,NULL,NULL,0,'1','0','2025-11-12 12:47:47'),(2986,61,'Wilmington, North Carolina','wilmington-north-carolina',NULL,NULL,NULL,NULL,NULL,0,'1','0','2025-11-12 12:47:47'),(2987,61,'Evansville, Indiana','evansville-indiana',NULL,NULL,NULL,NULL,NULL,0,'1','0','2025-11-12 12:47:47'),(2988,61,'Arvada, Colorado','arvada-colorado',NULL,NULL,NULL,NULL,NULL,0,'1','0','2025-11-12 12:47:47'),(2989,61,'Provo, Utah','provo-utah',NULL,NULL,NULL,NULL,NULL,0,'1','0','2025-11-12 12:47:47'),(2990,61,'Independence, Missouri','independence-missouri',NULL,NULL,NULL,NULL,NULL,0,'1','0','2025-11-12 12:47:47'),(2991,61,'Lansing, Michigan','lansing-michigan',NULL,NULL,NULL,NULL,NULL,0,'1','0','2025-11-12 12:47:47'),(2992,61,'Odessa, Texas','odessa-texas',NULL,NULL,NULL,NULL,NULL,0,'1','0','2025-11-12 12:47:47'),(2993,61,'Richardson, Texas','richardson-texas',NULL,NULL,NULL,NULL,NULL,0,'1','0','2025-11-12 12:47:47'),(2994,61,'Fairfield, California','fairfield-california',NULL,NULL,NULL,NULL,NULL,0,'1','0','2025-11-12 12:47:47'),(2995,61,'El Monte, California','el-monte-california',NULL,NULL,NULL,NULL,NULL,0,'1','0','2025-11-12 12:47:47'),(2996,61,'Rochester, Minnesota','rochester-minnesota',NULL,NULL,NULL,NULL,NULL,0,'1','0','2025-11-12 12:47:47'),(2997,61,'Clearwater, Florida','clearwater-florida',NULL,NULL,NULL,NULL,NULL,0,'1','0','2025-11-12 12:47:47'),(2998,61,'Carlsbad, California','carlsbad-california',NULL,NULL,NULL,NULL,NULL,0,'1','0','2025-11-12 12:47:47'),(2999,61,'Springfield, Illinois','springfield-illinois',NULL,NULL,NULL,NULL,NULL,0,'1','0','2025-11-12 12:47:47'),(3000,61,'Temecula, California','temecula-california',NULL,NULL,NULL,NULL,NULL,0,'1','0','2025-11-12 12:47:47'),(3001,61,'West Jordan, Utah','west-jordan-utah',NULL,NULL,NULL,NULL,NULL,0,'1','0','2025-11-12 12:47:47'),(3002,61,'Costa Mesa, California','costa-mesa-california',NULL,NULL,NULL,NULL,NULL,0,'1','0','2025-11-12 12:47:47'),(3003,61,'Miami Gardens, Florida','miami-gardens-florida',NULL,NULL,NULL,NULL,NULL,0,'1','0','2025-11-12 12:47:47'),(3004,61,'Cambridge, Massachusetts','cambridge-massachusetts',NULL,NULL,NULL,NULL,NULL,0,'1','0','2025-11-12 12:47:47'),(3005,61,'College Station, Texas','college-station-texas',NULL,NULL,NULL,NULL,NULL,0,'1','0','2025-11-12 12:47:47'),(3006,61,'Murrieta, California','murrieta-california',NULL,NULL,NULL,NULL,NULL,0,'1','0','2025-11-12 12:47:47'),(3007,61,'Downey, California','downey-california',NULL,NULL,NULL,NULL,NULL,0,'1','0','2025-11-12 12:47:47'),(3008,61,'Peoria, Illinois','peoria-illinois',NULL,NULL,NULL,NULL,NULL,0,'1','0','2025-11-12 12:47:47'),(3009,61,'Westminster, Colorado','westminster-colorado',NULL,NULL,NULL,NULL,NULL,0,'1','0','2025-11-12 12:47:47'),(3010,61,'Elgin, Illinois','elgin-illinois',NULL,NULL,NULL,NULL,NULL,0,'1','0','2025-11-12 12:47:47'),(3011,61,'Antioch, California','antioch-california',NULL,NULL,NULL,NULL,NULL,0,'1','0','2025-11-12 12:47:47'),(3012,61,'Palm Bay, Florida','palm-bay-florida',NULL,NULL,NULL,NULL,NULL,0,'1','0','2025-11-12 12:47:47'),(3013,61,'High Point, North Carol','high-point-north-carol',NULL,NULL,NULL,NULL,NULL,0,'1','0','2025-11-12 12:47:47'),(3014,67,'Mendoza','mendoza',NULL,NULL,NULL,NULL,NULL,0,'1','0','2025-11-12 12:51:23'),(3015,67,'La Plata','la-plata',NULL,NULL,NULL,NULL,NULL,0,'1','0','2025-11-12 12:51:23'),(3016,67,'San Miguel de Tucuman','san-miguel-de-tucuman',NULL,NULL,NULL,NULL,NULL,0,'1','0','2025-11-12 12:51:23'),(3017,67,'Mar del Plata','mar-del-plata',NULL,NULL,NULL,NULL,NULL,0,'1','0','2025-11-12 12:51:23'),(3018,67,'Salta','salta',NULL,NULL,NULL,NULL,NULL,0,'1','0','2025-11-12 12:51:23'),(3019,67,'Santa Fe','santa-fe',NULL,NULL,NULL,NULL,NULL,0,'1','0','2025-11-12 12:51:23'),(3020,67,'San Juan','san-juan',NULL,NULL,NULL,NULL,NULL,0,'1','0','2025-11-12 12:51:23'),(3021,67,'Resistencia','resistencia',NULL,NULL,NULL,NULL,NULL,0,'1','0','2025-11-12 12:51:23'),(3022,67,'Neuquen','neuquen',NULL,NULL,NULL,NULL,NULL,0,'1','0','2025-11-12 12:51:23'),(3023,67,'Santiago del Estero','santiago-del-estero',NULL,NULL,NULL,NULL,NULL,0,'1','0','2025-11-12 12:51:23'),(3024,67,'Corrientes','corrientes',NULL,NULL,NULL,NULL,NULL,0,'1','0','2025-11-12 12:51:23'),(3025,67,'Bahia Blanca','bahia-blanca',NULL,NULL,NULL,NULL,NULL,0,'1','0','2025-11-12 12:51:23'),(3026,67,'Posadas','posadas',NULL,NULL,NULL,NULL,NULL,0,'1','0','2025-11-12 12:51:23'),(3027,67,'San Salvador de Jujuy','san-salvador-de-jujuy',NULL,NULL,NULL,NULL,NULL,0,'1','0','2025-11-12 12:51:23'),(3028,67,'Parana','parana',NULL,NULL,NULL,NULL,NULL,0,'1','0','2025-11-12 12:51:23'),(3029,67,'San Luis','san-luis',NULL,NULL,NULL,NULL,NULL,0,'1','0','2025-11-12 12:51:23'),(3030,67,'Comodoro Rivadavia','comodoro-rivadavia',NULL,NULL,NULL,NULL,NULL,0,'1','0','2025-11-12 12:51:23'),(3031,67,'Rio Cuarto','rio-cuarto',NULL,NULL,NULL,NULL,NULL,0,'1','0','2025-11-12 12:51:23'),(3032,67,'Trelew','trelew',NULL,NULL,NULL,NULL,NULL,0,'1','0','2025-11-12 12:51:23'),(3033,67,'Bariloche (San Carlos de Bariloche)','bariloche-san-carlos-de-bariloche',NULL,NULL,NULL,NULL,NULL,0,'1','0','2025-11-12 12:51:23'),(3034,67,'Villa Maria','villa-maria',NULL,NULL,NULL,NULL,NULL,0,'1','0','2025-11-12 12:51:23'),(3035,67,'Formosa','formosa',NULL,NULL,NULL,NULL,NULL,0,'1','0','2025-11-12 12:51:23'),(3036,67,'Buenos Aires','buenos-aires',NULL,NULL,NULL,NULL,NULL,0,'1','0','2025-11-12 12:51:23'),(3037,67,'Rosario','rosario',NULL,NULL,NULL,NULL,NULL,0,'1','0','2025-11-12 12:51:23'),(3038,67,'Cordoba','cordoba',NULL,NULL,NULL,NULL,NULL,0,'1','0','2025-11-12 12:51:23'),(3039,65,'Sao Paulo','sao-paulo',NULL,NULL,NULL,NULL,NULL,0,'1','0','2025-11-12 12:52:14'),(3040,65,'Rio de Janeiro','rio-de-janeiro',NULL,NULL,NULL,NULL,NULL,0,'1','0','2025-11-12 12:52:14'),(3041,65,'Brasilia','brasilia',NULL,NULL,NULL,NULL,NULL,0,'1','0','2025-11-12 12:52:14'),(3042,65,'Salvador','salvador',NULL,NULL,NULL,NULL,NULL,0,'1','0','2025-11-12 12:52:14'),(3043,65,'Fortaleza','fortaleza',NULL,NULL,NULL,NULL,NULL,0,'1','0','2025-11-12 12:52:14'),(3044,65,'Belo Horizonte','belo-horizonte',NULL,NULL,NULL,NULL,NULL,0,'1','0','2025-11-12 12:52:14'),(3045,65,'Manaus','manaus',NULL,NULL,NULL,NULL,NULL,0,'1','0','2025-11-12 12:52:14'),(3046,65,'Curitiba','curitiba',NULL,NULL,NULL,NULL,NULL,0,'1','0','2025-11-12 12:52:14'),(3047,65,'Recife','recife',NULL,NULL,NULL,NULL,NULL,0,'1','0','2025-11-12 12:52:14'),(3048,65,'Porto Alegre','porto-alegre',NULL,NULL,NULL,NULL,NULL,0,'1','0','2025-11-12 12:52:14'),(3049,65,'Belem','belem',NULL,NULL,NULL,NULL,NULL,0,'1','0','2025-11-12 12:52:14'),(3050,65,'Goiania','goiania',NULL,NULL,NULL,NULL,NULL,0,'1','0','2025-11-12 12:52:14'),(3051,65,'Guarulhos','guarulhos',NULL,NULL,NULL,NULL,NULL,0,'1','0','2025-11-12 12:52:14'),(3052,65,'Campinas','campinas',NULL,NULL,NULL,NULL,NULL,0,'1','0','2025-11-12 12:52:14'),(3053,65,'Sao Luis','sao-luis',NULL,NULL,NULL,NULL,NULL,0,'1','0','2025-11-12 12:52:14'),(3054,65,'Sao Goncalo','sao-goncalo',NULL,NULL,NULL,NULL,NULL,0,'1','0','2025-11-12 12:52:14'),(3055,65,'Maceio','maceio',NULL,NULL,NULL,NULL,NULL,0,'1','0','2025-11-12 12:52:14'),(3056,65,'Duque de Caxias','duque-de-caxias',NULL,NULL,NULL,NULL,NULL,0,'1','0','2025-11-12 12:52:14'),(3057,65,'Natal','natal',NULL,NULL,NULL,NULL,NULL,0,'1','0','2025-11-12 12:52:14'),(3058,65,'Teresina','teresina',NULL,NULL,NULL,NULL,NULL,0,'1','0','2025-11-12 12:52:14'),(3059,65,'Nova Iguacu','nova-iguacu',NULL,NULL,NULL,NULL,NULL,0,'1','0','2025-11-12 12:52:14'),(3060,65,'Campo Grande','campo-grande',NULL,NULL,NULL,NULL,NULL,0,'1','0','2025-11-12 12:52:14'),(3061,65,'Joao Pessoa','joao-pessoa',NULL,NULL,NULL,NULL,NULL,0,'1','0','2025-11-12 12:52:14'),(3062,65,'Sao Bernardo do Campo','sao-bernardo-do-campo',NULL,NULL,NULL,NULL,NULL,0,'1','0','2025-11-12 12:52:14'),(3063,65,'Santo Andre','santo-andre',NULL,NULL,NULL,NULL,NULL,0,'1','0','2025-11-12 12:52:14'),(3064,65,'Ribeirao Preto','ribeirao-preto',NULL,NULL,NULL,NULL,NULL,0,'1','0','2025-11-12 12:52:14'),(3065,65,'Osasco','osasco',NULL,NULL,NULL,NULL,NULL,0,'1','0','2025-11-12 12:52:14'),(3066,65,'Uberlandia','uberlandia',NULL,NULL,NULL,NULL,NULL,0,'1','0','2025-11-12 12:52:14'),(3067,65,'Sorocaba','sorocaba',NULL,NULL,NULL,NULL,NULL,0,'1','0','2025-11-12 12:52:14'),(3068,65,'Contagem','contagem',NULL,NULL,NULL,NULL,NULL,0,'1','0','2025-11-12 12:52:14'),(3069,65,'Aracaju','aracaju',NULL,NULL,NULL,NULL,NULL,0,'1','0','2025-11-12 12:52:14'),(3070,65,'Feira de Santana','feira-de-santana',NULL,NULL,NULL,NULL,NULL,0,'1','0','2025-11-12 12:52:14'),(3071,65,'Cuiaba','cuiaba',NULL,NULL,NULL,NULL,NULL,0,'1','0','2025-11-12 12:52:14'),(3072,65,'Joinville','joinville',NULL,NULL,NULL,NULL,NULL,0,'1','0','2025-11-12 12:52:14'),(3073,65,'Aparecida de Goiania','aparecida-de-goiania',NULL,NULL,NULL,NULL,NULL,0,'1','0','2025-11-12 12:52:14'),(3074,65,'Juiz de Fora','juiz-de-fora',NULL,NULL,NULL,NULL,NULL,0,'1','0','2025-11-12 12:52:14'),(3075,65,'Londrina','londrina',NULL,NULL,NULL,NULL,NULL,0,'1','0','2025-11-12 12:52:14'),(3076,65,'Ananindeua','ananindeua',NULL,NULL,NULL,NULL,NULL,0,'1','0','2025-11-12 12:52:14'),(3077,65,'Niteroi','niteroi',NULL,NULL,NULL,NULL,NULL,0,'1','0','2025-11-12 12:52:14'),(3078,65,'Belford Roxo','belford-roxo',NULL,NULL,NULL,NULL,NULL,0,'1','0','2025-11-12 12:52:14'),(3079,65,'Campos dos Goytacazes','campos-dos-goytacazes',NULL,NULL,NULL,NULL,NULL,0,'1','0','2025-11-12 12:52:14'),(3080,65,'Sao Joao de Meriti','sao-joao-de-meriti',NULL,NULL,NULL,NULL,NULL,0,'1','0','2025-11-12 12:52:14'),(3081,65,'Serra','serra',NULL,NULL,NULL,NULL,NULL,0,'1','0','2025-11-12 12:52:14'),(3082,65,'Caxias do Sul','caxias-do-sul',NULL,NULL,NULL,NULL,NULL,0,'1','0','2025-11-12 12:52:14'),(3083,65,'Macapa','macapa',NULL,NULL,NULL,NULL,NULL,0,'1','0','2025-11-12 12:52:14'),(3084,65,'Maua','maua',NULL,NULL,NULL,NULL,NULL,0,'1','0','2025-11-12 12:52:14'),(3085,65,'Betim','betim',NULL,NULL,NULL,NULL,NULL,0,'1','0','2025-11-12 12:52:14'),(3086,65,'Jundiai','jundiai',NULL,NULL,NULL,NULL,NULL,0,'1','0','2025-11-12 12:52:14'),(3087,65,'Rio Branco','rio-branco',NULL,NULL,NULL,NULL,NULL,0,'1','0','2025-11-12 12:52:14'),(3088,65,'Porto Velho','porto-velho',NULL,NULL,NULL,NULL,NULL,0,'1','0','2025-11-12 12:52:14'),(3089,68,'Santiago','santiago',NULL,NULL,NULL,NULL,NULL,0,'1','0','2025-11-12 12:53:12'),(3090,68,'Valparaiso','valparaiso',NULL,NULL,NULL,NULL,NULL,0,'1','0','2025-11-12 12:53:12'),(3091,68,'Concepcion','concepcion',NULL,NULL,NULL,NULL,NULL,0,'1','0','2025-11-12 12:53:12'),(3092,68,'La Serena','la-serena',NULL,NULL,NULL,NULL,NULL,0,'1','0','2025-11-12 12:53:12'),(3093,68,'Antofagasta','antofagasta',NULL,NULL,NULL,NULL,NULL,0,'1','0','2025-11-12 12:53:12'),(3094,68,'Temuco','temuco',NULL,NULL,NULL,NULL,NULL,0,'1','0','2025-11-12 12:53:12'),(3095,68,'Rancagua','rancagua',NULL,NULL,NULL,NULL,NULL,0,'1','0','2025-11-12 12:53:12'),(3096,68,'Iquique','iquique',NULL,NULL,NULL,NULL,NULL,0,'1','0','2025-11-12 12:53:12'),(3097,68,'Puerto Montt','puerto-montt',NULL,NULL,NULL,NULL,NULL,0,'1','0','2025-11-12 12:53:12'),(3098,68,'Talca','talca',NULL,NULL,NULL,NULL,NULL,0,'1','0','2025-11-12 12:53:12'),(3099,68,'Arica','arica',NULL,NULL,NULL,NULL,NULL,0,'1','0','2025-11-12 12:53:12'),(3100,68,'Chillan','chillan',NULL,NULL,NULL,NULL,NULL,0,'1','0','2025-11-12 12:53:12'),(3101,68,'Los Angeles','los-angeles',NULL,NULL,NULL,NULL,NULL,0,'1','0','2025-11-12 12:53:12'),(3102,68,'Quillota','quillota',NULL,NULL,NULL,NULL,NULL,0,'1','0','2025-11-12 12:53:12'),(3103,68,'Punta Arenas','punta-arenas',NULL,NULL,NULL,NULL,NULL,0,'1','0','2025-11-12 12:53:12'),(3104,68,'Copiapo','copiapo',NULL,NULL,NULL,NULL,NULL,0,'1','0','2025-11-12 12:53:12'),(3105,68,'Valdivia','valdivia',NULL,NULL,NULL,NULL,NULL,0,'1','0','2025-11-12 12:53:12'),(3106,68,'Osorno','osorno',NULL,NULL,NULL,NULL,NULL,0,'1','0','2025-11-12 12:53:12'),(3107,68,'Calama','calama',NULL,NULL,NULL,NULL,NULL,0,'1','0','2025-11-12 12:53:12'),(3108,68,'Curico','curico',NULL,NULL,NULL,NULL,NULL,0,'1','0','2025-11-12 12:53:12'),(3109,68,'San Antonio','san-antonio',NULL,NULL,NULL,NULL,NULL,0,'1','0','2025-11-12 12:53:12'),(3110,68,'Melipilla','melipilla',NULL,NULL,NULL,NULL,NULL,0,'1','0','2025-11-12 12:53:12'),(3111,68,'Linares','linares',NULL,NULL,NULL,NULL,NULL,0,'1','0','2025-11-12 12:53:12'),(3112,68,'Ovalle','ovalle',NULL,NULL,NULL,NULL,NULL,0,'1','0','2025-11-12 12:53:12'),(3113,68,'San Fernando','san-fernando',NULL,NULL,NULL,NULL,NULL,0,'1','0','2025-11-12 12:53:12'),(3114,69,'Bogota','bogota',NULL,NULL,NULL,NULL,NULL,0,'1','0','2025-11-12 12:53:54'),(3115,69,'Medellin','medellin',NULL,NULL,NULL,NULL,NULL,0,'1','0','2025-11-12 12:53:54'),(3116,69,'Cali','cali',NULL,NULL,NULL,NULL,NULL,0,'1','0','2025-11-12 12:53:54'),(3117,69,'Barranquilla','barranquilla',NULL,NULL,NULL,NULL,NULL,0,'1','0','2025-11-12 12:53:54'),(3118,69,'Cartagena','cartagena',NULL,NULL,NULL,NULL,NULL,0,'1','0','2025-11-12 12:53:54'),(3119,69,'Cucuta','cucuta',NULL,NULL,NULL,NULL,NULL,0,'1','0','2025-11-12 12:53:54'),(3120,69,'Bucaramanga','bucaramanga',NULL,NULL,NULL,NULL,NULL,0,'1','0','2025-11-12 12:53:54'),(3121,69,'Pereira (Colombia)','pereira-colombia',NULL,NULL,NULL,NULL,NULL,0,'1','0','2025-11-12 12:53:54'),(3122,69,'Ibague','ibague',NULL,NULL,NULL,NULL,NULL,0,'1','0','2025-11-12 12:53:54'),(3123,69,'Manizales','manizales',NULL,NULL,NULL,NULL,NULL,0,'1','0','2025-11-12 12:53:54'),(3124,69,'Santa Marta','santa-marta',NULL,NULL,NULL,NULL,NULL,0,'1','0','2025-11-12 12:53:54'),(3125,69,'Soledad (Colombia)','soledad-colombia',NULL,NULL,NULL,NULL,NULL,0,'1','0','2025-11-12 12:53:54'),(3126,69,'Villavicencio','villavicencio',NULL,NULL,NULL,NULL,NULL,0,'1','0','2025-11-12 12:53:54'),(3127,69,'Armenia (Colombia)','armenia-colombia',NULL,NULL,NULL,NULL,NULL,0,'1','0','2025-11-12 12:53:54'),(3128,69,'Valledupar','valledupar',NULL,NULL,NULL,NULL,NULL,0,'1','0','2025-11-12 12:53:54'),(3129,69,'Monteria','monteria',NULL,NULL,NULL,NULL,NULL,0,'1','0','2025-11-12 12:53:54'),(3130,69,'Pasto','pasto',NULL,NULL,NULL,NULL,NULL,0,'1','0','2025-11-12 12:53:54'),(3131,69,'Neiva (Colombia)','neiva-colombia',NULL,NULL,NULL,NULL,NULL,0,'1','0','2025-11-12 12:53:54'),(3132,69,'Sincelejo','sincelejo',NULL,NULL,NULL,NULL,NULL,0,'1','0','2025-11-12 12:53:54'),(3133,69,'Popayan','popayan',NULL,NULL,NULL,NULL,NULL,0,'1','0','2025-11-12 12:53:54'),(3134,69,'Tunja','tunja',NULL,NULL,NULL,NULL,NULL,0,'1','0','2025-11-12 12:53:54'),(3135,69,'Riohacha','riohacha',NULL,NULL,NULL,NULL,NULL,0,'1','0','2025-11-12 12:53:54'),(3136,69,'Quibdo','quibdo',NULL,NULL,NULL,NULL,NULL,0,'1','0','2025-11-12 12:53:54'),(3137,69,'Florencia (Colombia)','florencia-colombia',NULL,NULL,NULL,NULL,NULL,0,'1','0','2025-11-12 12:53:54'),(3138,69,'San Andres','san-andres',NULL,NULL,NULL,NULL,NULL,0,'1','0','2025-11-12 12:53:54'),(3139,66,'Chiclayo','chiclayo',NULL,NULL,NULL,NULL,NULL,0,'1','0','2025-11-12 12:56:34'),(3140,66,'Iquitos','iquitos',NULL,NULL,NULL,NULL,NULL,0,'1','0','2025-11-12 12:56:34'),(3141,66,'Piura','piura',NULL,NULL,NULL,NULL,NULL,0,'1','0','2025-11-12 12:56:34'),(3142,66,'Cusco','cusco',NULL,NULL,NULL,NULL,NULL,0,'1','0','2025-11-12 12:56:34'),(3143,66,'Chimbote','chimbote',NULL,NULL,NULL,NULL,NULL,0,'1','0','2025-11-12 12:56:34'),(3144,66,'Tacna','tacna',NULL,NULL,NULL,NULL,NULL,0,'1','0','2025-11-12 12:56:34'),(3145,66,'Huancayo','huancayo',NULL,NULL,NULL,NULL,NULL,0,'1','0','2025-11-12 12:56:34'),(3146,66,'Pucallpa','pucallpa',NULL,NULL,NULL,NULL,NULL,0,'1','0','2025-11-12 12:56:34'),(3147,66,'Juliaca','juliaca',NULL,NULL,NULL,NULL,NULL,0,'1','0','2025-11-12 12:56:34'),(3148,66,'Ica','ica',NULL,NULL,NULL,NULL,NULL,0,'1','0','2025-11-12 12:56:34'),(3149,66,'Ayacucho','ayacucho',NULL,NULL,NULL,NULL,NULL,0,'1','0','2025-11-12 12:56:34'),(3150,66,'Huaraz','huaraz',NULL,NULL,NULL,NULL,NULL,0,'1','0','2025-11-12 12:56:34'),(3151,66,'Cajamarca','cajamarca',NULL,NULL,NULL,NULL,NULL,0,'1','0','2025-11-12 12:56:34'),(3152,66,'Moquegua','moquegua',NULL,NULL,NULL,NULL,NULL,0,'1','0','2025-11-12 12:56:34'),(3153,66,'Tumbes','tumbes',NULL,NULL,NULL,NULL,NULL,0,'1','0','2025-11-12 12:56:34'),(3154,66,'Puno','puno',NULL,NULL,NULL,NULL,NULL,0,'1','0','2025-11-12 12:56:34'),(3155,66,'Tarapoto','tarapoto',NULL,NULL,NULL,NULL,NULL,0,'1','0','2025-11-12 12:56:34'),(3156,66,'Puerto Maldonado','puerto-maldonado',NULL,NULL,NULL,NULL,NULL,0,'1','0','2025-11-12 12:56:34'),(3157,66,'Talara','talara',NULL,NULL,NULL,NULL,NULL,0,'1','0','2025-11-12 12:56:34'),(3158,66,'Sullana','sullana',NULL,NULL,NULL,NULL,NULL,0,'1','0','2025-11-12 12:56:34'),(3159,66,'Tingo Maria','tingo-maria',NULL,NULL,NULL,NULL,NULL,0,'1','0','2025-11-12 12:56:34'),(3160,66,'Barranca','barranca',NULL,NULL,NULL,NULL,NULL,0,'1','0','2025-11-12 12:56:34'),(3161,66,'Lima','lima',NULL,NULL,NULL,NULL,NULL,0,'1','0','2025-11-12 12:56:34'),(3162,66,'Arequipa','arequipa',NULL,NULL,NULL,NULL,NULL,0,'1','0','2025-11-12 12:56:34'),(3163,66,'Trujillo','trujillo',NULL,NULL,NULL,NULL,NULL,0,'1','0','2025-11-12 12:56:34');

--
